[INFO] fetching crate ghciwatch 0.5.3...
[INFO] testing ghciwatch-0.5.3 against 1.75.0 for beta-1.76-1
[INFO] extracting crate ghciwatch 0.5.3 into /workspace/builds/worker-4-tc1/source
[INFO] validating manifest of crates.io crate ghciwatch 0.5.3 on toolchain 1.75.0
[INFO] running `Command { std: CARGO_HOME="/workspace/cargo-home" RUSTUP_HOME="/workspace/rustup-home" "/workspace/cargo-home/bin/cargo" "+1.75.0" "metadata" "--manifest-path" "Cargo.toml" "--no-deps", kill_on_drop: false }`
[INFO] started tweaking crates.io crate ghciwatch 0.5.3
[INFO] finished tweaking crates.io crate ghciwatch 0.5.3
[INFO] tweaked toml for crates.io crate ghciwatch 0.5.3 written to /workspace/builds/worker-4-tc1/source/Cargo.toml
[INFO] crate crates.io crate ghciwatch 0.5.3 already has a lockfile, it will not be regenerated
[INFO] running `Command { std: CARGO_HOME="/workspace/cargo-home" RUSTUP_HOME="/workspace/rustup-home" "/workspace/cargo-home/bin/cargo" "+1.75.0" "fetch" "--manifest-path" "Cargo.toml", kill_on_drop: false }`
[INFO] [stderr]     Updating crates.io index
[INFO] [stderr]  Downloading crates ...
[INFO] [stderr]   Downloaded path-dedot v3.1.1
[INFO] [stderr]   Downloaded supports-unicode v2.0.0
[INFO] [stderr]   Downloaded file-id v0.2.1
[INFO] [stderr]   Downloaded unicode-linebreak v0.1.5
[INFO] [stderr]   Downloaded notify-debouncer-full v0.3.1
[INFO] [stderr]   Downloaded smawk v0.3.2
[INFO] [stderr]   Downloaded path-absolutize v3.1.1
[INFO] [stderr]   Downloaded vte v0.11.1
[INFO] [stderr]   Downloaded strip-ansi-escapes v0.2.0
[INFO] [stderr]   Downloaded backtrace-ext v0.2.1
[INFO] [stderr]   Downloaded supports-color v1.3.1
[INFO] [stderr]   Downloaded tracing-test v0.2.4
[INFO] [stderr]   Downloaded supports-hyperlinks v2.1.0
[INFO] [stderr]   Downloaded supports-color v2.1.0
[INFO] [stderr]   Downloaded tracing-test-macro v0.2.4
[INFO] [stderr]   Downloaded line-span v0.1.5
[INFO] [stderr]   Downloaded tracing-human-layer v0.1.1
[INFO] running `Command { std: "docker" "create" "-v" "/var/lib/crater-agent-workspace/builds/worker-4-tc1/target:/opt/rustwide/target:rw,Z" "-v" "/var/lib/crater-agent-workspace/builds/worker-4-tc1/source:/opt/rustwide/workdir:ro,Z" "-v" "/var/lib/crater-agent-workspace/cargo-home:/opt/rustwide/cargo-home:ro,Z" "-v" "/var/lib/crater-agent-workspace/rustup-home:/opt/rustwide/rustup-home:ro,Z" "-e" "SOURCE_DIR=/opt/rustwide/workdir" "-e" "CARGO_TARGET_DIR=/opt/rustwide/target" "-e" "CARGO_HOME=/opt/rustwide/cargo-home" "-e" "RUSTUP_HOME=/opt/rustwide/rustup-home" "-w" "/opt/rustwide/workdir" "-m" "1610612736" "--user" "0:0" "--network" "none" "ghcr.io/rust-lang/crates-build-env/linux@sha256:2788e3201cd34a07e3172128adcd8b3090168a8e3bcc40d7c032b9dda1df7d1c" "/opt/rustwide/cargo-home/bin/cargo" "+1.75.0" "metadata" "--no-deps" "--format-version=1", kill_on_drop: false }`
[INFO] [stdout] b36e0d8416cb9c9423b06abe6f1524ccd1f74854698d1c69430dea08a4c826d1
[INFO] running `Command { std: "docker" "start" "-a" "b36e0d8416cb9c9423b06abe6f1524ccd1f74854698d1c69430dea08a4c826d1", kill_on_drop: false }`
[INFO] running `Command { std: "docker" "inspect" "b36e0d8416cb9c9423b06abe6f1524ccd1f74854698d1c69430dea08a4c826d1", kill_on_drop: false }`
[INFO] running `Command { std: "docker" "rm" "-f" "b36e0d8416cb9c9423b06abe6f1524ccd1f74854698d1c69430dea08a4c826d1", kill_on_drop: false }`
[INFO] [stdout] b36e0d8416cb9c9423b06abe6f1524ccd1f74854698d1c69430dea08a4c826d1
[INFO] running `Command { std: "docker" "create" "-v" "/var/lib/crater-agent-workspace/builds/worker-4-tc1/target:/opt/rustwide/target:rw,Z" "-v" "/var/lib/crater-agent-workspace/builds/worker-4-tc1/source:/opt/rustwide/workdir:ro,Z" "-v" "/var/lib/crater-agent-workspace/cargo-home:/opt/rustwide/cargo-home:ro,Z" "-v" "/var/lib/crater-agent-workspace/rustup-home:/opt/rustwide/rustup-home:ro,Z" "-e" "SOURCE_DIR=/opt/rustwide/workdir" "-e" "CARGO_TARGET_DIR=/opt/rustwide/target" "-e" "CARGO_INCREMENTAL=0" "-e" "RUST_BACKTRACE=full" "-e" "RUSTFLAGS=--cap-lints=warn" "-e" "RUSTDOCFLAGS=--cap-lints=warn" "-e" "CARGO_HOME=/opt/rustwide/cargo-home" "-e" "RUSTUP_HOME=/opt/rustwide/rustup-home" "-w" "/opt/rustwide/workdir" "-m" "1610612736" "--user" "0:0" "--network" "none" "ghcr.io/rust-lang/crates-build-env/linux@sha256:2788e3201cd34a07e3172128adcd8b3090168a8e3bcc40d7c032b9dda1df7d1c" "/opt/rustwide/cargo-home/bin/cargo" "+1.75.0" "build" "--frozen" "--message-format=json", kill_on_drop: false }`
[INFO] [stdout] 7472f895ffb0b72b1fe80d01475b2e82a80d247950b33a7638109040400359f7
[INFO] running `Command { std: "docker" "start" "-a" "7472f895ffb0b72b1fe80d01475b2e82a80d247950b33a7638109040400359f7", kill_on_drop: false }`
[INFO] [stderr]    Compiling libc v0.2.150
[INFO] [stderr]    Compiling memchr v2.6.4
[INFO] [stderr]    Compiling once_cell v1.18.0
[INFO] [stderr]    Compiling rustix v0.38.25
[INFO] [stderr]    Compiling bitflags v2.4.1
[INFO] [stderr]    Compiling linux-raw-sys v0.4.11
[INFO] [stderr]    Compiling smallvec v1.11.2
[INFO] [stderr]    Compiling serde v1.0.193
[INFO] [stderr]    Compiling lock_api v0.4.11
[INFO] [stderr]    Compiling parking_lot_core v0.9.9
[INFO] [stderr]    Compiling io-lifetimes v1.0.11
[INFO] [stderr]    Compiling pin-project-lite v0.2.13
[INFO] [stderr]    Compiling scopeguard v1.2.0
[INFO] [stderr]    Compiling crossbeam-utils v0.8.16
[INFO] [stderr]    Compiling syn v2.0.39
[INFO] [stderr]    Compiling is_ci v1.1.1
[INFO] [stderr]    Compiling rustix v0.37.27
[INFO] [stderr]    Compiling tracing-core v0.1.32
[INFO] [stderr]    Compiling itoa v1.0.9
[INFO] [stderr]    Compiling serde_json v1.0.108
[INFO] [stderr]    Compiling powerfmt v0.2.0
[INFO] [stderr]    Compiling regex-syntax v0.6.29
[INFO] [stderr]    Compiling gimli v0.28.0
[INFO] [stderr]    Compiling linux-raw-sys v0.3.8
[INFO] [stderr]    Compiling unicode-linebreak v0.1.5
[INFO] [stderr]    Compiling smawk v0.3.2
[INFO] [stderr]    Compiling deranged v0.3.9
[INFO] [stderr]    Compiling thread_local v1.1.7
[INFO] [stderr]    Compiling camino v1.1.6
[INFO] [stderr]    Compiling time-core v0.1.2
[INFO] [stderr]    Compiling aho-corasick v1.1.2
[INFO] [stderr]    Compiling object v0.32.1
[INFO] [stderr]    Compiling overload v0.1.1
[INFO] [stderr]    Compiling ryu v1.0.15
[INFO] [stderr]    Compiling thiserror v1.0.50
[INFO] [stderr]    Compiling async-trait v0.1.74
[INFO] [stderr]    Compiling nu-ansi-term v0.46.0
[INFO] [stderr]    Compiling cc v1.0.83
[INFO] [stderr]    Compiling is-terminal v0.4.9
[INFO] [stderr]    Compiling terminal_size v0.3.0
[INFO] [stderr]    Compiling crossbeam-channel v0.5.8
[INFO] [stderr]    Compiling tracing-log v0.2.0
[INFO] [stderr]    Compiling bstr v1.8.0
[INFO] [stderr]    Compiling sharded-slab v0.1.7
[INFO] [stderr]    Compiling time v0.3.30
[INFO] [stderr]    Compiling vte_generate_state_changes v0.1.1
[INFO] [stderr]    Compiling clap_lex v0.6.0
[INFO] [stderr]    Compiling bytes v1.5.0
[INFO] [stderr]    Compiling supports-hyperlinks v2.1.0
[INFO] [stderr]    Compiling clap_builder v4.4.8
[INFO] [stderr]    Compiling supports-color v2.1.0
[INFO] [stderr]    Compiling regex-automata v0.4.3
[INFO] [stderr]    Compiling getrandom v0.2.11
[INFO] [stderr]    Compiling atty v0.2.14
[INFO] [stderr]    Compiling mio v0.8.9
[INFO] [stderr]    Compiling rand_core v0.6.4
[INFO] [stderr]    Compiling supports-color v1.3.1
[INFO] [stderr]    Compiling regex-automata v0.1.10
[INFO] [stderr]    Compiling parking_lot v0.12.1
[INFO] [stderr]    Compiling inotify-sys v0.1.5
[INFO] [stderr]    Compiling rand_chacha v0.3.1
[INFO] [stderr]    Compiling inotify v0.9.6
[INFO] [stderr]    Compiling backtrace v0.3.69
[INFO] [stderr]    Compiling addr2line v0.21.0
[INFO] [stderr]    Compiling owo-colors v3.5.0
[INFO] [stderr]    Compiling filetime v0.2.22
[INFO] [stderr]    Compiling socket2 v0.5.5
[INFO] [stderr]    Compiling matchers v0.1.0
[INFO] [stderr]    Compiling num_cpus v1.16.0
[INFO] [stderr]    Compiling signal-hook-registry v1.4.1
[INFO] [stderr]    Compiling notify v6.1.1
[INFO] [stderr]    Compiling rand v0.8.5
[INFO] [stderr]    Compiling terminal_size v0.2.6
[INFO] [stderr]    Compiling vte v0.11.1
[INFO] [stderr]    Compiling tracing-serde v0.1.3
[INFO] [stderr]    Compiling textwrap v0.16.0
[INFO] [stderr]    Compiling nix v0.26.4
[INFO] [stderr]    Compiling terminal_size v0.1.17
[INFO] [stderr]    Compiling supports-unicode v2.0.0
[INFO] [stderr]    Compiling textwrap v0.15.2
[INFO] [stderr]    Compiling path-dedot v3.1.1
[INFO] [stderr]    Compiling instant v0.1.12
[INFO] [stderr]    Compiling file-id v0.2.1
[INFO] [stderr]    Compiling backoff v0.4.0
[INFO] [stderr]    Compiling pathdiff v0.2.1
[INFO] [stderr]    Compiling regex v1.10.2
[INFO] [stderr]    Compiling notify-debouncer-full v0.3.1
[INFO] [stderr]    Compiling path-absolutize v3.1.1
[INFO] [stderr]    Compiling strip-ansi-escapes v0.2.0
[INFO] [stderr]    Compiling indoc v1.0.9
[INFO] [stderr]    Compiling line-span v0.1.5
[INFO] [stderr]    Compiling unindent v0.2.3
[INFO] [stderr]    Compiling winnow v0.5.19
[INFO] [stderr]    Compiling backtrace-ext v0.2.1
[INFO] [stderr]    Compiling globset v0.4.13
[INFO] [stderr]    Compiling ignore v0.4.20
[INFO] [stderr]    Compiling tracing-attributes v0.1.27
[INFO] [stderr]    Compiling tokio-macros v2.2.0
[INFO] [stderr]    Compiling thiserror-impl v1.0.50
[INFO] [stderr]    Compiling clap_derive v4.4.7
[INFO] [stderr]    Compiling enum-iterator-derive v1.2.1
[INFO] [stderr]    Compiling miette-derive v5.10.0
[INFO] [stderr]    Compiling tokio v1.34.0
[INFO] [stderr]    Compiling enum-iterator v1.4.1
[INFO] [stderr]    Compiling tracing v0.1.40
[INFO] [stderr]    Compiling miette v5.10.0
[INFO] [stderr]    Compiling tracing-subscriber v0.3.18
[INFO] [stderr]    Compiling clap v4.4.8
[INFO] [stderr]    Compiling tracing-human-layer v0.1.1
[INFO] [stderr]    Compiling command-group v2.1.0
[INFO] [stderr]    Compiling ghciwatch v0.5.3 (/opt/rustwide/workdir)
[INFO] [stdout] warning: unused import: `ghc_message::Position`
[INFO] [stdout]   --> src/ghci/parse/mod.rs:23:9
[INFO] [stdout]    |
[INFO] [stdout] 23 | pub use ghc_message::Position;
[INFO] [stdout]    |         ^^^^^^^^^^^^^^^^^^^^^
[INFO] [stdout]    |
[INFO] [stdout]    = note: `#[warn(unused_imports)]` on by default
[INFO] [stdout] 
[INFO] [stdout] 
[INFO] [stdout] warning: unused import: `ghc_message::PositionRange`
[INFO] [stdout]   --> src/ghci/parse/mod.rs:24:9
[INFO] [stdout]    |
[INFO] [stdout] 24 | pub use ghc_message::PositionRange;
[INFO] [stdout]    |         ^^^^^^^^^^^^^^^^^^^^^^^^^^
[INFO] [stdout] 
[INFO] [stdout] 
[INFO] [stdout] warning: 2 warnings emitted
[INFO] [stdout] 
[INFO] [stdout] 
[INFO] [stderr]     Finished dev [unoptimized + debuginfo] target(s) in 17.32s
[INFO] running `Command { std: "docker" "inspect" "7472f895ffb0b72b1fe80d01475b2e82a80d247950b33a7638109040400359f7", kill_on_drop: false }`
[INFO] running `Command { std: "docker" "rm" "-f" "7472f895ffb0b72b1fe80d01475b2e82a80d247950b33a7638109040400359f7", kill_on_drop: false }`
[INFO] [stdout] 7472f895ffb0b72b1fe80d01475b2e82a80d247950b33a7638109040400359f7
[INFO] running `Command { std: "docker" "create" "-v" "/var/lib/crater-agent-workspace/builds/worker-4-tc1/target:/opt/rustwide/target:rw,Z" "-v" "/var/lib/crater-agent-workspace/builds/worker-4-tc1/source:/opt/rustwide/workdir:ro,Z" "-v" "/var/lib/crater-agent-workspace/cargo-home:/opt/rustwide/cargo-home:ro,Z" "-v" "/var/lib/crater-agent-workspace/rustup-home:/opt/rustwide/rustup-home:ro,Z" "-e" "SOURCE_DIR=/opt/rustwide/workdir" "-e" "CARGO_TARGET_DIR=/opt/rustwide/target" "-e" "CARGO_INCREMENTAL=0" "-e" "RUST_BACKTRACE=full" "-e" "RUSTFLAGS=--cap-lints=warn" "-e" "RUSTDOCFLAGS=--cap-lints=warn" "-e" "CARGO_HOME=/opt/rustwide/cargo-home" "-e" "RUSTUP_HOME=/opt/rustwide/rustup-home" "-w" "/opt/rustwide/workdir" "-m" "1610612736" "--user" "0:0" "--network" "none" "ghcr.io/rust-lang/crates-build-env/linux@sha256:2788e3201cd34a07e3172128adcd8b3090168a8e3bcc40d7c032b9dda1df7d1c" "/opt/rustwide/cargo-home/bin/cargo" "+1.75.0" "test" "--frozen" "--no-run" "--message-format=json", kill_on_drop: false }`
[INFO] [stdout] c94183cd0478ec569a79dde5ddc826355ad995a44117b16f499ec4025fb66377
[INFO] running `Command { std: "docker" "start" "-a" "c94183cd0478ec569a79dde5ddc826355ad995a44117b16f499ec4025fb66377", kill_on_drop: false }`
[INFO] [stderr]    Compiling syn v1.0.109
[INFO] [stderr]    Compiling dissimilar v1.0.7
[INFO] [stderr]    Compiling diff v0.1.13
[INFO] [stdout] warning: unused import: `ghc_message::Position`
[INFO] [stdout]   --> src/ghci/parse/mod.rs:23:9
[INFO] [stdout]    |
[INFO] [stdout] 23 | pub use ghc_message::Position;
[INFO] [stdout]    |         ^^^^^^^^^^^^^^^^^^^^^
[INFO] [stdout]    |
[INFO] [stdout]    = note: `#[warn(unused_imports)]` on by default
[INFO] [stdout] 
[INFO] [stdout] 
[INFO] [stdout] warning: unused import: `ghc_message::PositionRange`
[INFO] [stdout]   --> src/ghci/parse/mod.rs:24:9
[INFO] [stdout]    |
[INFO] [stdout] 24 | pub use ghc_message::PositionRange;
[INFO] [stdout]    |         ^^^^^^^^^^^^^^^^^^^^^^^^^^
[INFO] [stdout] 
[INFO] [stdout] 
[INFO] [stdout] warning: 2 warnings emitted
[INFO] [stdout] 
[INFO] [stdout] 
[INFO] [stderr]    Compiling pretty_assertions v1.4.0
[INFO] [stderr]    Compiling expect-test v1.4.1
[INFO] [stderr]    Compiling tracing-test-macro v0.2.4
[INFO] [stderr]    Compiling tracing-test v0.2.4
[INFO] [stderr]    Compiling ghciwatch v0.5.3 (/opt/rustwide/workdir)
[INFO] [stdout] error[E0433]: failed to resolve: use of undeclared crate or module `test_harness`
[INFO] [stdout]  --> tests/error_log.rs:6:5
[INFO] [stdout]   |
[INFO] [stdout] 6 | use test_harness::GhcVersion::*;
[INFO] [stdout]   |     ^^^^^^^^^^^^ use of undeclared crate or module `test_harness`
[INFO] [stdout] 
[INFO] [stdout] 
[INFO] [stdout] error[E0432]: unresolved import `test_harness`
[INFO] [stdout]  --> tests/shutdown.rs:4:5
[INFO] [stdout]   |
[INFO] [stdout] 4 | use test_harness::test;
[INFO] [stdout]   |     ^^^^^^^^^^^^ use of undeclared crate or module `test_harness`
[INFO] [stdout] 
[INFO] [stdout] 
[INFO] [stdout] error[E0432]: unresolved import `test_harness`
[INFO] [stdout]  --> tests/shutdown.rs:5:5
[INFO] [stdout]   |
[INFO] [stdout] 5 | use test_harness::BaseMatcher;
[INFO] [stdout]   |     ^^^^^^^^^^^^ use of undeclared crate or module `test_harness`
[INFO] [stdout] 
[INFO] [stdout] 
[INFO] [stdout] error[E0432]: unresolved import `test_harness`
[INFO] [stdout]  --> tests/shutdown.rs:6:5
[INFO] [stdout]   |
[INFO] [stdout] 6 | use test_harness::GhciWatch;
[INFO] [stdout]   |     ^^^^^^^^^^^^ use of undeclared crate or module `test_harness`
[INFO] [stdout] 
[INFO] [stdout] 
[INFO] [stdout] error[E0432]: unresolved import `test_harness`
[INFO] [stdout]  --> tests/shutdown.rs:7:5
[INFO] [stdout]   |
[INFO] [stdout] 7 | use test_harness::JsonValue;
[INFO] [stdout]   |     ^^^^^^^^^^^^ use of undeclared crate or module `test_harness`
[INFO] [stdout] 
[INFO] [stdout] 
[INFO] [stdout] error[E0432]: unresolved import `test_harness`
[INFO] [stdout]  --> tests/reload.rs:3:5
[INFO] [stdout]   |
[INFO] [stdout] 3 | use test_harness::test;
[INFO] [stdout]   |     ^^^^^^^^^^^^ use of undeclared crate or module `test_harness`
[INFO] [stdout] 
[INFO] [stdout] 
[INFO] [stdout] error[E0432]: unresolved import `test_harness`
[INFO] [stdout]  --> tests/error_log.rs:4:5
[INFO] [stdout]   |
[INFO] [stdout] 4 | use test_harness::test;
[INFO] [stdout]   |     ^^^^^^^^^^^^ use of undeclared crate or module `test_harness`
[INFO] [stdout] 
[INFO] [stdout] 
[INFO] [stdout] error[E0432]: unresolved import `test_harness`
[INFO] [stdout]  --> tests/error_log.rs:5:5
[INFO] [stdout]   |
[INFO] [stdout] 5 | use test_harness::BaseMatcher;
[INFO] [stdout]   |     ^^^^^^^^^^^^ use of undeclared crate or module `test_harness`
[INFO] [stdout] 
[INFO] [stdout] 
[INFO] [stdout] error[E0432]: unresolved import `test_harness`
[INFO] [stdout]  --> tests/hooks.rs:3:5
[INFO] [stdout]   |
[INFO] [stdout] 3 | use test_harness::test;
[INFO] [stdout]   |     ^^^^^^^^^^^^ use of undeclared crate or module `test_harness`
[INFO] [stdout] 
[INFO] [stdout] 
[INFO] [stdout] error[E0432]: unresolved import `test_harness`
[INFO] [stdout]  --> tests/load.rs:3:5
[INFO] [stdout]   |
[INFO] [stdout] 3 | use test_harness::test;
[INFO] [stdout]   |     ^^^^^^^^^^^^ use of undeclared crate or module `test_harness`
[INFO] [stdout] 
[INFO] [stdout] 
[INFO] [stdout] error[E0432]: unresolved import `test_harness`
[INFO] [stdout]  --> tests/reload.rs:4:5
[INFO] [stdout]   |
[INFO] [stdout] 4 | use test_harness::BaseMatcher;
[INFO] [stdout]   |     ^^^^^^^^^^^^ use of undeclared crate or module `test_harness`
[INFO] [stdout] 
[INFO] [stdout] 
[INFO] [stdout] error[E0432]: unresolved import `test_harness`
[INFO] [stdout]  --> tests/rename.rs:1:5
[INFO] [stdout]   |
[INFO] [stdout] 1 | use test_harness::test;
[INFO] [stdout]   |     ^^^^^^^^^^^^ use of undeclared crate or module `test_harness`
[INFO] [stdout] 
[INFO] [stdout] 
[INFO] [stdout] error[E0432]: unresolved import `test_harness`
[INFO] [stdout]  --> tests/reload.rs:5:5
[INFO] [stdout]   |
[INFO] [stdout] 5 | use test_harness::GhciWatch;
[INFO] [stdout]   |     ^^^^^^^^^^^^ use of undeclared crate or module `test_harness`
[INFO] [stdout] 
[INFO] [stdout] 
[INFO] [stdout] error[E0432]: unresolved import `test_harness`
[INFO] [stdout]  --> tests/error_log.rs:7:5
[INFO] [stdout]   |
[INFO] [stdout] 7 | use test_harness::GhciWatchBuilder;
[INFO] [stdout]   |     ^^^^^^^^^^^^ use of undeclared crate or module `test_harness`
[INFO] [stdout] 
[INFO] [stdout] 
[INFO] [stdout] error[E0432]: unresolved import `test_harness`
[INFO] [stdout]  --> tests/globs.rs:1:5
[INFO] [stdout]   |
[INFO] [stdout] 1 | use test_harness::test;
[INFO] [stdout]   |     ^^^^^^^^^^^^ use of undeclared crate or module `test_harness`
[INFO] [stdout] 
[INFO] [stdout] 
[INFO] [stdout] error[E0432]: unresolved import `test_harness`
[INFO] [stdout]  --> tests/hooks.rs:4:5
[INFO] [stdout]   |
[INFO] [stdout] 4 | use test_harness::BaseMatcher;
[INFO] [stdout]   |     ^^^^^^^^^^^^ use of undeclared crate or module `test_harness`
[INFO] [stdout] 
[INFO] [stdout] 
[INFO] [stdout] error[E0432]: unresolved import `test_harness`
[INFO] [stdout]  --> tests/load.rs:4:5
[INFO] [stdout]   |
[INFO] [stdout] 4 | use test_harness::GhciWatch;
[INFO] [stdout]   |     ^^^^^^^^^^^^ use of undeclared crate or module `test_harness`
[INFO] [stdout] 
[INFO] [stdout] 
[INFO] [stdout] error[E0432]: unresolved import `test_harness`
[INFO] [stdout]  --> tests/hooks.rs:5:5
[INFO] [stdout]   |
[INFO] [stdout] 5 | use test_harness::GhciWatch;
[INFO] [stdout]   |     ^^^^^^^^^^^^ use of undeclared crate or module `test_harness`
[INFO] [stdout] 
[INFO] [stdout] 
[INFO] [stdout] error[E0432]: unresolved import `test_harness`
[INFO] [stdout]  --> tests/globs.rs:2:5
[INFO] [stdout]   |
[INFO] [stdout] 2 | use test_harness::BaseMatcher;
[INFO] [stdout]   |     ^^^^^^^^^^^^ use of undeclared crate or module `test_harness`
[INFO] [stdout] 
[INFO] [stdout] 
[INFO] [stdout] error[E0432]: unresolved import `test_harness`
[INFO] [stdout]  --> tests/rename.rs:2:5
[INFO] [stdout]   |
[INFO] [stdout] 2 | use test_harness::BaseMatcher;
[INFO] [stdout]   |     ^^^^^^^^^^^^ use of undeclared crate or module `test_harness`
[INFO] [stdout] 
[INFO] [stdout] 
[INFO] [stdout] error[E0432]: unresolved import `test_harness`
[INFO] [stdout]  --> tests/rename.rs:3:5
[INFO] [stdout]   |
[INFO] [stdout] 3 | use test_harness::GhciWatch;
[INFO] [stdout]   |     ^^^^^^^^^^^^ use of undeclared crate or module `test_harness`
[INFO] [stdout] 
[INFO] [stdout] 
[INFO] [stdout] error[E0432]: unresolved import `test_harness`
[INFO] [stdout]  --> tests/hooks.rs:6:5
[INFO] [stdout]   |
[INFO] [stdout] 6 | use test_harness::GhciWatchBuilder;
[INFO] [stdout]   |     ^^^^^^^^^^^^ use of undeclared crate or module `test_harness`
[INFO] [stdout] 
[INFO] [stdout] 
[INFO] [stdout] error[E0432]: unresolved import `test_harness`
[INFO] [stdout]  --> tests/globs.rs:3:5
[INFO] [stdout]   |
[INFO] [stdout] 3 | use test_harness::Fs;
[INFO] [stdout]   |     ^^^^^^^^^^^^ use of undeclared crate or module `test_harness`
[INFO] [stdout] 
[INFO] [stdout] 
[INFO] [stdout] error[E0432]: unresolved import `test_harness`
[INFO] [stdout]  --> tests/globs.rs:4:5
[INFO] [stdout]   |
[INFO] [stdout] 4 | use test_harness::GhciWatchBuilder;
[INFO] [stdout]   |     ^^^^^^^^^^^^ use of undeclared crate or module `test_harness`
[INFO] [stdout] 
[INFO] [stdout] 
[INFO] [stdout] error[E0432]: unresolved import `test_harness`
[INFO] [stdout]  --> tests/globs.rs:5:5
[INFO] [stdout]   |
[INFO] [stdout] 5 | use test_harness::Matcher;
[INFO] [stdout]   |     ^^^^^^^^^^^^ use of undeclared crate or module `test_harness`
[INFO] [stdout] 
[INFO] [stdout] 
[INFO] [stdout] error[E0432]: unresolved import `test_harness`
[INFO] [stdout]  --> tests/test.rs:2:5
[INFO] [stdout]   |
[INFO] [stdout] 2 | use test_harness::test;
[INFO] [stdout]   |     ^^^^^^^^^^^^ use of undeclared crate or module `test_harness`
[INFO] [stdout] 
[INFO] [stdout] 
[INFO] [stdout] error[E0432]: unresolved import `test_harness`
[INFO] [stdout]  --> tests/test.rs:3:5
[INFO] [stdout]   |
[INFO] [stdout] 3 | use test_harness::BaseMatcher;
[INFO] [stdout]   |     ^^^^^^^^^^^^ use of undeclared crate or module `test_harness`
[INFO] [stdout] 
[INFO] [stdout] 
[INFO] [stdout] error[E0432]: unresolved import `test_harness`
[INFO] [stdout]  --> tests/test.rs:4:5
[INFO] [stdout]   |
[INFO] [stdout] 4 | use test_harness::GhciWatchBuilder;
[INFO] [stdout]   |     ^^^^^^^^^^^^ use of undeclared crate or module `test_harness`
[INFO] [stdout] 
[INFO] [stdout] 
[INFO] [stdout] error: cannot determine resolution for the attribute macro `test`
[INFO] [stdout]   --> tests/shutdown.rs:33:3
[INFO] [stdout]    |
[INFO] [stdout] 33 | #[test]
[INFO] [stdout]    |   ^^^^
[INFO] [stdout]    |
[INFO] [stdout]    = note: import resolution is stuck, try simplifying macro imports
[INFO] [stdout] 
[INFO] [stdout] 
[INFO] [stdout] error: cannot determine resolution for the attribute macro `test`
[INFO] [stdout]   --> tests/shutdown.rs:10:3
[INFO] [stdout]    |
[INFO] [stdout] 10 | #[test]
[INFO] [stdout]    |   ^^^^
[INFO] [stdout]    |
[INFO] [stdout]    = note: import resolution is stuck, try simplifying macro imports
[INFO] [stdout] 
[INFO] [stdout] 
[INFO] [stdout] error: cannot determine resolution for the attribute macro `test`
[INFO] [stdout]  --> tests/rename.rs:7:3
[INFO] [stdout]   |
[INFO] [stdout] 7 | #[test]
[INFO] [stdout]   |   ^^^^
[INFO] [stdout]   |
[INFO] [stdout]   = note: import resolution is stuck, try simplifying macro imports
[INFO] [stdout] 
[INFO] [stdout] 
[INFO] [stdout] error: cannot determine resolution for the attribute macro `test`
[INFO] [stdout]   --> tests/reload.rs:42:3
[INFO] [stdout]    |
[INFO] [stdout] 42 | #[test]
[INFO] [stdout]    |   ^^^^
[INFO] [stdout]    |
[INFO] [stdout]    = note: import resolution is stuck, try simplifying macro imports
[INFO] [stdout] 
[INFO] [stdout] 
[INFO] [stdout] error[E0432]: unresolved import `test_harness`
[INFO] [stdout]  --> tests/dot_ghci.rs:1:5
[INFO] [stdout]   |
[INFO] [stdout] 1 | use test_harness::test;
[INFO] [stdout]   |     ^^^^^^^^^^^^ use of undeclared crate or module `test_harness`
[INFO] [stdout] 
[INFO] [stdout] 
[INFO] [stdout] error: cannot determine resolution for the attribute macro `test`
[INFO] [stdout]   --> tests/load.rs:19:3
[INFO] [stdout]    |
[INFO] [stdout] 19 | #[test]
[INFO] [stdout]    |   ^^^^
[INFO] [stdout]    |
[INFO] [stdout]    = note: import resolution is stuck, try simplifying macro imports
[INFO] [stdout] 
[INFO] [stdout] 
[INFO] [stdout] error: cannot determine resolution for the attribute macro `test`
[INFO] [stdout]   --> tests/error_log.rs:37:3
[INFO] [stdout]    |
[INFO] [stdout] 37 | #[test]
[INFO] [stdout]    |   ^^^^
[INFO] [stdout]    |
[INFO] [stdout]    = note: import resolution is stuck, try simplifying macro imports
[INFO] [stdout] 
[INFO] [stdout] 
[INFO] [stdout] error: cannot determine resolution for the attribute macro `test`
[INFO] [stdout]  --> tests/reload.rs:8:3
[INFO] [stdout]   |
[INFO] [stdout] 8 | #[test]
[INFO] [stdout]   |   ^^^^
[INFO] [stdout]   |
[INFO] [stdout]   = note: import resolution is stuck, try simplifying macro imports
[INFO] [stdout] 
[INFO] [stdout] 
[INFO] [stdout] error: cannot determine resolution for the attribute macro `test`
[INFO] [stdout]   --> tests/hooks.rs:13:3
[INFO] [stdout]    |
[INFO] [stdout] 13 | #[test]
[INFO] [stdout]    |   ^^^^
[INFO] [stdout]    |
[INFO] [stdout]    = note: import resolution is stuck, try simplifying macro imports
[INFO] [stdout] 
[INFO] [stdout] 
[INFO] [stdout] error: cannot determine resolution for the attribute macro `test`
[INFO] [stdout]  --> tests/load.rs:7:3
[INFO] [stdout]   |
[INFO] [stdout] 7 | #[test]
[INFO] [stdout]   |   ^^^^
[INFO] [stdout]   |
[INFO] [stdout]   = note: import resolution is stuck, try simplifying macro imports
[INFO] [stdout] 
[INFO] [stdout] 
[INFO] [stdout] error: cannot determine resolution for the attribute macro `test`
[INFO] [stdout]   --> tests/error_log.rs:10:3
[INFO] [stdout]    |
[INFO] [stdout] 10 | #[test]
[INFO] [stdout]    |   ^^^^
[INFO] [stdout]    |
[INFO] [stdout]    = note: import resolution is stuck, try simplifying macro imports
[INFO] [stdout] 
[INFO] [stdout] 
[INFO] [stdout] error: cannot determine resolution for the attribute macro `test`
[INFO] [stdout]    --> tests/globs.rs:170:3
[INFO] [stdout]     |
[INFO] [stdout] 170 | #[test]
[INFO] [stdout]     |   ^^^^
[INFO] [stdout]     |
[INFO] [stdout]     = note: import resolution is stuck, try simplifying macro imports
[INFO] [stdout] 
[INFO] [stdout] 
[INFO] [stdout] error: cannot determine resolution for the attribute macro `test`
[INFO] [stdout]    --> tests/globs.rs:142:3
[INFO] [stdout]     |
[INFO] [stdout] 142 | #[test]
[INFO] [stdout]     |   ^^^^
[INFO] [stdout]     |
[INFO] [stdout]     = note: import resolution is stuck, try simplifying macro imports
[INFO] [stdout] 
[INFO] [stdout] 
[INFO] [stdout] error: cannot determine resolution for the attribute macro `test`
[INFO] [stdout]    --> tests/globs.rs:116:3
[INFO] [stdout]     |
[INFO] [stdout] 116 | #[test]
[INFO] [stdout]     |   ^^^^
[INFO] [stdout]     |
[INFO] [stdout]     = note: import resolution is stuck, try simplifying macro imports
[INFO] [stdout] 
[INFO] [stdout] 
[INFO] [stdout] error: cannot determine resolution for the attribute macro `test`
[INFO] [stdout]   --> tests/globs.rs:85:3
[INFO] [stdout]    |
[INFO] [stdout] 85 | #[test]
[INFO] [stdout]    |   ^^^^
[INFO] [stdout]    |
[INFO] [stdout]    = note: import resolution is stuck, try simplifying macro imports
[INFO] [stdout] 
[INFO] [stdout] 
[INFO] [stdout] error[E0432]: unresolved import `test_harness`
[INFO] [stdout]  --> tests/dot_ghci.rs:2:5
[INFO] [stdout]   |
[INFO] [stdout] 2 | use test_harness::Fs;
[INFO] [stdout]   |     ^^^^^^^^^^^^ use of undeclared crate or module `test_harness`
[INFO] [stdout] 
[INFO] [stdout] 
[INFO] [stdout] error: cannot determine resolution for the attribute macro `test`
[INFO] [stdout]   --> tests/globs.rs:59:3
[INFO] [stdout]    |
[INFO] [stdout] 59 | #[test]
[INFO] [stdout]    |   ^^^^
[INFO] [stdout]    |
[INFO] [stdout]    = note: import resolution is stuck, try simplifying macro imports
[INFO] [stdout] 
[INFO] [stdout] 
[INFO] [stdout] error[E0432]: unresolved import `test_harness`
[INFO] [stdout]  --> tests/dot_ghci.rs:3:5
[INFO] [stdout]   |
[INFO] [stdout] 3 | use test_harness::GhciWatchBuilder;
[INFO] [stdout]   |     ^^^^^^^^^^^^ use of undeclared crate or module `test_harness`
[INFO] [stdout] 
[INFO] [stdout] 
[INFO] [stdout] error: cannot determine resolution for the attribute macro `test`
[INFO] [stdout]   --> tests/globs.rs:34:3
[INFO] [stdout]    |
[INFO] [stdout] 34 | #[test]
[INFO] [stdout]    |   ^^^^
[INFO] [stdout]    |
[INFO] [stdout]    = note: import resolution is stuck, try simplifying macro imports
[INFO] [stdout] 
[INFO] [stdout] 
[INFO] [stdout] error: cannot determine resolution for the attribute macro `test`
[INFO] [stdout]  --> tests/globs.rs:8:3
[INFO] [stdout]   |
[INFO] [stdout] 8 | #[test]
[INFO] [stdout]   |   ^^^^
[INFO] [stdout]   |
[INFO] [stdout]   = note: import resolution is stuck, try simplifying macro imports
[INFO] [stdout] 
[INFO] [stdout] 
[INFO] [stdout] error: cannot determine resolution for the attribute macro `test`
[INFO] [stdout]  --> tests/test.rs:7:3
[INFO] [stdout]   |
[INFO] [stdout] 7 | #[test]
[INFO] [stdout]   |   ^^^^
[INFO] [stdout]   |
[INFO] [stdout]   = note: import resolution is stuck, try simplifying macro imports
[INFO] [stdout] 
[INFO] [stdout] 
[INFO] [stdout] error[E0432]: unresolved import `test_harness`
[INFO] [stdout]  --> tests/failed_modules.rs:1:5
[INFO] [stdout]   |
[INFO] [stdout] 1 | use test_harness::test;
[INFO] [stdout]   |     ^^^^^^^^^^^^ use of undeclared crate or module `test_harness`
[INFO] [stdout] 
[INFO] [stdout] 
[INFO] [stdout] error[E0432]: unresolved import `test_harness`
[INFO] [stdout]  --> tests/failed_modules.rs:2:5
[INFO] [stdout]   |
[INFO] [stdout] 2 | use test_harness::Fs;
[INFO] [stdout]   |     ^^^^^^^^^^^^ use of undeclared crate or module `test_harness`
[INFO] [stdout] 
[INFO] [stdout] 
[INFO] [stdout] error[E0432]: unresolved import `test_harness`
[INFO] [stdout]  --> tests/failed_modules.rs:3:5
[INFO] [stdout]   |
[INFO] [stdout] 3 | use test_harness::GhciWatchBuilder;
[INFO] [stdout]   |     ^^^^^^^^^^^^ use of undeclared crate or module `test_harness`
[INFO] [stdout] 
[INFO] [stdout] 
[INFO] [stdout] error[E0432]: unresolved import `test_harness`
[INFO] [stdout]  --> tests/eval.rs:3:5
[INFO] [stdout]   |
[INFO] [stdout] 3 | use test_harness::test;
[INFO] [stdout]   |     ^^^^^^^^^^^^ use of undeclared crate or module `test_harness`
[INFO] [stdout] 
[INFO] [stdout] 
[INFO] [stdout] error[E0432]: unresolved import `test_harness`
[INFO] [stdout]  --> tests/eval.rs:4:5
[INFO] [stdout]   |
[INFO] [stdout] 4 | use test_harness::BaseMatcher;
[INFO] [stdout]   |     ^^^^^^^^^^^^ use of undeclared crate or module `test_harness`
[INFO] [stdout] 
[INFO] [stdout] 
[INFO] [stdout] error[E0432]: unresolved import `test_harness`
[INFO] [stdout]  --> tests/eval.rs:5:5
[INFO] [stdout]   |
[INFO] [stdout] 5 | use test_harness::Fs;
[INFO] [stdout]   |     ^^^^^^^^^^^^ use of undeclared crate or module `test_harness`
[INFO] [stdout] 
[INFO] [stdout] 
[INFO] [stdout] error[E0432]: unresolved import `test_harness`
[INFO] [stdout]  --> tests/eval.rs:6:5
[INFO] [stdout]   |
[INFO] [stdout] 6 | use test_harness::GhciWatchBuilder;
[INFO] [stdout]   |     ^^^^^^^^^^^^ use of undeclared crate or module `test_harness`
[INFO] [stdout] 
[INFO] [stdout] 
[INFO] [stdout] error[E0432]: unresolved import `test_harness`
[INFO] [stdout]  --> tests/eval.rs:7:5
[INFO] [stdout]   |
[INFO] [stdout] 7 | use test_harness::Matcher;
[INFO] [stdout]   |     ^^^^^^^^^^^^ use of undeclared crate or module `test_harness`
[INFO] [stdout] 
[INFO] [stdout] 
[INFO] [stdout] error: cannot determine resolution for the attribute macro `test`
[INFO] [stdout]  --> tests/dot_ghci.rs:8:3
[INFO] [stdout]   |
[INFO] [stdout] 8 | #[test]
[INFO] [stdout]   |   ^^^^
[INFO] [stdout]   |
[INFO] [stdout]   = note: import resolution is stuck, try simplifying macro imports
[INFO] [stdout] 
[INFO] [stdout] 
[INFO] [stdout] error: cannot determine resolution for the attribute macro `test`
[INFO] [stdout]  --> tests/failed_modules.rs:8:3
[INFO] [stdout]   |
[INFO] [stdout] 8 | #[test]
[INFO] [stdout]   |   ^^^^
[INFO] [stdout]   |
[INFO] [stdout]   = note: import resolution is stuck, try simplifying macro imports
[INFO] [stdout] 
[INFO] [stdout] 
[INFO] [stdout] error: cannot determine resolution for the attribute macro `test`
[INFO] [stdout]   --> tests/eval.rs:58:3
[INFO] [stdout]    |
[INFO] [stdout] 58 | #[test]
[INFO] [stdout]    |   ^^^^
[INFO] [stdout]    |
[INFO] [stdout]    = note: import resolution is stuck, try simplifying macro imports
[INFO] [stdout] 
[INFO] [stdout] 
[INFO] [stdout] error: cannot determine resolution for the attribute macro `test`
[INFO] [stdout]   --> tests/eval.rs:10:3
[INFO] [stdout]    |
[INFO] [stdout] 10 | #[test]
[INFO] [stdout]    |   ^^^^
[INFO] [stdout]    |
[INFO] [stdout]    = note: import resolution is stuck, try simplifying macro imports
[INFO] [stdout] 
[INFO] [stdout] 
[INFO] [stdout] error[E0432]: unresolved import `test_harness`
[INFO] [stdout]  --> tests/restart.rs:3:5
[INFO] [stdout]   |
[INFO] [stdout] 3 | use test_harness::test;
[INFO] [stdout]   |     ^^^^^^^^^^^^ use of undeclared crate or module `test_harness`
[INFO] [stdout] 
[INFO] [stdout] 
[INFO] [stdout] error[E0432]: unresolved import `test_harness`
[INFO] [stdout]  --> tests/restart.rs:4:5
[INFO] [stdout]   |
[INFO] [stdout] 4 | use test_harness::BaseMatcher;
[INFO] [stdout]   |     ^^^^^^^^^^^^ use of undeclared crate or module `test_harness`
[INFO] [stdout] 
[INFO] [stdout] 
[INFO] [stdout] error[E0432]: unresolved import `test_harness`
[INFO] [stdout]  --> tests/restart.rs:5:5
[INFO] [stdout]   |
[INFO] [stdout] 5 | use test_harness::GhciWatch;
[INFO] [stdout]   |     ^^^^^^^^^^^^ use of undeclared crate or module `test_harness`
[INFO] [stdout] 
[INFO] [stdout] 
[INFO] [stdout] error: cannot determine resolution for the attribute macro `test`
[INFO] [stdout]  --> tests/restart.rs:8:3
[INFO] [stdout]   |
[INFO] [stdout] 8 | #[test]
[INFO] [stdout]   |   ^^^^
[INFO] [stdout]   |
[INFO] [stdout]   = note: import resolution is stuck, try simplifying macro imports
[INFO] [stdout] 
[INFO] [stdout] 
[INFO] [stdout] error: aborting due to 4 previous errors
[INFO] [stdout] 
[INFO] [stdout] 
[INFO] [stdout] error: aborting due to 4 previous errors
[INFO] [stdout] 
[INFO] [stdout] 
[INFO] [stdout] error: aborting due to 4 previous errors
[INFO] [stdout] 
[INFO] [stdout] 
[INFO] [stdout] error: aborting due to 4 previous errors
[INFO] [stdout] 
[INFO] [stdout] 
[INFO] [stdout] For more information about this error, try `rustc --explain E0432`.
[INFO] [stdout] 
[INFO] [stdout] error: aborting due to 4 previous errors
[INFO] [stdout] 
[INFO] [stdout] 
[INFO] [stdout] For more information about this error, try `rustc --explain E0432`.
[INFO] [stdout] 
[INFO] [stdout] For more information about this error, try `rustc --explain E0432`.
[INFO] [stdout] 
[INFO] [stdout] For more information about this error, try `rustc --explain E0432`.
[INFO] [stdout] 
[INFO] [stdout] For more information about this error, try `rustc --explain E0432`.
[INFO] [stdout] 
[INFO] [stdout] error[E0408]: variable `Ghc92` is not bound in all patterns
[INFO] [stdout]   --> tests/error_log.rs:83:9
[INFO] [stdout]    |
[INFO] [stdout] 83 |         Ghc90 | Ghc92 | Ghc94 => expect![[r#"
[INFO] [stdout]    |         ^^^^^   -----   ^^^^^ pattern doesn't bind `Ghc92`
[INFO] [stdout]    |         |       |
[INFO] [stdout]    |         |       variable not in all patterns
[INFO] [stdout]    |         pattern doesn't bind `Ghc92`
[INFO] [stdout]    |
[INFO] [stdout] help: if you meant to match on a variant or a `const` item, consider making the path in the pattern qualified: `path::to::ModOrType::Ghc92`
[INFO] [stdout]   --> tests/error_log.rs:83:17
[INFO] [stdout]    |
[INFO] [stdout] 83 |         Ghc90 | Ghc92 | Ghc94 => expect![[r#"
[INFO] [stdout]    |                 ^^^^^
[INFO] [stdout] 
[INFO] [stdout] 
[INFO] [stdout] error: aborting due to 5 previous errors
[INFO] [stdout] 
[INFO] [stdout] 
[INFO] [stdout] For more information about this error, try `rustc --explain E0432`.
[INFO] [stdout] 
[INFO] [stdout] error: aborting due to 7 previous errors
[INFO] [stdout] 
[INFO] [stdout] 
[INFO] [stdout] For more information about this error, try `rustc --explain E0432`.
[INFO] [stdout] 
[INFO] [stdout] error[E0408]: variable `Ghc94` is not bound in all patterns
[INFO] [stdout]   --> tests/error_log.rs:83:9
[INFO] [stdout]    |
[INFO] [stdout] 83 |         Ghc90 | Ghc92 | Ghc94 => expect![[r#"
[INFO] [stdout]    |         ^^^^^   ^^^^^   ----- variable not in all patterns
[INFO] [stdout]    |         |       |
[INFO] [stdout]    |         |       pattern doesn't bind `Ghc94`
[INFO] [stdout]    |         pattern doesn't bind `Ghc94`
[INFO] [stdout]    |
[INFO] [stdout] help: if you meant to match on a variant or a `const` item, consider making the path in the pattern qualified: `path::to::ModOrType::Ghc94`
[INFO] [stdout]   --> tests/error_log.rs:83:25
[INFO] [stdout]    |
[INFO] [stdout] 83 |         Ghc90 | Ghc92 | Ghc94 => expect![[r#"
[INFO] [stdout]    |                         ^^^^^
[INFO] [stdout] 
[INFO] [stdout] 
[INFO] [stdout] error[E0408]: variable `Ghc90` is not bound in all patterns
[INFO] [stdout]   --> tests/error_log.rs:83:17
[INFO] [stdout]    |
[INFO] [stdout] 83 |         Ghc90 | Ghc92 | Ghc94 => expect![[r#"
[INFO] [stdout]    |         -----   ^^^^^   ^^^^^ pattern doesn't bind `Ghc90`
[INFO] [stdout]    |         |       |
[INFO] [stdout]    |         |       pattern doesn't bind `Ghc90`
[INFO] [stdout]    |         variable not in all patterns
[INFO] [stdout]    |
[INFO] [stdout] help: if you meant to match on a variant or a `const` item, consider making the path in the pattern qualified: `path::to::ModOrType::Ghc90`
[INFO] [stdout]   --> tests/error_log.rs:83:9
[INFO] [stdout]    |
[INFO] [stdout] 83 |         Ghc90 | Ghc92 | Ghc94 => expect![[r#"
[INFO] [stdout]    |         ^^^^^
[INFO] [stdout] 
[INFO] [stdout] 
[INFO] [stdout] error: aborting due to 6 previous errors
[INFO] [stdout] 
[INFO] [stdout] 
[INFO] [stdout] For more information about this error, try `rustc --explain E0432`.
[INFO] [stdout] 
[INFO] [stderr] error: could not compile `ghciwatch` (test "failed_modules") due to 5 previous errors
[INFO] [stderr] warning: build failed, waiting for other jobs to finish...
[INFO] [stderr] error: could not compile `ghciwatch` (test "test") due to 5 previous errors
[INFO] [stderr] error: could not compile `ghciwatch` (test "dot_ghci") due to 5 previous errors
[INFO] [stderr] error: could not compile `ghciwatch` (test "rename") due to 5 previous errors
[INFO] [stderr] error: could not compile `ghciwatch` (test "load") due to 5 previous errors
[INFO] [stderr] error: could not compile `ghciwatch` (test "reload") due to 6 previous errors
[INFO] [stderr] error: could not compile `ghciwatch` (test "eval") due to 8 previous errors
[INFO] [stdout] error: aborting due to 5 previous errors
[INFO] [stdout] 
[INFO] [stdout] 
[INFO] [stdout] For more information about this error, try `rustc --explain E0432`.
[INFO] [stdout] 
[INFO] [stderr] error: could not compile `ghciwatch` (test "shutdown") due to 7 previous errors
[INFO] [stdout] error: aborting due to 12 previous errors
[INFO] [stdout] 
[INFO] [stdout] 
[INFO] [stdout] For more information about this error, try `rustc --explain E0432`.
[INFO] [stdout] 
[INFO] [stdout] error: aborting due to 4 previous errors
[INFO] [stdout] 
[INFO] [stdout] 
[INFO] [stdout] For more information about this error, try `rustc --explain E0432`.
[INFO] [stdout] 
[INFO] [stderr] error: could not compile `ghciwatch` (test "hooks") due to 6 previous errors
[INFO] [stderr] error: could not compile `ghciwatch` (test "globs") due to 13 previous errors
[INFO] [stdout] error: aborting due to 9 previous errors
[INFO] [stdout] 
[INFO] [stdout] 
[INFO] [stdout] Some errors have detailed explanations: E0408, E0432, E0433.
[INFO] [stdout] 
[INFO] [stdout] For more information about an error, try `rustc --explain E0408`.
[INFO] [stdout] 
[INFO] [stderr] error: could not compile `ghciwatch` (test "restart") due to 5 previous errors
[INFO] [stderr] error: could not compile `ghciwatch` (test "error_log") due to 10 previous errors
[INFO] [stdout] warning: unused import: `ghc_message::Position`
[INFO] [stdout]   --> src/ghci/parse/mod.rs:23:9
[INFO] [stdout]    |
[INFO] [stdout] 23 | pub use ghc_message::Position;
[INFO] [stdout]    |         ^^^^^^^^^^^^^^^^^^^^^
[INFO] [stdout]    |
[INFO] [stdout]    = note: `#[warn(unused_imports)]` on by default
[INFO] [stdout] 
[INFO] [stdout] 
[INFO] [stdout] warning: unused import: `ghc_message::PositionRange`
[INFO] [stdout]   --> src/ghci/parse/mod.rs:24:9
[INFO] [stdout]    |
[INFO] [stdout] 24 | pub use ghc_message::PositionRange;
[INFO] [stdout]    |         ^^^^^^^^^^^^^^^^^^^^^^^^^^
[INFO] [stdout] 
[INFO] [stdout] 
[INFO] [stdout] warning: 2 warnings emitted
[INFO] [stdout] 
[INFO] [stdout] 
[INFO] running `Command { std: "docker" "inspect" "c94183cd0478ec569a79dde5ddc826355ad995a44117b16f499ec4025fb66377", kill_on_drop: false }`
[INFO] running `Command { std: "docker" "rm" "-f" "c94183cd0478ec569a79dde5ddc826355ad995a44117b16f499ec4025fb66377", kill_on_drop: false }`
[INFO] [stdout] c94183cd0478ec569a79dde5ddc826355ad995a44117b16f499ec4025fb66377
