[INFO] fetching crate generic-ip 0.1.0-rc.4...
[INFO] testing generic-ip-0.1.0-rc.4 against 1.75.0 for beta-1.76-1
[INFO] extracting crate generic-ip 0.1.0-rc.4 into /workspace/builds/worker-3-tc1/source
[INFO] validating manifest of crates.io crate generic-ip 0.1.0-rc.4 on toolchain 1.75.0
[INFO] running `Command { std: CARGO_HOME="/workspace/cargo-home" RUSTUP_HOME="/workspace/rustup-home" "/workspace/cargo-home/bin/cargo" "+1.75.0" "metadata" "--manifest-path" "Cargo.toml" "--no-deps", kill_on_drop: false }`
[INFO] started tweaking crates.io crate generic-ip 0.1.0-rc.4
[INFO] finished tweaking crates.io crate generic-ip 0.1.0-rc.4
[INFO] tweaked toml for crates.io crate generic-ip 0.1.0-rc.4 written to /workspace/builds/worker-3-tc1/source/Cargo.toml
[INFO] crate crates.io crate generic-ip 0.1.0-rc.4 already has a lockfile, it will not be regenerated
[INFO] running `Command { std: CARGO_HOME="/workspace/cargo-home" RUSTUP_HOME="/workspace/rustup-home" "/workspace/cargo-home/bin/cargo" "+1.75.0" "fetch" "--manifest-path" "Cargo.toml", kill_on_drop: false }`
[INFO] [stderr]  Downloading crates ...
[INFO] [stderr]   Downloaded proptest v1.2.0
[INFO] running `Command { std: "docker" "create" "-v" "/var/lib/crater-agent-workspace/builds/worker-3-tc1/target:/opt/rustwide/target:rw,Z" "-v" "/var/lib/crater-agent-workspace/builds/worker-3-tc1/source:/opt/rustwide/workdir:ro,Z" "-v" "/var/lib/crater-agent-workspace/cargo-home:/opt/rustwide/cargo-home:ro,Z" "-v" "/var/lib/crater-agent-workspace/rustup-home:/opt/rustwide/rustup-home:ro,Z" "-e" "SOURCE_DIR=/opt/rustwide/workdir" "-e" "CARGO_TARGET_DIR=/opt/rustwide/target" "-e" "CARGO_HOME=/opt/rustwide/cargo-home" "-e" "RUSTUP_HOME=/opt/rustwide/rustup-home" "-w" "/opt/rustwide/workdir" "-m" "1610612736" "--user" "0:0" "--network" "none" "ghcr.io/rust-lang/crates-build-env/linux@sha256:2788e3201cd34a07e3172128adcd8b3090168a8e3bcc40d7c032b9dda1df7d1c" "/opt/rustwide/cargo-home/bin/cargo" "+1.75.0" "metadata" "--no-deps" "--format-version=1", kill_on_drop: false }`
[INFO] [stdout] 119aaeb5bc2027ff36eca85368922d9a8f0227a917bc04e4f26b0cc2c0f36959
[INFO] running `Command { std: "docker" "start" "-a" "119aaeb5bc2027ff36eca85368922d9a8f0227a917bc04e4f26b0cc2c0f36959", kill_on_drop: false }`
[INFO] running `Command { std: "docker" "inspect" "119aaeb5bc2027ff36eca85368922d9a8f0227a917bc04e4f26b0cc2c0f36959", kill_on_drop: false }`
[INFO] running `Command { std: "docker" "rm" "-f" "119aaeb5bc2027ff36eca85368922d9a8f0227a917bc04e4f26b0cc2c0f36959", kill_on_drop: false }`
[INFO] [stdout] 119aaeb5bc2027ff36eca85368922d9a8f0227a917bc04e4f26b0cc2c0f36959
[INFO] running `Command { std: "docker" "create" "-v" "/var/lib/crater-agent-workspace/builds/worker-3-tc1/target:/opt/rustwide/target:rw,Z" "-v" "/var/lib/crater-agent-workspace/builds/worker-3-tc1/source:/opt/rustwide/workdir:ro,Z" "-v" "/var/lib/crater-agent-workspace/cargo-home:/opt/rustwide/cargo-home:ro,Z" "-v" "/var/lib/crater-agent-workspace/rustup-home:/opt/rustwide/rustup-home:ro,Z" "-e" "SOURCE_DIR=/opt/rustwide/workdir" "-e" "CARGO_TARGET_DIR=/opt/rustwide/target" "-e" "CARGO_INCREMENTAL=0" "-e" "RUST_BACKTRACE=full" "-e" "RUSTFLAGS=--cap-lints=warn" "-e" "RUSTDOCFLAGS=--cap-lints=warn" "-e" "CARGO_HOME=/opt/rustwide/cargo-home" "-e" "RUSTUP_HOME=/opt/rustwide/rustup-home" "-w" "/opt/rustwide/workdir" "-m" "1610612736" "--user" "0:0" "--network" "none" "ghcr.io/rust-lang/crates-build-env/linux@sha256:2788e3201cd34a07e3172128adcd8b3090168a8e3bcc40d7c032b9dda1df7d1c" "/opt/rustwide/cargo-home/bin/cargo" "+1.75.0" "build" "--frozen" "--message-format=json", kill_on_drop: false }`
[INFO] [stdout] 410593ea49736a07eb970f2a8afe7a6c5ea5bd19da497e0437509c8a391db7ee
[INFO] running `Command { std: "docker" "start" "-a" "410593ea49736a07eb970f2a8afe7a6c5ea5bd19da497e0437509c8a391db7ee", kill_on_drop: false }`
[INFO] [stderr]    Compiling radium v0.7.0
[INFO] [stderr]    Compiling tap v1.0.1
[INFO] [stderr]    Compiling funty v2.0.0
[INFO] [stderr]    Compiling num-traits v0.2.16
[INFO] [stderr]    Compiling wyz v0.5.1
[INFO] [stderr]    Compiling bitvec v1.0.1
[INFO] [stderr]    Compiling generic-ip v0.1.0-rc.4 (/opt/rustwide/workdir)
[INFO] [stderr]     Finished dev [unoptimized + debuginfo] target(s) in 1.97s
[INFO] running `Command { std: "docker" "inspect" "410593ea49736a07eb970f2a8afe7a6c5ea5bd19da497e0437509c8a391db7ee", kill_on_drop: false }`
[INFO] running `Command { std: "docker" "rm" "-f" "410593ea49736a07eb970f2a8afe7a6c5ea5bd19da497e0437509c8a391db7ee", kill_on_drop: false }`
[INFO] [stdout] 410593ea49736a07eb970f2a8afe7a6c5ea5bd19da497e0437509c8a391db7ee
[INFO] running `Command { std: "docker" "create" "-v" "/var/lib/crater-agent-workspace/builds/worker-3-tc1/target:/opt/rustwide/target:rw,Z" "-v" "/var/lib/crater-agent-workspace/builds/worker-3-tc1/source:/opt/rustwide/workdir:ro,Z" "-v" "/var/lib/crater-agent-workspace/cargo-home:/opt/rustwide/cargo-home:ro,Z" "-v" "/var/lib/crater-agent-workspace/rustup-home:/opt/rustwide/rustup-home:ro,Z" "-e" "SOURCE_DIR=/opt/rustwide/workdir" "-e" "CARGO_TARGET_DIR=/opt/rustwide/target" "-e" "CARGO_INCREMENTAL=0" "-e" "RUST_BACKTRACE=full" "-e" "RUSTFLAGS=--cap-lints=warn" "-e" "RUSTDOCFLAGS=--cap-lints=warn" "-e" "CARGO_HOME=/opt/rustwide/cargo-home" "-e" "RUSTUP_HOME=/opt/rustwide/rustup-home" "-w" "/opt/rustwide/workdir" "-m" "1610612736" "--user" "0:0" "--network" "none" "ghcr.io/rust-lang/crates-build-env/linux@sha256:2788e3201cd34a07e3172128adcd8b3090168a8e3bcc40d7c032b9dda1df7d1c" "/opt/rustwide/cargo-home/bin/cargo" "+1.75.0" "test" "--frozen" "--no-run" "--message-format=json", kill_on_drop: false }`
[INFO] [stdout] e491c7fc702d674057a96a9541163b0f2f4fee27370430c22c413b8a7b5cf0f0
[INFO] running `Command { std: "docker" "start" "-a" "e491c7fc702d674057a96a9541163b0f2f4fee27370430c22c413b8a7b5cf0f0", kill_on_drop: false }`
[INFO] [stderr]    Compiling libc v0.2.147
[INFO] [stderr]    Compiling serde v1.0.183
[INFO] [stderr]    Compiling crossbeam-utils v0.8.16
[INFO] [stderr]    Compiling memoffset v0.9.0
[INFO] [stderr]    Compiling libm v0.2.7
[INFO] [stderr]    Compiling serde_derive v1.0.183
[INFO] [stderr]    Compiling crossbeam-epoch v0.9.15
[INFO] [stderr]    Compiling num-traits v0.2.16
[INFO] [stderr]    Compiling bitflags v1.3.2
[INFO] [stderr]    Compiling rustix v0.38.7
[INFO] [stderr]    Compiling proc-macro2 v1.0.66
[INFO] [stderr]    Compiling version_check v0.9.4
[INFO] [stderr]    Compiling tinyvec_macros v0.1.1
[INFO] [stderr]    Compiling indexmap v1.9.3
[INFO] [stderr]    Compiling rayon-core v1.11.0
[INFO] [stderr]    Compiling serde_json v1.0.104
[INFO] [stderr]    Compiling tinyvec v1.6.0
[INFO] [stderr]    Compiling unicode-ident v1.0.11
[INFO] [stderr]    Compiling either v1.9.0
[INFO] [stderr]    Compiling memchr v2.5.0
[INFO] [stderr]    Compiling bitflags v2.3.3
[INFO] [stderr]    Compiling regex-syntax v0.7.4
[INFO] [stderr]    Compiling linux-raw-sys v0.4.5
[INFO] [stderr]    Compiling unicase v2.6.0
[INFO] [stderr]    Compiling hashbrown v0.12.3
[INFO] [stderr]    Compiling half v1.8.2
[INFO] [stderr]    Compiling ciborium-io v0.2.1
[INFO] [stderr]    Compiling plotters-backend v0.3.5
[INFO] [stderr]    Compiling itoa v1.0.9
[INFO] [stderr]    Compiling syn v1.0.109
[INFO] [stderr]    Compiling os_str_bytes v6.5.1
[INFO] [stderr]    Compiling ppv-lite86 v0.2.17
[INFO] [stderr]    Compiling percent-encoding v2.3.0
[INFO] [stderr]    Compiling crossbeam-channel v0.5.8
[INFO] [stderr]    Compiling ryu v1.0.15
[INFO] [stderr]    Compiling unicode-bidi v0.3.13
[INFO] [stderr]    Compiling fastrand v2.0.0
[INFO] [stderr]    Compiling pulldown-cmark v0.8.0
[INFO] [stderr]    Compiling unicode-normalization v0.1.22
[INFO] [stderr]    Compiling crossbeam-deque v0.8.3
[INFO] [stderr]    Compiling semver v1.0.18
[INFO] [stderr]    Compiling quote v1.0.32
[INFO] [stderr]    Compiling clap_lex v0.2.4
[INFO] [stderr]    Compiling getrandom v0.2.10
[INFO] [stderr]    Compiling num_cpus v1.16.0
[INFO] [stderr]    Compiling wait-timeout v0.2.0
[INFO] [stderr]    Compiling form_urlencoded v1.2.0
[INFO] [stderr]    Compiling rand_core v0.6.4
[INFO] [stderr]    Compiling plotters-svg v0.3.5
[INFO] [stderr]    Compiling ciborium-ll v0.2.1
[INFO] [stderr]    Compiling idna v0.4.0
[INFO] [stderr]    Compiling rand_chacha v0.3.1
[INFO] [stderr]    Compiling itertools v0.10.5
[INFO] [stderr]    Compiling lazy_static v1.4.0
[INFO] [stderr]    Compiling same-file v1.0.6
[INFO] [stderr]    Compiling cast v0.3.0
[INFO] [stderr]    Compiling paste v1.0.14
[INFO] [stderr]    Compiling fnv v1.0.7
[INFO] [stderr]    Compiling bit-vec v0.6.3
[INFO] [stderr]    Compiling textwrap v0.16.0
[INFO] [stderr]    Compiling rand v0.8.5
[INFO] [stderr]    Compiling walkdir v2.3.3
[INFO] [stderr]    Compiling rand_xorshift v0.3.0
[INFO] [stderr]    Compiling clap v3.2.25
[INFO] [stderr]    Compiling bit-set v0.5.3
[INFO] [stderr]    Compiling rayon v1.7.0
[INFO] [stderr]    Compiling url v2.4.0
[INFO] [stderr]    Compiling plotters v0.3.5
[INFO] [stderr]    Compiling atty v0.2.14
[INFO] [stderr]    Compiling oorandom v11.1.3
[INFO] [stderr]    Compiling byteorder v1.4.3
[INFO] [stderr]    Compiling anes v0.1.6
[INFO] [stderr]    Compiling regex-automata v0.3.6
[INFO] [stderr]    Compiling unarray v0.1.4
[INFO] [stderr]    Compiling regex-syntax v0.6.29
[INFO] [stderr]    Compiling tempfile v3.7.1
[INFO] [stderr]    Compiling generic-ip v0.1.0-rc.4 (/opt/rustwide/workdir)
[INFO] [stderr]    Compiling criterion-plot v0.5.0
[INFO] [stderr]    Compiling rusty-fork v0.3.0
[INFO] [stderr]    Compiling ciborium v0.2.1
[INFO] [stderr]    Compiling toml v0.5.11
[INFO] [stderr]    Compiling regex v1.9.3
[INFO] [stderr]    Compiling proptest v1.2.0
[INFO] [stderr]    Compiling tinytemplate v1.2.1
[INFO] [stderr]    Compiling version-sync v0.9.4
[INFO] [stderr]    Compiling criterion v0.4.0
[INFO] [stdout] error[E0432]: unresolved import `utils`
[INFO] [stdout]  --> tests/prefix-sets.rs:8:5
[INFO] [stdout]   |
[INFO] [stdout] 8 | use utils::data_set;
[INFO] [stdout]   |     ^^^^^ use of undeclared crate or module `utils`
[INFO] [stdout] 
[INFO] [stdout] 
[INFO] [stdout] warning: unused import: `Prefix`
[INFO] [stdout]  --> tests/prefix-sets.rs:4:14
[INFO] [stdout]   |
[INFO] [stdout] 4 |     traits::{Prefix as _, PrefixSet as _},
[INFO] [stdout]   |              ^^^^^^
[INFO] [stdout]   |
[INFO] [stdout]   = note: `#[warn(unused_imports)]` on by default
[INFO] [stdout] 
[INFO] [stdout] 
[INFO] [stdout] warning: unused import: `PrefixSet`
[INFO] [stdout]  --> tests/prefix-sets.rs:4:27
[INFO] [stdout]   |
[INFO] [stdout] 4 |     traits::{Prefix as _, PrefixSet as _},
[INFO] [stdout]   |                           ^^^^^^^^^
[INFO] [stdout] 
[INFO] [stdout] 
[INFO] [stdout] error: aborting due to previous error; 2 warnings emitted
[INFO] [stdout] 
[INFO] [stdout] 
[INFO] [stdout] For more information about this error, try `rustc --explain E0432`.
[INFO] [stdout] 
[INFO] [stderr] error: could not compile `generic-ip` (test "prefix-sets") due to 2 previous errors; 2 warnings emitted
[INFO] [stderr] warning: build failed, waiting for other jobs to finish...
[INFO] [stdout] error[E0277]: the trait bound `ip::concrete::Prefix<ip::Ipv4>: proptest::arbitrary::Arbitrary` is not satisfied
[INFO] [stdout]    --> tests/prefix-set-proptests.rs:48:30
[INFO] [stdout]     |
[INFO] [stdout] 48  |                           s in any::<TestPrefixSet<$p>>(),
[INFO] [stdout]     |                                ^^^^^^^^^^^^^^^^^^^^^^^^^^ the trait `proptest::arbitrary::Arbitrary` is not implemented for `ip::concrete::Prefix<ip::Ipv4>`
[INFO] [stdout] ...
[INFO] [stdout] 154 | / property_tests! {
[INFO] [stdout] 155 | |     ipv4 => Ipv4,
[INFO] [stdout] 156 | |     ipv6 => Ipv6,
[INFO] [stdout] 157 | |     any => Any,
[INFO] [stdout] 158 | | }
[INFO] [stdout]     | |_- in this macro invocation
[INFO] [stdout]     |
[INFO] [stdout]     = help: the following other types implement trait `proptest::arbitrary::Arbitrary`:
[INFO] [stdout]               bool
[INFO] [stdout]               char
[INFO] [stdout]               isize
[INFO] [stdout]               i8
[INFO] [stdout]               i16
[INFO] [stdout]               i32
[INFO] [stdout]               i64
[INFO] [stdout]               i128
[INFO] [stdout]             and 183 others
[INFO] [stdout] note: required for `TestPrefixSet<ip::Ipv4>` to implement `proptest::arbitrary::Arbitrary`
[INFO] [stdout]    --> tests/prefix-set-proptests.rs:24:19
[INFO] [stdout]     |
[INFO] [stdout] 24  | impl<A: AfiClass> Arbitrary for TestPrefixSet<A>
[INFO] [stdout]     |                   ^^^^^^^^^     ^^^^^^^^^^^^^^^^
[INFO] [stdout] ...
[INFO] [stdout] 27  |     Prefix<A>: Arbitrary + 'static,
[INFO] [stdout]     |                --------- unsatisfied trait bound introduced here
[INFO] [stdout]     = note: this error originates in the macro `property_tests` (in Nightly builds, run with -Z macro-backtrace for more info)
[INFO] [stdout] 
[INFO] [stdout] 
[INFO] [stdout] error[E0277]: the trait bound `ip::concrete::Prefix<ip::Ipv4>: proptest::arbitrary::Arbitrary` is not satisfied
[INFO] [stdout]    --> tests/prefix-set-proptests.rs:58:30
[INFO] [stdout]     |
[INFO] [stdout] 58  |                           s in any::<TestPrefixSet<$p>>(),
[INFO] [stdout]     |                                ^^^^^^^^^^^^^^^^^^^^^^^^^^ the trait `proptest::arbitrary::Arbitrary` is not implemented for `ip::concrete::Prefix<ip::Ipv4>`
[INFO] [stdout] ...
[INFO] [stdout] 154 | / property_tests! {
[INFO] [stdout] 155 | |     ipv4 => Ipv4,
[INFO] [stdout] 156 | |     ipv6 => Ipv6,
[INFO] [stdout] 157 | |     any => Any,
[INFO] [stdout] 158 | | }
[INFO] [stdout]     | |_- in this macro invocation
[INFO] [stdout]     |
[INFO] [stdout]     = help: the following other types implement trait `proptest::arbitrary::Arbitrary`:
[INFO] [stdout]               bool
[INFO] [stdout]               char
[INFO] [stdout]               isize
[INFO] [stdout]               i8
[INFO] [stdout]               i16
[INFO] [stdout]               i32
[INFO] [stdout]               i64
[INFO] [stdout]               i128
[INFO] [stdout]             and 183 others
[INFO] [stdout] note: required for `TestPrefixSet<ip::Ipv4>` to implement `proptest::arbitrary::Arbitrary`
[INFO] [stdout]    --> tests/prefix-set-proptests.rs:24:19
[INFO] [stdout]     |
[INFO] [stdout] 24  | impl<A: AfiClass> Arbitrary for TestPrefixSet<A>
[INFO] [stdout]     |                   ^^^^^^^^^     ^^^^^^^^^^^^^^^^
[INFO] [stdout] ...
[INFO] [stdout] 27  |     Prefix<A>: Arbitrary + 'static,
[INFO] [stdout]     |                --------- unsatisfied trait bound introduced here
[INFO] [stdout]     = note: this error originates in the macro `property_tests` (in Nightly builds, run with -Z macro-backtrace for more info)
[INFO] [stdout] 
[INFO] [stdout] 
[INFO] [stdout] error[E0277]: the trait bound `ip::concrete::Prefix<ip::Ipv4>: proptest::arbitrary::Arbitrary` is not satisfied
[INFO] [stdout]    --> tests/prefix-set-proptests.rs:69:30
[INFO] [stdout]     |
[INFO] [stdout] 69  |                           s in any::<TestPrefixSet<$p>>(),
[INFO] [stdout]     |                                ^^^^^^^^^^^^^^^^^^^^^^^^^^ the trait `proptest::arbitrary::Arbitrary` is not implemented for `ip::concrete::Prefix<ip::Ipv4>`
[INFO] [stdout] ...
[INFO] [stdout] 154 | / property_tests! {
[INFO] [stdout] 155 | |     ipv4 => Ipv4,
[INFO] [stdout] 156 | |     ipv6 => Ipv6,
[INFO] [stdout] 157 | |     any => Any,
[INFO] [stdout] 158 | | }
[INFO] [stdout]     | |_- in this macro invocation
[INFO] [stdout]     |
[INFO] [stdout]     = help: the following other types implement trait `proptest::arbitrary::Arbitrary`:
[INFO] [stdout]               bool
[INFO] [stdout]               char
[INFO] [stdout]               isize
[INFO] [stdout]               i8
[INFO] [stdout]               i16
[INFO] [stdout]               i32
[INFO] [stdout]               i64
[INFO] [stdout]               i128
[INFO] [stdout]             and 183 others
[INFO] [stdout] note: required for `TestPrefixSet<ip::Ipv4>` to implement `proptest::arbitrary::Arbitrary`
[INFO] [stdout]    --> tests/prefix-set-proptests.rs:24:19
[INFO] [stdout]     |
[INFO] [stdout] 24  | impl<A: AfiClass> Arbitrary for TestPrefixSet<A>
[INFO] [stdout]     |                   ^^^^^^^^^     ^^^^^^^^^^^^^^^^
[INFO] [stdout] ...
[INFO] [stdout] 27  |     Prefix<A>: Arbitrary + 'static,
[INFO] [stdout]     |                --------- unsatisfied trait bound introduced here
[INFO] [stdout]     = note: this error originates in the macro `property_tests` (in Nightly builds, run with -Z macro-backtrace for more info)
[INFO] [stdout] 
[INFO] [stdout] 
[INFO] [stdout] error[E0277]: the trait bound `ip::concrete::Prefix<ip::Ipv4>: proptest::arbitrary::Arbitrary` is not satisfied
[INFO] [stdout]    --> tests/prefix-set-proptests.rs:79:30
[INFO] [stdout]     |
[INFO] [stdout] 79  |                           s in any::<TestPrefixSet<$p>>(),
[INFO] [stdout]     |                                ^^^^^^^^^^^^^^^^^^^^^^^^^^ the trait `proptest::arbitrary::Arbitrary` is not implemented for `ip::concrete::Prefix<ip::Ipv4>`
[INFO] [stdout] ...
[INFO] [stdout] 154 | / property_tests! {
[INFO] [stdout] 155 | |     ipv4 => Ipv4,
[INFO] [stdout] 156 | |     ipv6 => Ipv6,
[INFO] [stdout] 157 | |     any => Any,
[INFO] [stdout] 158 | | }
[INFO] [stdout]     | |_- in this macro invocation
[INFO] [stdout]     |
[INFO] [stdout]     = help: the following other types implement trait `proptest::arbitrary::Arbitrary`:
[INFO] [stdout]               bool
[INFO] [stdout]               char
[INFO] [stdout]               isize
[INFO] [stdout]               i8
[INFO] [stdout]               i16
[INFO] [stdout]               i32
[INFO] [stdout]               i64
[INFO] [stdout]               i128
[INFO] [stdout]             and 183 others
[INFO] [stdout] note: required for `TestPrefixSet<ip::Ipv4>` to implement `proptest::arbitrary::Arbitrary`
[INFO] [stdout]    --> tests/prefix-set-proptests.rs:24:19
[INFO] [stdout]     |
[INFO] [stdout] 24  | impl<A: AfiClass> Arbitrary for TestPrefixSet<A>
[INFO] [stdout]     |                   ^^^^^^^^^     ^^^^^^^^^^^^^^^^
[INFO] [stdout] ...
[INFO] [stdout] 27  |     Prefix<A>: Arbitrary + 'static,
[INFO] [stdout]     |                --------- unsatisfied trait bound introduced here
[INFO] [stdout]     = note: this error originates in the macro `property_tests` (in Nightly builds, run with -Z macro-backtrace for more info)
[INFO] [stdout] 
[INFO] [stdout] 
[INFO] [stdout] error[E0277]: the trait bound `ip::concrete::Prefix<ip::Ipv4>: proptest::arbitrary::Arbitrary` is not satisfied
[INFO] [stdout]    --> tests/prefix-set-proptests.rs:92:30
[INFO] [stdout]     |
[INFO] [stdout] 92  |                           s in any::<TestPrefixSet<$p>>(),
[INFO] [stdout]     |                                ^^^^^^^^^^^^^^^^^^^^^^^^^^ the trait `proptest::arbitrary::Arbitrary` is not implemented for `ip::concrete::Prefix<ip::Ipv4>`
[INFO] [stdout] ...
[INFO] [stdout] 154 | / property_tests! {
[INFO] [stdout] 155 | |     ipv4 => Ipv4,
[INFO] [stdout] 156 | |     ipv6 => Ipv6,
[INFO] [stdout] 157 | |     any => Any,
[INFO] [stdout] 158 | | }
[INFO] [stdout]     | |_- in this macro invocation
[INFO] [stdout]     |
[INFO] [stdout]     = help: the following other types implement trait `proptest::arbitrary::Arbitrary`:
[INFO] [stdout]               bool
[INFO] [stdout]               char
[INFO] [stdout]               isize
[INFO] [stdout]               i8
[INFO] [stdout]               i16
[INFO] [stdout]               i32
[INFO] [stdout]               i64
[INFO] [stdout]               i128
[INFO] [stdout]             and 183 others
[INFO] [stdout] note: required for `TestPrefixSet<ip::Ipv4>` to implement `proptest::arbitrary::Arbitrary`
[INFO] [stdout]    --> tests/prefix-set-proptests.rs:24:19
[INFO] [stdout]     |
[INFO] [stdout] 24  | impl<A: AfiClass> Arbitrary for TestPrefixSet<A>
[INFO] [stdout]     |                   ^^^^^^^^^     ^^^^^^^^^^^^^^^^
[INFO] [stdout] ...
[INFO] [stdout] 27  |     Prefix<A>: Arbitrary + 'static,
[INFO] [stdout]     |                --------- unsatisfied trait bound introduced here
[INFO] [stdout]     = note: this error originates in the macro `property_tests` (in Nightly builds, run with -Z macro-backtrace for more info)
[INFO] [stdout] 
[INFO] [stdout] 
[INFO] [stdout] error[E0277]: the trait bound `ip::concrete::Prefix<ip::Ipv4>: proptest::arbitrary::Arbitrary` is not satisfied
[INFO] [stdout]    --> tests/prefix-set-proptests.rs:105:30
[INFO] [stdout]     |
[INFO] [stdout] 105 |                           s in any::<TestPrefixSet<$p>>(),
[INFO] [stdout]     |                                ^^^^^^^^^^^^^^^^^^^^^^^^^^ the trait `proptest::arbitrary::Arbitrary` is not implemented for `ip::concrete::Prefix<ip::Ipv4>`
[INFO] [stdout] ...
[INFO] [stdout] 154 | / property_tests! {
[INFO] [stdout] 155 | |     ipv4 => Ipv4,
[INFO] [stdout] 156 | |     ipv6 => Ipv6,
[INFO] [stdout] 157 | |     any => Any,
[INFO] [stdout] 158 | | }
[INFO] [stdout]     | |_- in this macro invocation
[INFO] [stdout]     |
[INFO] [stdout]     = help: the following other types implement trait `proptest::arbitrary::Arbitrary`:
[INFO] [stdout]               bool
[INFO] [stdout]               char
[INFO] [stdout]               isize
[INFO] [stdout]               i8
[INFO] [stdout]               i16
[INFO] [stdout]               i32
[INFO] [stdout]               i64
[INFO] [stdout]               i128
[INFO] [stdout]             and 183 others
[INFO] [stdout] note: required for `TestPrefixSet<ip::Ipv4>` to implement `proptest::arbitrary::Arbitrary`
[INFO] [stdout]    --> tests/prefix-set-proptests.rs:24:19
[INFO] [stdout]     |
[INFO] [stdout] 24  | impl<A: AfiClass> Arbitrary for TestPrefixSet<A>
[INFO] [stdout]     |                   ^^^^^^^^^     ^^^^^^^^^^^^^^^^
[INFO] [stdout] ...
[INFO] [stdout] 27  |     Prefix<A>: Arbitrary + 'static,
[INFO] [stdout]     |                --------- unsatisfied trait bound introduced here
[INFO] [stdout]     = note: this error originates in the macro `property_tests` (in Nightly builds, run with -Z macro-backtrace for more info)
[INFO] [stdout] 
[INFO] [stdout] 
[INFO] [stdout] error[E0277]: the trait bound `ip::concrete::Prefix<ip::Ipv4>: proptest::arbitrary::Arbitrary` is not satisfied
[INFO] [stdout]    --> tests/prefix-set-proptests.rs:118:30
[INFO] [stdout]     |
[INFO] [stdout] 118 |                           s in any::<TestPrefixSet<$p>>(),
[INFO] [stdout]     |                                ^^^^^^^^^^^^^^^^^^^^^^^^^^ the trait `proptest::arbitrary::Arbitrary` is not implemented for `ip::concrete::Prefix<ip::Ipv4>`
[INFO] [stdout] ...
[INFO] [stdout] 154 | / property_tests! {
[INFO] [stdout] 155 | |     ipv4 => Ipv4,
[INFO] [stdout] 156 | |     ipv6 => Ipv6,
[INFO] [stdout] 157 | |     any => Any,
[INFO] [stdout] 158 | | }
[INFO] [stdout]     | |_- in this macro invocation
[INFO] [stdout]     |
[INFO] [stdout]     = help: the following other types implement trait `proptest::arbitrary::Arbitrary`:
[INFO] [stdout]               bool
[INFO] [stdout]               char
[INFO] [stdout]               isize
[INFO] [stdout]               i8
[INFO] [stdout]               i16
[INFO] [stdout]               i32
[INFO] [stdout]               i64
[INFO] [stdout]               i128
[INFO] [stdout]             and 183 others
[INFO] [stdout] note: required for `TestPrefixSet<ip::Ipv4>` to implement `proptest::arbitrary::Arbitrary`
[INFO] [stdout]    --> tests/prefix-set-proptests.rs:24:19
[INFO] [stdout]     |
[INFO] [stdout] 24  | impl<A: AfiClass> Arbitrary for TestPrefixSet<A>
[INFO] [stdout]     |                   ^^^^^^^^^     ^^^^^^^^^^^^^^^^
[INFO] [stdout] ...
[INFO] [stdout] 27  |     Prefix<A>: Arbitrary + 'static,
[INFO] [stdout]     |                --------- unsatisfied trait bound introduced here
[INFO] [stdout]     = note: this error originates in the macro `property_tests` (in Nightly builds, run with -Z macro-backtrace for more info)
[INFO] [stdout] 
[INFO] [stdout] 
[INFO] [stdout] error[E0277]: the trait bound `ip::concrete::Prefix<ip::Ipv4>: proptest::arbitrary::Arbitrary` is not satisfied
[INFO] [stdout]    --> tests/prefix-set-proptests.rs:131:30
[INFO] [stdout]     |
[INFO] [stdout] 131 |                           s in any::<TestPrefixSet<$p>>(),
[INFO] [stdout]     |                                ^^^^^^^^^^^^^^^^^^^^^^^^^^ the trait `proptest::arbitrary::Arbitrary` is not implemented for `ip::concrete::Prefix<ip::Ipv4>`
[INFO] [stdout] ...
[INFO] [stdout] 154 | / property_tests! {
[INFO] [stdout] 155 | |     ipv4 => Ipv4,
[INFO] [stdout] 156 | |     ipv6 => Ipv6,
[INFO] [stdout] 157 | |     any => Any,
[INFO] [stdout] 158 | | }
[INFO] [stdout]     | |_- in this macro invocation
[INFO] [stdout]     |
[INFO] [stdout]     = help: the following other types implement trait `proptest::arbitrary::Arbitrary`:
[INFO] [stdout]               bool
[INFO] [stdout]               char
[INFO] [stdout]               isize
[INFO] [stdout]               i8
[INFO] [stdout]               i16
[INFO] [stdout]               i32
[INFO] [stdout]               i64
[INFO] [stdout]               i128
[INFO] [stdout]             and 183 others
[INFO] [stdout] note: required for `TestPrefixSet<ip::Ipv4>` to implement `proptest::arbitrary::Arbitrary`
[INFO] [stdout]    --> tests/prefix-set-proptests.rs:24:19
[INFO] [stdout]     |
[INFO] [stdout] 24  | impl<A: AfiClass> Arbitrary for TestPrefixSet<A>
[INFO] [stdout]     |                   ^^^^^^^^^     ^^^^^^^^^^^^^^^^
[INFO] [stdout] ...
[INFO] [stdout] 27  |     Prefix<A>: Arbitrary + 'static,
[INFO] [stdout]     |                --------- unsatisfied trait bound introduced here
[INFO] [stdout]     = note: this error originates in the macro `property_tests` (in Nightly builds, run with -Z macro-backtrace for more info)
[INFO] [stdout] 
[INFO] [stdout] 
[INFO] [stdout] error[E0277]: the trait bound `ip::concrete::Prefix<ip::Ipv4>: proptest::arbitrary::Arbitrary` is not satisfied
[INFO] [stdout]    --> tests/prefix-set-proptests.rs:141:30
[INFO] [stdout]     |
[INFO] [stdout] 141 |                           s in any::<TestPrefixSet<$p>>(),
[INFO] [stdout]     |                                ^^^^^^^^^^^^^^^^^^^^^^^^^^ the trait `proptest::arbitrary::Arbitrary` is not implemented for `ip::concrete::Prefix<ip::Ipv4>`
[INFO] [stdout] ...
[INFO] [stdout] 154 | / property_tests! {
[INFO] [stdout] 155 | |     ipv4 => Ipv4,
[INFO] [stdout] 156 | |     ipv6 => Ipv6,
[INFO] [stdout] 157 | |     any => Any,
[INFO] [stdout] 158 | | }
[INFO] [stdout]     | |_- in this macro invocation
[INFO] [stdout]     |
[INFO] [stdout]     = help: the following other types implement trait `proptest::arbitrary::Arbitrary`:
[INFO] [stdout]               bool
[INFO] [stdout]               char
[INFO] [stdout]               isize
[INFO] [stdout]               i8
[INFO] [stdout]               i16
[INFO] [stdout]               i32
[INFO] [stdout]               i64
[INFO] [stdout]               i128
[INFO] [stdout]             and 183 others
[INFO] [stdout] note: required for `TestPrefixSet<ip::Ipv4>` to implement `proptest::arbitrary::Arbitrary`
[INFO] [stdout]    --> tests/prefix-set-proptests.rs:24:19
[INFO] [stdout]     |
[INFO] [stdout] 24  | impl<A: AfiClass> Arbitrary for TestPrefixSet<A>
[INFO] [stdout]     |                   ^^^^^^^^^     ^^^^^^^^^^^^^^^^
[INFO] [stdout] ...
[INFO] [stdout] 27  |     Prefix<A>: Arbitrary + 'static,
[INFO] [stdout]     |                --------- unsatisfied trait bound introduced here
[INFO] [stdout]     = note: this error originates in the macro `property_tests` (in Nightly builds, run with -Z macro-backtrace for more info)
[INFO] [stdout] 
[INFO] [stdout] 
[INFO] [stdout] error[E0277]: the trait bound `ip::concrete::Prefix<ip::Ipv6>: proptest::arbitrary::Arbitrary` is not satisfied
[INFO] [stdout]    --> tests/prefix-set-proptests.rs:48:30
[INFO] [stdout]     |
[INFO] [stdout] 48  |                           s in any::<TestPrefixSet<$p>>(),
[INFO] [stdout]     |                                ^^^^^^^^^^^^^^^^^^^^^^^^^^ the trait `proptest::arbitrary::Arbitrary` is not implemented for `ip::concrete::Prefix<ip::Ipv6>`
[INFO] [stdout] ...
[INFO] [stdout] 154 | / property_tests! {
[INFO] [stdout] 155 | |     ipv4 => Ipv4,
[INFO] [stdout] 156 | |     ipv6 => Ipv6,
[INFO] [stdout] 157 | |     any => Any,
[INFO] [stdout] 158 | | }
[INFO] [stdout]     | |_- in this macro invocation
[INFO] [stdout]     |
[INFO] [stdout]     = help: the following other types implement trait `proptest::arbitrary::Arbitrary`:
[INFO] [stdout]               bool
[INFO] [stdout]               char
[INFO] [stdout]               isize
[INFO] [stdout]               i8
[INFO] [stdout]               i16
[INFO] [stdout]               i32
[INFO] [stdout]               i64
[INFO] [stdout]               i128
[INFO] [stdout]             and 183 others
[INFO] [stdout] note: required for `TestPrefixSet<ip::Ipv6>` to implement `proptest::arbitrary::Arbitrary`
[INFO] [stdout]    --> tests/prefix-set-proptests.rs:24:19
[INFO] [stdout]     |
[INFO] [stdout] 24  | impl<A: AfiClass> Arbitrary for TestPrefixSet<A>
[INFO] [stdout]     |                   ^^^^^^^^^     ^^^^^^^^^^^^^^^^
[INFO] [stdout] ...
[INFO] [stdout] 27  |     Prefix<A>: Arbitrary + 'static,
[INFO] [stdout]     |                --------- unsatisfied trait bound introduced here
[INFO] [stdout]     = note: this error originates in the macro `property_tests` (in Nightly builds, run with -Z macro-backtrace for more info)
[INFO] [stdout] 
[INFO] [stdout] 
[INFO] [stdout] error[E0277]: the trait bound `ip::concrete::Prefix<ip::Ipv6>: proptest::arbitrary::Arbitrary` is not satisfied
[INFO] [stdout]    --> tests/prefix-set-proptests.rs:58:30
[INFO] [stdout]     |
[INFO] [stdout] 58  |                           s in any::<TestPrefixSet<$p>>(),
[INFO] [stdout]     |                                ^^^^^^^^^^^^^^^^^^^^^^^^^^ the trait `proptest::arbitrary::Arbitrary` is not implemented for `ip::concrete::Prefix<ip::Ipv6>`
[INFO] [stdout] ...
[INFO] [stdout] 154 | / property_tests! {
[INFO] [stdout] 155 | |     ipv4 => Ipv4,
[INFO] [stdout] 156 | |     ipv6 => Ipv6,
[INFO] [stdout] 157 | |     any => Any,
[INFO] [stdout] 158 | | }
[INFO] [stdout]     | |_- in this macro invocation
[INFO] [stdout]     |
[INFO] [stdout]     = help: the following other types implement trait `proptest::arbitrary::Arbitrary`:
[INFO] [stdout]               bool
[INFO] [stdout]               char
[INFO] [stdout]               isize
[INFO] [stdout]               i8
[INFO] [stdout]               i16
[INFO] [stdout]               i32
[INFO] [stdout]               i64
[INFO] [stdout]               i128
[INFO] [stdout]             and 183 others
[INFO] [stdout] note: required for `TestPrefixSet<ip::Ipv6>` to implement `proptest::arbitrary::Arbitrary`
[INFO] [stdout]    --> tests/prefix-set-proptests.rs:24:19
[INFO] [stdout]     |
[INFO] [stdout] 24  | impl<A: AfiClass> Arbitrary for TestPrefixSet<A>
[INFO] [stdout]     |                   ^^^^^^^^^     ^^^^^^^^^^^^^^^^
[INFO] [stdout] ...
[INFO] [stdout] 27  |     Prefix<A>: Arbitrary + 'static,
[INFO] [stdout]     |                --------- unsatisfied trait bound introduced here
[INFO] [stdout]     = note: this error originates in the macro `property_tests` (in Nightly builds, run with -Z macro-backtrace for more info)
[INFO] [stdout] 
[INFO] [stdout] 
[INFO] [stdout] error[E0277]: the trait bound `ip::concrete::Prefix<ip::Ipv6>: proptest::arbitrary::Arbitrary` is not satisfied
[INFO] [stdout]    --> tests/prefix-set-proptests.rs:69:30
[INFO] [stdout]     |
[INFO] [stdout] 69  |                           s in any::<TestPrefixSet<$p>>(),
[INFO] [stdout]     |                                ^^^^^^^^^^^^^^^^^^^^^^^^^^ the trait `proptest::arbitrary::Arbitrary` is not implemented for `ip::concrete::Prefix<ip::Ipv6>`
[INFO] [stdout] ...
[INFO] [stdout] 154 | / property_tests! {
[INFO] [stdout] 155 | |     ipv4 => Ipv4,
[INFO] [stdout] 156 | |     ipv6 => Ipv6,
[INFO] [stdout] 157 | |     any => Any,
[INFO] [stdout] 158 | | }
[INFO] [stdout]     | |_- in this macro invocation
[INFO] [stdout]     |
[INFO] [stdout]     = help: the following other types implement trait `proptest::arbitrary::Arbitrary`:
[INFO] [stdout]               bool
[INFO] [stdout]               char
[INFO] [stdout]               isize
[INFO] [stdout]               i8
[INFO] [stdout]               i16
[INFO] [stdout]               i32
[INFO] [stdout]               i64
[INFO] [stdout]               i128
[INFO] [stdout]             and 183 others
[INFO] [stdout] note: required for `TestPrefixSet<ip::Ipv6>` to implement `proptest::arbitrary::Arbitrary`
[INFO] [stdout]    --> tests/prefix-set-proptests.rs:24:19
[INFO] [stdout]     |
[INFO] [stdout] 24  | impl<A: AfiClass> Arbitrary for TestPrefixSet<A>
[INFO] [stdout]     |                   ^^^^^^^^^     ^^^^^^^^^^^^^^^^
[INFO] [stdout] ...
[INFO] [stdout] 27  |     Prefix<A>: Arbitrary + 'static,
[INFO] [stdout]     |                --------- unsatisfied trait bound introduced here
[INFO] [stdout]     = note: this error originates in the macro `property_tests` (in Nightly builds, run with -Z macro-backtrace for more info)
[INFO] [stdout] 
[INFO] [stdout] 
[INFO] [stdout] error[E0277]: the trait bound `ip::concrete::Prefix<ip::Ipv6>: proptest::arbitrary::Arbitrary` is not satisfied
[INFO] [stdout]    --> tests/prefix-set-proptests.rs:79:30
[INFO] [stdout]     |
[INFO] [stdout] 79  |                           s in any::<TestPrefixSet<$p>>(),
[INFO] [stdout]     |                                ^^^^^^^^^^^^^^^^^^^^^^^^^^ the trait `proptest::arbitrary::Arbitrary` is not implemented for `ip::concrete::Prefix<ip::Ipv6>`
[INFO] [stdout] ...
[INFO] [stdout] 154 | / property_tests! {
[INFO] [stdout] 155 | |     ipv4 => Ipv4,
[INFO] [stdout] 156 | |     ipv6 => Ipv6,
[INFO] [stdout] 157 | |     any => Any,
[INFO] [stdout] 158 | | }
[INFO] [stdout]     | |_- in this macro invocation
[INFO] [stdout]     |
[INFO] [stdout]     = help: the following other types implement trait `proptest::arbitrary::Arbitrary`:
[INFO] [stdout]               bool
[INFO] [stdout]               char
[INFO] [stdout]               isize
[INFO] [stdout]               i8
[INFO] [stdout]               i16
[INFO] [stdout]               i32
[INFO] [stdout]               i64
[INFO] [stdout]               i128
[INFO] [stdout]             and 183 others
[INFO] [stdout] note: required for `TestPrefixSet<ip::Ipv6>` to implement `proptest::arbitrary::Arbitrary`
[INFO] [stdout]    --> tests/prefix-set-proptests.rs:24:19
[INFO] [stdout]     |
[INFO] [stdout] 24  | impl<A: AfiClass> Arbitrary for TestPrefixSet<A>
[INFO] [stdout]     |                   ^^^^^^^^^     ^^^^^^^^^^^^^^^^
[INFO] [stdout] ...
[INFO] [stdout] 27  |     Prefix<A>: Arbitrary + 'static,
[INFO] [stdout]     |                --------- unsatisfied trait bound introduced here
[INFO] [stdout]     = note: this error originates in the macro `property_tests` (in Nightly builds, run with -Z macro-backtrace for more info)
[INFO] [stdout] 
[INFO] [stdout] 
[INFO] [stdout] error[E0277]: the trait bound `ip::concrete::Prefix<ip::Ipv6>: proptest::arbitrary::Arbitrary` is not satisfied
[INFO] [stdout]    --> tests/prefix-set-proptests.rs:92:30
[INFO] [stdout]     |
[INFO] [stdout] 92  |                           s in any::<TestPrefixSet<$p>>(),
[INFO] [stdout]     |                                ^^^^^^^^^^^^^^^^^^^^^^^^^^ the trait `proptest::arbitrary::Arbitrary` is not implemented for `ip::concrete::Prefix<ip::Ipv6>`
[INFO] [stdout] ...
[INFO] [stdout] 154 | / property_tests! {
[INFO] [stdout] 155 | |     ipv4 => Ipv4,
[INFO] [stdout] 156 | |     ipv6 => Ipv6,
[INFO] [stdout] 157 | |     any => Any,
[INFO] [stdout] 158 | | }
[INFO] [stdout]     | |_- in this macro invocation
[INFO] [stdout]     |
[INFO] [stdout]     = help: the following other types implement trait `proptest::arbitrary::Arbitrary`:
[INFO] [stdout]               bool
[INFO] [stdout]               char
[INFO] [stdout]               isize
[INFO] [stdout]               i8
[INFO] [stdout]               i16
[INFO] [stdout]               i32
[INFO] [stdout]               i64
[INFO] [stdout]               i128
[INFO] [stdout]             and 183 others
[INFO] [stdout] note: required for `TestPrefixSet<ip::Ipv6>` to implement `proptest::arbitrary::Arbitrary`
[INFO] [stdout]    --> tests/prefix-set-proptests.rs:24:19
[INFO] [stdout]     |
[INFO] [stdout] 24  | impl<A: AfiClass> Arbitrary for TestPrefixSet<A>
[INFO] [stdout]     |                   ^^^^^^^^^     ^^^^^^^^^^^^^^^^
[INFO] [stdout] ...
[INFO] [stdout] 27  |     Prefix<A>: Arbitrary + 'static,
[INFO] [stdout]     |                --------- unsatisfied trait bound introduced here
[INFO] [stdout]     = note: this error originates in the macro `property_tests` (in Nightly builds, run with -Z macro-backtrace for more info)
[INFO] [stdout] 
[INFO] [stdout] 
[INFO] [stdout] error[E0277]: the trait bound `ip::concrete::Prefix<ip::Ipv6>: proptest::arbitrary::Arbitrary` is not satisfied
[INFO] [stdout]    --> tests/prefix-set-proptests.rs:105:30
[INFO] [stdout]     |
[INFO] [stdout] 105 |                           s in any::<TestPrefixSet<$p>>(),
[INFO] [stdout]     |                                ^^^^^^^^^^^^^^^^^^^^^^^^^^ the trait `proptest::arbitrary::Arbitrary` is not implemented for `ip::concrete::Prefix<ip::Ipv6>`
[INFO] [stdout] ...
[INFO] [stdout] 154 | / property_tests! {
[INFO] [stdout] 155 | |     ipv4 => Ipv4,
[INFO] [stdout] 156 | |     ipv6 => Ipv6,
[INFO] [stdout] 157 | |     any => Any,
[INFO] [stdout] 158 | | }
[INFO] [stdout]     | |_- in this macro invocation
[INFO] [stdout]     |
[INFO] [stdout]     = help: the following other types implement trait `proptest::arbitrary::Arbitrary`:
[INFO] [stdout]               bool
[INFO] [stdout]               char
[INFO] [stdout]               isize
[INFO] [stdout]               i8
[INFO] [stdout]               i16
[INFO] [stdout]               i32
[INFO] [stdout]               i64
[INFO] [stdout]               i128
[INFO] [stdout]             and 183 others
[INFO] [stdout] note: required for `TestPrefixSet<ip::Ipv6>` to implement `proptest::arbitrary::Arbitrary`
[INFO] [stdout]    --> tests/prefix-set-proptests.rs:24:19
[INFO] [stdout]     |
[INFO] [stdout] 24  | impl<A: AfiClass> Arbitrary for TestPrefixSet<A>
[INFO] [stdout]     |                   ^^^^^^^^^     ^^^^^^^^^^^^^^^^
[INFO] [stdout] ...
[INFO] [stdout] 27  |     Prefix<A>: Arbitrary + 'static,
[INFO] [stdout]     |                --------- unsatisfied trait bound introduced here
[INFO] [stdout]     = note: this error originates in the macro `property_tests` (in Nightly builds, run with -Z macro-backtrace for more info)
[INFO] [stdout] 
[INFO] [stdout] 
[INFO] [stdout] error[E0277]: the trait bound `ip::concrete::Prefix<ip::Ipv6>: proptest::arbitrary::Arbitrary` is not satisfied
[INFO] [stdout]    --> tests/prefix-set-proptests.rs:118:30
[INFO] [stdout]     |
[INFO] [stdout] 118 |                           s in any::<TestPrefixSet<$p>>(),
[INFO] [stdout]     |                                ^^^^^^^^^^^^^^^^^^^^^^^^^^ the trait `proptest::arbitrary::Arbitrary` is not implemented for `ip::concrete::Prefix<ip::Ipv6>`
[INFO] [stdout] ...
[INFO] [stdout] 154 | / property_tests! {
[INFO] [stdout] 155 | |     ipv4 => Ipv4,
[INFO] [stdout] 156 | |     ipv6 => Ipv6,
[INFO] [stdout] 157 | |     any => Any,
[INFO] [stdout] 158 | | }
[INFO] [stdout]     | |_- in this macro invocation
[INFO] [stdout]     |
[INFO] [stdout]     = help: the following other types implement trait `proptest::arbitrary::Arbitrary`:
[INFO] [stdout]               bool
[INFO] [stdout]               char
[INFO] [stdout]               isize
[INFO] [stdout]               i8
[INFO] [stdout]               i16
[INFO] [stdout]               i32
[INFO] [stdout]               i64
[INFO] [stdout]               i128
[INFO] [stdout]             and 183 others
[INFO] [stdout] note: required for `TestPrefixSet<ip::Ipv6>` to implement `proptest::arbitrary::Arbitrary`
[INFO] [stdout]    --> tests/prefix-set-proptests.rs:24:19
[INFO] [stdout]     |
[INFO] [stdout] 24  | impl<A: AfiClass> Arbitrary for TestPrefixSet<A>
[INFO] [stdout]     |                   ^^^^^^^^^     ^^^^^^^^^^^^^^^^
[INFO] [stdout] ...
[INFO] [stdout] 27  |     Prefix<A>: Arbitrary + 'static,
[INFO] [stdout]     |                --------- unsatisfied trait bound introduced here
[INFO] [stdout]     = note: this error originates in the macro `property_tests` (in Nightly builds, run with -Z macro-backtrace for more info)
[INFO] [stdout] 
[INFO] [stdout] 
[INFO] [stdout] error[E0277]: the trait bound `ip::concrete::Prefix<ip::Ipv6>: proptest::arbitrary::Arbitrary` is not satisfied
[INFO] [stdout]    --> tests/prefix-set-proptests.rs:131:30
[INFO] [stdout]     |
[INFO] [stdout] 131 |                           s in any::<TestPrefixSet<$p>>(),
[INFO] [stdout]     |                                ^^^^^^^^^^^^^^^^^^^^^^^^^^ the trait `proptest::arbitrary::Arbitrary` is not implemented for `ip::concrete::Prefix<ip::Ipv6>`
[INFO] [stdout] ...
[INFO] [stdout] 154 | / property_tests! {
[INFO] [stdout] 155 | |     ipv4 => Ipv4,
[INFO] [stdout] 156 | |     ipv6 => Ipv6,
[INFO] [stdout] 157 | |     any => Any,
[INFO] [stdout] 158 | | }
[INFO] [stdout]     | |_- in this macro invocation
[INFO] [stdout]     |
[INFO] [stdout]     = help: the following other types implement trait `proptest::arbitrary::Arbitrary`:
[INFO] [stdout]               bool
[INFO] [stdout]               char
[INFO] [stdout]               isize
[INFO] [stdout]               i8
[INFO] [stdout]               i16
[INFO] [stdout]               i32
[INFO] [stdout]               i64
[INFO] [stdout]               i128
[INFO] [stdout]             and 183 others
[INFO] [stdout] note: required for `TestPrefixSet<ip::Ipv6>` to implement `proptest::arbitrary::Arbitrary`
[INFO] [stdout]    --> tests/prefix-set-proptests.rs:24:19
[INFO] [stdout]     |
[INFO] [stdout] 24  | impl<A: AfiClass> Arbitrary for TestPrefixSet<A>
[INFO] [stdout]     |                   ^^^^^^^^^     ^^^^^^^^^^^^^^^^
[INFO] [stdout] ...
[INFO] [stdout] 27  |     Prefix<A>: Arbitrary + 'static,
[INFO] [stdout]     |                --------- unsatisfied trait bound introduced here
[INFO] [stdout]     = note: this error originates in the macro `property_tests` (in Nightly builds, run with -Z macro-backtrace for more info)
[INFO] [stdout] 
[INFO] [stdout] 
[INFO] [stdout] error[E0277]: the trait bound `ip::concrete::Prefix<ip::Ipv6>: proptest::arbitrary::Arbitrary` is not satisfied
[INFO] [stdout]    --> tests/prefix-set-proptests.rs:141:30
[INFO] [stdout]     |
[INFO] [stdout] 141 |                           s in any::<TestPrefixSet<$p>>(),
[INFO] [stdout]     |                                ^^^^^^^^^^^^^^^^^^^^^^^^^^ the trait `proptest::arbitrary::Arbitrary` is not implemented for `ip::concrete::Prefix<ip::Ipv6>`
[INFO] [stdout] ...
[INFO] [stdout] 154 | / property_tests! {
[INFO] [stdout] 155 | |     ipv4 => Ipv4,
[INFO] [stdout] 156 | |     ipv6 => Ipv6,
[INFO] [stdout] 157 | |     any => Any,
[INFO] [stdout] 158 | | }
[INFO] [stdout]     | |_- in this macro invocation
[INFO] [stdout]     |
[INFO] [stdout]     = help: the following other types implement trait `proptest::arbitrary::Arbitrary`:
[INFO] [stdout]               bool
[INFO] [stdout]               char
[INFO] [stdout]               isize
[INFO] [stdout]               i8
[INFO] [stdout]               i16
[INFO] [stdout]               i32
[INFO] [stdout]               i64
[INFO] [stdout]               i128
[INFO] [stdout]             and 183 others
[INFO] [stdout] note: required for `TestPrefixSet<ip::Ipv6>` to implement `proptest::arbitrary::Arbitrary`
[INFO] [stdout]    --> tests/prefix-set-proptests.rs:24:19
[INFO] [stdout]     |
[INFO] [stdout] 24  | impl<A: AfiClass> Arbitrary for TestPrefixSet<A>
[INFO] [stdout]     |                   ^^^^^^^^^     ^^^^^^^^^^^^^^^^
[INFO] [stdout] ...
[INFO] [stdout] 27  |     Prefix<A>: Arbitrary + 'static,
[INFO] [stdout]     |                --------- unsatisfied trait bound introduced here
[INFO] [stdout]     = note: this error originates in the macro `property_tests` (in Nightly builds, run with -Z macro-backtrace for more info)
[INFO] [stdout] 
[INFO] [stdout] 
[INFO] [stdout] error[E0277]: the trait bound `ip::any::Prefix: proptest::arbitrary::Arbitrary` is not satisfied
[INFO] [stdout]    --> tests/prefix-set-proptests.rs:48:30
[INFO] [stdout]     |
[INFO] [stdout] 48  |                           s in any::<TestPrefixSet<$p>>(),
[INFO] [stdout]     |                                ^^^^^^^^^^^^^^^^^^^^^^^^^^ the trait `proptest::arbitrary::Arbitrary` is not implemented for `ip::any::Prefix`
[INFO] [stdout] ...
[INFO] [stdout] 154 | / property_tests! {
[INFO] [stdout] 155 | |     ipv4 => Ipv4,
[INFO] [stdout] 156 | |     ipv6 => Ipv6,
[INFO] [stdout] 157 | |     any => Any,
[INFO] [stdout] 158 | | }
[INFO] [stdout]     | |_- in this macro invocation
[INFO] [stdout]     |
[INFO] [stdout]     = help: the following other types implement trait `proptest::arbitrary::Arbitrary`:
[INFO] [stdout]               bool
[INFO] [stdout]               char
[INFO] [stdout]               isize
[INFO] [stdout]               i8
[INFO] [stdout]               i16
[INFO] [stdout]               i32
[INFO] [stdout]               i64
[INFO] [stdout]               i128
[INFO] [stdout]             and 183 others
[INFO] [stdout] note: required for `TestPrefixSet<ip::Any>` to implement `proptest::arbitrary::Arbitrary`
[INFO] [stdout]    --> tests/prefix-set-proptests.rs:24:19
[INFO] [stdout]     |
[INFO] [stdout] 24  | impl<A: AfiClass> Arbitrary for TestPrefixSet<A>
[INFO] [stdout]     |                   ^^^^^^^^^     ^^^^^^^^^^^^^^^^
[INFO] [stdout] ...
[INFO] [stdout] 27  |     Prefix<A>: Arbitrary + 'static,
[INFO] [stdout]     |                --------- unsatisfied trait bound introduced here
[INFO] [stdout]     = note: this error originates in the macro `property_tests` (in Nightly builds, run with -Z macro-backtrace for more info)
[INFO] [stdout] 
[INFO] [stdout] 
[INFO] [stdout] error[E0277]: the trait bound `ip::any::Prefix: proptest::arbitrary::Arbitrary` is not satisfied
[INFO] [stdout]    --> tests/prefix-set-proptests.rs:58:30
[INFO] [stdout]     |
[INFO] [stdout] 58  |                           s in any::<TestPrefixSet<$p>>(),
[INFO] [stdout]     |                                ^^^^^^^^^^^^^^^^^^^^^^^^^^ the trait `proptest::arbitrary::Arbitrary` is not implemented for `ip::any::Prefix`
[INFO] [stdout] ...
[INFO] [stdout] 154 | / property_tests! {
[INFO] [stdout] 155 | |     ipv4 => Ipv4,
[INFO] [stdout] 156 | |     ipv6 => Ipv6,
[INFO] [stdout] 157 | |     any => Any,
[INFO] [stdout] 158 | | }
[INFO] [stdout]     | |_- in this macro invocation
[INFO] [stdout]     |
[INFO] [stdout]     = help: the following other types implement trait `proptest::arbitrary::Arbitrary`:
[INFO] [stdout]               bool
[INFO] [stdout]               char
[INFO] [stdout]               isize
[INFO] [stdout]               i8
[INFO] [stdout]               i16
[INFO] [stdout]               i32
[INFO] [stdout]               i64
[INFO] [stdout]               i128
[INFO] [stdout]             and 183 others
[INFO] [stdout] note: required for `TestPrefixSet<ip::Any>` to implement `proptest::arbitrary::Arbitrary`
[INFO] [stdout]    --> tests/prefix-set-proptests.rs:24:19
[INFO] [stdout]     |
[INFO] [stdout] 24  | impl<A: AfiClass> Arbitrary for TestPrefixSet<A>
[INFO] [stdout]     |                   ^^^^^^^^^     ^^^^^^^^^^^^^^^^
[INFO] [stdout] ...
[INFO] [stdout] 27  |     Prefix<A>: Arbitrary + 'static,
[INFO] [stdout]     |                --------- unsatisfied trait bound introduced here
[INFO] [stdout]     = note: this error originates in the macro `property_tests` (in Nightly builds, run with -Z macro-backtrace for more info)
[INFO] [stdout] 
[INFO] [stdout] 
[INFO] [stdout] error[E0277]: the trait bound `ip::any::Prefix: proptest::arbitrary::Arbitrary` is not satisfied
[INFO] [stdout]    --> tests/prefix-set-proptests.rs:69:30
[INFO] [stdout]     |
[INFO] [stdout] 69  |                           s in any::<TestPrefixSet<$p>>(),
[INFO] [stdout]     |                                ^^^^^^^^^^^^^^^^^^^^^^^^^^ the trait `proptest::arbitrary::Arbitrary` is not implemented for `ip::any::Prefix`
[INFO] [stdout] ...
[INFO] [stdout] 154 | / property_tests! {
[INFO] [stdout] 155 | |     ipv4 => Ipv4,
[INFO] [stdout] 156 | |     ipv6 => Ipv6,
[INFO] [stdout] 157 | |     any => Any,
[INFO] [stdout] 158 | | }
[INFO] [stdout]     | |_- in this macro invocation
[INFO] [stdout]     |
[INFO] [stdout]     = help: the following other types implement trait `proptest::arbitrary::Arbitrary`:
[INFO] [stdout]               bool
[INFO] [stdout]               char
[INFO] [stdout]               isize
[INFO] [stdout]               i8
[INFO] [stdout]               i16
[INFO] [stdout]               i32
[INFO] [stdout]               i64
[INFO] [stdout]               i128
[INFO] [stdout]             and 183 others
[INFO] [stdout] note: required for `TestPrefixSet<ip::Any>` to implement `proptest::arbitrary::Arbitrary`
[INFO] [stdout]    --> tests/prefix-set-proptests.rs:24:19
[INFO] [stdout]     |
[INFO] [stdout] 24  | impl<A: AfiClass> Arbitrary for TestPrefixSet<A>
[INFO] [stdout]     |                   ^^^^^^^^^     ^^^^^^^^^^^^^^^^
[INFO] [stdout] ...
[INFO] [stdout] 27  |     Prefix<A>: Arbitrary + 'static,
[INFO] [stdout]     |                --------- unsatisfied trait bound introduced here
[INFO] [stdout]     = note: this error originates in the macro `property_tests` (in Nightly builds, run with -Z macro-backtrace for more info)
[INFO] [stdout] 
[INFO] [stdout] 
[INFO] [stdout] error[E0277]: the trait bound `ip::any::Prefix: proptest::arbitrary::Arbitrary` is not satisfied
[INFO] [stdout]    --> tests/prefix-set-proptests.rs:79:30
[INFO] [stdout]     |
[INFO] [stdout] 79  |                           s in any::<TestPrefixSet<$p>>(),
[INFO] [stdout]     |                                ^^^^^^^^^^^^^^^^^^^^^^^^^^ the trait `proptest::arbitrary::Arbitrary` is not implemented for `ip::any::Prefix`
[INFO] [stdout] ...
[INFO] [stdout] 154 | / property_tests! {
[INFO] [stdout] 155 | |     ipv4 => Ipv4,
[INFO] [stdout] 156 | |     ipv6 => Ipv6,
[INFO] [stdout] 157 | |     any => Any,
[INFO] [stdout] 158 | | }
[INFO] [stdout]     | |_- in this macro invocation
[INFO] [stdout]     |
[INFO] [stdout]     = help: the following other types implement trait `proptest::arbitrary::Arbitrary`:
[INFO] [stdout]               bool
[INFO] [stdout]               char
[INFO] [stdout]               isize
[INFO] [stdout]               i8
[INFO] [stdout]               i16
[INFO] [stdout]               i32
[INFO] [stdout]               i64
[INFO] [stdout]               i128
[INFO] [stdout]             and 183 others
[INFO] [stdout] note: required for `TestPrefixSet<ip::Any>` to implement `proptest::arbitrary::Arbitrary`
[INFO] [stdout]    --> tests/prefix-set-proptests.rs:24:19
[INFO] [stdout]     |
[INFO] [stdout] 24  | impl<A: AfiClass> Arbitrary for TestPrefixSet<A>
[INFO] [stdout]     |                   ^^^^^^^^^     ^^^^^^^^^^^^^^^^
[INFO] [stdout] ...
[INFO] [stdout] 27  |     Prefix<A>: Arbitrary + 'static,
[INFO] [stdout]     |                --------- unsatisfied trait bound introduced here
[INFO] [stdout]     = note: this error originates in the macro `property_tests` (in Nightly builds, run with -Z macro-backtrace for more info)
[INFO] [stdout] 
[INFO] [stdout] 
[INFO] [stdout] error[E0277]: the trait bound `ip::any::Prefix: proptest::arbitrary::Arbitrary` is not satisfied
[INFO] [stdout]    --> tests/prefix-set-proptests.rs:92:30
[INFO] [stdout]     |
[INFO] [stdout] 92  |                           s in any::<TestPrefixSet<$p>>(),
[INFO] [stdout]     |                                ^^^^^^^^^^^^^^^^^^^^^^^^^^ the trait `proptest::arbitrary::Arbitrary` is not implemented for `ip::any::Prefix`
[INFO] [stdout] ...
[INFO] [stdout] 154 | / property_tests! {
[INFO] [stdout] 155 | |     ipv4 => Ipv4,
[INFO] [stdout] 156 | |     ipv6 => Ipv6,
[INFO] [stdout] 157 | |     any => Any,
[INFO] [stdout] 158 | | }
[INFO] [stdout]     | |_- in this macro invocation
[INFO] [stdout]     |
[INFO] [stdout]     = help: the following other types implement trait `proptest::arbitrary::Arbitrary`:
[INFO] [stdout]               bool
[INFO] [stdout]               char
[INFO] [stdout]               isize
[INFO] [stdout]               i8
[INFO] [stdout]               i16
[INFO] [stdout]               i32
[INFO] [stdout]               i64
[INFO] [stdout]               i128
[INFO] [stdout]             and 183 others
[INFO] [stdout] note: required for `TestPrefixSet<ip::Any>` to implement `proptest::arbitrary::Arbitrary`
[INFO] [stdout]    --> tests/prefix-set-proptests.rs:24:19
[INFO] [stdout]     |
[INFO] [stdout] 24  | impl<A: AfiClass> Arbitrary for TestPrefixSet<A>
[INFO] [stdout]     |                   ^^^^^^^^^     ^^^^^^^^^^^^^^^^
[INFO] [stdout] ...
[INFO] [stdout] 27  |     Prefix<A>: Arbitrary + 'static,
[INFO] [stdout]     |                --------- unsatisfied trait bound introduced here
[INFO] [stdout]     = note: this error originates in the macro `property_tests` (in Nightly builds, run with -Z macro-backtrace for more info)
[INFO] [stdout] 
[INFO] [stdout] 
[INFO] [stdout] error[E0277]: the trait bound `ip::any::Prefix: proptest::arbitrary::Arbitrary` is not satisfied
[INFO] [stdout]    --> tests/prefix-set-proptests.rs:105:30
[INFO] [stdout]     |
[INFO] [stdout] 105 |                           s in any::<TestPrefixSet<$p>>(),
[INFO] [stdout]     |                                ^^^^^^^^^^^^^^^^^^^^^^^^^^ the trait `proptest::arbitrary::Arbitrary` is not implemented for `ip::any::Prefix`
[INFO] [stdout] ...
[INFO] [stdout] 154 | / property_tests! {
[INFO] [stdout] 155 | |     ipv4 => Ipv4,
[INFO] [stdout] 156 | |     ipv6 => Ipv6,
[INFO] [stdout] 157 | |     any => Any,
[INFO] [stdout] 158 | | }
[INFO] [stdout]     | |_- in this macro invocation
[INFO] [stdout]     |
[INFO] [stdout]     = help: the following other types implement trait `proptest::arbitrary::Arbitrary`:
[INFO] [stdout]               bool
[INFO] [stdout]               char
[INFO] [stdout]               isize
[INFO] [stdout]               i8
[INFO] [stdout]               i16
[INFO] [stdout]               i32
[INFO] [stdout]               i64
[INFO] [stdout]               i128
[INFO] [stdout]             and 183 others
[INFO] [stdout] note: required for `TestPrefixSet<ip::Any>` to implement `proptest::arbitrary::Arbitrary`
[INFO] [stdout]    --> tests/prefix-set-proptests.rs:24:19
[INFO] [stdout]     |
[INFO] [stdout] 24  | impl<A: AfiClass> Arbitrary for TestPrefixSet<A>
[INFO] [stdout]     |                   ^^^^^^^^^     ^^^^^^^^^^^^^^^^
[INFO] [stdout] ...
[INFO] [stdout] 27  |     Prefix<A>: Arbitrary + 'static,
[INFO] [stdout]     |                --------- unsatisfied trait bound introduced here
[INFO] [stdout]     = note: this error originates in the macro `property_tests` (in Nightly builds, run with -Z macro-backtrace for more info)
[INFO] [stdout] 
[INFO] [stdout] 
[INFO] [stdout] error[E0277]: the trait bound `ip::any::Prefix: proptest::arbitrary::Arbitrary` is not satisfied
[INFO] [stdout]    --> tests/prefix-set-proptests.rs:118:30
[INFO] [stdout]     |
[INFO] [stdout] 118 |                           s in any::<TestPrefixSet<$p>>(),
[INFO] [stdout]     |                                ^^^^^^^^^^^^^^^^^^^^^^^^^^ the trait `proptest::arbitrary::Arbitrary` is not implemented for `ip::any::Prefix`
[INFO] [stdout] ...
[INFO] [stdout] 154 | / property_tests! {
[INFO] [stdout] 155 | |     ipv4 => Ipv4,
[INFO] [stdout] 156 | |     ipv6 => Ipv6,
[INFO] [stdout] 157 | |     any => Any,
[INFO] [stdout] 158 | | }
[INFO] [stdout]     | |_- in this macro invocation
[INFO] [stdout]     |
[INFO] [stdout]     = help: the following other types implement trait `proptest::arbitrary::Arbitrary`:
[INFO] [stdout]               bool
[INFO] [stdout]               char
[INFO] [stdout]               isize
[INFO] [stdout]               i8
[INFO] [stdout]               i16
[INFO] [stdout]               i32
[INFO] [stdout]               i64
[INFO] [stdout]               i128
[INFO] [stdout]             and 183 others
[INFO] [stdout] note: required for `TestPrefixSet<ip::Any>` to implement `proptest::arbitrary::Arbitrary`
[INFO] [stdout]    --> tests/prefix-set-proptests.rs:24:19
[INFO] [stdout]     |
[INFO] [stdout] 24  | impl<A: AfiClass> Arbitrary for TestPrefixSet<A>
[INFO] [stdout]     |                   ^^^^^^^^^     ^^^^^^^^^^^^^^^^
[INFO] [stdout] ...
[INFO] [stdout] 27  |     Prefix<A>: Arbitrary + 'static,
[INFO] [stdout]     |                --------- unsatisfied trait bound introduced here
[INFO] [stdout]     = note: this error originates in the macro `property_tests` (in Nightly builds, run with -Z macro-backtrace for more info)
[INFO] [stdout] 
[INFO] [stdout] 
[INFO] [stdout] error[E0277]: the trait bound `ip::any::Prefix: proptest::arbitrary::Arbitrary` is not satisfied
[INFO] [stdout]    --> tests/prefix-set-proptests.rs:131:30
[INFO] [stdout]     |
[INFO] [stdout] 131 |                           s in any::<TestPrefixSet<$p>>(),
[INFO] [stdout]     |                                ^^^^^^^^^^^^^^^^^^^^^^^^^^ the trait `proptest::arbitrary::Arbitrary` is not implemented for `ip::any::Prefix`
[INFO] [stdout] ...
[INFO] [stdout] 154 | / property_tests! {
[INFO] [stdout] 155 | |     ipv4 => Ipv4,
[INFO] [stdout] 156 | |     ipv6 => Ipv6,
[INFO] [stdout] 157 | |     any => Any,
[INFO] [stdout] 158 | | }
[INFO] [stdout]     | |_- in this macro invocation
[INFO] [stdout]     |
[INFO] [stdout]     = help: the following other types implement trait `proptest::arbitrary::Arbitrary`:
[INFO] [stdout]               bool
[INFO] [stdout]               char
[INFO] [stdout]               isize
[INFO] [stdout]               i8
[INFO] [stdout]               i16
[INFO] [stdout]               i32
[INFO] [stdout]               i64
[INFO] [stdout]               i128
[INFO] [stdout]             and 183 others
[INFO] [stdout] note: required for `TestPrefixSet<ip::Any>` to implement `proptest::arbitrary::Arbitrary`
[INFO] [stdout]    --> tests/prefix-set-proptests.rs:24:19
[INFO] [stdout]     |
[INFO] [stdout] 24  | impl<A: AfiClass> Arbitrary for TestPrefixSet<A>
[INFO] [stdout]     |                   ^^^^^^^^^     ^^^^^^^^^^^^^^^^
[INFO] [stdout] ...
[INFO] [stdout] 27  |     Prefix<A>: Arbitrary + 'static,
[INFO] [stdout]     |                --------- unsatisfied trait bound introduced here
[INFO] [stdout]     = note: this error originates in the macro `property_tests` (in Nightly builds, run with -Z macro-backtrace for more info)
[INFO] [stdout] 
[INFO] [stdout] 
[INFO] [stdout] error[E0432]: unresolved import `utils`
[INFO] [stdout]    --> src/lib.rs:246:9
[INFO] [stdout]     |
[INFO] [stdout] 246 |     use utils as _;
[INFO] [stdout]     |         ^^^^^^^^^^ no external crate `utils`
[INFO] [stdout] 
[INFO] [stdout] 
[INFO] [stdout] error[E0277]: the trait bound `ip::any::Prefix: proptest::arbitrary::Arbitrary` is not satisfied
[INFO] [stdout]    --> tests/prefix-set-proptests.rs:141:30
[INFO] [stdout]     |
[INFO] [stdout] 141 |                           s in any::<TestPrefixSet<$p>>(),
[INFO] [stdout]     |                                ^^^^^^^^^^^^^^^^^^^^^^^^^^ the trait `proptest::arbitrary::Arbitrary` is not implemented for `ip::any::Prefix`
[INFO] [stdout] ...
[INFO] [stdout] 154 | / property_tests! {
[INFO] [stdout] 155 | |     ipv4 => Ipv4,
[INFO] [stdout] 156 | |     ipv6 => Ipv6,
[INFO] [stdout] 157 | |     any => Any,
[INFO] [stdout] 158 | | }
[INFO] [stdout]     | |_- in this macro invocation
[INFO] [stdout]     |
[INFO] [stdout]     = help: the following other types implement trait `proptest::arbitrary::Arbitrary`:
[INFO] [stdout]               bool
[INFO] [stdout]               char
[INFO] [stdout]               isize
[INFO] [stdout]               i8
[INFO] [stdout]               i16
[INFO] [stdout]               i32
[INFO] [stdout]               i64
[INFO] [stdout]               i128
[INFO] [stdout]             and 183 others
[INFO] [stdout] note: required for `TestPrefixSet<ip::Any>` to implement `proptest::arbitrary::Arbitrary`
[INFO] [stdout]    --> tests/prefix-set-proptests.rs:24:19
[INFO] [stdout]     |
[INFO] [stdout] 24  | impl<A: AfiClass> Arbitrary for TestPrefixSet<A>
[INFO] [stdout]     |                   ^^^^^^^^^     ^^^^^^^^^^^^^^^^
[INFO] [stdout] ...
[INFO] [stdout] 27  |     Prefix<A>: Arbitrary + 'static,
[INFO] [stdout]     |                --------- unsatisfied trait bound introduced here
[INFO] [stdout]     = note: this error originates in the macro `property_tests` (in Nightly builds, run with -Z macro-backtrace for more info)
[INFO] [stdout] 
[INFO] [stdout] 
[INFO] [stdout] error: aborting due to 27 previous errors
[INFO] [stdout] 
[INFO] [stdout] 
[INFO] [stdout] For more information about this error, try `rustc --explain E0277`.
[INFO] [stdout] 
[INFO] [stderr] error: could not compile `generic-ip` (test "prefix-set-proptests") due to 28 previous errors
[INFO] [stdout] error: aborting due to previous error
[INFO] [stdout] 
[INFO] [stdout] 
[INFO] [stdout] For more information about this error, try `rustc --explain E0432`.
[INFO] [stdout] 
[INFO] [stderr] error: could not compile `generic-ip` (lib test) due to 2 previous errors
[INFO] running `Command { std: "docker" "inspect" "e491c7fc702d674057a96a9541163b0f2f4fee27370430c22c413b8a7b5cf0f0", kill_on_drop: false }`
[INFO] running `Command { std: "docker" "rm" "-f" "e491c7fc702d674057a96a9541163b0f2f4fee27370430c22c413b8a7b5cf0f0", kill_on_drop: false }`
[INFO] [stdout] e491c7fc702d674057a96a9541163b0f2f4fee27370430c22c413b8a7b5cf0f0
[INFO] testing generic-ip-0.1.0-rc.4 against beta-2023-12-22 for beta-1.76-1
[INFO] extracting crate generic-ip 0.1.0-rc.4 into /workspace/builds/worker-3-tc2/source
[INFO] validating manifest of crates.io crate generic-ip 0.1.0-rc.4 on toolchain beta-2023-12-22
[INFO] running `Command { std: CARGO_HOME="/workspace/cargo-home" RUSTUP_HOME="/workspace/rustup-home" "/workspace/cargo-home/bin/cargo" "+beta-2023-12-22" "metadata" "--manifest-path" "Cargo.toml" "--no-deps", kill_on_drop: false }`
[INFO] started tweaking crates.io crate generic-ip 0.1.0-rc.4
[INFO] finished tweaking crates.io crate generic-ip 0.1.0-rc.4
[INFO] tweaked toml for crates.io crate generic-ip 0.1.0-rc.4 written to /workspace/builds/worker-3-tc2/source/Cargo.toml
[INFO] crate crates.io crate generic-ip 0.1.0-rc.4 already has a lockfile, it will not be regenerated
[INFO] running `Command { std: CARGO_HOME="/workspace/cargo-home" RUSTUP_HOME="/workspace/rustup-home" "/workspace/cargo-home/bin/cargo" "+beta-2023-12-22" "fetch" "--manifest-path" "Cargo.toml", kill_on_drop: false }`
[INFO] running `Command { std: "docker" "create" "-v" "/var/lib/crater-agent-workspace/builds/worker-3-tc2/target:/opt/rustwide/target:rw,Z" "-v" "/var/lib/crater-agent-workspace/builds/worker-3-tc2/source:/opt/rustwide/workdir:ro,Z" "-v" "/var/lib/crater-agent-workspace/cargo-home:/opt/rustwide/cargo-home:ro,Z" "-v" "/var/lib/crater-agent-workspace/rustup-home:/opt/rustwide/rustup-home:ro,Z" "-e" "SOURCE_DIR=/opt/rustwide/workdir" "-e" "CARGO_TARGET_DIR=/opt/rustwide/target" "-e" "CARGO_HOME=/opt/rustwide/cargo-home" "-e" "RUSTUP_HOME=/opt/rustwide/rustup-home" "-w" "/opt/rustwide/workdir" "-m" "1610612736" "--user" "0:0" "--network" "none" "ghcr.io/rust-lang/crates-build-env/linux@sha256:2788e3201cd34a07e3172128adcd8b3090168a8e3bcc40d7c032b9dda1df7d1c" "/opt/rustwide/cargo-home/bin/cargo" "+beta-2023-12-22" "metadata" "--no-deps" "--format-version=1", kill_on_drop: false }`
[INFO] [stdout] af46c915b07602001cb168552194a20e409d256c403f974cb7f7a946f74a16d0
[INFO] running `Command { std: "docker" "start" "-a" "af46c915b07602001cb168552194a20e409d256c403f974cb7f7a946f74a16d0", kill_on_drop: false }`
[INFO] running `Command { std: "docker" "inspect" "af46c915b07602001cb168552194a20e409d256c403f974cb7f7a946f74a16d0", kill_on_drop: false }`
[INFO] running `Command { std: "docker" "rm" "-f" "af46c915b07602001cb168552194a20e409d256c403f974cb7f7a946f74a16d0", kill_on_drop: false }`
[INFO] [stdout] af46c915b07602001cb168552194a20e409d256c403f974cb7f7a946f74a16d0
[INFO] running `Command { std: "docker" "create" "-v" "/var/lib/crater-agent-workspace/builds/worker-3-tc2/target:/opt/rustwide/target:rw,Z" "-v" "/var/lib/crater-agent-workspace/builds/worker-3-tc2/source:/opt/rustwide/workdir:ro,Z" "-v" "/var/lib/crater-agent-workspace/cargo-home:/opt/rustwide/cargo-home:ro,Z" "-v" "/var/lib/crater-agent-workspace/rustup-home:/opt/rustwide/rustup-home:ro,Z" "-e" "SOURCE_DIR=/opt/rustwide/workdir" "-e" "CARGO_TARGET_DIR=/opt/rustwide/target" "-e" "CARGO_INCREMENTAL=0" "-e" "RUST_BACKTRACE=full" "-e" "RUSTFLAGS=--cap-lints=warn" "-e" "RUSTDOCFLAGS=--cap-lints=warn" "-e" "CARGO_HOME=/opt/rustwide/cargo-home" "-e" "RUSTUP_HOME=/opt/rustwide/rustup-home" "-w" "/opt/rustwide/workdir" "-m" "1610612736" "--user" "0:0" "--network" "none" "ghcr.io/rust-lang/crates-build-env/linux@sha256:2788e3201cd34a07e3172128adcd8b3090168a8e3bcc40d7c032b9dda1df7d1c" "/opt/rustwide/cargo-home/bin/cargo" "+beta-2023-12-22" "build" "--frozen" "--message-format=json", kill_on_drop: false }`
[INFO] [stdout] 19e0f1b21b97065471e05a0e974b5c278a6e17ed007c3c779d0cd3892b5dd000
[INFO] running `Command { std: "docker" "start" "-a" "19e0f1b21b97065471e05a0e974b5c278a6e17ed007c3c779d0cd3892b5dd000", kill_on_drop: false }`
[INFO] [stderr]    Compiling radium v0.7.0
[INFO] [stderr]    Compiling num-traits v0.2.16
[INFO] [stderr]    Compiling tap v1.0.1
[INFO] [stderr]    Compiling funty v2.0.0
[INFO] [stderr]    Compiling wyz v0.5.1
[INFO] [stderr]    Compiling bitvec v1.0.1
[INFO] [stderr]    Compiling generic-ip v0.1.0-rc.4 (/opt/rustwide/workdir)
[INFO] [stderr]     Finished dev [unoptimized + debuginfo] target(s) in 2.43s
[INFO] running `Command { std: "docker" "inspect" "19e0f1b21b97065471e05a0e974b5c278a6e17ed007c3c779d0cd3892b5dd000", kill_on_drop: false }`
[INFO] running `Command { std: "docker" "rm" "-f" "19e0f1b21b97065471e05a0e974b5c278a6e17ed007c3c779d0cd3892b5dd000", kill_on_drop: false }`
[INFO] [stdout] 19e0f1b21b97065471e05a0e974b5c278a6e17ed007c3c779d0cd3892b5dd000
[INFO] running `Command { std: "docker" "create" "-v" "/var/lib/crater-agent-workspace/builds/worker-3-tc2/target:/opt/rustwide/target:rw,Z" "-v" "/var/lib/crater-agent-workspace/builds/worker-3-tc2/source:/opt/rustwide/workdir:ro,Z" "-v" "/var/lib/crater-agent-workspace/cargo-home:/opt/rustwide/cargo-home:ro,Z" "-v" "/var/lib/crater-agent-workspace/rustup-home:/opt/rustwide/rustup-home:ro,Z" "-e" "SOURCE_DIR=/opt/rustwide/workdir" "-e" "CARGO_TARGET_DIR=/opt/rustwide/target" "-e" "CARGO_INCREMENTAL=0" "-e" "RUST_BACKTRACE=full" "-e" "RUSTFLAGS=--cap-lints=warn" "-e" "RUSTDOCFLAGS=--cap-lints=warn" "-e" "CARGO_HOME=/opt/rustwide/cargo-home" "-e" "RUSTUP_HOME=/opt/rustwide/rustup-home" "-w" "/opt/rustwide/workdir" "-m" "1610612736" "--user" "0:0" "--network" "none" "ghcr.io/rust-lang/crates-build-env/linux@sha256:2788e3201cd34a07e3172128adcd8b3090168a8e3bcc40d7c032b9dda1df7d1c" "/opt/rustwide/cargo-home/bin/cargo" "+beta-2023-12-22" "test" "--frozen" "--no-run" "--message-format=json", kill_on_drop: false }`
[INFO] [stdout] 3776d8f87065982fd813ef1aa21502194ee8250c80ea1e1f87dfae30853edeb1
[INFO] running `Command { std: "docker" "start" "-a" "3776d8f87065982fd813ef1aa21502194ee8250c80ea1e1f87dfae30853edeb1", kill_on_drop: false }`
[INFO] [stderr]    Compiling libc v0.2.147
[INFO] [stderr]    Compiling serde v1.0.183
[INFO] [stderr]    Compiling crossbeam-utils v0.8.16
[INFO] [stderr]    Compiling memoffset v0.9.0
[INFO] [stderr]    Compiling libm v0.2.7
[INFO] [stderr]    Compiling serde_derive v1.0.183
[INFO] [stderr]    Compiling crossbeam-epoch v0.9.15
[INFO] [stderr]    Compiling num-traits v0.2.16
[INFO] [stderr]    Compiling bitflags v1.3.2
[INFO] [stderr]    Compiling proc-macro2 v1.0.66
[INFO] [stderr]    Compiling version_check v0.9.4
[INFO] [stderr]    Compiling rustix v0.38.7
[INFO] [stderr]    Compiling tinyvec_macros v0.1.1
[INFO] [stderr]    Compiling indexmap v1.9.3
[INFO] [stderr]    Compiling regex-syntax v0.7.4
[INFO] [stderr]    Compiling linux-raw-sys v0.4.5
[INFO] [stderr]    Compiling tinyvec v1.6.0
[INFO] [stderr]    Compiling bitflags v2.3.3
[INFO] [stderr]    Compiling unicode-ident v1.0.11
[INFO] [stderr]    Compiling rayon-core v1.11.0
[INFO] [stderr]    Compiling either v1.9.0
[INFO] [stderr]    Compiling serde_json v1.0.104
[INFO] [stderr]    Compiling memchr v2.5.0
[INFO] [stderr]    Compiling ryu v1.0.15
[INFO] [stderr]    Compiling unicase v2.6.0
[INFO] [stderr]    Compiling percent-encoding v2.3.0
[INFO] [stderr]    Compiling half v1.8.2
[INFO] [stderr]    Compiling fastrand v2.0.0
[INFO] [stderr]    Compiling crossbeam-channel v0.5.8
[INFO] [stderr]    Compiling ciborium-io v0.2.1
[INFO] [stderr]    Compiling ppv-lite86 v0.2.17
[INFO] [stderr]    Compiling syn v1.0.109
[INFO] [stderr]    Compiling semver v1.0.18
[INFO] [stderr]    Compiling pulldown-cmark v0.8.0
[INFO] [stderr]    Compiling unicode-normalization v0.1.22
[INFO] [stderr]    Compiling crossbeam-deque v0.8.3
[INFO] [stderr]    Compiling plotters-backend v0.3.5
[INFO] [stderr]    Compiling getrandom v0.2.10
[INFO] [stderr]    Compiling num_cpus v1.16.0
[INFO] [stderr]    Compiling hashbrown v0.12.3
[INFO] [stderr]    Compiling itoa v1.0.9
[INFO] [stderr]    Compiling os_str_bytes v6.5.1
[INFO] [stderr]    Compiling unicode-bidi v0.3.13
[INFO] [stderr]    Compiling plotters-svg v0.3.5
[INFO] [stderr]    Compiling wait-timeout v0.2.0
[INFO] [stderr]    Compiling rand_core v0.6.4
[INFO] [stderr]    Compiling rand_chacha v0.3.1
[INFO] [stderr]    Compiling idna v0.4.0
[INFO] [stderr]    Compiling clap_lex v0.2.4
[INFO] [stderr]    Compiling quote v1.0.32
[INFO] [stderr]    Compiling ciborium-ll v0.2.1
[INFO] [stderr]    Compiling form_urlencoded v1.2.0
[INFO] [stderr]    Compiling itertools v0.10.5
[INFO] [stderr]    Compiling lazy_static v1.4.0
[INFO] [stderr]    Compiling same-file v1.0.6
[INFO] [stderr]    Compiling cast v0.3.0
[INFO] [stderr]    Compiling fnv v1.0.7
[INFO] [stderr]    Compiling textwrap v0.16.0
[INFO] [stderr]    Compiling bit-vec v0.6.3
[INFO] [stderr]    Compiling paste v1.0.14
[INFO] [stderr]    Compiling walkdir v2.3.3
[INFO] [stderr]    Compiling plotters v0.3.5
[INFO] [stderr]    Compiling regex-automata v0.3.6
[INFO] [stderr]    Compiling bit-set v0.5.3
[INFO] [stderr]    Compiling rayon v1.7.0
[INFO] [stderr]    Compiling clap v3.2.25
[INFO] [stderr]    Compiling url v2.4.0
[INFO] [stderr]    Compiling tempfile v3.7.1
[INFO] [stderr]    Compiling rand v0.8.5
[INFO] [stderr]    Compiling rand_xorshift v0.3.0
[INFO] [stderr]    Compiling rusty-fork v0.3.0
[INFO] [stderr]    Compiling atty v0.2.14
[INFO] [stderr]    Compiling oorandom v11.1.3
[INFO] [stderr]    Compiling byteorder v1.4.3
[INFO] [stderr]    Compiling criterion-plot v0.5.0
[INFO] [stderr]    Compiling regex-syntax v0.6.29
[INFO] [stderr]    Compiling unarray v0.1.4
[INFO] [stderr]    Compiling anes v0.1.6
[INFO] [stderr]    Compiling generic-ip v0.1.0-rc.4 (/opt/rustwide/workdir)
[INFO] [stderr]    Compiling ciborium v0.2.1
[INFO] [stderr]    Compiling toml v0.5.11
[INFO] [stderr]    Compiling regex v1.9.3
[INFO] [stderr]    Compiling tinytemplate v1.2.1
[INFO] [stderr]    Compiling version-sync v0.9.4
[INFO] [stderr]    Compiling criterion v0.4.0
[INFO] [stderr]    Compiling proptest v1.2.0
[INFO] [stdout] error[E0432]: unresolved import `utils`
[INFO] [stdout]  --> tests/prefix-sets.rs:8:5
[INFO] [stdout]   |
[INFO] [stdout] 8 | use utils::data_set;
[INFO] [stdout]   |     ^^^^^ use of undeclared crate or module `utils`
[INFO] [stdout] 
[INFO] [stdout] 
[INFO] [stdout] warning: unused import: `Prefix`
[INFO] [stdout]  --> tests/prefix-sets.rs:4:14
[INFO] [stdout]   |
[INFO] [stdout] 4 |     traits::{Prefix as _, PrefixSet as _},
[INFO] [stdout]   |              ^^^^^^
[INFO] [stdout]   |
[INFO] [stdout]   = note: `#[warn(unused_imports)]` on by default
[INFO] [stdout] 
[INFO] [stdout] 
[INFO] [stdout] warning: unused import: `PrefixSet`
[INFO] [stdout]  --> tests/prefix-sets.rs:4:27
[INFO] [stdout]   |
[INFO] [stdout] 4 |     traits::{Prefix as _, PrefixSet as _},
[INFO] [stdout]   |                           ^^^^^^^^^
[INFO] [stdout] 
[INFO] [stdout] 
[INFO] [stdout] error: aborting due to 1 previous error; 2 warnings emitted
[INFO] [stdout] 
[INFO] [stdout] 
[INFO] [stdout] For more information about this error, try `rustc --explain E0432`.
[INFO] [stdout] 
[INFO] [stdout] error[E0277]: the trait bound `ip::concrete::Prefix<ip::Ipv4>: proptest::arbitrary::Arbitrary` is not satisfied
[INFO] [stdout]    --> tests/prefix-set-proptests.rs:48:30
[INFO] [stdout]     |
[INFO] [stdout] 48  |                           s in any::<TestPrefixSet<$p>>(),
[INFO] [stdout]     |                                ^^^^^^^^^^^^^^^^^^^^^^^^^^ the trait `proptest::arbitrary::Arbitrary` is not implemented for `ip::concrete::Prefix<ip::Ipv4>`
[INFO] [stdout] ...
[INFO] [stdout] 154 | / property_tests! {
[INFO] [stdout] 155 | |     ipv4 => Ipv4,
[INFO] [stdout] 156 | |     ipv6 => Ipv6,
[INFO] [stdout] 157 | |     any => Any,
[INFO] [stdout] 158 | | }
[INFO] [stdout]     | |_- in this macro invocation
[INFO] [stdout]     |
[INFO] [stdout]     = help: the following other types implement trait `proptest::arbitrary::Arbitrary`:
[INFO] [stdout]               bool
[INFO] [stdout]               char
[INFO] [stdout]               isize
[INFO] [stdout]               i8
[INFO] [stdout]               i16
[INFO] [stdout]               i32
[INFO] [stdout]               i64
[INFO] [stdout]               i128
[INFO] [stdout]             and 183 others
[INFO] [stdout] note: required for `TestPrefixSet<ip::Ipv4>` to implement `proptest::arbitrary::Arbitrary`
[INFO] [stdout]    --> tests/prefix-set-proptests.rs:24:19
[INFO] [stdout]     |
[INFO] [stdout] 24  | impl<A: AfiClass> Arbitrary for TestPrefixSet<A>
[INFO] [stdout]     |                   ^^^^^^^^^     ^^^^^^^^^^^^^^^^
[INFO] [stdout] ...
[INFO] [stdout] 27  |     Prefix<A>: Arbitrary + 'static,
[INFO] [stdout]     |                --------- unsatisfied trait bound introduced here
[INFO] [stdout]     = note: this error originates in the macro `property_tests` (in Nightly builds, run with -Z macro-backtrace for more info)
[INFO] [stdout] 
[INFO] [stdout] 
[INFO] [stderr] error: could not compile `generic-ip` (test "prefix-sets") due to 2 previous errors; 2 warnings emitted
[INFO] [stderr] warning: build failed, waiting for other jobs to finish...
[INFO] [stdout] error[E0277]: the trait bound `ip::concrete::Prefix<ip::Ipv4>: proptest::arbitrary::Arbitrary` is not satisfied
[INFO] [stdout]    --> tests/prefix-set-proptests.rs:58:30
[INFO] [stdout]     |
[INFO] [stdout] 58  |                           s in any::<TestPrefixSet<$p>>(),
[INFO] [stdout]     |                                ^^^^^^^^^^^^^^^^^^^^^^^^^^ the trait `proptest::arbitrary::Arbitrary` is not implemented for `ip::concrete::Prefix<ip::Ipv4>`
[INFO] [stdout] ...
[INFO] [stdout] 154 | / property_tests! {
[INFO] [stdout] 155 | |     ipv4 => Ipv4,
[INFO] [stdout] 156 | |     ipv6 => Ipv6,
[INFO] [stdout] 157 | |     any => Any,
[INFO] [stdout] 158 | | }
[INFO] [stdout]     | |_- in this macro invocation
[INFO] [stdout]     |
[INFO] [stdout]     = help: the following other types implement trait `proptest::arbitrary::Arbitrary`:
[INFO] [stdout]               bool
[INFO] [stdout]               char
[INFO] [stdout]               isize
[INFO] [stdout]               i8
[INFO] [stdout]               i16
[INFO] [stdout]               i32
[INFO] [stdout]               i64
[INFO] [stdout]               i128
[INFO] [stdout]             and 183 others
[INFO] [stdout] note: required for `TestPrefixSet<ip::Ipv4>` to implement `proptest::arbitrary::Arbitrary`
[INFO] [stdout]    --> tests/prefix-set-proptests.rs:24:19
[INFO] [stdout]     |
[INFO] [stdout] 24  | impl<A: AfiClass> Arbitrary for TestPrefixSet<A>
[INFO] [stdout]     |                   ^^^^^^^^^     ^^^^^^^^^^^^^^^^
[INFO] [stdout] ...
[INFO] [stdout] 27  |     Prefix<A>: Arbitrary + 'static,
[INFO] [stdout]     |                --------- unsatisfied trait bound introduced here
[INFO] [stdout]     = note: this error originates in the macro `property_tests` (in Nightly builds, run with -Z macro-backtrace for more info)
[INFO] [stdout] 
[INFO] [stdout] 
[INFO] [stdout] error[E0277]: the trait bound `ip::concrete::Prefix<ip::Ipv4>: proptest::arbitrary::Arbitrary` is not satisfied
[INFO] [stdout]    --> tests/prefix-set-proptests.rs:69:30
[INFO] [stdout]     |
[INFO] [stdout] 69  |                           s in any::<TestPrefixSet<$p>>(),
[INFO] [stdout]     |                                ^^^^^^^^^^^^^^^^^^^^^^^^^^ the trait `proptest::arbitrary::Arbitrary` is not implemented for `ip::concrete::Prefix<ip::Ipv4>`
[INFO] [stdout] ...
[INFO] [stdout] 154 | / property_tests! {
[INFO] [stdout] 155 | |     ipv4 => Ipv4,
[INFO] [stdout] 156 | |     ipv6 => Ipv6,
[INFO] [stdout] 157 | |     any => Any,
[INFO] [stdout] 158 | | }
[INFO] [stdout]     | |_- in this macro invocation
[INFO] [stdout]     |
[INFO] [stdout]     = help: the following other types implement trait `proptest::arbitrary::Arbitrary`:
[INFO] [stdout]               bool
[INFO] [stdout]               char
[INFO] [stdout]               isize
[INFO] [stdout]               i8
[INFO] [stdout]               i16
[INFO] [stdout]               i32
[INFO] [stdout]               i64
[INFO] [stdout]               i128
[INFO] [stdout]             and 183 others
[INFO] [stdout] note: required for `TestPrefixSet<ip::Ipv4>` to implement `proptest::arbitrary::Arbitrary`
[INFO] [stdout]    --> tests/prefix-set-proptests.rs:24:19
[INFO] [stdout]     |
[INFO] [stdout] 24  | impl<A: AfiClass> Arbitrary for TestPrefixSet<A>
[INFO] [stdout]     |                   ^^^^^^^^^     ^^^^^^^^^^^^^^^^
[INFO] [stdout] ...
[INFO] [stdout] 27  |     Prefix<A>: Arbitrary + 'static,
[INFO] [stdout]     |                --------- unsatisfied trait bound introduced here
[INFO] [stdout]     = note: this error originates in the macro `property_tests` (in Nightly builds, run with -Z macro-backtrace for more info)
[INFO] [stdout] 
[INFO] [stdout] 
[INFO] [stdout] error[E0277]: the trait bound `ip::concrete::Prefix<ip::Ipv4>: proptest::arbitrary::Arbitrary` is not satisfied
[INFO] [stdout]    --> tests/prefix-set-proptests.rs:79:30
[INFO] [stdout]     |
[INFO] [stdout] 79  |                           s in any::<TestPrefixSet<$p>>(),
[INFO] [stdout]     |                                ^^^^^^^^^^^^^^^^^^^^^^^^^^ the trait `proptest::arbitrary::Arbitrary` is not implemented for `ip::concrete::Prefix<ip::Ipv4>`
[INFO] [stdout] ...
[INFO] [stdout] 154 | / property_tests! {
[INFO] [stdout] 155 | |     ipv4 => Ipv4,
[INFO] [stdout] 156 | |     ipv6 => Ipv6,
[INFO] [stdout] 157 | |     any => Any,
[INFO] [stdout] 158 | | }
[INFO] [stdout]     | |_- in this macro invocation
[INFO] [stdout]     |
[INFO] [stdout]     = help: the following other types implement trait `proptest::arbitrary::Arbitrary`:
[INFO] [stdout]               bool
[INFO] [stdout]               char
[INFO] [stdout]               isize
[INFO] [stdout]               i8
[INFO] [stdout]               i16
[INFO] [stdout]               i32
[INFO] [stdout]               i64
[INFO] [stdout]               i128
[INFO] [stdout]             and 183 others
[INFO] [stdout] note: required for `TestPrefixSet<ip::Ipv4>` to implement `proptest::arbitrary::Arbitrary`
[INFO] [stdout]    --> tests/prefix-set-proptests.rs:24:19
[INFO] [stdout]     |
[INFO] [stdout] 24  | impl<A: AfiClass> Arbitrary for TestPrefixSet<A>
[INFO] [stdout]     |                   ^^^^^^^^^     ^^^^^^^^^^^^^^^^
[INFO] [stdout] ...
[INFO] [stdout] 27  |     Prefix<A>: Arbitrary + 'static,
[INFO] [stdout]     |                --------- unsatisfied trait bound introduced here
[INFO] [stdout]     = note: this error originates in the macro `property_tests` (in Nightly builds, run with -Z macro-backtrace for more info)
[INFO] [stdout] 
[INFO] [stdout] 
[INFO] [stdout] error[E0277]: the trait bound `ip::concrete::Prefix<ip::Ipv4>: proptest::arbitrary::Arbitrary` is not satisfied
[INFO] [stdout]    --> tests/prefix-set-proptests.rs:92:30
[INFO] [stdout]     |
[INFO] [stdout] 92  |                           s in any::<TestPrefixSet<$p>>(),
[INFO] [stdout]     |                                ^^^^^^^^^^^^^^^^^^^^^^^^^^ the trait `proptest::arbitrary::Arbitrary` is not implemented for `ip::concrete::Prefix<ip::Ipv4>`
[INFO] [stdout] ...
[INFO] [stdout] 154 | / property_tests! {
[INFO] [stdout] 155 | |     ipv4 => Ipv4,
[INFO] [stdout] 156 | |     ipv6 => Ipv6,
[INFO] [stdout] 157 | |     any => Any,
[INFO] [stdout] 158 | | }
[INFO] [stdout]     | |_- in this macro invocation
[INFO] [stdout]     |
[INFO] [stdout]     = help: the following other types implement trait `proptest::arbitrary::Arbitrary`:
[INFO] [stdout]               bool
[INFO] [stdout]               char
[INFO] [stdout]               isize
[INFO] [stdout]               i8
[INFO] [stdout]               i16
[INFO] [stdout]               i32
[INFO] [stdout]               i64
[INFO] [stdout]               i128
[INFO] [stdout]             and 183 others
[INFO] [stdout] note: required for `TestPrefixSet<ip::Ipv4>` to implement `proptest::arbitrary::Arbitrary`
[INFO] [stdout]    --> tests/prefix-set-proptests.rs:24:19
[INFO] [stdout]     |
[INFO] [stdout] 24  | impl<A: AfiClass> Arbitrary for TestPrefixSet<A>
[INFO] [stdout]     |                   ^^^^^^^^^     ^^^^^^^^^^^^^^^^
[INFO] [stdout] ...
[INFO] [stdout] 27  |     Prefix<A>: Arbitrary + 'static,
[INFO] [stdout]     |                --------- unsatisfied trait bound introduced here
[INFO] [stdout]     = note: this error originates in the macro `property_tests` (in Nightly builds, run with -Z macro-backtrace for more info)
[INFO] [stdout] 
[INFO] [stdout] 
[INFO] [stdout] error[E0277]: the trait bound `ip::concrete::Prefix<ip::Ipv4>: proptest::arbitrary::Arbitrary` is not satisfied
[INFO] [stdout]    --> tests/prefix-set-proptests.rs:105:30
[INFO] [stdout]     |
[INFO] [stdout] 105 |                           s in any::<TestPrefixSet<$p>>(),
[INFO] [stdout]     |                                ^^^^^^^^^^^^^^^^^^^^^^^^^^ the trait `proptest::arbitrary::Arbitrary` is not implemented for `ip::concrete::Prefix<ip::Ipv4>`
[INFO] [stdout] ...
[INFO] [stdout] 154 | / property_tests! {
[INFO] [stdout] 155 | |     ipv4 => Ipv4,
[INFO] [stdout] 156 | |     ipv6 => Ipv6,
[INFO] [stdout] 157 | |     any => Any,
[INFO] [stdout] 158 | | }
[INFO] [stdout]     | |_- in this macro invocation
[INFO] [stdout]     |
[INFO] [stdout]     = help: the following other types implement trait `proptest::arbitrary::Arbitrary`:
[INFO] [stdout]               bool
[INFO] [stdout]               char
[INFO] [stdout]               isize
[INFO] [stdout]               i8
[INFO] [stdout]               i16
[INFO] [stdout]               i32
[INFO] [stdout]               i64
[INFO] [stdout]               i128
[INFO] [stdout]             and 183 others
[INFO] [stdout] note: required for `TestPrefixSet<ip::Ipv4>` to implement `proptest::arbitrary::Arbitrary`
[INFO] [stdout]    --> tests/prefix-set-proptests.rs:24:19
[INFO] [stdout]     |
[INFO] [stdout] 24  | impl<A: AfiClass> Arbitrary for TestPrefixSet<A>
[INFO] [stdout]     |                   ^^^^^^^^^     ^^^^^^^^^^^^^^^^
[INFO] [stdout] ...
[INFO] [stdout] 27  |     Prefix<A>: Arbitrary + 'static,
[INFO] [stdout]     |                --------- unsatisfied trait bound introduced here
[INFO] [stdout]     = note: this error originates in the macro `property_tests` (in Nightly builds, run with -Z macro-backtrace for more info)
[INFO] [stdout] 
[INFO] [stdout] 
[INFO] [stdout] error[E0277]: the trait bound `ip::concrete::Prefix<ip::Ipv4>: proptest::arbitrary::Arbitrary` is not satisfied
[INFO] [stdout]    --> tests/prefix-set-proptests.rs:118:30
[INFO] [stdout]     |
[INFO] [stdout] 118 |                           s in any::<TestPrefixSet<$p>>(),
[INFO] [stdout]     |                                ^^^^^^^^^^^^^^^^^^^^^^^^^^ the trait `proptest::arbitrary::Arbitrary` is not implemented for `ip::concrete::Prefix<ip::Ipv4>`
[INFO] [stdout] ...
[INFO] [stdout] 154 | / property_tests! {
[INFO] [stdout] 155 | |     ipv4 => Ipv4,
[INFO] [stdout] 156 | |     ipv6 => Ipv6,
[INFO] [stdout] 157 | |     any => Any,
[INFO] [stdout] 158 | | }
[INFO] [stdout]     | |_- in this macro invocation
[INFO] [stdout]     |
[INFO] [stdout]     = help: the following other types implement trait `proptest::arbitrary::Arbitrary`:
[INFO] [stdout]               bool
[INFO] [stdout]               char
[INFO] [stdout]               isize
[INFO] [stdout]               i8
[INFO] [stdout]               i16
[INFO] [stdout]               i32
[INFO] [stdout]               i64
[INFO] [stdout]               i128
[INFO] [stdout]             and 183 others
[INFO] [stdout] note: required for `TestPrefixSet<ip::Ipv4>` to implement `proptest::arbitrary::Arbitrary`
[INFO] [stdout]    --> tests/prefix-set-proptests.rs:24:19
[INFO] [stdout]     |
[INFO] [stdout] 24  | impl<A: AfiClass> Arbitrary for TestPrefixSet<A>
[INFO] [stdout]     |                   ^^^^^^^^^     ^^^^^^^^^^^^^^^^
[INFO] [stdout] ...
[INFO] [stdout] 27  |     Prefix<A>: Arbitrary + 'static,
[INFO] [stdout]     |                --------- unsatisfied trait bound introduced here
[INFO] [stdout]     = note: this error originates in the macro `property_tests` (in Nightly builds, run with -Z macro-backtrace for more info)
[INFO] [stdout] 
[INFO] [stdout] 
[INFO] [stdout] error[E0277]: the trait bound `ip::concrete::Prefix<ip::Ipv4>: proptest::arbitrary::Arbitrary` is not satisfied
[INFO] [stdout]    --> tests/prefix-set-proptests.rs:131:30
[INFO] [stdout]     |
[INFO] [stdout] 131 |                           s in any::<TestPrefixSet<$p>>(),
[INFO] [stdout]     |                                ^^^^^^^^^^^^^^^^^^^^^^^^^^ the trait `proptest::arbitrary::Arbitrary` is not implemented for `ip::concrete::Prefix<ip::Ipv4>`
[INFO] [stdout] ...
[INFO] [stdout] 154 | / property_tests! {
[INFO] [stdout] 155 | |     ipv4 => Ipv4,
[INFO] [stdout] 156 | |     ipv6 => Ipv6,
[INFO] [stdout] 157 | |     any => Any,
[INFO] [stdout] 158 | | }
[INFO] [stdout]     | |_- in this macro invocation
[INFO] [stdout]     |
[INFO] [stdout]     = help: the following other types implement trait `proptest::arbitrary::Arbitrary`:
[INFO] [stdout]               bool
[INFO] [stdout]               char
[INFO] [stdout]               isize
[INFO] [stdout]               i8
[INFO] [stdout]               i16
[INFO] [stdout]               i32
[INFO] [stdout]               i64
[INFO] [stdout]               i128
[INFO] [stdout]             and 183 others
[INFO] [stdout] note: required for `TestPrefixSet<ip::Ipv4>` to implement `proptest::arbitrary::Arbitrary`
[INFO] [stdout]    --> tests/prefix-set-proptests.rs:24:19
[INFO] [stdout]     |
[INFO] [stdout] 24  | impl<A: AfiClass> Arbitrary for TestPrefixSet<A>
[INFO] [stdout]     |                   ^^^^^^^^^     ^^^^^^^^^^^^^^^^
[INFO] [stdout] ...
[INFO] [stdout] 27  |     Prefix<A>: Arbitrary + 'static,
[INFO] [stdout]     |                --------- unsatisfied trait bound introduced here
[INFO] [stdout]     = note: this error originates in the macro `property_tests` (in Nightly builds, run with -Z macro-backtrace for more info)
[INFO] [stdout] 
[INFO] [stdout] 
[INFO] [stdout] error[E0277]: the trait bound `ip::concrete::Prefix<ip::Ipv4>: proptest::arbitrary::Arbitrary` is not satisfied
[INFO] [stdout]    --> tests/prefix-set-proptests.rs:141:30
[INFO] [stdout]     |
[INFO] [stdout] 141 |                           s in any::<TestPrefixSet<$p>>(),
[INFO] [stdout]     |                                ^^^^^^^^^^^^^^^^^^^^^^^^^^ the trait `proptest::arbitrary::Arbitrary` is not implemented for `ip::concrete::Prefix<ip::Ipv4>`
[INFO] [stdout] ...
[INFO] [stdout] 154 | / property_tests! {
[INFO] [stdout] 155 | |     ipv4 => Ipv4,
[INFO] [stdout] 156 | |     ipv6 => Ipv6,
[INFO] [stdout] 157 | |     any => Any,
[INFO] [stdout] 158 | | }
[INFO] [stdout]     | |_- in this macro invocation
[INFO] [stdout]     |
[INFO] [stdout]     = help: the following other types implement trait `proptest::arbitrary::Arbitrary`:
[INFO] [stdout]               bool
[INFO] [stdout]               char
[INFO] [stdout]               isize
[INFO] [stdout]               i8
[INFO] [stdout]               i16
[INFO] [stdout]               i32
[INFO] [stdout]               i64
[INFO] [stdout]               i128
[INFO] [stdout]             and 183 others
[INFO] [stdout] note: required for `TestPrefixSet<ip::Ipv4>` to implement `proptest::arbitrary::Arbitrary`
[INFO] [stdout]    --> tests/prefix-set-proptests.rs:24:19
[INFO] [stdout]     |
[INFO] [stdout] 24  | impl<A: AfiClass> Arbitrary for TestPrefixSet<A>
[INFO] [stdout]     |                   ^^^^^^^^^     ^^^^^^^^^^^^^^^^
[INFO] [stdout] ...
[INFO] [stdout] 27  |     Prefix<A>: Arbitrary + 'static,
[INFO] [stdout]     |                --------- unsatisfied trait bound introduced here
[INFO] [stdout]     = note: this error originates in the macro `property_tests` (in Nightly builds, run with -Z macro-backtrace for more info)
[INFO] [stdout] 
[INFO] [stdout] 
[INFO] [stdout] error[E0277]: the trait bound `ip::concrete::Prefix<ip::Ipv6>: proptest::arbitrary::Arbitrary` is not satisfied
[INFO] [stdout]    --> tests/prefix-set-proptests.rs:48:30
[INFO] [stdout]     |
[INFO] [stdout] 48  |                           s in any::<TestPrefixSet<$p>>(),
[INFO] [stdout]     |                                ^^^^^^^^^^^^^^^^^^^^^^^^^^ the trait `proptest::arbitrary::Arbitrary` is not implemented for `ip::concrete::Prefix<ip::Ipv6>`
[INFO] [stdout] ...
[INFO] [stdout] 154 | / property_tests! {
[INFO] [stdout] 155 | |     ipv4 => Ipv4,
[INFO] [stdout] 156 | |     ipv6 => Ipv6,
[INFO] [stdout] 157 | |     any => Any,
[INFO] [stdout] 158 | | }
[INFO] [stdout]     | |_- in this macro invocation
[INFO] [stdout]     |
[INFO] [stdout]     = help: the following other types implement trait `proptest::arbitrary::Arbitrary`:
[INFO] [stdout]               bool
[INFO] [stdout]               char
[INFO] [stdout]               isize
[INFO] [stdout]               i8
[INFO] [stdout]               i16
[INFO] [stdout]               i32
[INFO] [stdout]               i64
[INFO] [stdout]               i128
[INFO] [stdout]             and 183 others
[INFO] [stdout] note: required for `TestPrefixSet<ip::Ipv6>` to implement `proptest::arbitrary::Arbitrary`
[INFO] [stdout]    --> tests/prefix-set-proptests.rs:24:19
[INFO] [stdout]     |
[INFO] [stdout] 24  | impl<A: AfiClass> Arbitrary for TestPrefixSet<A>
[INFO] [stdout]     |                   ^^^^^^^^^     ^^^^^^^^^^^^^^^^
[INFO] [stdout] ...
[INFO] [stdout] 27  |     Prefix<A>: Arbitrary + 'static,
[INFO] [stdout]     |                --------- unsatisfied trait bound introduced here
[INFO] [stdout]     = note: this error originates in the macro `property_tests` (in Nightly builds, run with -Z macro-backtrace for more info)
[INFO] [stdout] 
[INFO] [stdout] 
[INFO] [stdout] error[E0277]: the trait bound `ip::concrete::Prefix<ip::Ipv6>: proptest::arbitrary::Arbitrary` is not satisfied
[INFO] [stdout]    --> tests/prefix-set-proptests.rs:58:30
[INFO] [stdout]     |
[INFO] [stdout] 58  |                           s in any::<TestPrefixSet<$p>>(),
[INFO] [stdout]     |                                ^^^^^^^^^^^^^^^^^^^^^^^^^^ the trait `proptest::arbitrary::Arbitrary` is not implemented for `ip::concrete::Prefix<ip::Ipv6>`
[INFO] [stdout] ...
[INFO] [stdout] 154 | / property_tests! {
[INFO] [stdout] 155 | |     ipv4 => Ipv4,
[INFO] [stdout] 156 | |     ipv6 => Ipv6,
[INFO] [stdout] 157 | |     any => Any,
[INFO] [stdout] 158 | | }
[INFO] [stdout]     | |_- in this macro invocation
[INFO] [stdout]     |
[INFO] [stdout]     = help: the following other types implement trait `proptest::arbitrary::Arbitrary`:
[INFO] [stdout]               bool
[INFO] [stdout]               char
[INFO] [stdout]               isize
[INFO] [stdout]               i8
[INFO] [stdout]               i16
[INFO] [stdout]               i32
[INFO] [stdout]               i64
[INFO] [stdout]               i128
[INFO] [stdout]             and 183 others
[INFO] [stdout] note: required for `TestPrefixSet<ip::Ipv6>` to implement `proptest::arbitrary::Arbitrary`
[INFO] [stdout]    --> tests/prefix-set-proptests.rs:24:19
[INFO] [stdout]     |
[INFO] [stdout] 24  | impl<A: AfiClass> Arbitrary for TestPrefixSet<A>
[INFO] [stdout]     |                   ^^^^^^^^^     ^^^^^^^^^^^^^^^^
[INFO] [stdout] ...
[INFO] [stdout] 27  |     Prefix<A>: Arbitrary + 'static,
[INFO] [stdout]     |                --------- unsatisfied trait bound introduced here
[INFO] [stdout]     = note: this error originates in the macro `property_tests` (in Nightly builds, run with -Z macro-backtrace for more info)
[INFO] [stdout] 
[INFO] [stdout] 
[INFO] [stdout] error[E0277]: the trait bound `ip::concrete::Prefix<ip::Ipv6>: proptest::arbitrary::Arbitrary` is not satisfied
[INFO] [stdout]    --> tests/prefix-set-proptests.rs:69:30
[INFO] [stdout]     |
[INFO] [stdout] 69  |                           s in any::<TestPrefixSet<$p>>(),
[INFO] [stdout]     |                                ^^^^^^^^^^^^^^^^^^^^^^^^^^ the trait `proptest::arbitrary::Arbitrary` is not implemented for `ip::concrete::Prefix<ip::Ipv6>`
[INFO] [stdout] ...
[INFO] [stdout] 154 | / property_tests! {
[INFO] [stdout] 155 | |     ipv4 => Ipv4,
[INFO] [stdout] 156 | |     ipv6 => Ipv6,
[INFO] [stdout] 157 | |     any => Any,
[INFO] [stdout] 158 | | }
[INFO] [stdout]     | |_- in this macro invocation
[INFO] [stdout]     |
[INFO] [stdout]     = help: the following other types implement trait `proptest::arbitrary::Arbitrary`:
[INFO] [stdout]               bool
[INFO] [stdout]               char
[INFO] [stdout]               isize
[INFO] [stdout]               i8
[INFO] [stdout]               i16
[INFO] [stdout]               i32
[INFO] [stdout]               i64
[INFO] [stdout]               i128
[INFO] [stdout]             and 183 others
[INFO] [stdout] note: required for `TestPrefixSet<ip::Ipv6>` to implement `proptest::arbitrary::Arbitrary`
[INFO] [stdout]    --> tests/prefix-set-proptests.rs:24:19
[INFO] [stdout]     |
[INFO] [stdout] 24  | impl<A: AfiClass> Arbitrary for TestPrefixSet<A>
[INFO] [stdout]     |                   ^^^^^^^^^     ^^^^^^^^^^^^^^^^
[INFO] [stdout] ...
[INFO] [stdout] 27  |     Prefix<A>: Arbitrary + 'static,
[INFO] [stdout]     |                --------- unsatisfied trait bound introduced here
[INFO] [stdout]     = note: this error originates in the macro `property_tests` (in Nightly builds, run with -Z macro-backtrace for more info)
[INFO] [stdout] 
[INFO] [stdout] 
[INFO] [stdout] error[E0277]: the trait bound `ip::concrete::Prefix<ip::Ipv6>: proptest::arbitrary::Arbitrary` is not satisfied
[INFO] [stdout]    --> tests/prefix-set-proptests.rs:79:30
[INFO] [stdout]     |
[INFO] [stdout] 79  |                           s in any::<TestPrefixSet<$p>>(),
[INFO] [stdout]     |                                ^^^^^^^^^^^^^^^^^^^^^^^^^^ the trait `proptest::arbitrary::Arbitrary` is not implemented for `ip::concrete::Prefix<ip::Ipv6>`
[INFO] [stdout] ...
[INFO] [stdout] 154 | / property_tests! {
[INFO] [stdout] 155 | |     ipv4 => Ipv4,
[INFO] [stdout] 156 | |     ipv6 => Ipv6,
[INFO] [stdout] 157 | |     any => Any,
[INFO] [stdout] 158 | | }
[INFO] [stdout]     | |_- in this macro invocation
[INFO] [stdout]     |
[INFO] [stdout]     = help: the following other types implement trait `proptest::arbitrary::Arbitrary`:
[INFO] [stdout]               bool
[INFO] [stdout]               char
[INFO] [stdout]               isize
[INFO] [stdout]               i8
[INFO] [stdout]               i16
[INFO] [stdout]               i32
[INFO] [stdout]               i64
[INFO] [stdout]               i128
[INFO] [stdout]             and 183 others
[INFO] [stdout] note: required for `TestPrefixSet<ip::Ipv6>` to implement `proptest::arbitrary::Arbitrary`
[INFO] [stdout]    --> tests/prefix-set-proptests.rs:24:19
[INFO] [stdout]     |
[INFO] [stdout] 24  | impl<A: AfiClass> Arbitrary for TestPrefixSet<A>
[INFO] [stdout]     |                   ^^^^^^^^^     ^^^^^^^^^^^^^^^^
[INFO] [stdout] ...
[INFO] [stdout] 27  |     Prefix<A>: Arbitrary + 'static,
[INFO] [stdout]     |                --------- unsatisfied trait bound introduced here
[INFO] [stdout]     = note: this error originates in the macro `property_tests` (in Nightly builds, run with -Z macro-backtrace for more info)
[INFO] [stdout] 
[INFO] [stdout] 
[INFO] [stdout] error[E0277]: the trait bound `ip::concrete::Prefix<ip::Ipv6>: proptest::arbitrary::Arbitrary` is not satisfied
[INFO] [stdout]    --> tests/prefix-set-proptests.rs:92:30
[INFO] [stdout]     |
[INFO] [stdout] 92  |                           s in any::<TestPrefixSet<$p>>(),
[INFO] [stdout]     |                                ^^^^^^^^^^^^^^^^^^^^^^^^^^ the trait `proptest::arbitrary::Arbitrary` is not implemented for `ip::concrete::Prefix<ip::Ipv6>`
[INFO] [stdout] ...
[INFO] [stdout] 154 | / property_tests! {
[INFO] [stdout] 155 | |     ipv4 => Ipv4,
[INFO] [stdout] 156 | |     ipv6 => Ipv6,
[INFO] [stdout] 157 | |     any => Any,
[INFO] [stdout] 158 | | }
[INFO] [stdout]     | |_- in this macro invocation
[INFO] [stdout]     |
[INFO] [stdout]     = help: the following other types implement trait `proptest::arbitrary::Arbitrary`:
[INFO] [stdout]               bool
[INFO] [stdout]               char
[INFO] [stdout]               isize
[INFO] [stdout]               i8
[INFO] [stdout]               i16
[INFO] [stdout]               i32
[INFO] [stdout]               i64
[INFO] [stdout]               i128
[INFO] [stdout]             and 183 others
[INFO] [stdout] note: required for `TestPrefixSet<ip::Ipv6>` to implement `proptest::arbitrary::Arbitrary`
[INFO] [stdout]    --> tests/prefix-set-proptests.rs:24:19
[INFO] [stdout]     |
[INFO] [stdout] 24  | impl<A: AfiClass> Arbitrary for TestPrefixSet<A>
[INFO] [stdout]     |                   ^^^^^^^^^     ^^^^^^^^^^^^^^^^
[INFO] [stdout] ...
[INFO] [stdout] 27  |     Prefix<A>: Arbitrary + 'static,
[INFO] [stdout]     |                --------- unsatisfied trait bound introduced here
[INFO] [stdout]     = note: this error originates in the macro `property_tests` (in Nightly builds, run with -Z macro-backtrace for more info)
[INFO] [stdout] 
[INFO] [stdout] 
[INFO] [stdout] error[E0277]: the trait bound `ip::concrete::Prefix<ip::Ipv6>: proptest::arbitrary::Arbitrary` is not satisfied
[INFO] [stdout]    --> tests/prefix-set-proptests.rs:105:30
[INFO] [stdout]     |
[INFO] [stdout] 105 |                           s in any::<TestPrefixSet<$p>>(),
[INFO] [stdout]     |                                ^^^^^^^^^^^^^^^^^^^^^^^^^^ the trait `proptest::arbitrary::Arbitrary` is not implemented for `ip::concrete::Prefix<ip::Ipv6>`
[INFO] [stdout] ...
[INFO] [stdout] 154 | / property_tests! {
[INFO] [stdout] 155 | |     ipv4 => Ipv4,
[INFO] [stdout] 156 | |     ipv6 => Ipv6,
[INFO] [stdout] 157 | |     any => Any,
[INFO] [stdout] 158 | | }
[INFO] [stdout]     | |_- in this macro invocation
[INFO] [stdout]     |
[INFO] [stdout]     = help: the following other types implement trait `proptest::arbitrary::Arbitrary`:
[INFO] [stdout]               bool
[INFO] [stdout]               char
[INFO] [stdout]               isize
[INFO] [stdout]               i8
[INFO] [stdout]               i16
[INFO] [stdout]               i32
[INFO] [stdout]               i64
[INFO] [stdout]               i128
[INFO] [stdout]             and 183 others
[INFO] [stdout] note: required for `TestPrefixSet<ip::Ipv6>` to implement `proptest::arbitrary::Arbitrary`
[INFO] [stdout]    --> tests/prefix-set-proptests.rs:24:19
[INFO] [stdout]     |
[INFO] [stdout] 24  | impl<A: AfiClass> Arbitrary for TestPrefixSet<A>
[INFO] [stdout]     |                   ^^^^^^^^^     ^^^^^^^^^^^^^^^^
[INFO] [stdout] ...
[INFO] [stdout] 27  |     Prefix<A>: Arbitrary + 'static,
[INFO] [stdout]     |                --------- unsatisfied trait bound introduced here
[INFO] [stdout]     = note: this error originates in the macro `property_tests` (in Nightly builds, run with -Z macro-backtrace for more info)
[INFO] [stdout] 
[INFO] [stdout] 
[INFO] [stdout] error[E0277]: the trait bound `ip::concrete::Prefix<ip::Ipv6>: proptest::arbitrary::Arbitrary` is not satisfied
[INFO] [stdout]    --> tests/prefix-set-proptests.rs:118:30
[INFO] [stdout]     |
[INFO] [stdout] 118 |                           s in any::<TestPrefixSet<$p>>(),
[INFO] [stdout]     |                                ^^^^^^^^^^^^^^^^^^^^^^^^^^ the trait `proptest::arbitrary::Arbitrary` is not implemented for `ip::concrete::Prefix<ip::Ipv6>`
[INFO] [stdout] ...
[INFO] [stdout] 154 | / property_tests! {
[INFO] [stdout] 155 | |     ipv4 => Ipv4,
[INFO] [stdout] 156 | |     ipv6 => Ipv6,
[INFO] [stdout] 157 | |     any => Any,
[INFO] [stdout] 158 | | }
[INFO] [stdout]     | |_- in this macro invocation
[INFO] [stdout]     |
[INFO] [stdout]     = help: the following other types implement trait `proptest::arbitrary::Arbitrary`:
[INFO] [stdout]               bool
[INFO] [stdout]               char
[INFO] [stdout]               isize
[INFO] [stdout]               i8
[INFO] [stdout]               i16
[INFO] [stdout]               i32
[INFO] [stdout]               i64
[INFO] [stdout]               i128
[INFO] [stdout]             and 183 others
[INFO] [stdout] note: required for `TestPrefixSet<ip::Ipv6>` to implement `proptest::arbitrary::Arbitrary`
[INFO] [stdout]    --> tests/prefix-set-proptests.rs:24:19
[INFO] [stdout]     |
[INFO] [stdout] 24  | impl<A: AfiClass> Arbitrary for TestPrefixSet<A>
[INFO] [stdout]     |                   ^^^^^^^^^     ^^^^^^^^^^^^^^^^
[INFO] [stdout] ...
[INFO] [stdout] 27  |     Prefix<A>: Arbitrary + 'static,
[INFO] [stdout]     |                --------- unsatisfied trait bound introduced here
[INFO] [stdout]     = note: this error originates in the macro `property_tests` (in Nightly builds, run with -Z macro-backtrace for more info)
[INFO] [stdout] 
[INFO] [stdout] 
[INFO] [stdout] error[E0277]: the trait bound `ip::concrete::Prefix<ip::Ipv6>: proptest::arbitrary::Arbitrary` is not satisfied
[INFO] [stdout]    --> tests/prefix-set-proptests.rs:131:30
[INFO] [stdout]     |
[INFO] [stdout] 131 |                           s in any::<TestPrefixSet<$p>>(),
[INFO] [stdout]     |                                ^^^^^^^^^^^^^^^^^^^^^^^^^^ the trait `proptest::arbitrary::Arbitrary` is not implemented for `ip::concrete::Prefix<ip::Ipv6>`
[INFO] [stdout] ...
[INFO] [stdout] 154 | / property_tests! {
[INFO] [stdout] 155 | |     ipv4 => Ipv4,
[INFO] [stdout] 156 | |     ipv6 => Ipv6,
[INFO] [stdout] 157 | |     any => Any,
[INFO] [stdout] 158 | | }
[INFO] [stdout]     | |_- in this macro invocation
[INFO] [stdout]     |
[INFO] [stdout]     = help: the following other types implement trait `proptest::arbitrary::Arbitrary`:
[INFO] [stdout]               bool
[INFO] [stdout]               char
[INFO] [stdout]               isize
[INFO] [stdout]               i8
[INFO] [stdout]               i16
[INFO] [stdout]               i32
[INFO] [stdout]               i64
[INFO] [stdout]               i128
[INFO] [stdout]             and 183 others
[INFO] [stdout] note: required for `TestPrefixSet<ip::Ipv6>` to implement `proptest::arbitrary::Arbitrary`
[INFO] [stdout]    --> tests/prefix-set-proptests.rs:24:19
[INFO] [stdout]     |
[INFO] [stdout] 24  | impl<A: AfiClass> Arbitrary for TestPrefixSet<A>
[INFO] [stdout]     |                   ^^^^^^^^^     ^^^^^^^^^^^^^^^^
[INFO] [stdout] ...
[INFO] [stdout] 27  |     Prefix<A>: Arbitrary + 'static,
[INFO] [stdout]     |                --------- unsatisfied trait bound introduced here
[INFO] [stdout]     = note: this error originates in the macro `property_tests` (in Nightly builds, run with -Z macro-backtrace for more info)
[INFO] [stdout] 
[INFO] [stdout] 
[INFO] [stdout] error[E0277]: the trait bound `ip::concrete::Prefix<ip::Ipv6>: proptest::arbitrary::Arbitrary` is not satisfied
[INFO] [stdout]    --> tests/prefix-set-proptests.rs:141:30
[INFO] [stdout]     |
[INFO] [stdout] 141 |                           s in any::<TestPrefixSet<$p>>(),
[INFO] [stdout]     |                                ^^^^^^^^^^^^^^^^^^^^^^^^^^ the trait `proptest::arbitrary::Arbitrary` is not implemented for `ip::concrete::Prefix<ip::Ipv6>`
[INFO] [stdout] ...
[INFO] [stdout] 154 | / property_tests! {
[INFO] [stdout] 155 | |     ipv4 => Ipv4,
[INFO] [stdout] 156 | |     ipv6 => Ipv6,
[INFO] [stdout] 157 | |     any => Any,
[INFO] [stdout] 158 | | }
[INFO] [stdout]     | |_- in this macro invocation
[INFO] [stdout]     |
[INFO] [stdout]     = help: the following other types implement trait `proptest::arbitrary::Arbitrary`:
[INFO] [stdout]               bool
[INFO] [stdout]               char
[INFO] [stdout]               isize
[INFO] [stdout]               i8
[INFO] [stdout]               i16
[INFO] [stdout]               i32
[INFO] [stdout]               i64
[INFO] [stdout]               i128
[INFO] [stdout]             and 183 others
[INFO] [stdout] note: required for `TestPrefixSet<ip::Ipv6>` to implement `proptest::arbitrary::Arbitrary`
[INFO] [stdout]    --> tests/prefix-set-proptests.rs:24:19
[INFO] [stdout]     |
[INFO] [stdout] 24  | impl<A: AfiClass> Arbitrary for TestPrefixSet<A>
[INFO] [stdout]     |                   ^^^^^^^^^     ^^^^^^^^^^^^^^^^
[INFO] [stdout] ...
[INFO] [stdout] 27  |     Prefix<A>: Arbitrary + 'static,
[INFO] [stdout]     |                --------- unsatisfied trait bound introduced here
[INFO] [stdout]     = note: this error originates in the macro `property_tests` (in Nightly builds, run with -Z macro-backtrace for more info)
[INFO] [stdout] 
[INFO] [stdout] 
[INFO] [stdout] error[E0277]: the trait bound `ip::any::Prefix: proptest::arbitrary::Arbitrary` is not satisfied
[INFO] [stdout]    --> tests/prefix-set-proptests.rs:48:30
[INFO] [stdout]     |
[INFO] [stdout] 48  |                           s in any::<TestPrefixSet<$p>>(),
[INFO] [stdout]     |                                ^^^^^^^^^^^^^^^^^^^^^^^^^^ the trait `proptest::arbitrary::Arbitrary` is not implemented for `ip::any::Prefix`
[INFO] [stdout] ...
[INFO] [stdout] 154 | / property_tests! {
[INFO] [stdout] 155 | |     ipv4 => Ipv4,
[INFO] [stdout] 156 | |     ipv6 => Ipv6,
[INFO] [stdout] 157 | |     any => Any,
[INFO] [stdout] 158 | | }
[INFO] [stdout]     | |_- in this macro invocation
[INFO] [stdout]     |
[INFO] [stdout]     = help: the following other types implement trait `proptest::arbitrary::Arbitrary`:
[INFO] [stdout]               bool
[INFO] [stdout]               char
[INFO] [stdout]               isize
[INFO] [stdout]               i8
[INFO] [stdout]               i16
[INFO] [stdout]               i32
[INFO] [stdout]               i64
[INFO] [stdout]               i128
[INFO] [stdout]             and 183 others
[INFO] [stdout] note: required for `TestPrefixSet<ip::Any>` to implement `proptest::arbitrary::Arbitrary`
[INFO] [stdout]    --> tests/prefix-set-proptests.rs:24:19
[INFO] [stdout]     |
[INFO] [stdout] 24  | impl<A: AfiClass> Arbitrary for TestPrefixSet<A>
[INFO] [stdout]     |                   ^^^^^^^^^     ^^^^^^^^^^^^^^^^
[INFO] [stdout] ...
[INFO] [stdout] 27  |     Prefix<A>: Arbitrary + 'static,
[INFO] [stdout]     |                --------- unsatisfied trait bound introduced here
[INFO] [stdout]     = note: this error originates in the macro `property_tests` (in Nightly builds, run with -Z macro-backtrace for more info)
[INFO] [stdout] 
[INFO] [stdout] 
[INFO] [stdout] error[E0277]: the trait bound `ip::any::Prefix: proptest::arbitrary::Arbitrary` is not satisfied
[INFO] [stdout]    --> tests/prefix-set-proptests.rs:58:30
[INFO] [stdout]     |
[INFO] [stdout] 58  |                           s in any::<TestPrefixSet<$p>>(),
[INFO] [stdout]     |                                ^^^^^^^^^^^^^^^^^^^^^^^^^^ the trait `proptest::arbitrary::Arbitrary` is not implemented for `ip::any::Prefix`
[INFO] [stdout] ...
[INFO] [stdout] 154 | / property_tests! {
[INFO] [stdout] 155 | |     ipv4 => Ipv4,
[INFO] [stdout] 156 | |     ipv6 => Ipv6,
[INFO] [stdout] 157 | |     any => Any,
[INFO] [stdout] 158 | | }
[INFO] [stdout]     | |_- in this macro invocation
[INFO] [stdout]     |
[INFO] [stdout]     = help: the following other types implement trait `proptest::arbitrary::Arbitrary`:
[INFO] [stdout]               bool
[INFO] [stdout]               char
[INFO] [stdout]               isize
[INFO] [stdout]               i8
[INFO] [stdout]               i16
[INFO] [stdout]               i32
[INFO] [stdout]               i64
[INFO] [stdout]               i128
[INFO] [stdout]             and 183 others
[INFO] [stdout] note: required for `TestPrefixSet<ip::Any>` to implement `proptest::arbitrary::Arbitrary`
[INFO] [stdout]    --> tests/prefix-set-proptests.rs:24:19
[INFO] [stdout]     |
[INFO] [stdout] 24  | impl<A: AfiClass> Arbitrary for TestPrefixSet<A>
[INFO] [stdout]     |                   ^^^^^^^^^     ^^^^^^^^^^^^^^^^
[INFO] [stdout] ...
[INFO] [stdout] 27  |     Prefix<A>: Arbitrary + 'static,
[INFO] [stdout]     |                --------- unsatisfied trait bound introduced here
[INFO] [stdout]     = note: this error originates in the macro `property_tests` (in Nightly builds, run with -Z macro-backtrace for more info)
[INFO] [stdout] 
[INFO] [stdout] 
[INFO] [stdout] error[E0277]: the trait bound `ip::any::Prefix: proptest::arbitrary::Arbitrary` is not satisfied
[INFO] [stdout]    --> tests/prefix-set-proptests.rs:69:30
[INFO] [stdout]     |
[INFO] [stdout] 69  |                           s in any::<TestPrefixSet<$p>>(),
[INFO] [stdout]     |                                ^^^^^^^^^^^^^^^^^^^^^^^^^^ the trait `proptest::arbitrary::Arbitrary` is not implemented for `ip::any::Prefix`
[INFO] [stdout] ...
[INFO] [stdout] 154 | / property_tests! {
[INFO] [stdout] 155 | |     ipv4 => Ipv4,
[INFO] [stdout] 156 | |     ipv6 => Ipv6,
[INFO] [stdout] 157 | |     any => Any,
[INFO] [stdout] 158 | | }
[INFO] [stdout]     | |_- in this macro invocation
[INFO] [stdout]     |
[INFO] [stdout]     = help: the following other types implement trait `proptest::arbitrary::Arbitrary`:
[INFO] [stdout]               bool
[INFO] [stdout]               char
[INFO] [stdout]               isize
[INFO] [stdout]               i8
[INFO] [stdout]               i16
[INFO] [stdout]               i32
[INFO] [stdout]               i64
[INFO] [stdout]               i128
[INFO] [stdout]             and 183 others
[INFO] [stdout] note: required for `TestPrefixSet<ip::Any>` to implement `proptest::arbitrary::Arbitrary`
[INFO] [stdout]    --> tests/prefix-set-proptests.rs:24:19
[INFO] [stdout]     |
[INFO] [stdout] 24  | impl<A: AfiClass> Arbitrary for TestPrefixSet<A>
[INFO] [stdout]     |                   ^^^^^^^^^     ^^^^^^^^^^^^^^^^
[INFO] [stdout] ...
[INFO] [stdout] 27  |     Prefix<A>: Arbitrary + 'static,
[INFO] [stdout]     |                --------- unsatisfied trait bound introduced here
[INFO] [stdout]     = note: this error originates in the macro `property_tests` (in Nightly builds, run with -Z macro-backtrace for more info)
[INFO] [stdout] 
[INFO] [stdout] 
[INFO] [stdout] error[E0277]: the trait bound `ip::any::Prefix: proptest::arbitrary::Arbitrary` is not satisfied
[INFO] [stdout]    --> tests/prefix-set-proptests.rs:79:30
[INFO] [stdout]     |
[INFO] [stdout] 79  |                           s in any::<TestPrefixSet<$p>>(),
[INFO] [stdout]     |                                ^^^^^^^^^^^^^^^^^^^^^^^^^^ the trait `proptest::arbitrary::Arbitrary` is not implemented for `ip::any::Prefix`
[INFO] [stdout] ...
[INFO] [stdout] 154 | / property_tests! {
[INFO] [stdout] 155 | |     ipv4 => Ipv4,
[INFO] [stdout] 156 | |     ipv6 => Ipv6,
[INFO] [stdout] 157 | |     any => Any,
[INFO] [stdout] 158 | | }
[INFO] [stdout]     | |_- in this macro invocation
[INFO] [stdout]     |
[INFO] [stdout]     = help: the following other types implement trait `proptest::arbitrary::Arbitrary`:
[INFO] [stdout]               bool
[INFO] [stdout]               char
[INFO] [stdout]               isize
[INFO] [stdout]               i8
[INFO] [stdout]               i16
[INFO] [stdout]               i32
[INFO] [stdout]               i64
[INFO] [stdout]               i128
[INFO] [stdout]             and 183 others
[INFO] [stdout] note: required for `TestPrefixSet<ip::Any>` to implement `proptest::arbitrary::Arbitrary`
[INFO] [stdout]    --> tests/prefix-set-proptests.rs:24:19
[INFO] [stdout]     |
[INFO] [stdout] 24  | impl<A: AfiClass> Arbitrary for TestPrefixSet<A>
[INFO] [stdout]     |                   ^^^^^^^^^     ^^^^^^^^^^^^^^^^
[INFO] [stdout] ...
[INFO] [stdout] 27  |     Prefix<A>: Arbitrary + 'static,
[INFO] [stdout]     |                --------- unsatisfied trait bound introduced here
[INFO] [stdout]     = note: this error originates in the macro `property_tests` (in Nightly builds, run with -Z macro-backtrace for more info)
[INFO] [stdout] 
[INFO] [stdout] 
[INFO] [stdout] error[E0277]: the trait bound `ip::any::Prefix: proptest::arbitrary::Arbitrary` is not satisfied
[INFO] [stdout]    --> tests/prefix-set-proptests.rs:92:30
[INFO] [stdout]     |
[INFO] [stdout] 92  |                           s in any::<TestPrefixSet<$p>>(),
[INFO] [stdout]     |                                ^^^^^^^^^^^^^^^^^^^^^^^^^^ the trait `proptest::arbitrary::Arbitrary` is not implemented for `ip::any::Prefix`
[INFO] [stdout] ...
[INFO] [stdout] 154 | / property_tests! {
[INFO] [stdout] 155 | |     ipv4 => Ipv4,
[INFO] [stdout] 156 | |     ipv6 => Ipv6,
[INFO] [stdout] 157 | |     any => Any,
[INFO] [stdout] 158 | | }
[INFO] [stdout]     | |_- in this macro invocation
[INFO] [stdout]     |
[INFO] [stdout]     = help: the following other types implement trait `proptest::arbitrary::Arbitrary`:
[INFO] [stdout]               bool
[INFO] [stdout]               char
[INFO] [stdout]               isize
[INFO] [stdout]               i8
[INFO] [stdout]               i16
[INFO] [stdout]               i32
[INFO] [stdout]               i64
[INFO] [stdout]               i128
[INFO] [stdout]             and 183 others
[INFO] [stdout] note: required for `TestPrefixSet<ip::Any>` to implement `proptest::arbitrary::Arbitrary`
[INFO] [stdout]    --> tests/prefix-set-proptests.rs:24:19
[INFO] [stdout]     |
[INFO] [stdout] 24  | impl<A: AfiClass> Arbitrary for TestPrefixSet<A>
[INFO] [stdout]     |                   ^^^^^^^^^     ^^^^^^^^^^^^^^^^
[INFO] [stdout] ...
[INFO] [stdout] 27  |     Prefix<A>: Arbitrary + 'static,
[INFO] [stdout]     |                --------- unsatisfied trait bound introduced here
[INFO] [stdout]     = note: this error originates in the macro `property_tests` (in Nightly builds, run with -Z macro-backtrace for more info)
[INFO] [stdout] 
[INFO] [stdout] 
[INFO] [stdout] error[E0277]: the trait bound `ip::any::Prefix: proptest::arbitrary::Arbitrary` is not satisfied
[INFO] [stdout]    --> tests/prefix-set-proptests.rs:105:30
[INFO] [stdout]     |
[INFO] [stdout] 105 |                           s in any::<TestPrefixSet<$p>>(),
[INFO] [stdout]     |                                ^^^^^^^^^^^^^^^^^^^^^^^^^^ the trait `proptest::arbitrary::Arbitrary` is not implemented for `ip::any::Prefix`
[INFO] [stdout] ...
[INFO] [stdout] 154 | / property_tests! {
[INFO] [stdout] 155 | |     ipv4 => Ipv4,
[INFO] [stdout] 156 | |     ipv6 => Ipv6,
[INFO] [stdout] 157 | |     any => Any,
[INFO] [stdout] 158 | | }
[INFO] [stdout]     | |_- in this macro invocation
[INFO] [stdout]     |
[INFO] [stdout]     = help: the following other types implement trait `proptest::arbitrary::Arbitrary`:
[INFO] [stdout]               bool
[INFO] [stdout]               char
[INFO] [stdout]               isize
[INFO] [stdout]               i8
[INFO] [stdout]               i16
[INFO] [stdout]               i32
[INFO] [stdout]               i64
[INFO] [stdout]               i128
[INFO] [stdout]             and 183 others
[INFO] [stdout] note: required for `TestPrefixSet<ip::Any>` to implement `proptest::arbitrary::Arbitrary`
[INFO] [stdout]    --> tests/prefix-set-proptests.rs:24:19
[INFO] [stdout]     |
[INFO] [stdout] 24  | impl<A: AfiClass> Arbitrary for TestPrefixSet<A>
[INFO] [stdout]     |                   ^^^^^^^^^     ^^^^^^^^^^^^^^^^
[INFO] [stdout] ...
[INFO] [stdout] 27  |     Prefix<A>: Arbitrary + 'static,
[INFO] [stdout]     |                --------- unsatisfied trait bound introduced here
[INFO] [stdout]     = note: this error originates in the macro `property_tests` (in Nightly builds, run with -Z macro-backtrace for more info)
[INFO] [stdout] 
[INFO] [stdout] 
[INFO] [stdout] error[E0277]: the trait bound `ip::any::Prefix: proptest::arbitrary::Arbitrary` is not satisfied
[INFO] [stdout]    --> tests/prefix-set-proptests.rs:118:30
[INFO] [stdout]     |
[INFO] [stdout] 118 |                           s in any::<TestPrefixSet<$p>>(),
[INFO] [stdout]     |                                ^^^^^^^^^^^^^^^^^^^^^^^^^^ the trait `proptest::arbitrary::Arbitrary` is not implemented for `ip::any::Prefix`
[INFO] [stdout] ...
[INFO] [stdout] 154 | / property_tests! {
[INFO] [stdout] 155 | |     ipv4 => Ipv4,
[INFO] [stdout] 156 | |     ipv6 => Ipv6,
[INFO] [stdout] 157 | |     any => Any,
[INFO] [stdout] 158 | | }
[INFO] [stdout]     | |_- in this macro invocation
[INFO] [stdout]     |
[INFO] [stdout]     = help: the following other types implement trait `proptest::arbitrary::Arbitrary`:
[INFO] [stdout]               bool
[INFO] [stdout]               char
[INFO] [stdout]               isize
[INFO] [stdout]               i8
[INFO] [stdout]               i16
[INFO] [stdout]               i32
[INFO] [stdout]               i64
[INFO] [stdout]               i128
[INFO] [stdout]             and 183 others
[INFO] [stdout] note: required for `TestPrefixSet<ip::Any>` to implement `proptest::arbitrary::Arbitrary`
[INFO] [stdout]    --> tests/prefix-set-proptests.rs:24:19
[INFO] [stdout]     |
[INFO] [stdout] 24  | impl<A: AfiClass> Arbitrary for TestPrefixSet<A>
[INFO] [stdout]     |                   ^^^^^^^^^     ^^^^^^^^^^^^^^^^
[INFO] [stdout] ...
[INFO] [stdout] 27  |     Prefix<A>: Arbitrary + 'static,
[INFO] [stdout]     |                --------- unsatisfied trait bound introduced here
[INFO] [stdout]     = note: this error originates in the macro `property_tests` (in Nightly builds, run with -Z macro-backtrace for more info)
[INFO] [stdout] 
[INFO] [stdout] 
[INFO] [stdout] error[E0277]: the trait bound `ip::any::Prefix: proptest::arbitrary::Arbitrary` is not satisfied
[INFO] [stdout]    --> tests/prefix-set-proptests.rs:131:30
[INFO] [stdout]     |
[INFO] [stdout] 131 |                           s in any::<TestPrefixSet<$p>>(),
[INFO] [stdout]     |                                ^^^^^^^^^^^^^^^^^^^^^^^^^^ the trait `proptest::arbitrary::Arbitrary` is not implemented for `ip::any::Prefix`
[INFO] [stdout] ...
[INFO] [stdout] 154 | / property_tests! {
[INFO] [stdout] 155 | |     ipv4 => Ipv4,
[INFO] [stdout] 156 | |     ipv6 => Ipv6,
[INFO] [stdout] 157 | |     any => Any,
[INFO] [stdout] 158 | | }
[INFO] [stdout]     | |_- in this macro invocation
[INFO] [stdout]     |
[INFO] [stdout]     = help: the following other types implement trait `proptest::arbitrary::Arbitrary`:
[INFO] [stdout]               bool
[INFO] [stdout]               char
[INFO] [stdout]               isize
[INFO] [stdout]               i8
[INFO] [stdout]               i16
[INFO] [stdout]               i32
[INFO] [stdout]               i64
[INFO] [stdout]               i128
[INFO] [stdout]             and 183 others
[INFO] [stdout] note: required for `TestPrefixSet<ip::Any>` to implement `proptest::arbitrary::Arbitrary`
[INFO] [stdout]    --> tests/prefix-set-proptests.rs:24:19
[INFO] [stdout]     |
[INFO] [stdout] 24  | impl<A: AfiClass> Arbitrary for TestPrefixSet<A>
[INFO] [stdout]     |                   ^^^^^^^^^     ^^^^^^^^^^^^^^^^
[INFO] [stdout] ...
[INFO] [stdout] 27  |     Prefix<A>: Arbitrary + 'static,
[INFO] [stdout]     |                --------- unsatisfied trait bound introduced here
[INFO] [stdout]     = note: this error originates in the macro `property_tests` (in Nightly builds, run with -Z macro-backtrace for more info)
[INFO] [stdout] 
[INFO] [stdout] 
[INFO] [stdout] error[E0277]: the trait bound `ip::any::Prefix: proptest::arbitrary::Arbitrary` is not satisfied
[INFO] [stdout]    --> tests/prefix-set-proptests.rs:141:30
[INFO] [stdout]     |
[INFO] [stdout] 141 |                           s in any::<TestPrefixSet<$p>>(),
[INFO] [stdout]     |                                ^^^^^^^^^^^^^^^^^^^^^^^^^^ the trait `proptest::arbitrary::Arbitrary` is not implemented for `ip::any::Prefix`
[INFO] [stdout] ...
[INFO] [stdout] 154 | / property_tests! {
[INFO] [stdout] 155 | |     ipv4 => Ipv4,
[INFO] [stdout] 156 | |     ipv6 => Ipv6,
[INFO] [stdout] 157 | |     any => Any,
[INFO] [stdout] 158 | | }
[INFO] [stdout]     | |_- in this macro invocation
[INFO] [stdout]     |
[INFO] [stdout]     = help: the following other types implement trait `proptest::arbitrary::Arbitrary`:
[INFO] [stdout]               bool
[INFO] [stdout]               char
[INFO] [stdout]               isize
[INFO] [stdout]               i8
[INFO] [stdout]               i16
[INFO] [stdout]               i32
[INFO] [stdout]               i64
[INFO] [stdout]               i128
[INFO] [stdout]             and 183 others
[INFO] [stdout] note: required for `TestPrefixSet<ip::Any>` to implement `proptest::arbitrary::Arbitrary`
[INFO] [stdout]    --> tests/prefix-set-proptests.rs:24:19
[INFO] [stdout]     |
[INFO] [stdout] 24  | impl<A: AfiClass> Arbitrary for TestPrefixSet<A>
[INFO] [stdout]     |                   ^^^^^^^^^     ^^^^^^^^^^^^^^^^
[INFO] [stdout] ...
[INFO] [stdout] 27  |     Prefix<A>: Arbitrary + 'static,
[INFO] [stdout]     |                --------- unsatisfied trait bound introduced here
[INFO] [stdout]     = note: this error originates in the macro `property_tests` (in Nightly builds, run with -Z macro-backtrace for more info)
[INFO] [stdout] 
[INFO] [stdout] 
[INFO] [stdout] error: aborting due to 27 previous errors
[INFO] [stdout] 
[INFO] [stdout] 
[INFO] [stdout] For more information about this error, try `rustc --explain E0277`.
[INFO] [stdout] 
[INFO] [stdout] error[E0432]: unresolved import `utils`
[INFO] [stdout]    --> src/lib.rs:246:9
[INFO] [stdout]     |
[INFO] [stdout] 246 |     use utils as _;
[INFO] [stdout]     |         ^^^^^^^^^^ no external crate `utils`
[INFO] [stdout] 
[INFO] [stdout] 
[INFO] [stderr] error: could not compile `generic-ip` (test "prefix-set-proptests") due to 28 previous errors
[INFO] [stdout] error: aborting due to 1 previous error
[INFO] [stdout] 
[INFO] [stdout] 
[INFO] [stdout] For more information about this error, try `rustc --explain E0432`.
[INFO] [stdout] 
[INFO] [stderr] error: could not compile `generic-ip` (lib test) due to 2 previous errors
[INFO] running `Command { std: "docker" "inspect" "3776d8f87065982fd813ef1aa21502194ee8250c80ea1e1f87dfae30853edeb1", kill_on_drop: false }`
[INFO] running `Command { std: "docker" "rm" "-f" "3776d8f87065982fd813ef1aa21502194ee8250c80ea1e1f87dfae30853edeb1", kill_on_drop: false }`
[INFO] [stdout] 3776d8f87065982fd813ef1aa21502194ee8250c80ea1e1f87dfae30853edeb1
