[INFO] fetching crate generator_extensions 0.1.1...
[INFO] testing generator_extensions-0.1.1 against 1.75.0 for beta-1.76-1
[INFO] extracting crate generator_extensions 0.1.1 into /workspace/builds/worker-0-tc1/source
[INFO] validating manifest of crates.io crate generator_extensions 0.1.1 on toolchain 1.75.0
[INFO] running `Command { std: CARGO_HOME="/workspace/cargo-home" RUSTUP_HOME="/workspace/rustup-home" "/workspace/cargo-home/bin/cargo" "+1.75.0" "metadata" "--manifest-path" "Cargo.toml" "--no-deps", kill_on_drop: false }`
[INFO] started tweaking crates.io crate generator_extensions 0.1.1
[INFO] finished tweaking crates.io crate generator_extensions 0.1.1
[INFO] tweaked toml for crates.io crate generator_extensions 0.1.1 written to /workspace/builds/worker-0-tc1/source/Cargo.toml
[INFO] running `Command { std: CARGO_HOME="/workspace/cargo-home" RUSTUP_HOME="/workspace/rustup-home" "/workspace/cargo-home/bin/cargo" "+1.75.0" "generate-lockfile" "--manifest-path" "Cargo.toml", kill_on_drop: false }`
[INFO] running `Command { std: CARGO_HOME="/workspace/cargo-home" RUSTUP_HOME="/workspace/rustup-home" "/workspace/cargo-home/bin/cargo" "+1.75.0" "fetch" "--manifest-path" "Cargo.toml", kill_on_drop: false }`
[INFO] running `Command { std: "docker" "create" "-v" "/var/lib/crater-agent-workspace/builds/worker-0-tc1/target:/opt/rustwide/target:rw,Z" "-v" "/var/lib/crater-agent-workspace/builds/worker-0-tc1/source:/opt/rustwide/workdir:ro,Z" "-v" "/var/lib/crater-agent-workspace/cargo-home:/opt/rustwide/cargo-home:ro,Z" "-v" "/var/lib/crater-agent-workspace/rustup-home:/opt/rustwide/rustup-home:ro,Z" "-e" "SOURCE_DIR=/opt/rustwide/workdir" "-e" "CARGO_TARGET_DIR=/opt/rustwide/target" "-e" "CARGO_HOME=/opt/rustwide/cargo-home" "-e" "RUSTUP_HOME=/opt/rustwide/rustup-home" "-w" "/opt/rustwide/workdir" "-m" "1610612736" "--user" "0:0" "--network" "none" "ghcr.io/rust-lang/crates-build-env/linux@sha256:2788e3201cd34a07e3172128adcd8b3090168a8e3bcc40d7c032b9dda1df7d1c" "/opt/rustwide/cargo-home/bin/cargo" "+1.75.0" "metadata" "--no-deps" "--format-version=1", kill_on_drop: false }`
[INFO] [stdout] 4cc55edff9e9bdfac0d95d5aa52569a58093b7c67f6f648e621f7c5c073d33ed
[INFO] running `Command { std: "docker" "start" "-a" "4cc55edff9e9bdfac0d95d5aa52569a58093b7c67f6f648e621f7c5c073d33ed", kill_on_drop: false }`
[INFO] running `Command { std: "docker" "inspect" "4cc55edff9e9bdfac0d95d5aa52569a58093b7c67f6f648e621f7c5c073d33ed", kill_on_drop: false }`
[INFO] running `Command { std: "docker" "rm" "-f" "4cc55edff9e9bdfac0d95d5aa52569a58093b7c67f6f648e621f7c5c073d33ed", kill_on_drop: false }`
[INFO] [stdout] 4cc55edff9e9bdfac0d95d5aa52569a58093b7c67f6f648e621f7c5c073d33ed
[INFO] running `Command { std: "docker" "create" "-v" "/var/lib/crater-agent-workspace/builds/worker-0-tc1/target:/opt/rustwide/target:rw,Z" "-v" "/var/lib/crater-agent-workspace/builds/worker-0-tc1/source:/opt/rustwide/workdir:ro,Z" "-v" "/var/lib/crater-agent-workspace/cargo-home:/opt/rustwide/cargo-home:ro,Z" "-v" "/var/lib/crater-agent-workspace/rustup-home:/opt/rustwide/rustup-home:ro,Z" "-e" "SOURCE_DIR=/opt/rustwide/workdir" "-e" "CARGO_TARGET_DIR=/opt/rustwide/target" "-e" "CARGO_INCREMENTAL=0" "-e" "RUST_BACKTRACE=full" "-e" "RUSTFLAGS=--cap-lints=warn" "-e" "RUSTDOCFLAGS=--cap-lints=warn" "-e" "CARGO_HOME=/opt/rustwide/cargo-home" "-e" "RUSTUP_HOME=/opt/rustwide/rustup-home" "-w" "/opt/rustwide/workdir" "-m" "1610612736" "--user" "0:0" "--network" "none" "ghcr.io/rust-lang/crates-build-env/linux@sha256:2788e3201cd34a07e3172128adcd8b3090168a8e3bcc40d7c032b9dda1df7d1c" "/opt/rustwide/cargo-home/bin/cargo" "+1.75.0" "build" "--frozen" "--message-format=json", kill_on_drop: false }`
[INFO] [stdout] 106dcfba8f8419d9c53edeabbe59db6a5f379fb5b489d1d6524c28eb6ddfa2b7
[INFO] running `Command { std: "docker" "start" "-a" "106dcfba8f8419d9c53edeabbe59db6a5f379fb5b489d1d6524c28eb6ddfa2b7", kill_on_drop: false }`
[INFO] [stderr]    Compiling generator_extensions v0.1.1 (/opt/rustwide/workdir)
[INFO] [stdout] error[E0432]: unresolved imports `core::ops::Generator`, `core::ops::GeneratorState`
[INFO] [stdout]   --> src/gen.rs:12:17
[INFO] [stdout]    |
[INFO] [stdout] 12 | use core::ops::{Generator, GeneratorState};
[INFO] [stdout]    |                 ^^^^^^^^^  ^^^^^^^^^^^^^^ no `GeneratorState` in `ops`
[INFO] [stdout]    |                 |
[INFO] [stdout]    |                 no `Generator` in `ops`
[INFO] [stdout] 
[INFO] [stdout] 
[INFO] [stdout] error[E0432]: unresolved imports `core::ops::Generator`, `core::ops::GeneratorState`
[INFO] [stdout]  --> src/iter.rs:9:17
[INFO] [stdout]   |
[INFO] [stdout] 9 | use core::ops::{Generator, GeneratorState};
[INFO] [stdout]   |                 ^^^^^^^^^  ^^^^^^^^^^^^^^ no `GeneratorState` in `ops`
[INFO] [stdout]   |                 |
[INFO] [stdout]   |                 no `Generator` in `ops`
[INFO] [stdout] 
[INFO] [stdout] 
[INFO] [stdout] error[E0432]: unresolved imports `core::ops::Generator`, `core::ops::GeneratorState`
[INFO] [stdout]   --> src/lib.rs:62:21
[INFO] [stdout]    |
[INFO] [stdout] 62 | pub use core::ops::{Generator, GeneratorState};
[INFO] [stdout]    |                     ^^^^^^^^^  ^^^^^^^^^^^^^^ no `GeneratorState` in `ops`
[INFO] [stdout]    |                     |
[INFO] [stdout]    |                     no `Generator` in `ops`
[INFO] [stdout] 
[INFO] [stdout] 
[INFO] [stdout] error[E0554]: `#![feature]` may not be used on the stable release channel
[INFO] [stdout]  --> src/lib.rs:9:12
[INFO] [stdout]   |
[INFO] [stdout] 9 | #![feature(generator_trait)]
[INFO] [stdout]   |            ^^^^^^^^^^^^^^^
[INFO] [stdout] 
[INFO] [stdout] 
[INFO] [stdout] error[E0635]: unknown feature `generator_trait`
[INFO] [stdout]  --> src/lib.rs:9:12
[INFO] [stdout]   |
[INFO] [stdout] 9 | #![feature(generator_trait)]
[INFO] [stdout]   |            ^^^^^^^^^^^^^^^
[INFO] [stdout] 
[INFO] [stdout] 
[INFO] [stdout] error: aborting due to 5 previous errors
[INFO] [stdout] 
[INFO] [stdout] 
[INFO] [stdout] Some errors have detailed explanations: E0432, E0554, E0635.
[INFO] [stdout] 
[INFO] [stdout] For more information about an error, try `rustc --explain E0432`.
[INFO] [stdout] 
[INFO] [stderr] error: could not compile `generator_extensions` (lib) due to 6 previous errors
[INFO] running `Command { std: "docker" "inspect" "106dcfba8f8419d9c53edeabbe59db6a5f379fb5b489d1d6524c28eb6ddfa2b7", kill_on_drop: false }`
[INFO] running `Command { std: "docker" "rm" "-f" "106dcfba8f8419d9c53edeabbe59db6a5f379fb5b489d1d6524c28eb6ddfa2b7", kill_on_drop: false }`
[INFO] [stdout] 106dcfba8f8419d9c53edeabbe59db6a5f379fb5b489d1d6524c28eb6ddfa2b7
