[INFO] fetching crate gen_gcode 0.1.0...
[INFO] testing gen_gcode-0.1.0 against 1.75.0 for beta-1.76-1
[INFO] extracting crate gen_gcode 0.1.0 into /workspace/builds/worker-6-tc1/source
[INFO] validating manifest of crates.io crate gen_gcode 0.1.0 on toolchain 1.75.0
[INFO] running `Command { std: CARGO_HOME="/workspace/cargo-home" RUSTUP_HOME="/workspace/rustup-home" "/workspace/cargo-home/bin/cargo" "+1.75.0" "metadata" "--manifest-path" "Cargo.toml" "--no-deps", kill_on_drop: false }`
[INFO] started tweaking crates.io crate gen_gcode 0.1.0
[INFO] finished tweaking crates.io crate gen_gcode 0.1.0
[INFO] tweaked toml for crates.io crate gen_gcode 0.1.0 written to /workspace/builds/worker-6-tc1/source/Cargo.toml
[INFO] crate crates.io crate gen_gcode 0.1.0 already has a lockfile, it will not be regenerated
[INFO] running `Command { std: CARGO_HOME="/workspace/cargo-home" RUSTUP_HOME="/workspace/rustup-home" "/workspace/cargo-home/bin/cargo" "+1.75.0" "fetch" "--manifest-path" "Cargo.toml", kill_on_drop: false }`
[INFO] running `Command { std: "docker" "create" "-v" "/var/lib/crater-agent-workspace/builds/worker-6-tc1/target:/opt/rustwide/target:rw,Z" "-v" "/var/lib/crater-agent-workspace/builds/worker-6-tc1/source:/opt/rustwide/workdir:ro,Z" "-v" "/var/lib/crater-agent-workspace/cargo-home:/opt/rustwide/cargo-home:ro,Z" "-v" "/var/lib/crater-agent-workspace/rustup-home:/opt/rustwide/rustup-home:ro,Z" "-e" "SOURCE_DIR=/opt/rustwide/workdir" "-e" "CARGO_TARGET_DIR=/opt/rustwide/target" "-e" "CARGO_HOME=/opt/rustwide/cargo-home" "-e" "RUSTUP_HOME=/opt/rustwide/rustup-home" "-w" "/opt/rustwide/workdir" "-m" "1610612736" "--user" "0:0" "--network" "none" "ghcr.io/rust-lang/crates-build-env/linux@sha256:2788e3201cd34a07e3172128adcd8b3090168a8e3bcc40d7c032b9dda1df7d1c" "/opt/rustwide/cargo-home/bin/cargo" "+1.75.0" "metadata" "--no-deps" "--format-version=1", kill_on_drop: false }`
[INFO] [stdout] 33e647844b86d51e9cadc19970138bef888779a451e485d03c7de68940a6c948
[INFO] running `Command { std: "docker" "start" "-a" "33e647844b86d51e9cadc19970138bef888779a451e485d03c7de68940a6c948", kill_on_drop: false }`
[INFO] running `Command { std: "docker" "inspect" "33e647844b86d51e9cadc19970138bef888779a451e485d03c7de68940a6c948", kill_on_drop: false }`
[INFO] running `Command { std: "docker" "rm" "-f" "33e647844b86d51e9cadc19970138bef888779a451e485d03c7de68940a6c948", kill_on_drop: false }`
[INFO] [stdout] 33e647844b86d51e9cadc19970138bef888779a451e485d03c7de68940a6c948
[INFO] running `Command { std: "docker" "create" "-v" "/var/lib/crater-agent-workspace/builds/worker-6-tc1/target:/opt/rustwide/target:rw,Z" "-v" "/var/lib/crater-agent-workspace/builds/worker-6-tc1/source:/opt/rustwide/workdir:ro,Z" "-v" "/var/lib/crater-agent-workspace/cargo-home:/opt/rustwide/cargo-home:ro,Z" "-v" "/var/lib/crater-agent-workspace/rustup-home:/opt/rustwide/rustup-home:ro,Z" "-e" "SOURCE_DIR=/opt/rustwide/workdir" "-e" "CARGO_TARGET_DIR=/opt/rustwide/target" "-e" "CARGO_INCREMENTAL=0" "-e" "RUST_BACKTRACE=full" "-e" "RUSTFLAGS=--cap-lints=warn" "-e" "RUSTDOCFLAGS=--cap-lints=warn" "-e" "CARGO_HOME=/opt/rustwide/cargo-home" "-e" "RUSTUP_HOME=/opt/rustwide/rustup-home" "-w" "/opt/rustwide/workdir" "-m" "1610612736" "--user" "0:0" "--network" "none" "ghcr.io/rust-lang/crates-build-env/linux@sha256:2788e3201cd34a07e3172128adcd8b3090168a8e3bcc40d7c032b9dda1df7d1c" "/opt/rustwide/cargo-home/bin/cargo" "+1.75.0" "build" "--frozen" "--message-format=json", kill_on_drop: false }`
[INFO] [stdout] 9b74e8a89c1fcbff098837d026e6fd0d8c5bc756dc55d4c2d0e44abd6a638e32
[INFO] running `Command { std: "docker" "start" "-a" "9b74e8a89c1fcbff098837d026e6fd0d8c5bc756dc55d4c2d0e44abd6a638e32", kill_on_drop: false }`
[INFO] [stderr]    Compiling gen_gcode v0.1.0 (/opt/rustwide/workdir)
[INFO] [stderr]     Finished dev [unoptimized + debuginfo] target(s) in 0.17s
[INFO] running `Command { std: "docker" "inspect" "9b74e8a89c1fcbff098837d026e6fd0d8c5bc756dc55d4c2d0e44abd6a638e32", kill_on_drop: false }`
[INFO] running `Command { std: "docker" "rm" "-f" "9b74e8a89c1fcbff098837d026e6fd0d8c5bc756dc55d4c2d0e44abd6a638e32", kill_on_drop: false }`
[INFO] [stdout] 9b74e8a89c1fcbff098837d026e6fd0d8c5bc756dc55d4c2d0e44abd6a638e32
[INFO] running `Command { std: "docker" "create" "-v" "/var/lib/crater-agent-workspace/builds/worker-6-tc1/target:/opt/rustwide/target:rw,Z" "-v" "/var/lib/crater-agent-workspace/builds/worker-6-tc1/source:/opt/rustwide/workdir:ro,Z" "-v" "/var/lib/crater-agent-workspace/cargo-home:/opt/rustwide/cargo-home:ro,Z" "-v" "/var/lib/crater-agent-workspace/rustup-home:/opt/rustwide/rustup-home:ro,Z" "-e" "SOURCE_DIR=/opt/rustwide/workdir" "-e" "CARGO_TARGET_DIR=/opt/rustwide/target" "-e" "CARGO_INCREMENTAL=0" "-e" "RUST_BACKTRACE=full" "-e" "RUSTFLAGS=--cap-lints=warn" "-e" "RUSTDOCFLAGS=--cap-lints=warn" "-e" "CARGO_HOME=/opt/rustwide/cargo-home" "-e" "RUSTUP_HOME=/opt/rustwide/rustup-home" "-w" "/opt/rustwide/workdir" "-m" "1610612736" "--user" "0:0" "--network" "none" "ghcr.io/rust-lang/crates-build-env/linux@sha256:2788e3201cd34a07e3172128adcd8b3090168a8e3bcc40d7c032b9dda1df7d1c" "/opt/rustwide/cargo-home/bin/cargo" "+1.75.0" "test" "--frozen" "--no-run" "--message-format=json", kill_on_drop: false }`
[INFO] [stdout] 353d24783c626b712397f5a77be56e2970e61dd940614901be3c12152913a0b9
[INFO] running `Command { std: "docker" "start" "-a" "353d24783c626b712397f5a77be56e2970e61dd940614901be3c12152913a0b9", kill_on_drop: false }`
[INFO] [stderr]    Compiling gen_gcode v0.1.0 (/opt/rustwide/workdir)
[INFO] [stdout] warning: unused variable: `print_area_z`
[INFO] [stdout]   --> examples/2wallbox.rs:11:9
[INFO] [stdout]    |
[INFO] [stdout] 11 |     let print_area_z = 250;
[INFO] [stdout]    |         ^^^^^^^^^^^^ help: if this is intentional, prefix it with an underscore: `_print_area_z`
[INFO] [stdout]    |
[INFO] [stdout]    = note: `#[warn(unused_variables)]` on by default
[INFO] [stdout] 
[INFO] [stdout] 
[INFO] [stdout] warning: unused variable: `num_bottom_layers`
[INFO] [stdout]   --> examples/2wallbox.rs:20:9
[INFO] [stdout]    |
[INFO] [stdout] 20 |     let num_bottom_layers = &bottom_thickness/&layer_hight;
[INFO] [stdout]    |         ^^^^^^^^^^^^^^^^^ help: if this is intentional, prefix it with an underscore: `_num_bottom_layers`
[INFO] [stdout] 
[INFO] [stdout] 
[INFO] [stdout] warning: unused variable: `num_top_layers`
[INFO] [stdout]   --> examples/2wallbox.rs:22:9
[INFO] [stdout]    |
[INFO] [stdout] 22 |     let num_top_layers = &top_thickness/&layer_hight;
[INFO] [stdout]    |         ^^^^^^^^^^^^^^ help: if this is intentional, prefix it with an underscore: `_num_top_layers`
[INFO] [stdout] 
[INFO] [stdout] 
[INFO] [stdout] warning: function `layer_change` is never used
[INFO] [stdout]    --> examples/2wallbox.rs:104:4
[INFO] [stdout]     |
[INFO] [stdout] 104 | fn layer_change(cur_layer_end: Point3d, new_layer_start: Point3d, layer_hight: f32) -> Vec<String> {
[INFO] [stdout]     |    ^^^^^^^^^^^^
[INFO] [stdout]     |
[INFO] [stdout]     = note: `#[warn(dead_code)]` on by default
[INFO] [stdout] 
[INFO] [stdout] 
[INFO] [stdout] warning: unused `Result` that must be used
[INFO] [stdout]   --> examples/2wallbox.rs:30:5
[INFO] [stdout]    |
[INFO] [stdout] 30 |     file.write(wait_bed_temp(bed_temp).as_bytes());
[INFO] [stdout]    |     ^^^^^^^^^^^^^^^^^^^^^^^^^^^^^^^^^^^^^^^^^^^^^^
[INFO] [stdout]    |
[INFO] [stdout]    = note: this `Result` may be an `Err` variant, which should be handled
[INFO] [stdout]    = note: `#[warn(unused_must_use)]` on by default
[INFO] [stdout] help: use `let _ = ...` to ignore the resulting value
[INFO] [stdout]    |
[INFO] [stdout] 30 |     let _ = file.write(wait_bed_temp(bed_temp).as_bytes());
[INFO] [stdout]    |     +++++++
[INFO] [stdout] 
[INFO] [stdout] 
[INFO] [stdout] warning: unused `Result` that must be used
[INFO] [stdout]   --> examples/2wallbox.rs:31:5
[INFO] [stdout]    |
[INFO] [stdout] 31 |     file.write(wait_hotend_temp(nozzle_temp, None).as_bytes());
[INFO] [stdout]    |     ^^^^^^^^^^^^^^^^^^^^^^^^^^^^^^^^^^^^^^^^^^^^^^^^^^^^^^^^^^
[INFO] [stdout]    |
[INFO] [stdout]    = note: this `Result` may be an `Err` variant, which should be handled
[INFO] [stdout] help: use `let _ = ...` to ignore the resulting value
[INFO] [stdout]    |
[INFO] [stdout] 31 |     let _ = file.write(wait_hotend_temp(nozzle_temp, None).as_bytes());
[INFO] [stdout]    |     +++++++
[INFO] [stdout] 
[INFO] [stdout] 
[INFO] [stdout] warning: unused `Result` that must be used
[INFO] [stdout]   --> examples/2wallbox.rs:32:5
[INFO] [stdout]    |
[INFO] [stdout] 32 |     file.write(absolute_extrution().as_bytes());
[INFO] [stdout]    |     ^^^^^^^^^^^^^^^^^^^^^^^^^^^^^^^^^^^^^^^^^^^
[INFO] [stdout]    |
[INFO] [stdout]    = note: this `Result` may be an `Err` variant, which should be handled
[INFO] [stdout] help: use `let _ = ...` to ignore the resulting value
[INFO] [stdout]    |
[INFO] [stdout] 32 |     let _ = file.write(absolute_extrution().as_bytes());
[INFO] [stdout]    |     +++++++
[INFO] [stdout] 
[INFO] [stdout] 
[INFO] [stdout] warning: unused `Result` that must be used
[INFO] [stdout]   --> examples/2wallbox.rs:33:5
[INFO] [stdout]    |
[INFO] [stdout] 33 |     file.write(auto_home().as_bytes());
[INFO] [stdout]    |     ^^^^^^^^^^^^^^^^^^^^^^^^^^^^^^^^^^
[INFO] [stdout]    |
[INFO] [stdout]    = note: this `Result` may be an `Err` variant, which should be handled
[INFO] [stdout] help: use `let _ = ...` to ignore the resulting value
[INFO] [stdout]    |
[INFO] [stdout] 33 |     let _ = file.write(auto_home().as_bytes());
[INFO] [stdout]    |     +++++++
[INFO] [stdout] 
[INFO] [stdout] 
[INFO] [stdout] warning: unused `Result` that must be used
[INFO] [stdout]   --> examples/2wallbox.rs:34:5
[INFO] [stdout]    |
[INFO] [stdout] 34 |     file.write(reset_extruder(0.0).as_bytes());
[INFO] [stdout]    |     ^^^^^^^^^^^^^^^^^^^^^^^^^^^^^^^^^^^^^^^^^^
[INFO] [stdout]    |
[INFO] [stdout]    = note: this `Result` may be an `Err` variant, which should be handled
[INFO] [stdout] help: use `let _ = ...` to ignore the resulting value
[INFO] [stdout]    |
[INFO] [stdout] 34 |     let _ = file.write(reset_extruder(0.0).as_bytes());
[INFO] [stdout]    |     +++++++
[INFO] [stdout] 
[INFO] [stdout] 
[INFO] [stdout] warning: unused `Result` that must be used
[INFO] [stdout]   --> examples/2wallbox.rs:35:5
[INFO] [stdout]    |
[INFO] [stdout] 35 |     file.write(move_xyz(Point3d { x: 0.0, y: 0.0, z: 2.0 }, false, move_feed_rate, None).as_bytes());
[INFO] [stdout]    |     ^^^^^^^^^^^^^^^^^^^^^^^^^^^^^^^^^^^^^^^^^^^^^^^^^^^^^^^^^^^^^^^^^^^^^^^^^^^^^^^^^^^^^^^^^^^^^^^^
[INFO] [stdout]    |
[INFO] [stdout]    = note: this `Result` may be an `Err` variant, which should be handled
[INFO] [stdout] help: use `let _ = ...` to ignore the resulting value
[INFO] [stdout]    |
[INFO] [stdout] 35 |     let _ = file.write(move_xyz(Point3d { x: 0.0, y: 0.0, z: 2.0 }, false, move_feed_rate, None).as_bytes());
[INFO] [stdout]    |     +++++++
[INFO] [stdout] 
[INFO] [stdout] 
[INFO] [stdout] warning: unused `Result` that must be used
[INFO] [stdout]   --> examples/2wallbox.rs:41:9
[INFO] [stdout]    |
[INFO] [stdout] 41 |         file.write(move_xyz(start_point, false, move_feed_rate, None).as_bytes());
[INFO] [stdout]    |         ^^^^^^^^^^^^^^^^^^^^^^^^^^^^^^^^^^^^^^^^^^^^^^^^^^^^^^^^^^^^^^^^^^^^^^^^^
[INFO] [stdout]    |
[INFO] [stdout]    = note: this `Result` may be an `Err` variant, which should be handled
[INFO] [stdout] help: use `let _ = ...` to ignore the resulting value
[INFO] [stdout]    |
[INFO] [stdout] 41 |         let _ = file.write(move_xyz(start_point, false, move_feed_rate, None).as_bytes());
[INFO] [stdout]    |         +++++++
[INFO] [stdout] 
[INFO] [stdout] 
[INFO] [stdout] warning: unused `Result` that must be used
[INFO] [stdout]   --> examples/2wallbox.rs:46:13
[INFO] [stdout]    |
[INFO] [stdout] 46 |             file.write(move_xyz(p, true, print_feed_rate, Some(e_dest)).as_bytes());
[INFO] [stdout]    |             ^^^^^^^^^^^^^^^^^^^^^^^^^^^^^^^^^^^^^^^^^^^^^^^^^^^^^^^^^^^^^^^^^^^^^^^
[INFO] [stdout]    |
[INFO] [stdout]    = note: this `Result` may be an `Err` variant, which should be handled
[INFO] [stdout] help: use `let _ = ...` to ignore the resulting value
[INFO] [stdout]    |
[INFO] [stdout] 46 |             let _ = file.write(move_xyz(p, true, print_feed_rate, Some(e_dest)).as_bytes());
[INFO] [stdout]    |             +++++++
[INFO] [stdout] 
[INFO] [stdout] 
[INFO] [stdout] error[E0308]: mismatched types
[INFO] [stdout]   --> src/lib.rs:36:40
[INFO] [stdout]    |
[INFO] [stdout] 36 |         let gcode = set_pos_2d(p, Some(90));
[INFO] [stdout]    |                                   ---- ^^
[INFO] [stdout]    |                                   |    |
[INFO] [stdout]    |                                   |    expected `f32`, found integer
[INFO] [stdout]    |                                   |    help: use a float literal: `90.0`
[INFO] [stdout]    |                                   arguments to this enum variant are incorrect
[INFO] [stdout]    |
[INFO] [stdout] help: the type constructed contains `{integer}` due to the type of the argument passed
[INFO] [stdout]   --> src/lib.rs:36:35
[INFO] [stdout]    |
[INFO] [stdout] 36 |         let gcode = set_pos_2d(p, Some(90));
[INFO] [stdout]    |                                   ^^^^^--^
[INFO] [stdout]    |                                        |
[INFO] [stdout]    |                                        this argument influences the type of `Some`
[INFO] [stdout] note: tuple variant defined here
[INFO] [stdout]   --> /rustc/82e1608dfa6e0b5569232559e3d385fea5a93112/library/core/src/option.rs:577:5
[INFO] [stdout] 
[INFO] [stdout] 
[INFO] [stdout] error[E0308]: mismatched types
[INFO] [stdout]   --> src/lib.rs:50:40
[INFO] [stdout]    |
[INFO] [stdout] 50 |         let gcode = set_pos_3d(p, Some(90));
[INFO] [stdout]    |                                   ---- ^^
[INFO] [stdout]    |                                   |    |
[INFO] [stdout]    |                                   |    expected `f32`, found integer
[INFO] [stdout]    |                                   |    help: use a float literal: `90.0`
[INFO] [stdout]    |                                   arguments to this enum variant are incorrect
[INFO] [stdout]    |
[INFO] [stdout] help: the type constructed contains `{integer}` due to the type of the argument passed
[INFO] [stdout]   --> src/lib.rs:50:35
[INFO] [stdout]    |
[INFO] [stdout] 50 |         let gcode = set_pos_3d(p, Some(90));
[INFO] [stdout]    |                                   ^^^^^--^
[INFO] [stdout]    |                                        |
[INFO] [stdout]    |                                        this argument influences the type of `Some`
[INFO] [stdout] note: tuple variant defined here
[INFO] [stdout]   --> /rustc/82e1608dfa6e0b5569232559e3d385fea5a93112/library/core/src/option.rs:577:5
[INFO] [stdout] 
[INFO] [stdout] 
[INFO] [stdout] error: aborting due to 2 previous errors
[INFO] [stdout] 
[INFO] [stdout] 
[INFO] [stdout] For more information about this error, try `rustc --explain E0308`.
[INFO] [stdout] 
[INFO] [stderr] error: could not compile `gen_gcode` (lib test) due to 3 previous errors
[INFO] [stderr] warning: build failed, waiting for other jobs to finish...
[INFO] [stdout] warning: 12 warnings emitted
[INFO] [stdout] 
[INFO] [stdout] 
[INFO] running `Command { std: "docker" "inspect" "353d24783c626b712397f5a77be56e2970e61dd940614901be3c12152913a0b9", kill_on_drop: false }`
[INFO] running `Command { std: "docker" "rm" "-f" "353d24783c626b712397f5a77be56e2970e61dd940614901be3c12152913a0b9", kill_on_drop: false }`
[INFO] [stdout] 353d24783c626b712397f5a77be56e2970e61dd940614901be3c12152913a0b9
[INFO] testing gen_gcode-0.1.0 against beta-2023-12-22 for beta-1.76-1
[INFO] extracting crate gen_gcode 0.1.0 into /workspace/builds/worker-6-tc2/source
[INFO] validating manifest of crates.io crate gen_gcode 0.1.0 on toolchain beta-2023-12-22
[INFO] running `Command { std: CARGO_HOME="/workspace/cargo-home" RUSTUP_HOME="/workspace/rustup-home" "/workspace/cargo-home/bin/cargo" "+beta-2023-12-22" "metadata" "--manifest-path" "Cargo.toml" "--no-deps", kill_on_drop: false }`
[INFO] started tweaking crates.io crate gen_gcode 0.1.0
[INFO] finished tweaking crates.io crate gen_gcode 0.1.0
[INFO] tweaked toml for crates.io crate gen_gcode 0.1.0 written to /workspace/builds/worker-6-tc2/source/Cargo.toml
[INFO] crate crates.io crate gen_gcode 0.1.0 already has a lockfile, it will not be regenerated
[INFO] running `Command { std: CARGO_HOME="/workspace/cargo-home" RUSTUP_HOME="/workspace/rustup-home" "/workspace/cargo-home/bin/cargo" "+beta-2023-12-22" "fetch" "--manifest-path" "Cargo.toml", kill_on_drop: false }`
[INFO] running `Command { std: "docker" "create" "-v" "/var/lib/crater-agent-workspace/builds/worker-6-tc2/target:/opt/rustwide/target:rw,Z" "-v" "/var/lib/crater-agent-workspace/builds/worker-6-tc2/source:/opt/rustwide/workdir:ro,Z" "-v" "/var/lib/crater-agent-workspace/cargo-home:/opt/rustwide/cargo-home:ro,Z" "-v" "/var/lib/crater-agent-workspace/rustup-home:/opt/rustwide/rustup-home:ro,Z" "-e" "SOURCE_DIR=/opt/rustwide/workdir" "-e" "CARGO_TARGET_DIR=/opt/rustwide/target" "-e" "CARGO_HOME=/opt/rustwide/cargo-home" "-e" "RUSTUP_HOME=/opt/rustwide/rustup-home" "-w" "/opt/rustwide/workdir" "-m" "1610612736" "--user" "0:0" "--network" "none" "ghcr.io/rust-lang/crates-build-env/linux@sha256:2788e3201cd34a07e3172128adcd8b3090168a8e3bcc40d7c032b9dda1df7d1c" "/opt/rustwide/cargo-home/bin/cargo" "+beta-2023-12-22" "metadata" "--no-deps" "--format-version=1", kill_on_drop: false }`
[INFO] [stdout] b8dde5435a2e768338745de47dc1f921a5ce0ebe6c047f4d9c4a2c7b9ce2f865
[INFO] running `Command { std: "docker" "start" "-a" "b8dde5435a2e768338745de47dc1f921a5ce0ebe6c047f4d9c4a2c7b9ce2f865", kill_on_drop: false }`
[INFO] running `Command { std: "docker" "inspect" "b8dde5435a2e768338745de47dc1f921a5ce0ebe6c047f4d9c4a2c7b9ce2f865", kill_on_drop: false }`
[INFO] running `Command { std: "docker" "rm" "-f" "b8dde5435a2e768338745de47dc1f921a5ce0ebe6c047f4d9c4a2c7b9ce2f865", kill_on_drop: false }`
[INFO] [stdout] b8dde5435a2e768338745de47dc1f921a5ce0ebe6c047f4d9c4a2c7b9ce2f865
[INFO] running `Command { std: "docker" "create" "-v" "/var/lib/crater-agent-workspace/builds/worker-6-tc2/target:/opt/rustwide/target:rw,Z" "-v" "/var/lib/crater-agent-workspace/builds/worker-6-tc2/source:/opt/rustwide/workdir:ro,Z" "-v" "/var/lib/crater-agent-workspace/cargo-home:/opt/rustwide/cargo-home:ro,Z" "-v" "/var/lib/crater-agent-workspace/rustup-home:/opt/rustwide/rustup-home:ro,Z" "-e" "SOURCE_DIR=/opt/rustwide/workdir" "-e" "CARGO_TARGET_DIR=/opt/rustwide/target" "-e" "CARGO_INCREMENTAL=0" "-e" "RUST_BACKTRACE=full" "-e" "RUSTFLAGS=--cap-lints=warn" "-e" "RUSTDOCFLAGS=--cap-lints=warn" "-e" "CARGO_HOME=/opt/rustwide/cargo-home" "-e" "RUSTUP_HOME=/opt/rustwide/rustup-home" "-w" "/opt/rustwide/workdir" "-m" "1610612736" "--user" "0:0" "--network" "none" "ghcr.io/rust-lang/crates-build-env/linux@sha256:2788e3201cd34a07e3172128adcd8b3090168a8e3bcc40d7c032b9dda1df7d1c" "/opt/rustwide/cargo-home/bin/cargo" "+beta-2023-12-22" "build" "--frozen" "--message-format=json", kill_on_drop: false }`
[INFO] [stdout] 763cf2b775e3d4a52b9fe445ac9c9a5c2738166d064de25ad052859f56c06149
[INFO] running `Command { std: "docker" "start" "-a" "763cf2b775e3d4a52b9fe445ac9c9a5c2738166d064de25ad052859f56c06149", kill_on_drop: false }`
[INFO] [stderr]    Compiling gen_gcode v0.1.0 (/opt/rustwide/workdir)
[INFO] [stderr]     Finished dev [unoptimized + debuginfo] target(s) in 0.19s
[INFO] running `Command { std: "docker" "inspect" "763cf2b775e3d4a52b9fe445ac9c9a5c2738166d064de25ad052859f56c06149", kill_on_drop: false }`
[INFO] running `Command { std: "docker" "rm" "-f" "763cf2b775e3d4a52b9fe445ac9c9a5c2738166d064de25ad052859f56c06149", kill_on_drop: false }`
[INFO] [stdout] 763cf2b775e3d4a52b9fe445ac9c9a5c2738166d064de25ad052859f56c06149
[INFO] running `Command { std: "docker" "create" "-v" "/var/lib/crater-agent-workspace/builds/worker-6-tc2/target:/opt/rustwide/target:rw,Z" "-v" "/var/lib/crater-agent-workspace/builds/worker-6-tc2/source:/opt/rustwide/workdir:ro,Z" "-v" "/var/lib/crater-agent-workspace/cargo-home:/opt/rustwide/cargo-home:ro,Z" "-v" "/var/lib/crater-agent-workspace/rustup-home:/opt/rustwide/rustup-home:ro,Z" "-e" "SOURCE_DIR=/opt/rustwide/workdir" "-e" "CARGO_TARGET_DIR=/opt/rustwide/target" "-e" "CARGO_INCREMENTAL=0" "-e" "RUST_BACKTRACE=full" "-e" "RUSTFLAGS=--cap-lints=warn" "-e" "RUSTDOCFLAGS=--cap-lints=warn" "-e" "CARGO_HOME=/opt/rustwide/cargo-home" "-e" "RUSTUP_HOME=/opt/rustwide/rustup-home" "-w" "/opt/rustwide/workdir" "-m" "1610612736" "--user" "0:0" "--network" "none" "ghcr.io/rust-lang/crates-build-env/linux@sha256:2788e3201cd34a07e3172128adcd8b3090168a8e3bcc40d7c032b9dda1df7d1c" "/opt/rustwide/cargo-home/bin/cargo" "+beta-2023-12-22" "test" "--frozen" "--no-run" "--message-format=json", kill_on_drop: false }`
[INFO] [stdout] 2d1c96b9c8cbf4f1da61dcb00977469bce9a6e972d01d17d82faed81cbda1ff0
[INFO] running `Command { std: "docker" "start" "-a" "2d1c96b9c8cbf4f1da61dcb00977469bce9a6e972d01d17d82faed81cbda1ff0", kill_on_drop: false }`
[INFO] [stderr]    Compiling gen_gcode v0.1.0 (/opt/rustwide/workdir)
[INFO] [stdout] warning: unused variable: `print_area_z`
[INFO] [stdout]   --> examples/2wallbox.rs:11:9
[INFO] [stdout]    |
[INFO] [stdout] 11 |     let print_area_z = 250;
[INFO] [stdout]    |         ^^^^^^^^^^^^ help: if this is intentional, prefix it with an underscore: `_print_area_z`
[INFO] [stdout]    |
[INFO] [stdout]    = note: `#[warn(unused_variables)]` on by default
[INFO] [stdout] 
[INFO] [stdout] 
[INFO] [stdout] warning: unused variable: `num_bottom_layers`
[INFO] [stdout]   --> examples/2wallbox.rs:20:9
[INFO] [stdout]    |
[INFO] [stdout] 20 |     let num_bottom_layers = &bottom_thickness/&layer_hight;
[INFO] [stdout]    |         ^^^^^^^^^^^^^^^^^ help: if this is intentional, prefix it with an underscore: `_num_bottom_layers`
[INFO] [stdout] 
[INFO] [stdout] 
[INFO] [stdout] warning: unused variable: `num_top_layers`
[INFO] [stdout]   --> examples/2wallbox.rs:22:9
[INFO] [stdout]    |
[INFO] [stdout] 22 |     let num_top_layers = &top_thickness/&layer_hight;
[INFO] [stdout]    |         ^^^^^^^^^^^^^^ help: if this is intentional, prefix it with an underscore: `_num_top_layers`
[INFO] [stdout] 
[INFO] [stdout] 
[INFO] [stdout] warning: function `layer_change` is never used
[INFO] [stdout]    --> examples/2wallbox.rs:104:4
[INFO] [stdout]     |
[INFO] [stdout] 104 | fn layer_change(cur_layer_end: Point3d, new_layer_start: Point3d, layer_hight: f32) -> Vec<String> {
[INFO] [stdout]     |    ^^^^^^^^^^^^
[INFO] [stdout]     |
[INFO] [stdout]     = note: `#[warn(dead_code)]` on by default
[INFO] [stdout] 
[INFO] [stdout] 
[INFO] [stdout] warning: unused `Result` that must be used
[INFO] [stdout]   --> examples/2wallbox.rs:30:5
[INFO] [stdout]    |
[INFO] [stdout] 30 |     file.write(wait_bed_temp(bed_temp).as_bytes());
[INFO] [stdout]    |     ^^^^^^^^^^^^^^^^^^^^^^^^^^^^^^^^^^^^^^^^^^^^^^
[INFO] [stdout]    |
[INFO] [stdout]    = note: this `Result` may be an `Err` variant, which should be handled
[INFO] [stdout]    = note: `#[warn(unused_must_use)]` on by default
[INFO] [stdout] help: use `let _ = ...` to ignore the resulting value
[INFO] [stdout]    |
[INFO] [stdout] 30 |     let _ = file.write(wait_bed_temp(bed_temp).as_bytes());
[INFO] [stdout]    |     +++++++
[INFO] [stdout] 
[INFO] [stdout] 
[INFO] [stdout] warning: unused `Result` that must be used
[INFO] [stdout]   --> examples/2wallbox.rs:31:5
[INFO] [stdout]    |
[INFO] [stdout] 31 |     file.write(wait_hotend_temp(nozzle_temp, None).as_bytes());
[INFO] [stdout]    |     ^^^^^^^^^^^^^^^^^^^^^^^^^^^^^^^^^^^^^^^^^^^^^^^^^^^^^^^^^^
[INFO] [stdout]    |
[INFO] [stdout]    = note: this `Result` may be an `Err` variant, which should be handled
[INFO] [stdout] help: use `let _ = ...` to ignore the resulting value
[INFO] [stdout]    |
[INFO] [stdout] 31 |     let _ = file.write(wait_hotend_temp(nozzle_temp, None).as_bytes());
[INFO] [stdout]    |     +++++++
[INFO] [stdout] 
[INFO] [stdout] 
[INFO] [stdout] warning: unused `Result` that must be used
[INFO] [stdout]   --> examples/2wallbox.rs:32:5
[INFO] [stdout]    |
[INFO] [stdout] 32 |     file.write(absolute_extrution().as_bytes());
[INFO] [stdout]    |     ^^^^^^^^^^^^^^^^^^^^^^^^^^^^^^^^^^^^^^^^^^^
[INFO] [stdout]    |
[INFO] [stdout]    = note: this `Result` may be an `Err` variant, which should be handled
[INFO] [stdout] help: use `let _ = ...` to ignore the resulting value
[INFO] [stdout]    |
[INFO] [stdout] 32 |     let _ = file.write(absolute_extrution().as_bytes());
[INFO] [stdout]    |     +++++++
[INFO] [stdout] 
[INFO] [stdout] 
[INFO] [stdout] warning: unused `Result` that must be used
[INFO] [stdout]   --> examples/2wallbox.rs:33:5
[INFO] [stdout]    |
[INFO] [stdout] 33 |     file.write(auto_home().as_bytes());
[INFO] [stdout]    |     ^^^^^^^^^^^^^^^^^^^^^^^^^^^^^^^^^^
[INFO] [stdout]    |
[INFO] [stdout]    = note: this `Result` may be an `Err` variant, which should be handled
[INFO] [stdout] help: use `let _ = ...` to ignore the resulting value
[INFO] [stdout]    |
[INFO] [stdout] 33 |     let _ = file.write(auto_home().as_bytes());
[INFO] [stdout]    |     +++++++
[INFO] [stdout] 
[INFO] [stdout] 
[INFO] [stdout] warning: unused `Result` that must be used
[INFO] [stdout]   --> examples/2wallbox.rs:34:5
[INFO] [stdout]    |
[INFO] [stdout] 34 |     file.write(reset_extruder(0.0).as_bytes());
[INFO] [stdout]    |     ^^^^^^^^^^^^^^^^^^^^^^^^^^^^^^^^^^^^^^^^^^
[INFO] [stdout]    |
[INFO] [stdout]    = note: this `Result` may be an `Err` variant, which should be handled
[INFO] [stdout] help: use `let _ = ...` to ignore the resulting value
[INFO] [stdout]    |
[INFO] [stdout] 34 |     let _ = file.write(reset_extruder(0.0).as_bytes());
[INFO] [stdout]    |     +++++++
[INFO] [stdout] 
[INFO] [stdout] 
[INFO] [stdout] warning: unused `Result` that must be used
[INFO] [stdout]   --> examples/2wallbox.rs:35:5
[INFO] [stdout]    |
[INFO] [stdout] 35 |     file.write(move_xyz(Point3d { x: 0.0, y: 0.0, z: 2.0 }, false, move_feed_rate, None).as_bytes());
[INFO] [stdout]    |     ^^^^^^^^^^^^^^^^^^^^^^^^^^^^^^^^^^^^^^^^^^^^^^^^^^^^^^^^^^^^^^^^^^^^^^^^^^^^^^^^^^^^^^^^^^^^^^^^
[INFO] [stdout]    |
[INFO] [stdout]    = note: this `Result` may be an `Err` variant, which should be handled
[INFO] [stdout] help: use `let _ = ...` to ignore the resulting value
[INFO] [stdout]    |
[INFO] [stdout] 35 |     let _ = file.write(move_xyz(Point3d { x: 0.0, y: 0.0, z: 2.0 }, false, move_feed_rate, None).as_bytes());
[INFO] [stdout]    |     +++++++
[INFO] [stdout] 
[INFO] [stdout] 
[INFO] [stdout] warning: unused `Result` that must be used
[INFO] [stdout]   --> examples/2wallbox.rs:41:9
[INFO] [stdout]    |
[INFO] [stdout] 41 |         file.write(move_xyz(start_point, false, move_feed_rate, None).as_bytes());
[INFO] [stdout]    |         ^^^^^^^^^^^^^^^^^^^^^^^^^^^^^^^^^^^^^^^^^^^^^^^^^^^^^^^^^^^^^^^^^^^^^^^^^
[INFO] [stdout]    |
[INFO] [stdout]    = note: this `Result` may be an `Err` variant, which should be handled
[INFO] [stdout] help: use `let _ = ...` to ignore the resulting value
[INFO] [stdout]    |
[INFO] [stdout] 41 |         let _ = file.write(move_xyz(start_point, false, move_feed_rate, None).as_bytes());
[INFO] [stdout]    |         +++++++
[INFO] [stdout] 
[INFO] [stdout] 
[INFO] [stdout] warning: unused `Result` that must be used
[INFO] [stdout]   --> examples/2wallbox.rs:46:13
[INFO] [stdout]    |
[INFO] [stdout] 46 |             file.write(move_xyz(p, true, print_feed_rate, Some(e_dest)).as_bytes());
[INFO] [stdout]    |             ^^^^^^^^^^^^^^^^^^^^^^^^^^^^^^^^^^^^^^^^^^^^^^^^^^^^^^^^^^^^^^^^^^^^^^^
[INFO] [stdout]    |
[INFO] [stdout]    = note: this `Result` may be an `Err` variant, which should be handled
[INFO] [stdout] help: use `let _ = ...` to ignore the resulting value
[INFO] [stdout]    |
[INFO] [stdout] 46 |             let _ = file.write(move_xyz(p, true, print_feed_rate, Some(e_dest)).as_bytes());
[INFO] [stdout]    |             +++++++
[INFO] [stdout] 
[INFO] [stdout] 
[INFO] [stdout] error[E0308]: mismatched types
[INFO] [stdout]   --> src/lib.rs:36:40
[INFO] [stdout]    |
[INFO] [stdout] 36 |         let gcode = set_pos_2d(p, Some(90));
[INFO] [stdout]    |                                   ---- ^^
[INFO] [stdout]    |                                   |    |
[INFO] [stdout]    |                                   |    expected `f32`, found integer
[INFO] [stdout]    |                                   |    help: use a float literal: `90.0`
[INFO] [stdout]    |                                   arguments to this enum variant are incorrect
[INFO] [stdout]    |
[INFO] [stdout] help: the type constructed contains `{integer}` due to the type of the argument passed
[INFO] [stdout]   --> src/lib.rs:36:35
[INFO] [stdout]    |
[INFO] [stdout] 36 |         let gcode = set_pos_2d(p, Some(90));
[INFO] [stdout]    |                                   ^^^^^--^
[INFO] [stdout]    |                                        |
[INFO] [stdout]    |                                        this argument influences the type of `Some`
[INFO] [stdout] note: tuple variant defined here
[INFO] [stdout]   --> /rustc/0e09125c6c3c2fd70d7de961bcf0e51575235fad/library/core/src/option.rs:578:5
[INFO] [stdout] 
[INFO] [stdout] 
[INFO] [stdout] error[E0308]: mismatched types
[INFO] [stdout]   --> src/lib.rs:50:40
[INFO] [stdout]    |
[INFO] [stdout] 50 |         let gcode = set_pos_3d(p, Some(90));
[INFO] [stdout]    |                                   ---- ^^
[INFO] [stdout]    |                                   |    |
[INFO] [stdout]    |                                   |    expected `f32`, found integer
[INFO] [stdout]    |                                   |    help: use a float literal: `90.0`
[INFO] [stdout]    |                                   arguments to this enum variant are incorrect
[INFO] [stdout]    |
[INFO] [stdout] help: the type constructed contains `{integer}` due to the type of the argument passed
[INFO] [stdout]   --> src/lib.rs:50:35
[INFO] [stdout]    |
[INFO] [stdout] 50 |         let gcode = set_pos_3d(p, Some(90));
[INFO] [stdout]    |                                   ^^^^^--^
[INFO] [stdout]    |                                        |
[INFO] [stdout]    |                                        this argument influences the type of `Some`
[INFO] [stdout] note: tuple variant defined here
[INFO] [stdout]   --> /rustc/0e09125c6c3c2fd70d7de961bcf0e51575235fad/library/core/src/option.rs:578:5
[INFO] [stdout] 
[INFO] [stdout] 
[INFO] [stdout] error: aborting due to 2 previous errors
[INFO] [stdout] 
[INFO] [stdout] 
[INFO] [stdout] For more information about this error, try `rustc --explain E0308`.
[INFO] [stdout] 
[INFO] [stderr] error: could not compile `gen_gcode` (lib test) due to 3 previous errors
[INFO] [stderr] warning: build failed, waiting for other jobs to finish...
[INFO] [stdout] warning: 12 warnings emitted
[INFO] [stdout] 
[INFO] [stdout] 
[INFO] running `Command { std: "docker" "inspect" "2d1c96b9c8cbf4f1da61dcb00977469bce9a6e972d01d17d82faed81cbda1ff0", kill_on_drop: false }`
[INFO] running `Command { std: "docker" "rm" "-f" "2d1c96b9c8cbf4f1da61dcb00977469bce9a6e972d01d17d82faed81cbda1ff0", kill_on_drop: false }`
[INFO] [stdout] 2d1c96b9c8cbf4f1da61dcb00977469bce9a6e972d01d17d82faed81cbda1ff0
