[INFO] fetching crate gcs-rsync 0.3.4...
[INFO] testing gcs-rsync-0.3.4 against 1.75.0 for beta-1.76-1
[INFO] extracting crate gcs-rsync 0.3.4 into /workspace/builds/worker-1-tc1/source
[INFO] validating manifest of crates.io crate gcs-rsync 0.3.4 on toolchain 1.75.0
[INFO] running `Command { std: CARGO_HOME="/workspace/cargo-home" RUSTUP_HOME="/workspace/rustup-home" "/workspace/cargo-home/bin/cargo" "+1.75.0" "metadata" "--manifest-path" "Cargo.toml" "--no-deps", kill_on_drop: false }`
[INFO] removed /workspace/builds/worker-1-tc1/source/.cargo/config
[INFO] started tweaking crates.io crate gcs-rsync 0.3.4
[INFO] finished tweaking crates.io crate gcs-rsync 0.3.4
[INFO] tweaked toml for crates.io crate gcs-rsync 0.3.4 written to /workspace/builds/worker-1-tc1/source/Cargo.toml
[INFO] crate crates.io crate gcs-rsync 0.3.4 already has a lockfile, it will not be regenerated
[INFO] running `Command { std: CARGO_HOME="/workspace/cargo-home" RUSTUP_HOME="/workspace/rustup-home" "/workspace/cargo-home/bin/cargo" "+1.75.0" "fetch" "--manifest-path" "Cargo.toml", kill_on_drop: false }`
[INFO] [stderr]     Updating crates.io index
[INFO] [stderr]  Downloading crates ...
[INFO] [stderr]   Downloaded crc32c v0.6.4
[INFO] [stderr]   Downloaded regex-syntax v0.8.0
[INFO] running `Command { std: "docker" "create" "-v" "/var/lib/crater-agent-workspace/builds/worker-1-tc1/target:/opt/rustwide/target:rw,Z" "-v" "/var/lib/crater-agent-workspace/builds/worker-1-tc1/source:/opt/rustwide/workdir:ro,Z" "-v" "/var/lib/crater-agent-workspace/cargo-home:/opt/rustwide/cargo-home:ro,Z" "-v" "/var/lib/crater-agent-workspace/rustup-home:/opt/rustwide/rustup-home:ro,Z" "-e" "SOURCE_DIR=/opt/rustwide/workdir" "-e" "CARGO_TARGET_DIR=/opt/rustwide/target" "-e" "CARGO_HOME=/opt/rustwide/cargo-home" "-e" "RUSTUP_HOME=/opt/rustwide/rustup-home" "-w" "/opt/rustwide/workdir" "-m" "1610612736" "--user" "0:0" "--network" "none" "ghcr.io/rust-lang/crates-build-env/linux@sha256:2788e3201cd34a07e3172128adcd8b3090168a8e3bcc40d7c032b9dda1df7d1c" "/opt/rustwide/cargo-home/bin/cargo" "+1.75.0" "metadata" "--no-deps" "--format-version=1", kill_on_drop: false }`
[INFO] [stdout] 1cde93ca3efcbd2430608b13c5ef0580465b84f0eb53a117f12f1ea0b356fd80
[INFO] running `Command { std: "docker" "start" "-a" "1cde93ca3efcbd2430608b13c5ef0580465b84f0eb53a117f12f1ea0b356fd80", kill_on_drop: false }`
[INFO] running `Command { std: "docker" "inspect" "1cde93ca3efcbd2430608b13c5ef0580465b84f0eb53a117f12f1ea0b356fd80", kill_on_drop: false }`
[INFO] running `Command { std: "docker" "rm" "-f" "1cde93ca3efcbd2430608b13c5ef0580465b84f0eb53a117f12f1ea0b356fd80", kill_on_drop: false }`
[INFO] [stdout] 1cde93ca3efcbd2430608b13c5ef0580465b84f0eb53a117f12f1ea0b356fd80
[INFO] running `Command { std: "docker" "create" "-v" "/var/lib/crater-agent-workspace/builds/worker-1-tc1/target:/opt/rustwide/target:rw,Z" "-v" "/var/lib/crater-agent-workspace/builds/worker-1-tc1/source:/opt/rustwide/workdir:ro,Z" "-v" "/var/lib/crater-agent-workspace/cargo-home:/opt/rustwide/cargo-home:ro,Z" "-v" "/var/lib/crater-agent-workspace/rustup-home:/opt/rustwide/rustup-home:ro,Z" "-e" "SOURCE_DIR=/opt/rustwide/workdir" "-e" "CARGO_TARGET_DIR=/opt/rustwide/target" "-e" "CARGO_INCREMENTAL=0" "-e" "RUST_BACKTRACE=full" "-e" "RUSTFLAGS=--cap-lints=warn" "-e" "RUSTDOCFLAGS=--cap-lints=warn" "-e" "CARGO_HOME=/opt/rustwide/cargo-home" "-e" "RUSTUP_HOME=/opt/rustwide/rustup-home" "-w" "/opt/rustwide/workdir" "-m" "1610612736" "--user" "0:0" "--network" "none" "ghcr.io/rust-lang/crates-build-env/linux@sha256:2788e3201cd34a07e3172128adcd8b3090168a8e3bcc40d7c032b9dda1df7d1c" "/opt/rustwide/cargo-home/bin/cargo" "+1.75.0" "build" "--frozen" "--message-format=json", kill_on_drop: false }`
[INFO] [stdout] c045d6eba0cb3b53818f06fbd5ff69a8ba662871d8debc9defed69ae54e158ec
[INFO] running `Command { std: "docker" "start" "-a" "c045d6eba0cb3b53818f06fbd5ff69a8ba662871d8debc9defed69ae54e158ec", kill_on_drop: false }`
[INFO] [stderr]    Compiling proc-macro2 v1.0.69
[INFO] [stderr]    Compiling libc v0.2.149
[INFO] [stderr]    Compiling futures-util v0.3.28
[INFO] [stderr]    Compiling serde v1.0.188
[INFO] [stderr]    Compiling indexmap v1.9.3
[INFO] [stderr]    Compiling futures-channel v0.3.28
[INFO] [stderr]    Compiling semver v1.0.20
[INFO] [stderr]    Compiling http v0.2.9
[INFO] [stderr]    Compiling tracing v0.1.37
[INFO] [stderr]    Compiling rustls v0.21.7
[INFO] [stderr]    Compiling serde_json v1.0.107
[INFO] [stderr]    Compiling percent-encoding v2.3.0
[INFO] [stderr]    Compiling try-lock v0.2.4
[INFO] [stderr]    Compiling thiserror v1.0.49
[INFO] [stderr]    Compiling time-macros v0.2.15
[INFO] [stderr]    Compiling want v0.3.1
[INFO] [stderr]    Compiling form_urlencoded v1.2.0
[INFO] [stderr]    Compiling unicode-normalization v0.1.22
[INFO] [stderr]    Compiling aho-corasick v1.1.2
[INFO] [stderr]    Compiling unicode-bidi v0.3.13
[INFO] [stderr]    Compiling base64 v0.21.4
[INFO] [stderr]    Compiling deranged v0.3.8
[INFO] [stderr]    Compiling regex-syntax v0.8.0
[INFO] [stderr]    Compiling async-trait v0.1.73
[INFO] [stderr]    Compiling bstr v1.7.0
[INFO] [stderr]    Compiling futures-io v0.3.28
[INFO] [stderr]    Compiling ipnet v2.8.0
[INFO] [stderr]    Compiling rustc_version v0.4.0
[INFO] [stderr]    Compiling idna v0.4.0
[INFO] [stderr]    Compiling rustls-pemfile v1.0.3
[INFO] [stderr]    Compiling http-body v0.4.5
[INFO] [stderr]    Compiling webpki-roots v0.25.2
[INFO] [stderr]    Compiling quote v1.0.33
[INFO] [stderr]    Compiling iana-time-zone v0.1.57
[INFO] [stderr]    Compiling urlencoding v2.1.3
[INFO] [stderr]    Compiling mio v0.8.8
[INFO] [stderr]    Compiling cc v1.0.83
[INFO] [stderr]    Compiling socket2 v0.5.4
[INFO] [stderr]    Compiling syn v2.0.38
[INFO] [stderr]    Compiling socket2 v0.4.9
[INFO] [stderr]    Compiling crc32c v0.6.4
[INFO] [stderr]    Compiling url v2.4.1
[INFO] [stderr]    Compiling filetime v0.2.22
[INFO] [stderr]    Compiling tokio v1.33.0
[INFO] [stderr]    Compiling regex-automata v0.4.1
[INFO] [stderr]    Compiling time v0.3.29
[INFO] [stderr]    Compiling ring v0.16.20
[INFO] [stderr]    Compiling regex v1.10.0
[INFO] [stderr]    Compiling globset v0.4.13
[INFO] [stderr]    Compiling serde_derive v1.0.188
[INFO] [stderr]    Compiling futures-macro v0.3.28
[INFO] [stderr]    Compiling thiserror-impl v1.0.49
[INFO] [stderr]    Compiling tokio-util v0.7.9
[INFO] [stderr]    Compiling sct v0.7.0
[INFO] [stderr]    Compiling rustls-webpki v0.101.6
[INFO] [stderr]    Compiling simple_asn1 v0.6.2
[INFO] [stderr]    Compiling h2 v0.3.21
[INFO] [stderr]    Compiling futures v0.3.28
[INFO] [stderr]    Compiling tokio-rustls v0.24.1
[INFO] [stderr]    Compiling serde_urlencoded v0.7.1
[INFO] [stderr]    Compiling chrono v0.4.31
[INFO] [stderr]    Compiling hyper v0.14.27
[INFO] [stderr]    Compiling jsonwebtoken v8.3.0
[INFO] [stderr]    Compiling hyper-rustls v0.24.1
[INFO] [stderr]    Compiling reqwest v0.11.22
[INFO] [stderr]    Compiling gcs-rsync v0.3.4 (/opt/rustwide/workdir)
[INFO] [stderr]     Finished dev [unoptimized + debuginfo] target(s) in 15.26s
[INFO] running `Command { std: "docker" "inspect" "c045d6eba0cb3b53818f06fbd5ff69a8ba662871d8debc9defed69ae54e158ec", kill_on_drop: false }`
[INFO] running `Command { std: "docker" "rm" "-f" "c045d6eba0cb3b53818f06fbd5ff69a8ba662871d8debc9defed69ae54e158ec", kill_on_drop: false }`
[INFO] [stdout] c045d6eba0cb3b53818f06fbd5ff69a8ba662871d8debc9defed69ae54e158ec
[INFO] running `Command { std: "docker" "create" "-v" "/var/lib/crater-agent-workspace/builds/worker-1-tc1/target:/opt/rustwide/target:rw,Z" "-v" "/var/lib/crater-agent-workspace/builds/worker-1-tc1/source:/opt/rustwide/workdir:ro,Z" "-v" "/var/lib/crater-agent-workspace/cargo-home:/opt/rustwide/cargo-home:ro,Z" "-v" "/var/lib/crater-agent-workspace/rustup-home:/opt/rustwide/rustup-home:ro,Z" "-e" "SOURCE_DIR=/opt/rustwide/workdir" "-e" "CARGO_TARGET_DIR=/opt/rustwide/target" "-e" "CARGO_INCREMENTAL=0" "-e" "RUST_BACKTRACE=full" "-e" "RUSTFLAGS=--cap-lints=warn" "-e" "RUSTDOCFLAGS=--cap-lints=warn" "-e" "CARGO_HOME=/opt/rustwide/cargo-home" "-e" "RUSTUP_HOME=/opt/rustwide/rustup-home" "-w" "/opt/rustwide/workdir" "-m" "1610612736" "--user" "0:0" "--network" "none" "ghcr.io/rust-lang/crates-build-env/linux@sha256:2788e3201cd34a07e3172128adcd8b3090168a8e3bcc40d7c032b9dda1df7d1c" "/opt/rustwide/cargo-home/bin/cargo" "+1.75.0" "test" "--frozen" "--no-run" "--message-format=json", kill_on_drop: false }`
[INFO] [stdout] 5891f1c722daf8b406ed7888366e9e0070127c0a0099ad3fbee0818dac291555
[INFO] running `Command { std: "docker" "start" "-a" "5891f1c722daf8b406ed7888366e9e0070127c0a0099ad3fbee0818dac291555", kill_on_drop: false }`
[INFO] [stderr]    Compiling lock_api v0.4.10
[INFO] [stderr]    Compiling parking_lot_core v0.9.8
[INFO] [stderr]    Compiling smallvec v1.11.1
[INFO] [stderr]    Compiling signal-hook-registry v1.4.1
[INFO] [stderr]    Compiling num_cpus v1.16.0
[INFO] [stderr]    Compiling tokio-macros v2.1.0
[INFO] [stderr]    Compiling syn v1.0.109
[INFO] [stderr]    Compiling proc-macro-error-attr v1.0.4
[INFO] [stderr]    Compiling clap v2.34.0
[INFO] [stderr]    Compiling getrandom v0.2.10
[INFO] [stderr]    Compiling uuid v1.4.1
[INFO] [stderr]    Compiling parking_lot v0.12.1
[INFO] [stderr]    Compiling tokio v1.33.0
[INFO] [stderr]    Compiling proc-macro-error v1.0.4
[INFO] [stderr]    Compiling structopt-derive v0.4.18
[INFO] [stderr]    Compiling structopt v0.3.26
[INFO] [stderr]    Compiling tokio-util v0.7.9
[INFO] [stderr]    Compiling tokio-rustls v0.24.1
[INFO] [stderr]    Compiling h2 v0.3.21
[INFO] [stderr]    Compiling hyper v0.14.27
[INFO] [stderr]    Compiling hyper-rustls v0.24.1
[INFO] [stderr]    Compiling reqwest v0.11.22
[INFO] [stderr]    Compiling gcs-rsync v0.3.4 (/opt/rustwide/workdir)
[INFO] [stdout] error: environment variable `EXAMPLE_PREFIX` not defined at compile time
[INFO] [stdout]   --> examples/bucket_to_bucket_sync.rs:11:23
[INFO] [stdout]    |
[INFO] [stdout] 11 |     let test_prefix = env!("EXAMPLE_PREFIX");
[INFO] [stdout]    |                       ^^^^^^^^^^^^^^^^^^^^^^
[INFO] [stdout]    |
[INFO] [stdout]    = help: use `std::env::var("EXAMPLE_PREFIX")` to read the variable at run time
[INFO] [stdout]    = note: this error originates in the macro `env` (in Nightly builds, run with -Z macro-backtrace for more info)
[INFO] [stdout] 
[INFO] [stdout] 
[INFO] [stdout] error: environment variable `EXAMPLE_BUCKET` not defined at compile time
[INFO] [stdout]   --> examples/bucket_to_bucket_sync.rs:12:18
[INFO] [stdout]    |
[INFO] [stdout] 12 |     let bucket = env!("EXAMPLE_BUCKET");
[INFO] [stdout]    |                  ^^^^^^^^^^^^^^^^^^^^^^
[INFO] [stdout]    |
[INFO] [stdout]    = help: use `std::env::var("EXAMPLE_BUCKET")` to read the variable at run time
[INFO] [stdout]    = note: this error originates in the macro `env` (in Nightly builds, run with -Z macro-backtrace for more info)
[INFO] [stdout] 
[INFO] [stdout] 
[INFO] [stdout] error: environment variable `TEST_PREFIX` not defined at compile time
[INFO] [stdout]   --> tests/config/gcs.rs:27:42
[INFO] [stdout]    |
[INFO] [stdout] 27 |             let mut prefix = to_path_buf(env!("TEST_PREFIX"));
[INFO] [stdout]    |                                          ^^^^^^^^^^^^^^^^^^^
[INFO] [stdout]    |
[INFO] [stdout]    = help: use `std::env::var("TEST_PREFIX")` to read the variable at run time
[INFO] [stdout]    = note: this error originates in the macro `env` (in Nightly builds, run with -Z macro-backtrace for more info)
[INFO] [stdout] 
[INFO] [stdout] 
[INFO] [stdout] error: environment variable `TEST_SERVICE_ACCOUNT` not defined at compile time
[INFO] [stdout]   --> tests/config/gcs.rs:32:20
[INFO] [stdout]    |
[INFO] [stdout] 32 |         let path = env!("TEST_SERVICE_ACCOUNT");
[INFO] [stdout]    |                    ^^^^^^^^^^^^^^^^^^^^^^^^^^^^
[INFO] [stdout]    |
[INFO] [stdout]    = help: use `std::env::var("TEST_SERVICE_ACCOUNT")` to read the variable at run time
[INFO] [stdout]    = note: this error originates in the macro `env` (in Nightly builds, run with -Z macro-backtrace for more info)
[INFO] [stdout] 
[INFO] [stdout] 
[INFO] [stdout] error: environment variable `TEST_PREFIX` not defined at compile time
[INFO] [stdout]   --> tests/config/gcs.rs:27:42
[INFO] [stdout]    |
[INFO] [stdout] 27 |             let mut prefix = to_path_buf(env!("TEST_PREFIX"));
[INFO] [stdout]    |                                          ^^^^^^^^^^^^^^^^^^^
[INFO] [stdout]    |
[INFO] [stdout]    = help: use `std::env::var("TEST_PREFIX")` to read the variable at run time
[INFO] [stdout]    = note: this error originates in the macro `env` (in Nightly builds, run with -Z macro-backtrace for more info)
[INFO] [stdout] 
[INFO] [stdout] 
[INFO] [stdout] error: environment variable `TEST_BUCKET` not defined at compile time
[INFO] [stdout]   --> tests/config/gcs.rs:38:21
[INFO] [stdout]    |
[INFO] [stdout] 38 |             bucket: env!("TEST_BUCKET").to_owned(),
[INFO] [stdout]    |                     ^^^^^^^^^^^^^^^^^^^
[INFO] [stdout]    |
[INFO] [stdout]    = help: use `std::env::var("TEST_BUCKET")` to read the variable at run time
[INFO] [stdout]    = note: this error originates in the macro `env` (in Nightly builds, run with -Z macro-backtrace for more info)
[INFO] [stdout] 
[INFO] [stdout] 
[INFO] [stdout] error: environment variable `EXAMPLE_PREFIX` not defined at compile time
[INFO] [stdout]   --> examples/bucket_to_folder_sync.rs:14:23
[INFO] [stdout]    |
[INFO] [stdout] 14 |     let test_prefix = env!("EXAMPLE_PREFIX");
[INFO] [stdout]    |                       ^^^^^^^^^^^^^^^^^^^^^^
[INFO] [stdout]    |
[INFO] [stdout]    = help: use `std::env::var("EXAMPLE_PREFIX")` to read the variable at run time
[INFO] [stdout]    = note: this error originates in the macro `env` (in Nightly builds, run with -Z macro-backtrace for more info)
[INFO] [stdout] 
[INFO] [stdout] 
[INFO] [stdout] error: environment variable `TEST_SERVICE_ACCOUNT` not defined at compile time
[INFO] [stdout]   --> tests/config/gcs.rs:32:20
[INFO] [stdout]    |
[INFO] [stdout] 32 |         let path = env!("TEST_SERVICE_ACCOUNT");
[INFO] [stdout]    |                    ^^^^^^^^^^^^^^^^^^^^^^^^^^^^
[INFO] [stdout]    |
[INFO] [stdout]    = help: use `std::env::var("TEST_SERVICE_ACCOUNT")` to read the variable at run time
[INFO] [stdout]    = note: this error originates in the macro `env` (in Nightly builds, run with -Z macro-backtrace for more info)
[INFO] [stdout] 
[INFO] [stdout] 
[INFO] [stdout] error: environment variable `EXAMPLE_BUCKET` not defined at compile time
[INFO] [stdout]   --> examples/bucket_to_folder_sync.rs:15:18
[INFO] [stdout]    |
[INFO] [stdout] 15 |     let bucket = env!("EXAMPLE_BUCKET");
[INFO] [stdout]    |                  ^^^^^^^^^^^^^^^^^^^^^^
[INFO] [stdout]    |
[INFO] [stdout]    = help: use `std::env::var("EXAMPLE_BUCKET")` to read the variable at run time
[INFO] [stdout]    = note: this error originates in the macro `env` (in Nightly builds, run with -Z macro-backtrace for more info)
[INFO] [stdout] 
[INFO] [stdout] 
[INFO] [stdout] error: environment variable `TEST_BUCKET` not defined at compile time
[INFO] [stdout]   --> tests/config/gcs.rs:38:21
[INFO] [stdout]    |
[INFO] [stdout] 38 |             bucket: env!("TEST_BUCKET").to_owned(),
[INFO] [stdout]    |                     ^^^^^^^^^^^^^^^^^^^
[INFO] [stdout]    |
[INFO] [stdout]    = help: use `std::env::var("TEST_BUCKET")` to read the variable at run time
[INFO] [stdout]    = note: this error originates in the macro `env` (in Nightly builds, run with -Z macro-backtrace for more info)
[INFO] [stdout] 
[INFO] [stdout] 
[INFO] [stdout] error: environment variable `TEST_SERVICE_ACCOUNT` not defined at compile time
[INFO] [stdout]   --> tests/sync_mirror_integration_tests.rs:46:16
[INFO] [stdout]    |
[INFO] [stdout] 46 |     let path = env!("TEST_SERVICE_ACCOUNT");
[INFO] [stdout]    |                ^^^^^^^^^^^^^^^^^^^^^^^^^^^^
[INFO] [stdout]    |
[INFO] [stdout]    = help: use `std::env::var("TEST_SERVICE_ACCOUNT")` to read the variable at run time
[INFO] [stdout]    = note: this error originates in the macro `env` (in Nightly builds, run with -Z macro-backtrace for more info)
[INFO] [stdout] 
[INFO] [stdout] 
[INFO] [stdout] error: environment variable `TEST_SERVICE_ACCOUNT` not defined at compile time
[INFO] [stdout]   --> tests/token_integration_test.rs:18:16
[INFO] [stdout]    |
[INFO] [stdout] 18 |     let path = env!("TEST_SERVICE_ACCOUNT");
[INFO] [stdout]    |                ^^^^^^^^^^^^^^^^^^^^^^^^^^^^
[INFO] [stdout]    |
[INFO] [stdout]    = help: use `std::env::var("TEST_SERVICE_ACCOUNT")` to read the variable at run time
[INFO] [stdout]    = note: this error originates in the macro `env` (in Nightly builds, run with -Z macro-backtrace for more info)
[INFO] [stdout] 
[INFO] [stdout] 
[INFO] [stdout] error: environment variable `EXAMPLE_PREFIX` not defined at compile time
[INFO] [stdout]   --> examples/bucket_to_folder_mirror.rs:14:23
[INFO] [stdout]    |
[INFO] [stdout] 14 |     let test_prefix = env!("EXAMPLE_PREFIX");
[INFO] [stdout]    |                       ^^^^^^^^^^^^^^^^^^^^^^
[INFO] [stdout]    |
[INFO] [stdout]    = help: use `std::env::var("EXAMPLE_PREFIX")` to read the variable at run time
[INFO] [stdout]    = note: this error originates in the macro `env` (in Nightly builds, run with -Z macro-backtrace for more info)
[INFO] [stdout] 
[INFO] [stdout] 
[INFO] [stdout] error: environment variable `EXAMPLE_BUCKET` not defined at compile time
[INFO] [stdout]   --> examples/bucket_to_folder_mirror.rs:15:18
[INFO] [stdout]    |
[INFO] [stdout] 15 |     let bucket = env!("EXAMPLE_BUCKET");
[INFO] [stdout]    |                  ^^^^^^^^^^^^^^^^^^^^^^
[INFO] [stdout]    |
[INFO] [stdout]    = help: use `std::env::var("EXAMPLE_BUCKET")` to read the variable at run time
[INFO] [stdout]    = note: this error originates in the macro `env` (in Nightly builds, run with -Z macro-backtrace for more info)
[INFO] [stdout] 
[INFO] [stdout] 
[INFO] [stdout] error: environment variable `TEST_SERVICE_ACCOUNT` not defined at compile time
[INFO] [stdout]   --> tests/token_integration_test.rs:31:16
[INFO] [stdout]    |
[INFO] [stdout] 31 |     let path = env!("TEST_SERVICE_ACCOUNT");
[INFO] [stdout]    |                ^^^^^^^^^^^^^^^^^^^^^^^^^^^^
[INFO] [stdout]    |
[INFO] [stdout]    = help: use `std::env::var("TEST_SERVICE_ACCOUNT")` to read the variable at run time
[INFO] [stdout]    = note: this error originates in the macro `env` (in Nightly builds, run with -Z macro-backtrace for more info)
[INFO] [stdout] 
[INFO] [stdout] 
[INFO] [stdout] error: environment variable `TEST_SERVICE_ACCOUNT` not defined at compile time
[INFO] [stdout]    --> tests/objects_integration_test.rs:299:16
[INFO] [stdout]     |
[INFO] [stdout] 299 |     let path = env!("TEST_SERVICE_ACCOUNT");
[INFO] [stdout]     |                ^^^^^^^^^^^^^^^^^^^^^^^^^^^^
[INFO] [stdout]     |
[INFO] [stdout]     = help: use `std::env::var("TEST_SERVICE_ACCOUNT")` to read the variable at run time
[INFO] [stdout]     = note: this error originates in the macro `env` (in Nightly builds, run with -Z macro-backtrace for more info)
[INFO] [stdout] 
[INFO] [stdout] 
[INFO] [stdout] error: aborting due to 2 previous errors
[INFO] [stdout] 
[INFO] [stdout] 
[INFO] [stdout] error: aborting due to 2 previous errors
[INFO] [stdout] 
[INFO] [stdout] 
[INFO] [stderr] error: could not compile `gcs-rsync` (example "bucket_to_bucket_sync") due to 3 previous errors
[INFO] [stderr] warning: build failed, waiting for other jobs to finish...
[INFO] [stdout] error: aborting due to 2 previous errors
[INFO] [stdout] 
[INFO] [stdout] 
[INFO] [stdout] error: aborting due to 2 previous errors
[INFO] [stdout] 
[INFO] [stdout] 
[INFO] [stderr] error: could not compile `gcs-rsync` (example "bucket_to_folder_mirror") due to 3 previous errors
[INFO] [stderr] error: could not compile `gcs-rsync` (test "token_integration_test") due to 3 previous errors
[INFO] [stderr] error: could not compile `gcs-rsync` (example "bucket_to_folder_sync") due to 3 previous errors
[INFO] [stdout] error: aborting due to 4 previous errors
[INFO] [stdout] 
[INFO] [stdout] 
[INFO] [stderr] error: could not compile `gcs-rsync` (test "objects_integration_test") due to 5 previous errors
[INFO] [stdout] error: aborting due to 4 previous errors
[INFO] [stdout] 
[INFO] [stdout] 
[INFO] [stderr] error: could not compile `gcs-rsync` (test "sync_mirror_integration_tests") due to 5 previous errors
[INFO] [stdout] error: linking with `cc` failed: exit status: 1
[INFO] [stdout]   |
[INFO] [stdout]   = note: LC_ALL="C" PATH="/opt/rustwide/rustup-home/toolchains/1.75.0-x86_64-unknown-linux-gnu/lib/rustlib/x86_64-unknown-linux-gnu/bin:/opt/rustwide/cargo-home/bin:/usr/local/sbin:/usr/local/bin:/usr/sbin:/usr/bin:/sbin:/bin" VSLANG="1033" "cc" "-m64" "/tmp/rustcn6lKcb/symbols.o" "/opt/rustwide/target/debug/examples/list_objects-9a6012278432130b.list_objects.c17c540a91dbd1db-cgu.0.rcgu.o" "/opt/rustwide/target/debug/examples/list_objects-9a6012278432130b.list_objects.c17c540a91dbd1db-cgu.1.rcgu.o" "/opt/rustwide/target/debug/examples/list_objects-9a6012278432130b.list_objects.c17c540a91dbd1db-cgu.2.rcgu.o" "/opt/rustwide/target/debug/examples/list_objects-9a6012278432130b.list_objects.c17c540a91dbd1db-cgu.3.rcgu.o" "/opt/rustwide/target/debug/examples/list_objects-9a6012278432130b.list_objects.c17c540a91dbd1db-cgu.4.rcgu.o" "/opt/rustwide/target/debug/examples/list_objects-9a6012278432130b.list_objects.c17c540a91dbd1db-cgu.5.rcgu.o" "/opt/rustwide/target/debug/examples/list_objects-9a6012278432130b.list_objects.c17c540a91dbd1db-cgu.6.rcgu.o" "/opt/rustwide/target/debug/examples/list_objects-9a6012278432130b.list_objects.c17c540a91dbd1db-cgu.7.rcgu.o" "/opt/rustwide/target/debug/examples/list_objects-9a6012278432130b.4lfu4jqqq2nva1ie.rcgu.o" "-Wl,--as-needed" "-L" "/opt/rustwide/target/debug/deps" "-L" "/opt/rustwide/target/debug/build/ring-1bbfc0476519003d/out" "-L" "/opt/rustwide/rustup-home/toolchains/1.75.0-x86_64-unknown-linux-gnu/lib/rustlib/x86_64-unknown-linux-gnu/lib" "-Wl,-Bstatic" "/opt/rustwide/target/debug/deps/libgcs_rsync-204f1b4b55411b6c.rlib" "/opt/rustwide/target/debug/deps/libfiletime-9eba07db83073144.rlib" "/opt/rustwide/target/debug/deps/libcrc32c-5c720851f87ce139.rlib" "/opt/rustwide/target/debug/deps/libreqwest-000c63137807321e.rlib" "/opt/rustwide/target/debug/deps/librustls_pemfile-51a69b36c7346bd6.rlib" "/opt/rustwide/target/debug/deps/libhyper_rustls-28dc55998274e675.rlib" "/opt/rustwide/target/debug/deps/libserde_urlencoded-88368abfa73ea200.rlib" "/opt/rustwide/target/debug/deps/libwebpki_roots-3d5f3cb9e43374e0.rlib" "/opt/rustwide/target/debug/deps/libipnet-0abb50285bb3f68c.rlib" "/opt/rustwide/target/debug/deps/libtokio_rustls-1e4c50e7bfb660cc.rlib" "/opt/rustwide/target/debug/deps/libmime-7e306270d8ceb372.rlib" "/opt/rustwide/target/debug/deps/libencoding_rs-000c97fafd38c2ed.rlib" "/opt/rustwide/target/debug/deps/librustls-264a36d262f6ac7a.rlib" "/opt/rustwide/target/debug/deps/libsct-c3328b9bddf906e8.rlib" "/opt/rustwide/target/debug/deps/libwebpki-2def080e2e2a3172.rlib" "/opt/rustwide/target/debug/deps/libhyper-90760e62cb6eecc4.rlib" "/opt/rustwide/target/debug/deps/libwant-0e59d2771cba3a35.rlib" "/opt/rustwide/target/debug/deps/libtry_lock-51271589248cd7d9.rlib" "/opt/rustwide/target/debug/deps/libsocket2-2f873b9f743301ed.rlib" "/opt/rustwide/target/debug/deps/libhttparse-64f1ffbeda450424.rlib" "/opt/rustwide/target/debug/deps/libh2-ff6069cdc7e1e311.rlib" "/opt/rustwide/target/debug/deps/libindexmap-93f72862478380d0.rlib" "/opt/rustwide/target/debug/deps/libhashbrown-567986452cb9bc94.rlib" "/opt/rustwide/target/debug/deps/libtower_service-104d6e83d5ce383d.rlib" "/opt/rustwide/target/debug/deps/libhttp_body-6020a10d9659dc54.rlib" "/opt/rustwide/target/debug/deps/liblog-4f472032e8cdd371.rlib" "/opt/rustwide/target/debug/deps/liburl-bc0661a5141cbab3.rlib" "/opt/rustwide/target/debug/deps/libidna-35e3e2f202e10859.rlib" "/opt/rustwide/target/debug/deps/libunicode_normalization-e04a0b39935fba30.rlib" "/opt/rustwide/target/debug/deps/libtinyvec-cf6c9f6b792a5507.rlib" "/opt/rustwide/target/debug/deps/libtinyvec_macros-b1cb7f53f58c9f87.rlib" "/opt/rustwide/target/debug/deps/libunicode_bidi-020370784786e57d.rlib" "/opt/rustwide/target/debug/deps/libform_urlencoded-a39e5ffbd9c88c0c.rlib" "/opt/rustwide/target/debug/deps/libpercent_encoding-5d42724fd4d173a7.rlib" "/opt/rustwide/target/debug/deps/libhttp-f741a19cbfac6912.rlib" "/opt/rustwide/target/debug/deps/libjsonwebtoken-c73833aa3d843590.rlib" "/opt/rustwide/target/debug/deps/libpem-faa6c3b3261963e2.rlib" "/opt/rustwide/target/debug/deps/libbase64-b09bba5046b087ce.rlib" "/opt/rustwide/target/debug/deps/libsimple_asn1-4e4631f3b0462868.rlib" "/opt/rustwide/target/debug/deps/libtime-acb7676a1e8ed855.rlib" "/opt/rustwide/target/debug/deps/libtime_core-7af5d6eb87ec9652.rlib" "/opt/rustwide/target/debug/deps/libderanged-b0f0508ff4388c08.rlib" "/opt/rustwide/target/debug/deps/libthiserror-910b0ae1414a94f9.rlib" "/opt/rustwide/target/debug/deps/libnum_bigint-b09fa858e9e10318.rlib" "/opt/rustwide/target/debug/deps/libnum_integer-795b781837d6cff9.rlib" "/opt/rustwide/target/debug/deps/libring-f66988a4173374ed.rlib" "/opt/rustwide/target/debug/deps/libspin-c4098cd951aef6c9.rlib" "/opt/rustwide/target/debug/deps/libuntrusted-5ec0aa78ed8cda5c.rlib" "/opt/rustwide/target/debug/deps/libglobset-2633c2f70744a6ee.rlib" "/opt/rustwide/target/debug/deps/libfnv-18bf5144d055e772.rlib" "/opt/rustwide/target/debug/deps/libregex-93f4b851b6d1084a.rlib" "/opt/rustwide/target/debug/deps/libregex_automata-73ef4bf19a72d6a7.rlib" "/opt/rustwide/target/debug/deps/libregex_syntax-816364ed3fa4559b.rlib" "/opt/rustwide/target/debug/deps/libbstr-fd1e6f40408abe33.rlib" "/opt/rustwide/target/debug/deps/libaho_corasick-1143312c78fc67c2.rlib" "/opt/rustwide/target/debug/deps/libmemchr-8adfc22b612d6f7a.rlib" "/opt/rustwide/target/debug/deps/libtokio_util-d797984ec5d6a5e8.rlib" "/opt/rustwide/target/debug/deps/libtracing-4844ee36247b1bd5.rlib" "/opt/rustwide/target/debug/deps/libtracing_core-a938e53938d01308.rlib" "/opt/rustwide/target/debug/deps/libonce_cell-865e1c5018a0303a.rlib" "/opt/rustwide/target/debug/deps/libserde_json-bbb7f324f6cf4f7c.rlib" "/opt/rustwide/target/debug/deps/libryu-f8e8abf733224b36.rlib" "/opt/rustwide/target/debug/deps/libitoa-05fb7c91ffbc0a79.rlib" "/opt/rustwide/target/debug/deps/libbase64-3052c0bc8cc540c1.rlib" "/opt/rustwide/target/debug/deps/libtokio-2eeb880d85dae4f8.rlib" "/opt/rustwide/target/debug/deps/libsignal_hook_registry-01a0d96a3c282908.rlib" "/opt/rustwide/target/debug/deps/libnum_cpus-73d2f04fa192560a.rlib" "/opt/rustwide/target/debug/deps/libsocket2-57e62e3ab7aa7d13.rlib" "/opt/rustwide/target/debug/deps/libmio-8ace437972ba9204.rlib" "/opt/rustwide/target/debug/deps/libparking_lot-64e7825733f9c7ab.rlib" "/opt/rustwide/target/debug/deps/libparking_lot_core-1fec06000ec8d79a.rlib" "/opt/rustwide/target/debug/deps/liblibc-02f888d7762819c3.rlib" "/opt/rustwide/target/debug/deps/libcfg_if-61dc7a6799e72b18.rlib" "/opt/rustwide/target/debug/deps/libsmallvec-e348a0178db8b1b8.rlib" "/opt/rustwide/target/debug/deps/liblock_api-6d695fe916f3ef34.rlib" "/opt/rustwide/target/debug/deps/libscopeguard-012e5ed929fc2fe6.rlib" "/opt/rustwide/target/debug/deps/libbytes-0a052f49710012b1.rlib" "/opt/rustwide/target/debug/deps/liburlencoding-ffd8dd90a667c416.rlib" "/opt/rustwide/target/debug/deps/libchrono-2e6c4e3531a6a8eb.rlib" "/opt/rustwide/target/debug/deps/libnum_traits-3fb6e1a665cce4c8.rlib" "/opt/rustwide/target/debug/deps/libiana_time_zone-4d940f736806fce6.rlib" "/opt/rustwide/target/debug/deps/libserde-c8442e28abe88b75.rlib" "/opt/rustwide/target/debug/deps/libfutures-7ce3f9d6307cc0c1.rlib" "/opt/rustwide/target/debug/deps/libfutures_channel-b11b4e3e73ae8576.rlib" "/opt/rustwide/target/debug/deps/libfutures_util-625300e993c9975b.rlib" "/opt/rustwide/target/debug/deps/libslab-6eb39baadbe9101c.rlib" "/opt/rustwide/target/debug/deps/libpin_project_lite-e0757e0deaa2f8a0.rlib" "/opt/rustwide/target/debug/deps/libfutures_sink-4afe6e57e5588fde.rlib" "/opt/rustwide/target/debug/deps/libfutures_task-ec207c36a8b1b716.rlib" "/opt/rustwide/target/debug/deps/libpin_utils-741f7d9d160e4a16.rlib" "/opt/rustwide/target/debug/deps/libfutures_core-02b74ed2f49284a7.rlib" "/opt/rustwide/rustup-home/toolchains/1.75.0-x86_64-unknown-linux-gnu/lib/rustlib/x86_64-unknown-linux-gnu/lib/libstd-90f6ddbf82de36ec.rlib" "/opt/rustwide/rustup-home/toolchains/1.75.0-x86_64-unknown-linux-gnu/lib/rustlib/x86_64-unknown-linux-gnu/lib/libpanic_unwind-480c41e9d4e1f677.rlib" "/opt/rustwide/rustup-home/toolchains/1.75.0-x86_64-unknown-linux-gnu/lib/rustlib/x86_64-unknown-linux-gnu/lib/libobject-db744c0ca03eed1d.rlib" "/opt/rustwide/rustup-home/toolchains/1.75.0-x86_64-unknown-linux-gnu/lib/rustlib/x86_64-unknown-linux-gnu/lib/libmemchr-8ba652dc7d4b285a.rlib" "/opt/rustwide/rustup-home/toolchains/1.75.0-x86_64-unknown-linux-gnu/lib/rustlib/x86_64-unknown-linux-gnu/lib/libaddr2line-d5f4520a9ebc0d58.rlib" "/opt/rustwide/rustup-home/toolchains/1.75.0-x86_64-unknown-linux-gnu/lib/rustlib/x86_64-unknown-linux-gnu/lib/libgimli-4ad84de58f0cb463.rlib" "/opt/rustwide/rustup-home/toolchains/1.75.0-x86_64-unknown-linux-gnu/lib/rustlib/x86_64-unknown-linux-gnu/lib/librustc_demangle-0d10aae2e0f38735.rlib" "/opt/rustwide/rustup-home/toolchains/1.75.0-x86_64-unknown-linux-gnu/lib/rustlib/x86_64-unknown-linux-gnu/lib/libstd_detect-0c17cff739e6745b.rlib" "/opt/rustwide/rustup-home/toolchains/1.75.0-x86_64-unknown-linux-gnu/lib/rustlib/x86_64-unknown-linux-gnu/lib/libhashbrown-b29e17139dde1aa8.rlib" "/opt/rustwide/rustup-home/toolchains/1.75.0-x86_64-unknown-linux-gnu/lib/rustlib/x86_64-unknown-linux-gnu/lib/librustc_std_workspace_alloc-1f975299829cc7bd.rlib" "/opt/rustwide/rustup-home/toolchains/1.75.0-x86_64-unknown-linux-gnu/lib/rustlib/x86_64-unknown-linux-gnu/lib/libminiz_oxide-86bae3bc3079f89b.rlib" "/opt/rustwide/rustup-home/toolchains/1.75.0-x86_64-unknown-linux-gnu/lib/rustlib/x86_64-unknown-linux-gnu/lib/libadler-321b82c30dffdf5f.rlib" "/opt/rustwide/rustup-home/toolchains/1.75.0-x86_64-unknown-linux-gnu/lib/rustlib/x86_64-unknown-linux-gnu/lib/libunwind-3dd8a6810a0bdfef.rlib" "/opt/rustwide/rustup-home/toolchains/1.75.0-x86_64-unknown-linux-gnu/lib/rustlib/x86_64-unknown-linux-gnu/lib/libcfg_if-eb39a61c0c879984.rlib" "/opt/rustwide/rustup-home/toolchains/1.75.0-x86_64-unknown-linux-gnu/lib/rustlib/x86_64-unknown-linux-gnu/lib/liblibc-aa769569f91c3548.rlib" "/opt/rustwide/rustup-home/toolchains/1.75.0-x86_64-unknown-linux-gnu/lib/rustlib/x86_64-unknown-linux-gnu/lib/liballoc-510a192a50a983ed.rlib" "/opt/rustwide/rustup-home/toolchains/1.75.0-x86_64-unknown-linux-gnu/lib/rustlib/x86_64-unknown-linux-gnu/lib/librustc_std_workspace_core-0577018320f99037.rlib" "/opt/rustwide/rustup-home/toolchains/1.75.0-x86_64-unknown-linux-gnu/lib/rustlib/x86_64-unknown-linux-gnu/lib/libcore-193cf992125ccd4c.rlib" "/opt/rustwide/rustup-home/toolchains/1.75.0-x86_64-unknown-linux-gnu/lib/rustlib/x86_64-unknown-linux-gnu/lib/libcompiler_builtins-8e138eaf26ebb4a8.rlib" "-Wl,-Bdynamic" "-lgcc_s" "-lutil" "-lrt" "-lpthread" "-lm" "-ldl" "-lc" "-Wl,--eh-frame-hdr" "-Wl,-z,noexecstack" "-L" "/opt/rustwide/rustup-home/toolchains/1.75.0-x86_64-unknown-linux-gnu/lib/rustlib/x86_64-unknown-linux-gnu/lib" "-o" "/opt/rustwide/target/debug/examples/list_objects-9a6012278432130b" "-Wl,--gc-sections" "-pie" "-Wl,-z,relro,-z,now" "-nodefaultlibs"
[INFO] [stdout]   = note: collect2: fatal error: ld terminated with signal 9 [Killed]
[INFO] [stdout]           compilation terminated.
[INFO] [stdout]           
[INFO] [stdout] 
[INFO] [stdout] 
[INFO] [stdout] error: aborting due to previous error
[INFO] [stdout] 
[INFO] [stdout] 
[INFO] [stderr] error: could not compile `gcs-rsync` (example "list_objects") due to 2 previous errors
[INFO] [stdout] error: linking with `cc` failed: exit status: 1
[INFO] [stdout]   |
[INFO] [stdout]   = note: LC_ALL="C" PATH="/opt/rustwide/rustup-home/toolchains/1.75.0-x86_64-unknown-linux-gnu/lib/rustlib/x86_64-unknown-linux-gnu/bin:/opt/rustwide/cargo-home/bin:/usr/local/sbin:/usr/local/bin:/usr/sbin:/usr/bin:/sbin:/bin" VSLANG="1033" "cc" "-m64" "/tmp/rustcRm1C0e/symbols.o" "/opt/rustwide/target/debug/examples/list_objects_service_account-43a9b64a4c2ea2b1.list_objects_service_account.8573b0ca3e61dbb4-cgu.0.rcgu.o" "/opt/rustwide/target/debug/examples/list_objects_service_account-43a9b64a4c2ea2b1.list_objects_service_account.8573b0ca3e61dbb4-cgu.1.rcgu.o" "/opt/rustwide/target/debug/examples/list_objects_service_account-43a9b64a4c2ea2b1.list_objects_service_account.8573b0ca3e61dbb4-cgu.2.rcgu.o" "/opt/rustwide/target/debug/examples/list_objects_service_account-43a9b64a4c2ea2b1.list_objects_service_account.8573b0ca3e61dbb4-cgu.3.rcgu.o" "/opt/rustwide/target/debug/examples/list_objects_service_account-43a9b64a4c2ea2b1.list_objects_service_account.8573b0ca3e61dbb4-cgu.4.rcgu.o" "/opt/rustwide/target/debug/examples/list_objects_service_account-43a9b64a4c2ea2b1.list_objects_service_account.8573b0ca3e61dbb4-cgu.5.rcgu.o" "/opt/rustwide/target/debug/examples/list_objects_service_account-43a9b64a4c2ea2b1.list_objects_service_account.8573b0ca3e61dbb4-cgu.6.rcgu.o" "/opt/rustwide/target/debug/examples/list_objects_service_account-43a9b64a4c2ea2b1.list_objects_service_account.8573b0ca3e61dbb4-cgu.7.rcgu.o" "/opt/rustwide/target/debug/examples/list_objects_service_account-43a9b64a4c2ea2b1.13f8cdwugj7vp7dj.rcgu.o" "-Wl,--as-needed" "-L" "/opt/rustwide/target/debug/deps" "-L" "/opt/rustwide/target/debug/build/ring-1bbfc0476519003d/out" "-L" "/opt/rustwide/rustup-home/toolchains/1.75.0-x86_64-unknown-linux-gnu/lib/rustlib/x86_64-unknown-linux-gnu/lib" "-Wl,-Bstatic" "/opt/rustwide/target/debug/deps/libgcs_rsync-204f1b4b55411b6c.rlib" "/opt/rustwide/target/debug/deps/libfiletime-9eba07db83073144.rlib" "/opt/rustwide/target/debug/deps/libcrc32c-5c720851f87ce139.rlib" "/opt/rustwide/target/debug/deps/libreqwest-000c63137807321e.rlib" "/opt/rustwide/target/debug/deps/librustls_pemfile-51a69b36c7346bd6.rlib" "/opt/rustwide/target/debug/deps/libhyper_rustls-28dc55998274e675.rlib" "/opt/rustwide/target/debug/deps/libserde_urlencoded-88368abfa73ea200.rlib" "/opt/rustwide/target/debug/deps/libwebpki_roots-3d5f3cb9e43374e0.rlib" "/opt/rustwide/target/debug/deps/libipnet-0abb50285bb3f68c.rlib" "/opt/rustwide/target/debug/deps/libtokio_rustls-1e4c50e7bfb660cc.rlib" "/opt/rustwide/target/debug/deps/libmime-7e306270d8ceb372.rlib" "/opt/rustwide/target/debug/deps/libencoding_rs-000c97fafd38c2ed.rlib" "/opt/rustwide/target/debug/deps/librustls-264a36d262f6ac7a.rlib" "/opt/rustwide/target/debug/deps/libsct-c3328b9bddf906e8.rlib" "/opt/rustwide/target/debug/deps/libwebpki-2def080e2e2a3172.rlib" "/opt/rustwide/target/debug/deps/libhyper-90760e62cb6eecc4.rlib" "/opt/rustwide/target/debug/deps/libwant-0e59d2771cba3a35.rlib" "/opt/rustwide/target/debug/deps/libtry_lock-51271589248cd7d9.rlib" "/opt/rustwide/target/debug/deps/libsocket2-2f873b9f743301ed.rlib" "/opt/rustwide/target/debug/deps/libhttparse-64f1ffbeda450424.rlib" "/opt/rustwide/target/debug/deps/libh2-ff6069cdc7e1e311.rlib" "/opt/rustwide/target/debug/deps/libindexmap-93f72862478380d0.rlib" "/opt/rustwide/target/debug/deps/libhashbrown-567986452cb9bc94.rlib" "/opt/rustwide/target/debug/deps/libtower_service-104d6e83d5ce383d.rlib" "/opt/rustwide/target/debug/deps/libhttp_body-6020a10d9659dc54.rlib" "/opt/rustwide/target/debug/deps/liblog-4f472032e8cdd371.rlib" "/opt/rustwide/target/debug/deps/liburl-bc0661a5141cbab3.rlib" "/opt/rustwide/target/debug/deps/libidna-35e3e2f202e10859.rlib" "/opt/rustwide/target/debug/deps/libunicode_normalization-e04a0b39935fba30.rlib" "/opt/rustwide/target/debug/deps/libtinyvec-cf6c9f6b792a5507.rlib" "/opt/rustwide/target/debug/deps/libtinyvec_macros-b1cb7f53f58c9f87.rlib" "/opt/rustwide/target/debug/deps/libunicode_bidi-020370784786e57d.rlib" "/opt/rustwide/target/debug/deps/libform_urlencoded-a39e5ffbd9c88c0c.rlib" "/opt/rustwide/target/debug/deps/libpercent_encoding-5d42724fd4d173a7.rlib" "/opt/rustwide/target/debug/deps/libhttp-f741a19cbfac6912.rlib" "/opt/rustwide/target/debug/deps/libjsonwebtoken-c73833aa3d843590.rlib" "/opt/rustwide/target/debug/deps/libpem-faa6c3b3261963e2.rlib" "/opt/rustwide/target/debug/deps/libbase64-b09bba5046b087ce.rlib" "/opt/rustwide/target/debug/deps/libsimple_asn1-4e4631f3b0462868.rlib" "/opt/rustwide/target/debug/deps/libtime-acb7676a1e8ed855.rlib" "/opt/rustwide/target/debug/deps/libtime_core-7af5d6eb87ec9652.rlib" "/opt/rustwide/target/debug/deps/libderanged-b0f0508ff4388c08.rlib" "/opt/rustwide/target/debug/deps/libthiserror-910b0ae1414a94f9.rlib" "/opt/rustwide/target/debug/deps/libnum_bigint-b09fa858e9e10318.rlib" "/opt/rustwide/target/debug/deps/libnum_integer-795b781837d6cff9.rlib" "/opt/rustwide/target/debug/deps/libring-f66988a4173374ed.rlib" "/opt/rustwide/target/debug/deps/libspin-c4098cd951aef6c9.rlib" "/opt/rustwide/target/debug/deps/libuntrusted-5ec0aa78ed8cda5c.rlib" "/opt/rustwide/target/debug/deps/libglobset-2633c2f70744a6ee.rlib" "/opt/rustwide/target/debug/deps/libfnv-18bf5144d055e772.rlib" "/opt/rustwide/target/debug/deps/libregex-93f4b851b6d1084a.rlib" "/opt/rustwide/target/debug/deps/libregex_automata-73ef4bf19a72d6a7.rlib" "/opt/rustwide/target/debug/deps/libregex_syntax-816364ed3fa4559b.rlib" "/opt/rustwide/target/debug/deps/libbstr-fd1e6f40408abe33.rlib" "/opt/rustwide/target/debug/deps/libaho_corasick-1143312c78fc67c2.rlib" "/opt/rustwide/target/debug/deps/libmemchr-8adfc22b612d6f7a.rlib" "/opt/rustwide/target/debug/deps/libtokio_util-d797984ec5d6a5e8.rlib" "/opt/rustwide/target/debug/deps/libtracing-4844ee36247b1bd5.rlib" "/opt/rustwide/target/debug/deps/libtracing_core-a938e53938d01308.rlib" "/opt/rustwide/target/debug/deps/libonce_cell-865e1c5018a0303a.rlib" "/opt/rustwide/target/debug/deps/libserde_json-bbb7f324f6cf4f7c.rlib" "/opt/rustwide/target/debug/deps/libryu-f8e8abf733224b36.rlib" "/opt/rustwide/target/debug/deps/libitoa-05fb7c91ffbc0a79.rlib" "/opt/rustwide/target/debug/deps/libbase64-3052c0bc8cc540c1.rlib" "/opt/rustwide/target/debug/deps/libtokio-2eeb880d85dae4f8.rlib" "/opt/rustwide/target/debug/deps/libsignal_hook_registry-01a0d96a3c282908.rlib" "/opt/rustwide/target/debug/deps/libnum_cpus-73d2f04fa192560a.rlib" "/opt/rustwide/target/debug/deps/libsocket2-57e62e3ab7aa7d13.rlib" "/opt/rustwide/target/debug/deps/libmio-8ace437972ba9204.rlib" "/opt/rustwide/target/debug/deps/libparking_lot-64e7825733f9c7ab.rlib" "/opt/rustwide/target/debug/deps/libparking_lot_core-1fec06000ec8d79a.rlib" "/opt/rustwide/target/debug/deps/liblibc-02f888d7762819c3.rlib" "/opt/rustwide/target/debug/deps/libcfg_if-61dc7a6799e72b18.rlib" "/opt/rustwide/target/debug/deps/libsmallvec-e348a0178db8b1b8.rlib" "/opt/rustwide/target/debug/deps/liblock_api-6d695fe916f3ef34.rlib" "/opt/rustwide/target/debug/deps/libscopeguard-012e5ed929fc2fe6.rlib" "/opt/rustwide/target/debug/deps/libbytes-0a052f49710012b1.rlib" "/opt/rustwide/target/debug/deps/liburlencoding-ffd8dd90a667c416.rlib" "/opt/rustwide/target/debug/deps/libchrono-2e6c4e3531a6a8eb.rlib" "/opt/rustwide/target/debug/deps/libnum_traits-3fb6e1a665cce4c8.rlib" "/opt/rustwide/target/debug/deps/libiana_time_zone-4d940f736806fce6.rlib" "/opt/rustwide/target/debug/deps/libserde-c8442e28abe88b75.rlib" "/opt/rustwide/target/debug/deps/libfutures-7ce3f9d6307cc0c1.rlib" "/opt/rustwide/target/debug/deps/libfutures_channel-b11b4e3e73ae8576.rlib" "/opt/rustwide/target/debug/deps/libfutures_util-625300e993c9975b.rlib" "/opt/rustwide/target/debug/deps/libslab-6eb39baadbe9101c.rlib" "/opt/rustwide/target/debug/deps/libpin_project_lite-e0757e0deaa2f8a0.rlib" "/opt/rustwide/target/debug/deps/libfutures_sink-4afe6e57e5588fde.rlib" "/opt/rustwide/target/debug/deps/libfutures_task-ec207c36a8b1b716.rlib" "/opt/rustwide/target/debug/deps/libpin_utils-741f7d9d160e4a16.rlib" "/opt/rustwide/target/debug/deps/libfutures_core-02b74ed2f49284a7.rlib" "/opt/rustwide/rustup-home/toolchains/1.75.0-x86_64-unknown-linux-gnu/lib/rustlib/x86_64-unknown-linux-gnu/lib/libstd-90f6ddbf82de36ec.rlib" "/opt/rustwide/rustup-home/toolchains/1.75.0-x86_64-unknown-linux-gnu/lib/rustlib/x86_64-unknown-linux-gnu/lib/libpanic_unwind-480c41e9d4e1f677.rlib" "/opt/rustwide/rustup-home/toolchains/1.75.0-x86_64-unknown-linux-gnu/lib/rustlib/x86_64-unknown-linux-gnu/lib/libobject-db744c0ca03eed1d.rlib" "/opt/rustwide/rustup-home/toolchains/1.75.0-x86_64-unknown-linux-gnu/lib/rustlib/x86_64-unknown-linux-gnu/lib/libmemchr-8ba652dc7d4b285a.rlib" "/opt/rustwide/rustup-home/toolchains/1.75.0-x86_64-unknown-linux-gnu/lib/rustlib/x86_64-unknown-linux-gnu/lib/libaddr2line-d5f4520a9ebc0d58.rlib" "/opt/rustwide/rustup-home/toolchains/1.75.0-x86_64-unknown-linux-gnu/lib/rustlib/x86_64-unknown-linux-gnu/lib/libgimli-4ad84de58f0cb463.rlib" "/opt/rustwide/rustup-home/toolchains/1.75.0-x86_64-unknown-linux-gnu/lib/rustlib/x86_64-unknown-linux-gnu/lib/librustc_demangle-0d10aae2e0f38735.rlib" "/opt/rustwide/rustup-home/toolchains/1.75.0-x86_64-unknown-linux-gnu/lib/rustlib/x86_64-unknown-linux-gnu/lib/libstd_detect-0c17cff739e6745b.rlib" "/opt/rustwide/rustup-home/toolchains/1.75.0-x86_64-unknown-linux-gnu/lib/rustlib/x86_64-unknown-linux-gnu/lib/libhashbrown-b29e17139dde1aa8.rlib" "/opt/rustwide/rustup-home/toolchains/1.75.0-x86_64-unknown-linux-gnu/lib/rustlib/x86_64-unknown-linux-gnu/lib/librustc_std_workspace_alloc-1f975299829cc7bd.rlib" "/opt/rustwide/rustup-home/toolchains/1.75.0-x86_64-unknown-linux-gnu/lib/rustlib/x86_64-unknown-linux-gnu/lib/libminiz_oxide-86bae3bc3079f89b.rlib" "/opt/rustwide/rustup-home/toolchains/1.75.0-x86_64-unknown-linux-gnu/lib/rustlib/x86_64-unknown-linux-gnu/lib/libadler-321b82c30dffdf5f.rlib" "/opt/rustwide/rustup-home/toolchains/1.75.0-x86_64-unknown-linux-gnu/lib/rustlib/x86_64-unknown-linux-gnu/lib/libunwind-3dd8a6810a0bdfef.rlib" "/opt/rustwide/rustup-home/toolchains/1.75.0-x86_64-unknown-linux-gnu/lib/rustlib/x86_64-unknown-linux-gnu/lib/libcfg_if-eb39a61c0c879984.rlib" "/opt/rustwide/rustup-home/toolchains/1.75.0-x86_64-unknown-linux-gnu/lib/rustlib/x86_64-unknown-linux-gnu/lib/liblibc-aa769569f91c3548.rlib" "/opt/rustwide/rustup-home/toolchains/1.75.0-x86_64-unknown-linux-gnu/lib/rustlib/x86_64-unknown-linux-gnu/lib/liballoc-510a192a50a983ed.rlib" "/opt/rustwide/rustup-home/toolchains/1.75.0-x86_64-unknown-linux-gnu/lib/rustlib/x86_64-unknown-linux-gnu/lib/librustc_std_workspace_core-0577018320f99037.rlib" "/opt/rustwide/rustup-home/toolchains/1.75.0-x86_64-unknown-linux-gnu/lib/rustlib/x86_64-unknown-linux-gnu/lib/libcore-193cf992125ccd4c.rlib" "/opt/rustwide/rustup-home/toolchains/1.75.0-x86_64-unknown-linux-gnu/lib/rustlib/x86_64-unknown-linux-gnu/lib/libcompiler_builtins-8e138eaf26ebb4a8.rlib" "-Wl,-Bdynamic" "-lgcc_s" "-lutil" "-lrt" "-lpthread" "-lm" "-ldl" "-lc" "-Wl,--eh-frame-hdr" "-Wl,-z,noexecstack" "-L" "/opt/rustwide/rustup-home/toolchains/1.75.0-x86_64-unknown-linux-gnu/lib/rustlib/x86_64-unknown-linux-gnu/lib" "-o" "/opt/rustwide/target/debug/examples/list_objects_service_account-43a9b64a4c2ea2b1" "-Wl,--gc-sections" "-pie" "-Wl,-z,relro,-z,now" "-nodefaultlibs"
[INFO] [stdout]   = note: collect2: fatal error: ld terminated with signal 9 [Killed]
[INFO] [stdout]           compilation terminated.
[INFO] [stdout]           
[INFO] [stdout] 
[INFO] [stdout] 
[INFO] [stdout] error: aborting due to previous error
[INFO] [stdout] 
[INFO] [stdout] 
[INFO] [stderr] error: could not compile `gcs-rsync` (example "list_objects_service_account") due to 2 previous errors
[INFO] [stdout] error: linking with `cc` failed: exit status: 1
[INFO] [stdout]   |
[INFO] [stdout]   = note: LC_ALL="C" PATH="/opt/rustwide/rustup-home/toolchains/1.75.0-x86_64-unknown-linux-gnu/lib/rustlib/x86_64-unknown-linux-gnu/bin:/opt/rustwide/cargo-home/bin:/usr/local/sbin:/usr/local/bin:/usr/sbin:/usr/bin:/sbin:/bin" VSLANG="1033" "cc" "-m64" "/tmp/rustccN9OwM/symbols.o" "/opt/rustwide/target/debug/examples/upload_object-90705554c6849798.upload_object.42c332050376b99b-cgu.0.rcgu.o" "/opt/rustwide/target/debug/examples/upload_object-90705554c6849798.upload_object.42c332050376b99b-cgu.1.rcgu.o" "/opt/rustwide/target/debug/examples/upload_object-90705554c6849798.upload_object.42c332050376b99b-cgu.2.rcgu.o" "/opt/rustwide/target/debug/examples/upload_object-90705554c6849798.upload_object.42c332050376b99b-cgu.3.rcgu.o" "/opt/rustwide/target/debug/examples/upload_object-90705554c6849798.upload_object.42c332050376b99b-cgu.4.rcgu.o" "/opt/rustwide/target/debug/examples/upload_object-90705554c6849798.1ow3isqn9elmvbt1.rcgu.o" "-Wl,--as-needed" "-L" "/opt/rustwide/target/debug/deps" "-L" "/opt/rustwide/target/debug/build/ring-1bbfc0476519003d/out" "-L" "/opt/rustwide/rustup-home/toolchains/1.75.0-x86_64-unknown-linux-gnu/lib/rustlib/x86_64-unknown-linux-gnu/lib" "-Wl,-Bstatic" "/opt/rustwide/target/debug/deps/libgcs_rsync-204f1b4b55411b6c.rlib" "/opt/rustwide/target/debug/deps/libfiletime-9eba07db83073144.rlib" "/opt/rustwide/target/debug/deps/libcrc32c-5c720851f87ce139.rlib" "/opt/rustwide/target/debug/deps/libreqwest-000c63137807321e.rlib" "/opt/rustwide/target/debug/deps/librustls_pemfile-51a69b36c7346bd6.rlib" "/opt/rustwide/target/debug/deps/libhyper_rustls-28dc55998274e675.rlib" "/opt/rustwide/target/debug/deps/libserde_urlencoded-88368abfa73ea200.rlib" "/opt/rustwide/target/debug/deps/libwebpki_roots-3d5f3cb9e43374e0.rlib" "/opt/rustwide/target/debug/deps/libipnet-0abb50285bb3f68c.rlib" "/opt/rustwide/target/debug/deps/libtokio_rustls-1e4c50e7bfb660cc.rlib" "/opt/rustwide/target/debug/deps/libmime-7e306270d8ceb372.rlib" "/opt/rustwide/target/debug/deps/libencoding_rs-000c97fafd38c2ed.rlib" "/opt/rustwide/target/debug/deps/librustls-264a36d262f6ac7a.rlib" "/opt/rustwide/target/debug/deps/libsct-c3328b9bddf906e8.rlib" "/opt/rustwide/target/debug/deps/libwebpki-2def080e2e2a3172.rlib" "/opt/rustwide/target/debug/deps/libhyper-90760e62cb6eecc4.rlib" "/opt/rustwide/target/debug/deps/libwant-0e59d2771cba3a35.rlib" "/opt/rustwide/target/debug/deps/libtry_lock-51271589248cd7d9.rlib" "/opt/rustwide/target/debug/deps/libsocket2-2f873b9f743301ed.rlib" "/opt/rustwide/target/debug/deps/libhttparse-64f1ffbeda450424.rlib" "/opt/rustwide/target/debug/deps/libh2-ff6069cdc7e1e311.rlib" "/opt/rustwide/target/debug/deps/libindexmap-93f72862478380d0.rlib" "/opt/rustwide/target/debug/deps/libhashbrown-567986452cb9bc94.rlib" "/opt/rustwide/target/debug/deps/libtower_service-104d6e83d5ce383d.rlib" "/opt/rustwide/target/debug/deps/libhttp_body-6020a10d9659dc54.rlib" "/opt/rustwide/target/debug/deps/liblog-4f472032e8cdd371.rlib" "/opt/rustwide/target/debug/deps/liburl-bc0661a5141cbab3.rlib" "/opt/rustwide/target/debug/deps/libidna-35e3e2f202e10859.rlib" "/opt/rustwide/target/debug/deps/libunicode_normalization-e04a0b39935fba30.rlib" "/opt/rustwide/target/debug/deps/libtinyvec-cf6c9f6b792a5507.rlib" "/opt/rustwide/target/debug/deps/libtinyvec_macros-b1cb7f53f58c9f87.rlib" "/opt/rustwide/target/debug/deps/libunicode_bidi-020370784786e57d.rlib" "/opt/rustwide/target/debug/deps/libform_urlencoded-a39e5ffbd9c88c0c.rlib" "/opt/rustwide/target/debug/deps/libpercent_encoding-5d42724fd4d173a7.rlib" "/opt/rustwide/target/debug/deps/libhttp-f741a19cbfac6912.rlib" "/opt/rustwide/target/debug/deps/libjsonwebtoken-c73833aa3d843590.rlib" "/opt/rustwide/target/debug/deps/libpem-faa6c3b3261963e2.rlib" "/opt/rustwide/target/debug/deps/libbase64-b09bba5046b087ce.rlib" "/opt/rustwide/target/debug/deps/libsimple_asn1-4e4631f3b0462868.rlib" "/opt/rustwide/target/debug/deps/libtime-acb7676a1e8ed855.rlib" "/opt/rustwide/target/debug/deps/libtime_core-7af5d6eb87ec9652.rlib" "/opt/rustwide/target/debug/deps/libderanged-b0f0508ff4388c08.rlib" "/opt/rustwide/target/debug/deps/libthiserror-910b0ae1414a94f9.rlib" "/opt/rustwide/target/debug/deps/libnum_bigint-b09fa858e9e10318.rlib" "/opt/rustwide/target/debug/deps/libnum_integer-795b781837d6cff9.rlib" "/opt/rustwide/target/debug/deps/libring-f66988a4173374ed.rlib" "/opt/rustwide/target/debug/deps/libspin-c4098cd951aef6c9.rlib" "/opt/rustwide/target/debug/deps/libuntrusted-5ec0aa78ed8cda5c.rlib" "/opt/rustwide/target/debug/deps/libglobset-2633c2f70744a6ee.rlib" "/opt/rustwide/target/debug/deps/libfnv-18bf5144d055e772.rlib" "/opt/rustwide/target/debug/deps/libregex-93f4b851b6d1084a.rlib" "/opt/rustwide/target/debug/deps/libregex_automata-73ef4bf19a72d6a7.rlib" "/opt/rustwide/target/debug/deps/libregex_syntax-816364ed3fa4559b.rlib" "/opt/rustwide/target/debug/deps/libbstr-fd1e6f40408abe33.rlib" "/opt/rustwide/target/debug/deps/libaho_corasick-1143312c78fc67c2.rlib" "/opt/rustwide/target/debug/deps/libmemchr-8adfc22b612d6f7a.rlib" "/opt/rustwide/target/debug/deps/libtokio_util-d797984ec5d6a5e8.rlib" "/opt/rustwide/target/debug/deps/libtracing-4844ee36247b1bd5.rlib" "/opt/rustwide/target/debug/deps/libtracing_core-a938e53938d01308.rlib" "/opt/rustwide/target/debug/deps/libonce_cell-865e1c5018a0303a.rlib" "/opt/rustwide/target/debug/deps/libserde_json-bbb7f324f6cf4f7c.rlib" "/opt/rustwide/target/debug/deps/libryu-f8e8abf733224b36.rlib" "/opt/rustwide/target/debug/deps/libitoa-05fb7c91ffbc0a79.rlib" "/opt/rustwide/target/debug/deps/libbase64-3052c0bc8cc540c1.rlib" "/opt/rustwide/target/debug/deps/libtokio-2eeb880d85dae4f8.rlib" "/opt/rustwide/target/debug/deps/libsignal_hook_registry-01a0d96a3c282908.rlib" "/opt/rustwide/target/debug/deps/libnum_cpus-73d2f04fa192560a.rlib" "/opt/rustwide/target/debug/deps/libsocket2-57e62e3ab7aa7d13.rlib" "/opt/rustwide/target/debug/deps/libmio-8ace437972ba9204.rlib" "/opt/rustwide/target/debug/deps/libparking_lot-64e7825733f9c7ab.rlib" "/opt/rustwide/target/debug/deps/libparking_lot_core-1fec06000ec8d79a.rlib" "/opt/rustwide/target/debug/deps/liblibc-02f888d7762819c3.rlib" "/opt/rustwide/target/debug/deps/libcfg_if-61dc7a6799e72b18.rlib" "/opt/rustwide/target/debug/deps/libsmallvec-e348a0178db8b1b8.rlib" "/opt/rustwide/target/debug/deps/liblock_api-6d695fe916f3ef34.rlib" "/opt/rustwide/target/debug/deps/libscopeguard-012e5ed929fc2fe6.rlib" "/opt/rustwide/target/debug/deps/libfutures-7ce3f9d6307cc0c1.rlib" "/opt/rustwide/target/debug/deps/libfutures_channel-b11b4e3e73ae8576.rlib" "/opt/rustwide/target/debug/deps/libfutures_util-625300e993c9975b.rlib" "/opt/rustwide/target/debug/deps/libslab-6eb39baadbe9101c.rlib" "/opt/rustwide/target/debug/deps/libpin_project_lite-e0757e0deaa2f8a0.rlib" "/opt/rustwide/target/debug/deps/libfutures_sink-4afe6e57e5588fde.rlib" "/opt/rustwide/target/debug/deps/libfutures_task-ec207c36a8b1b716.rlib" "/opt/rustwide/target/debug/deps/libpin_utils-741f7d9d160e4a16.rlib" "/opt/rustwide/target/debug/deps/libfutures_core-02b74ed2f49284a7.rlib" "/opt/rustwide/target/debug/deps/libbytes-0a052f49710012b1.rlib" "/opt/rustwide/target/debug/deps/liburlencoding-ffd8dd90a667c416.rlib" "/opt/rustwide/target/debug/deps/libchrono-2e6c4e3531a6a8eb.rlib" "/opt/rustwide/target/debug/deps/libnum_traits-3fb6e1a665cce4c8.rlib" "/opt/rustwide/target/debug/deps/libiana_time_zone-4d940f736806fce6.rlib" "/opt/rustwide/target/debug/deps/libserde-c8442e28abe88b75.rlib" "/opt/rustwide/rustup-home/toolchains/1.75.0-x86_64-unknown-linux-gnu/lib/rustlib/x86_64-unknown-linux-gnu/lib/libstd-90f6ddbf82de36ec.rlib" "/opt/rustwide/rustup-home/toolchains/1.75.0-x86_64-unknown-linux-gnu/lib/rustlib/x86_64-unknown-linux-gnu/lib/libpanic_unwind-480c41e9d4e1f677.rlib" "/opt/rustwide/rustup-home/toolchains/1.75.0-x86_64-unknown-linux-gnu/lib/rustlib/x86_64-unknown-linux-gnu/lib/libobject-db744c0ca03eed1d.rlib" "/opt/rustwide/rustup-home/toolchains/1.75.0-x86_64-unknown-linux-gnu/lib/rustlib/x86_64-unknown-linux-gnu/lib/libmemchr-8ba652dc7d4b285a.rlib" "/opt/rustwide/rustup-home/toolchains/1.75.0-x86_64-unknown-linux-gnu/lib/rustlib/x86_64-unknown-linux-gnu/lib/libaddr2line-d5f4520a9ebc0d58.rlib" "/opt/rustwide/rustup-home/toolchains/1.75.0-x86_64-unknown-linux-gnu/lib/rustlib/x86_64-unknown-linux-gnu/lib/libgimli-4ad84de58f0cb463.rlib" "/opt/rustwide/rustup-home/toolchains/1.75.0-x86_64-unknown-linux-gnu/lib/rustlib/x86_64-unknown-linux-gnu/lib/librustc_demangle-0d10aae2e0f38735.rlib" "/opt/rustwide/rustup-home/toolchains/1.75.0-x86_64-unknown-linux-gnu/lib/rustlib/x86_64-unknown-linux-gnu/lib/libstd_detect-0c17cff739e6745b.rlib" "/opt/rustwide/rustup-home/toolchains/1.75.0-x86_64-unknown-linux-gnu/lib/rustlib/x86_64-unknown-linux-gnu/lib/libhashbrown-b29e17139dde1aa8.rlib" "/opt/rustwide/rustup-home/toolchains/1.75.0-x86_64-unknown-linux-gnu/lib/rustlib/x86_64-unknown-linux-gnu/lib/librustc_std_workspace_alloc-1f975299829cc7bd.rlib" "/opt/rustwide/rustup-home/toolchains/1.75.0-x86_64-unknown-linux-gnu/lib/rustlib/x86_64-unknown-linux-gnu/lib/libminiz_oxide-86bae3bc3079f89b.rlib" "/opt/rustwide/rustup-home/toolchains/1.75.0-x86_64-unknown-linux-gnu/lib/rustlib/x86_64-unknown-linux-gnu/lib/libadler-321b82c30dffdf5f.rlib" "/opt/rustwide/rustup-home/toolchains/1.75.0-x86_64-unknown-linux-gnu/lib/rustlib/x86_64-unknown-linux-gnu/lib/libunwind-3dd8a6810a0bdfef.rlib" "/opt/rustwide/rustup-home/toolchains/1.75.0-x86_64-unknown-linux-gnu/lib/rustlib/x86_64-unknown-linux-gnu/lib/libcfg_if-eb39a61c0c879984.rlib" "/opt/rustwide/rustup-home/toolchains/1.75.0-x86_64-unknown-linux-gnu/lib/rustlib/x86_64-unknown-linux-gnu/lib/liblibc-aa769569f91c3548.rlib" "/opt/rustwide/rustup-home/toolchains/1.75.0-x86_64-unknown-linux-gnu/lib/rustlib/x86_64-unknown-linux-gnu/lib/liballoc-510a192a50a983ed.rlib" "/opt/rustwide/rustup-home/toolchains/1.75.0-x86_64-unknown-linux-gnu/lib/rustlib/x86_64-unknown-linux-gnu/lib/librustc_std_workspace_core-0577018320f99037.rlib" "/opt/rustwide/rustup-home/toolchains/1.75.0-x86_64-unknown-linux-gnu/lib/rustlib/x86_64-unknown-linux-gnu/lib/libcore-193cf992125ccd4c.rlib" "/opt/rustwide/rustup-home/toolchains/1.75.0-x86_64-unknown-linux-gnu/lib/rustlib/x86_64-unknown-linux-gnu/lib/libcompiler_builtins-8e138eaf26ebb4a8.rlib" "-Wl,-Bdynamic" "-lgcc_s" "-lutil" "-lrt" "-lpthread" "-lm" "-ldl" "-lc" "-Wl,--eh-frame-hdr" "-Wl,-z,noexecstack" "-L" "/opt/rustwide/rustup-home/toolchains/1.75.0-x86_64-unknown-linux-gnu/lib/rustlib/x86_64-unknown-linux-gnu/lib" "-o" "/opt/rustwide/target/debug/examples/upload_object-90705554c6849798" "-Wl,--gc-sections" "-pie" "-Wl,-z,relro,-z,now" "-nodefaultlibs"
[INFO] [stdout]   = note: collect2: fatal error: ld terminated with signal 9 [Killed]
[INFO] [stdout]           compilation terminated.
[INFO] [stdout]           
[INFO] [stdout] 
[INFO] [stdout] 
[INFO] [stdout] error: aborting due to previous error
[INFO] [stdout] 
[INFO] [stdout] 
[INFO] [stderr] error: could not compile `gcs-rsync` (example "upload_object") due to 2 previous errors
[INFO] [stdout] error: linking with `cc` failed: exit status: 1
[INFO] [stdout]   |
[INFO] [stdout]   = note: LC_ALL="C" PATH="/opt/rustwide/rustup-home/toolchains/1.75.0-x86_64-unknown-linux-gnu/lib/rustlib/x86_64-unknown-linux-gnu/bin:/opt/rustwide/cargo-home/bin:/usr/local/sbin:/usr/local/bin:/usr/sbin:/usr/bin:/sbin:/bin" VSLANG="1033" "cc" "-m64" "/tmp/rustcLcrSy4/symbols.o" "/opt/rustwide/target/debug/examples/download_object-389d95ca8176bc6a.download_object.307e2e070602606c-cgu.0.rcgu.o" "/opt/rustwide/target/debug/examples/download_object-389d95ca8176bc6a.download_object.307e2e070602606c-cgu.1.rcgu.o" "/opt/rustwide/target/debug/examples/download_object-389d95ca8176bc6a.download_object.307e2e070602606c-cgu.2.rcgu.o" "/opt/rustwide/target/debug/examples/download_object-389d95ca8176bc6a.download_object.307e2e070602606c-cgu.3.rcgu.o" "/opt/rustwide/target/debug/examples/download_object-389d95ca8176bc6a.download_object.307e2e070602606c-cgu.4.rcgu.o" "/opt/rustwide/target/debug/examples/download_object-389d95ca8176bc6a.53t9fd9texjvxt97.rcgu.o" "-Wl,--as-needed" "-L" "/opt/rustwide/target/debug/deps" "-L" "/opt/rustwide/target/debug/build/ring-1bbfc0476519003d/out" "-L" "/opt/rustwide/rustup-home/toolchains/1.75.0-x86_64-unknown-linux-gnu/lib/rustlib/x86_64-unknown-linux-gnu/lib" "-Wl,-Bstatic" "/opt/rustwide/target/debug/deps/libgcs_rsync-204f1b4b55411b6c.rlib" "/opt/rustwide/target/debug/deps/libfiletime-9eba07db83073144.rlib" "/opt/rustwide/target/debug/deps/libcrc32c-5c720851f87ce139.rlib" "/opt/rustwide/target/debug/deps/libreqwest-000c63137807321e.rlib" "/opt/rustwide/target/debug/deps/librustls_pemfile-51a69b36c7346bd6.rlib" "/opt/rustwide/target/debug/deps/libhyper_rustls-28dc55998274e675.rlib" "/opt/rustwide/target/debug/deps/libserde_urlencoded-88368abfa73ea200.rlib" "/opt/rustwide/target/debug/deps/libwebpki_roots-3d5f3cb9e43374e0.rlib" "/opt/rustwide/target/debug/deps/libipnet-0abb50285bb3f68c.rlib" "/opt/rustwide/target/debug/deps/libtokio_rustls-1e4c50e7bfb660cc.rlib" "/opt/rustwide/target/debug/deps/libmime-7e306270d8ceb372.rlib" "/opt/rustwide/target/debug/deps/libencoding_rs-000c97fafd38c2ed.rlib" "/opt/rustwide/target/debug/deps/librustls-264a36d262f6ac7a.rlib" "/opt/rustwide/target/debug/deps/libsct-c3328b9bddf906e8.rlib" "/opt/rustwide/target/debug/deps/libwebpki-2def080e2e2a3172.rlib" "/opt/rustwide/target/debug/deps/libhyper-90760e62cb6eecc4.rlib" "/opt/rustwide/target/debug/deps/libwant-0e59d2771cba3a35.rlib" "/opt/rustwide/target/debug/deps/libtry_lock-51271589248cd7d9.rlib" "/opt/rustwide/target/debug/deps/libsocket2-2f873b9f743301ed.rlib" "/opt/rustwide/target/debug/deps/libhttparse-64f1ffbeda450424.rlib" "/opt/rustwide/target/debug/deps/libh2-ff6069cdc7e1e311.rlib" "/opt/rustwide/target/debug/deps/libindexmap-93f72862478380d0.rlib" "/opt/rustwide/target/debug/deps/libhashbrown-567986452cb9bc94.rlib" "/opt/rustwide/target/debug/deps/libtower_service-104d6e83d5ce383d.rlib" "/opt/rustwide/target/debug/deps/libhttp_body-6020a10d9659dc54.rlib" "/opt/rustwide/target/debug/deps/liblog-4f472032e8cdd371.rlib" "/opt/rustwide/target/debug/deps/liburl-bc0661a5141cbab3.rlib" "/opt/rustwide/target/debug/deps/libidna-35e3e2f202e10859.rlib" "/opt/rustwide/target/debug/deps/libunicode_normalization-e04a0b39935fba30.rlib" "/opt/rustwide/target/debug/deps/libtinyvec-cf6c9f6b792a5507.rlib" "/opt/rustwide/target/debug/deps/libtinyvec_macros-b1cb7f53f58c9f87.rlib" "/opt/rustwide/target/debug/deps/libunicode_bidi-020370784786e57d.rlib" "/opt/rustwide/target/debug/deps/libform_urlencoded-a39e5ffbd9c88c0c.rlib" "/opt/rustwide/target/debug/deps/libpercent_encoding-5d42724fd4d173a7.rlib" "/opt/rustwide/target/debug/deps/libhttp-f741a19cbfac6912.rlib" "/opt/rustwide/target/debug/deps/libjsonwebtoken-c73833aa3d843590.rlib" "/opt/rustwide/target/debug/deps/libpem-faa6c3b3261963e2.rlib" "/opt/rustwide/target/debug/deps/libbase64-b09bba5046b087ce.rlib" "/opt/rustwide/target/debug/deps/libsimple_asn1-4e4631f3b0462868.rlib" "/opt/rustwide/target/debug/deps/libtime-acb7676a1e8ed855.rlib" "/opt/rustwide/target/debug/deps/libtime_core-7af5d6eb87ec9652.rlib" "/opt/rustwide/target/debug/deps/libderanged-b0f0508ff4388c08.rlib" "/opt/rustwide/target/debug/deps/libthiserror-910b0ae1414a94f9.rlib" "/opt/rustwide/target/debug/deps/libnum_bigint-b09fa858e9e10318.rlib" "/opt/rustwide/target/debug/deps/libnum_integer-795b781837d6cff9.rlib" "/opt/rustwide/target/debug/deps/libring-f66988a4173374ed.rlib" "/opt/rustwide/target/debug/deps/libspin-c4098cd951aef6c9.rlib" "/opt/rustwide/target/debug/deps/libuntrusted-5ec0aa78ed8cda5c.rlib" "/opt/rustwide/target/debug/deps/libglobset-2633c2f70744a6ee.rlib" "/opt/rustwide/target/debug/deps/libfnv-18bf5144d055e772.rlib" "/opt/rustwide/target/debug/deps/libregex-93f4b851b6d1084a.rlib" "/opt/rustwide/target/debug/deps/libregex_automata-73ef4bf19a72d6a7.rlib" "/opt/rustwide/target/debug/deps/libregex_syntax-816364ed3fa4559b.rlib" "/opt/rustwide/target/debug/deps/libbstr-fd1e6f40408abe33.rlib" "/opt/rustwide/target/debug/deps/libaho_corasick-1143312c78fc67c2.rlib" "/opt/rustwide/target/debug/deps/libmemchr-8adfc22b612d6f7a.rlib" "/opt/rustwide/target/debug/deps/libtokio_util-d797984ec5d6a5e8.rlib" "/opt/rustwide/target/debug/deps/libtracing-4844ee36247b1bd5.rlib" "/opt/rustwide/target/debug/deps/libtracing_core-a938e53938d01308.rlib" "/opt/rustwide/target/debug/deps/libonce_cell-865e1c5018a0303a.rlib" "/opt/rustwide/target/debug/deps/libserde_json-bbb7f324f6cf4f7c.rlib" "/opt/rustwide/target/debug/deps/libryu-f8e8abf733224b36.rlib" "/opt/rustwide/target/debug/deps/libitoa-05fb7c91ffbc0a79.rlib" "/opt/rustwide/target/debug/deps/libbase64-3052c0bc8cc540c1.rlib" "/opt/rustwide/target/debug/deps/libtokio-2eeb880d85dae4f8.rlib" "/opt/rustwide/target/debug/deps/libsignal_hook_registry-01a0d96a3c282908.rlib" "/opt/rustwide/target/debug/deps/libnum_cpus-73d2f04fa192560a.rlib" "/opt/rustwide/target/debug/deps/libsocket2-57e62e3ab7aa7d13.rlib" "/opt/rustwide/target/debug/deps/libmio-8ace437972ba9204.rlib" "/opt/rustwide/target/debug/deps/libparking_lot-64e7825733f9c7ab.rlib" "/opt/rustwide/target/debug/deps/libparking_lot_core-1fec06000ec8d79a.rlib" "/opt/rustwide/target/debug/deps/liblibc-02f888d7762819c3.rlib" "/opt/rustwide/target/debug/deps/libcfg_if-61dc7a6799e72b18.rlib" "/opt/rustwide/target/debug/deps/libsmallvec-e348a0178db8b1b8.rlib" "/opt/rustwide/target/debug/deps/liblock_api-6d695fe916f3ef34.rlib" "/opt/rustwide/target/debug/deps/libscopeguard-012e5ed929fc2fe6.rlib" "/opt/rustwide/target/debug/deps/libbytes-0a052f49710012b1.rlib" "/opt/rustwide/target/debug/deps/liburlencoding-ffd8dd90a667c416.rlib" "/opt/rustwide/target/debug/deps/libchrono-2e6c4e3531a6a8eb.rlib" "/opt/rustwide/target/debug/deps/libnum_traits-3fb6e1a665cce4c8.rlib" "/opt/rustwide/target/debug/deps/libiana_time_zone-4d940f736806fce6.rlib" "/opt/rustwide/target/debug/deps/libserde-c8442e28abe88b75.rlib" "/opt/rustwide/target/debug/deps/libfutures-7ce3f9d6307cc0c1.rlib" "/opt/rustwide/target/debug/deps/libfutures_channel-b11b4e3e73ae8576.rlib" "/opt/rustwide/target/debug/deps/libfutures_util-625300e993c9975b.rlib" "/opt/rustwide/target/debug/deps/libslab-6eb39baadbe9101c.rlib" "/opt/rustwide/target/debug/deps/libpin_project_lite-e0757e0deaa2f8a0.rlib" "/opt/rustwide/target/debug/deps/libfutures_sink-4afe6e57e5588fde.rlib" "/opt/rustwide/target/debug/deps/libfutures_task-ec207c36a8b1b716.rlib" "/opt/rustwide/target/debug/deps/libpin_utils-741f7d9d160e4a16.rlib" "/opt/rustwide/target/debug/deps/libfutures_core-02b74ed2f49284a7.rlib" "/opt/rustwide/rustup-home/toolchains/1.75.0-x86_64-unknown-linux-gnu/lib/rustlib/x86_64-unknown-linux-gnu/lib/libstd-90f6ddbf82de36ec.rlib" "/opt/rustwide/rustup-home/toolchains/1.75.0-x86_64-unknown-linux-gnu/lib/rustlib/x86_64-unknown-linux-gnu/lib/libpanic_unwind-480c41e9d4e1f677.rlib" "/opt/rustwide/rustup-home/toolchains/1.75.0-x86_64-unknown-linux-gnu/lib/rustlib/x86_64-unknown-linux-gnu/lib/libobject-db744c0ca03eed1d.rlib" "/opt/rustwide/rustup-home/toolchains/1.75.0-x86_64-unknown-linux-gnu/lib/rustlib/x86_64-unknown-linux-gnu/lib/libmemchr-8ba652dc7d4b285a.rlib" "/opt/rustwide/rustup-home/toolchains/1.75.0-x86_64-unknown-linux-gnu/lib/rustlib/x86_64-unknown-linux-gnu/lib/libaddr2line-d5f4520a9ebc0d58.rlib" "/opt/rustwide/rustup-home/toolchains/1.75.0-x86_64-unknown-linux-gnu/lib/rustlib/x86_64-unknown-linux-gnu/lib/libgimli-4ad84de58f0cb463.rlib" "/opt/rustwide/rustup-home/toolchains/1.75.0-x86_64-unknown-linux-gnu/lib/rustlib/x86_64-unknown-linux-gnu/lib/librustc_demangle-0d10aae2e0f38735.rlib" "/opt/rustwide/rustup-home/toolchains/1.75.0-x86_64-unknown-linux-gnu/lib/rustlib/x86_64-unknown-linux-gnu/lib/libstd_detect-0c17cff739e6745b.rlib" "/opt/rustwide/rustup-home/toolchains/1.75.0-x86_64-unknown-linux-gnu/lib/rustlib/x86_64-unknown-linux-gnu/lib/libhashbrown-b29e17139dde1aa8.rlib" "/opt/rustwide/rustup-home/toolchains/1.75.0-x86_64-unknown-linux-gnu/lib/rustlib/x86_64-unknown-linux-gnu/lib/librustc_std_workspace_alloc-1f975299829cc7bd.rlib" "/opt/rustwide/rustup-home/toolchains/1.75.0-x86_64-unknown-linux-gnu/lib/rustlib/x86_64-unknown-linux-gnu/lib/libminiz_oxide-86bae3bc3079f89b.rlib" "/opt/rustwide/rustup-home/toolchains/1.75.0-x86_64-unknown-linux-gnu/lib/rustlib/x86_64-unknown-linux-gnu/lib/libadler-321b82c30dffdf5f.rlib" "/opt/rustwide/rustup-home/toolchains/1.75.0-x86_64-unknown-linux-gnu/lib/rustlib/x86_64-unknown-linux-gnu/lib/libunwind-3dd8a6810a0bdfef.rlib" "/opt/rustwide/rustup-home/toolchains/1.75.0-x86_64-unknown-linux-gnu/lib/rustlib/x86_64-unknown-linux-gnu/lib/libcfg_if-eb39a61c0c879984.rlib" "/opt/rustwide/rustup-home/toolchains/1.75.0-x86_64-unknown-linux-gnu/lib/rustlib/x86_64-unknown-linux-gnu/lib/liblibc-aa769569f91c3548.rlib" "/opt/rustwide/rustup-home/toolchains/1.75.0-x86_64-unknown-linux-gnu/lib/rustlib/x86_64-unknown-linux-gnu/lib/liballoc-510a192a50a983ed.rlib" "/opt/rustwide/rustup-home/toolchains/1.75.0-x86_64-unknown-linux-gnu/lib/rustlib/x86_64-unknown-linux-gnu/lib/librustc_std_workspace_core-0577018320f99037.rlib" "/opt/rustwide/rustup-home/toolchains/1.75.0-x86_64-unknown-linux-gnu/lib/rustlib/x86_64-unknown-linux-gnu/lib/libcore-193cf992125ccd4c.rlib" "/opt/rustwide/rustup-home/toolchains/1.75.0-x86_64-unknown-linux-gnu/lib/rustlib/x86_64-unknown-linux-gnu/lib/libcompiler_builtins-8e138eaf26ebb4a8.rlib" "-Wl,-Bdynamic" "-lgcc_s" "-lutil" "-lrt" "-lpthread" "-lm" "-ldl" "-lc" "-Wl,--eh-frame-hdr" "-Wl,-z,noexecstack" "-L" "/opt/rustwide/rustup-home/toolchains/1.75.0-x86_64-unknown-linux-gnu/lib/rustlib/x86_64-unknown-linux-gnu/lib" "-o" "/opt/rustwide/target/debug/examples/download_object-389d95ca8176bc6a" "-Wl,--gc-sections" "-pie" "-Wl,-z,relro,-z,now" "-nodefaultlibs"
[INFO] [stdout]   = note: collect2: fatal error: ld terminated with signal 9 [Killed]
[INFO] [stdout]           compilation terminated.
[INFO] [stdout]           
[INFO] [stdout] 
[INFO] [stdout] 
[INFO] [stdout] error: aborting due to previous error
[INFO] [stdout] 
[INFO] [stdout] 
[INFO] [stderr] error: could not compile `gcs-rsync` (example "download_object") due to 2 previous errors
[INFO] running `Command { std: "docker" "inspect" "5891f1c722daf8b406ed7888366e9e0070127c0a0099ad3fbee0818dac291555", kill_on_drop: false }`
[INFO] running `Command { std: "docker" "rm" "-f" "5891f1c722daf8b406ed7888366e9e0070127c0a0099ad3fbee0818dac291555", kill_on_drop: false }`
[INFO] [stdout] 5891f1c722daf8b406ed7888366e9e0070127c0a0099ad3fbee0818dac291555
[INFO] testing gcs-rsync-0.3.4 against beta-2023-12-22 for beta-1.76-1
[INFO] extracting crate gcs-rsync 0.3.4 into /workspace/builds/worker-1-tc2/source
[INFO] validating manifest of crates.io crate gcs-rsync 0.3.4 on toolchain beta-2023-12-22
[INFO] running `Command { std: CARGO_HOME="/workspace/cargo-home" RUSTUP_HOME="/workspace/rustup-home" "/workspace/cargo-home/bin/cargo" "+beta-2023-12-22" "metadata" "--manifest-path" "Cargo.toml" "--no-deps", kill_on_drop: false }`
[INFO] removed /workspace/builds/worker-1-tc2/source/.cargo/config
[INFO] started tweaking crates.io crate gcs-rsync 0.3.4
[INFO] finished tweaking crates.io crate gcs-rsync 0.3.4
[INFO] tweaked toml for crates.io crate gcs-rsync 0.3.4 written to /workspace/builds/worker-1-tc2/source/Cargo.toml
[INFO] crate crates.io crate gcs-rsync 0.3.4 already has a lockfile, it will not be regenerated
[INFO] running `Command { std: CARGO_HOME="/workspace/cargo-home" RUSTUP_HOME="/workspace/rustup-home" "/workspace/cargo-home/bin/cargo" "+beta-2023-12-22" "fetch" "--manifest-path" "Cargo.toml", kill_on_drop: false }`
[INFO] running `Command { std: "docker" "create" "-v" "/var/lib/crater-agent-workspace/builds/worker-1-tc2/target:/opt/rustwide/target:rw,Z" "-v" "/var/lib/crater-agent-workspace/builds/worker-1-tc2/source:/opt/rustwide/workdir:ro,Z" "-v" "/var/lib/crater-agent-workspace/cargo-home:/opt/rustwide/cargo-home:ro,Z" "-v" "/var/lib/crater-agent-workspace/rustup-home:/opt/rustwide/rustup-home:ro,Z" "-e" "SOURCE_DIR=/opt/rustwide/workdir" "-e" "CARGO_TARGET_DIR=/opt/rustwide/target" "-e" "CARGO_HOME=/opt/rustwide/cargo-home" "-e" "RUSTUP_HOME=/opt/rustwide/rustup-home" "-w" "/opt/rustwide/workdir" "-m" "1610612736" "--user" "0:0" "--network" "none" "ghcr.io/rust-lang/crates-build-env/linux@sha256:2788e3201cd34a07e3172128adcd8b3090168a8e3bcc40d7c032b9dda1df7d1c" "/opt/rustwide/cargo-home/bin/cargo" "+beta-2023-12-22" "metadata" "--no-deps" "--format-version=1", kill_on_drop: false }`
[INFO] [stdout] 58ff58dfb35061a8571896cb9cbd244d496847fe19e7b428b13ad93c87c7396e
[INFO] running `Command { std: "docker" "start" "-a" "58ff58dfb35061a8571896cb9cbd244d496847fe19e7b428b13ad93c87c7396e", kill_on_drop: false }`
[INFO] running `Command { std: "docker" "inspect" "58ff58dfb35061a8571896cb9cbd244d496847fe19e7b428b13ad93c87c7396e", kill_on_drop: false }`
[INFO] running `Command { std: "docker" "rm" "-f" "58ff58dfb35061a8571896cb9cbd244d496847fe19e7b428b13ad93c87c7396e", kill_on_drop: false }`
[INFO] [stdout] 58ff58dfb35061a8571896cb9cbd244d496847fe19e7b428b13ad93c87c7396e
[INFO] running `Command { std: "docker" "create" "-v" "/var/lib/crater-agent-workspace/builds/worker-1-tc2/target:/opt/rustwide/target:rw,Z" "-v" "/var/lib/crater-agent-workspace/builds/worker-1-tc2/source:/opt/rustwide/workdir:ro,Z" "-v" "/var/lib/crater-agent-workspace/cargo-home:/opt/rustwide/cargo-home:ro,Z" "-v" "/var/lib/crater-agent-workspace/rustup-home:/opt/rustwide/rustup-home:ro,Z" "-e" "SOURCE_DIR=/opt/rustwide/workdir" "-e" "CARGO_TARGET_DIR=/opt/rustwide/target" "-e" "CARGO_INCREMENTAL=0" "-e" "RUST_BACKTRACE=full" "-e" "RUSTFLAGS=--cap-lints=warn" "-e" "RUSTDOCFLAGS=--cap-lints=warn" "-e" "CARGO_HOME=/opt/rustwide/cargo-home" "-e" "RUSTUP_HOME=/opt/rustwide/rustup-home" "-w" "/opt/rustwide/workdir" "-m" "1610612736" "--user" "0:0" "--network" "none" "ghcr.io/rust-lang/crates-build-env/linux@sha256:2788e3201cd34a07e3172128adcd8b3090168a8e3bcc40d7c032b9dda1df7d1c" "/opt/rustwide/cargo-home/bin/cargo" "+beta-2023-12-22" "build" "--frozen" "--message-format=json", kill_on_drop: false }`
[INFO] [stdout] b08111bc3553f38780de6b3deff97928e9b5183cfc7fca72e06b4ce536590882
[INFO] running `Command { std: "docker" "start" "-a" "b08111bc3553f38780de6b3deff97928e9b5183cfc7fca72e06b4ce536590882", kill_on_drop: false }`
[INFO] [stderr]    Compiling proc-macro2 v1.0.69
[INFO] [stderr]    Compiling libc v0.2.149
[INFO] [stderr]    Compiling futures-util v0.3.28
[INFO] [stderr]    Compiling serde v1.0.188
[INFO] [stderr]    Compiling indexmap v1.9.3
[INFO] [stderr]    Compiling semver v1.0.20
[INFO] [stderr]    Compiling futures-channel v0.3.28
[INFO] [stderr]    Compiling http v0.2.9
[INFO] [stderr]    Compiling tracing v0.1.37
[INFO] [stderr]    Compiling rustls v0.21.7
[INFO] [stderr]    Compiling try-lock v0.2.4
[INFO] [stderr]    Compiling percent-encoding v2.3.0
[INFO] [stderr]    Compiling serde_json v1.0.107
[INFO] [stderr]    Compiling thiserror v1.0.49
[INFO] [stderr]    Compiling time-macros v0.2.15
[INFO] [stderr]    Compiling form_urlencoded v1.2.0
[INFO] [stderr]    Compiling want v0.3.1
[INFO] [stderr]    Compiling unicode-normalization v0.1.22
[INFO] [stderr]    Compiling aho-corasick v1.1.2
[INFO] [stderr]    Compiling base64 v0.21.4
[INFO] [stderr]    Compiling deranged v0.3.8
[INFO] [stderr]    Compiling unicode-bidi v0.3.13
[INFO] [stderr]    Compiling regex-syntax v0.8.0
[INFO] [stderr]    Compiling async-trait v0.1.73
[INFO] [stderr]    Compiling bstr v1.7.0
[INFO] [stderr]    Compiling futures-io v0.3.28
[INFO] [stderr]    Compiling rustls-pemfile v1.0.3
[INFO] [stderr]    Compiling rustc_version v0.4.0
[INFO] [stderr]    Compiling idna v0.4.0
[INFO] [stderr]    Compiling webpki-roots v0.25.2
[INFO] [stderr]    Compiling iana-time-zone v0.1.57
[INFO] [stderr]    Compiling http-body v0.4.5
[INFO] [stderr]    Compiling quote v1.0.33
[INFO] [stderr]    Compiling ipnet v2.8.0
[INFO] [stderr]    Compiling urlencoding v2.1.3
[INFO] [stderr]    Compiling syn v2.0.38
[INFO] [stderr]    Compiling socket2 v0.5.4
[INFO] [stderr]    Compiling mio v0.8.8
[INFO] [stderr]    Compiling socket2 v0.4.9
[INFO] [stderr]    Compiling crc32c v0.6.4
[INFO] [stderr]    Compiling cc v1.0.83
[INFO] [stderr]    Compiling url v2.4.1
[INFO] [stderr]    Compiling filetime v0.2.22
[INFO] [stderr]    Compiling tokio v1.33.0
[INFO] [stderr]    Compiling regex-automata v0.4.1
[INFO] [stderr]    Compiling time v0.3.29
[INFO] [stderr]    Compiling ring v0.16.20
[INFO] [stderr]    Compiling regex v1.10.0
[INFO] [stderr]    Compiling serde_derive v1.0.188
[INFO] [stderr]    Compiling futures-macro v0.3.28
[INFO] [stderr]    Compiling thiserror-impl v1.0.49
[INFO] [stderr]    Compiling globset v0.4.13
[INFO] [stderr]    Compiling tokio-util v0.7.9
[INFO] [stderr]    Compiling simple_asn1 v0.6.2
[INFO] [stderr]    Compiling rustls-webpki v0.101.6
[INFO] [stderr]    Compiling sct v0.7.0
[INFO] [stderr]    Compiling h2 v0.3.21
[INFO] [stderr]    Compiling futures v0.3.28
[INFO] [stderr]    Compiling tokio-rustls v0.24.1
[INFO] [stderr]    Compiling serde_urlencoded v0.7.1
[INFO] [stderr]    Compiling chrono v0.4.31
[INFO] [stderr]    Compiling jsonwebtoken v8.3.0
[INFO] [stderr]    Compiling hyper v0.14.27
[INFO] [stderr]    Compiling hyper-rustls v0.24.1
[INFO] [stderr]    Compiling reqwest v0.11.22
[INFO] [stderr]    Compiling gcs-rsync v0.3.4 (/opt/rustwide/workdir)
[INFO] [stderr]     Finished dev [unoptimized + debuginfo] target(s) in 26.38s
[INFO] running `Command { std: "docker" "inspect" "b08111bc3553f38780de6b3deff97928e9b5183cfc7fca72e06b4ce536590882", kill_on_drop: false }`
[INFO] running `Command { std: "docker" "rm" "-f" "b08111bc3553f38780de6b3deff97928e9b5183cfc7fca72e06b4ce536590882", kill_on_drop: false }`
[INFO] [stdout] b08111bc3553f38780de6b3deff97928e9b5183cfc7fca72e06b4ce536590882
[INFO] running `Command { std: "docker" "create" "-v" "/var/lib/crater-agent-workspace/builds/worker-1-tc2/target:/opt/rustwide/target:rw,Z" "-v" "/var/lib/crater-agent-workspace/builds/worker-1-tc2/source:/opt/rustwide/workdir:ro,Z" "-v" "/var/lib/crater-agent-workspace/cargo-home:/opt/rustwide/cargo-home:ro,Z" "-v" "/var/lib/crater-agent-workspace/rustup-home:/opt/rustwide/rustup-home:ro,Z" "-e" "SOURCE_DIR=/opt/rustwide/workdir" "-e" "CARGO_TARGET_DIR=/opt/rustwide/target" "-e" "CARGO_INCREMENTAL=0" "-e" "RUST_BACKTRACE=full" "-e" "RUSTFLAGS=--cap-lints=warn" "-e" "RUSTDOCFLAGS=--cap-lints=warn" "-e" "CARGO_HOME=/opt/rustwide/cargo-home" "-e" "RUSTUP_HOME=/opt/rustwide/rustup-home" "-w" "/opt/rustwide/workdir" "-m" "1610612736" "--user" "0:0" "--network" "none" "ghcr.io/rust-lang/crates-build-env/linux@sha256:2788e3201cd34a07e3172128adcd8b3090168a8e3bcc40d7c032b9dda1df7d1c" "/opt/rustwide/cargo-home/bin/cargo" "+beta-2023-12-22" "test" "--frozen" "--no-run" "--message-format=json", kill_on_drop: false }`
[INFO] [stdout] 6d59118b34e0978ea90d717c0621dd90990e275316c127d089009580c8549d9e
[INFO] running `Command { std: "docker" "start" "-a" "6d59118b34e0978ea90d717c0621dd90990e275316c127d089009580c8549d9e", kill_on_drop: false }`
[INFO] [stderr]    Compiling lock_api v0.4.10
[INFO] [stderr]    Compiling parking_lot_core v0.9.8
[INFO] [stderr]    Compiling smallvec v1.11.1
[INFO] [stderr]    Compiling signal-hook-registry v1.4.1
[INFO] [stderr]    Compiling num_cpus v1.16.0
[INFO] [stderr]    Compiling tokio-macros v2.1.0
[INFO] [stderr]    Compiling syn v1.0.109
[INFO] [stderr]    Compiling proc-macro-error-attr v1.0.4
[INFO] [stderr]    Compiling clap v2.34.0
[INFO] [stderr]    Compiling getrandom v0.2.10
[INFO] [stderr]    Compiling uuid v1.4.1
[INFO] [stderr]    Compiling parking_lot v0.12.1
[INFO] [stderr]    Compiling tokio v1.33.0
[INFO] [stderr]    Compiling proc-macro-error v1.0.4
[INFO] [stderr]    Compiling structopt-derive v0.4.18
[INFO] [stderr]    Compiling structopt v0.3.26
[INFO] [stderr]    Compiling tokio-util v0.7.9
[INFO] [stderr]    Compiling tokio-rustls v0.24.1
[INFO] [stderr]    Compiling h2 v0.3.21
[INFO] [stderr]    Compiling hyper v0.14.27
[INFO] [stderr]    Compiling hyper-rustls v0.24.1
[INFO] [stderr]    Compiling reqwest v0.11.22
[INFO] [stderr]    Compiling gcs-rsync v0.3.4 (/opt/rustwide/workdir)
[INFO] [stdout] error: environment variable `EXAMPLE_PREFIX` not defined at compile time
[INFO] [stdout]   --> examples/bucket_to_bucket_sync.rs:11:23
[INFO] [stdout]    |
[INFO] [stdout] 11 |     let test_prefix = env!("EXAMPLE_PREFIX");
[INFO] [stdout]    |                       ^^^^^^^^^^^^^^^^^^^^^^
[INFO] [stdout]    |
[INFO] [stdout]    = help: use `std::env::var("EXAMPLE_PREFIX")` to read the variable at run time
[INFO] [stdout]    = note: this error originates in the macro `env` (in Nightly builds, run with -Z macro-backtrace for more info)
[INFO] [stdout] 
[INFO] [stdout] 
[INFO] [stdout] error: environment variable `EXAMPLE_BUCKET` not defined at compile time
[INFO] [stdout]   --> examples/bucket_to_bucket_sync.rs:12:18
[INFO] [stdout]    |
[INFO] [stdout] 12 |     let bucket = env!("EXAMPLE_BUCKET");
[INFO] [stdout]    |                  ^^^^^^^^^^^^^^^^^^^^^^
[INFO] [stdout]    |
[INFO] [stdout]    = help: use `std::env::var("EXAMPLE_BUCKET")` to read the variable at run time
[INFO] [stdout]    = note: this error originates in the macro `env` (in Nightly builds, run with -Z macro-backtrace for more info)
[INFO] [stdout] 
[INFO] [stdout] 
[INFO] [stdout] error: environment variable `TEST_SERVICE_ACCOUNT` not defined at compile time
[INFO] [stdout]   --> tests/token_integration_test.rs:18:16
[INFO] [stdout]    |
[INFO] [stdout] 18 |     let path = env!("TEST_SERVICE_ACCOUNT");
[INFO] [stdout]    |                ^^^^^^^^^^^^^^^^^^^^^^^^^^^^
[INFO] [stdout]    |
[INFO] [stdout]    = help: use `std::env::var("TEST_SERVICE_ACCOUNT")` to read the variable at run time
[INFO] [stdout]    = note: this error originates in the macro `env` (in Nightly builds, run with -Z macro-backtrace for more info)
[INFO] [stdout] 
[INFO] [stdout] 
[INFO] [stdout] error: environment variable `EXAMPLE_PREFIX` not defined at compile time
[INFO] [stdout]   --> examples/bucket_to_folder_mirror.rs:14:23
[INFO] [stdout]    |
[INFO] [stdout] 14 |     let test_prefix = env!("EXAMPLE_PREFIX");
[INFO] [stdout]    |                       ^^^^^^^^^^^^^^^^^^^^^^
[INFO] [stdout]    |
[INFO] [stdout]    = help: use `std::env::var("EXAMPLE_PREFIX")` to read the variable at run time
[INFO] [stdout]    = note: this error originates in the macro `env` (in Nightly builds, run with -Z macro-backtrace for more info)
[INFO] [stdout] 
[INFO] [stdout] 
[INFO] [stdout] error: environment variable `TEST_PREFIX` not defined at compile time
[INFO] [stdout]   --> tests/config/gcs.rs:27:42
[INFO] [stdout]    |
[INFO] [stdout] 27 |             let mut prefix = to_path_buf(env!("TEST_PREFIX"));
[INFO] [stdout]    |                                          ^^^^^^^^^^^^^^^^^^^
[INFO] [stdout]    |
[INFO] [stdout]    = help: use `std::env::var("TEST_PREFIX")` to read the variable at run time
[INFO] [stdout]    = note: this error originates in the macro `env` (in Nightly builds, run with -Z macro-backtrace for more info)
[INFO] [stdout] 
[INFO] [stdout] 
[INFO] [stdout] error: environment variable `EXAMPLE_BUCKET` not defined at compile time
[INFO] [stdout]   --> examples/bucket_to_folder_mirror.rs:15:18
[INFO] [stdout]    |
[INFO] [stdout] 15 |     let bucket = env!("EXAMPLE_BUCKET");
[INFO] [stdout]    |                  ^^^^^^^^^^^^^^^^^^^^^^
[INFO] [stdout]    |
[INFO] [stdout]    = help: use `std::env::var("EXAMPLE_BUCKET")` to read the variable at run time
[INFO] [stdout]    = note: this error originates in the macro `env` (in Nightly builds, run with -Z macro-backtrace for more info)
[INFO] [stdout] 
[INFO] [stdout] 
[INFO] [stdout] error: environment variable `TEST_SERVICE_ACCOUNT` not defined at compile time
[INFO] [stdout]   --> tests/config/gcs.rs:32:20
[INFO] [stdout]    |
[INFO] [stdout] 32 |         let path = env!("TEST_SERVICE_ACCOUNT");
[INFO] [stdout]    |                    ^^^^^^^^^^^^^^^^^^^^^^^^^^^^
[INFO] [stdout]    |
[INFO] [stdout]    = help: use `std::env::var("TEST_SERVICE_ACCOUNT")` to read the variable at run time
[INFO] [stdout]    = note: this error originates in the macro `env` (in Nightly builds, run with -Z macro-backtrace for more info)
[INFO] [stdout] 
[INFO] [stdout] 
[INFO] [stdout] error: environment variable `TEST_BUCKET` not defined at compile time
[INFO] [stdout]   --> tests/config/gcs.rs:38:21
[INFO] [stdout]    |
[INFO] [stdout] 38 |             bucket: env!("TEST_BUCKET").to_owned(),
[INFO] [stdout]    |                     ^^^^^^^^^^^^^^^^^^^
[INFO] [stdout]    |
[INFO] [stdout]    = help: use `std::env::var("TEST_BUCKET")` to read the variable at run time
[INFO] [stdout]    = note: this error originates in the macro `env` (in Nightly builds, run with -Z macro-backtrace for more info)
[INFO] [stdout] 
[INFO] [stdout] 
[INFO] [stdout] error: environment variable `TEST_SERVICE_ACCOUNT` not defined at compile time
[INFO] [stdout]   --> tests/sync_mirror_integration_tests.rs:46:16
[INFO] [stdout]    |
[INFO] [stdout] 46 |     let path = env!("TEST_SERVICE_ACCOUNT");
[INFO] [stdout]    |                ^^^^^^^^^^^^^^^^^^^^^^^^^^^^
[INFO] [stdout]    |
[INFO] [stdout]    = help: use `std::env::var("TEST_SERVICE_ACCOUNT")` to read the variable at run time
[INFO] [stdout]    = note: this error originates in the macro `env` (in Nightly builds, run with -Z macro-backtrace for more info)
[INFO] [stdout] 
[INFO] [stdout] 
[INFO] [stdout] error: environment variable `TEST_SERVICE_ACCOUNT` not defined at compile time
[INFO] [stdout]   --> tests/token_integration_test.rs:31:16
[INFO] [stdout]    |
[INFO] [stdout] 31 |     let path = env!("TEST_SERVICE_ACCOUNT");
[INFO] [stdout]    |                ^^^^^^^^^^^^^^^^^^^^^^^^^^^^
[INFO] [stdout]    |
[INFO] [stdout]    = help: use `std::env::var("TEST_SERVICE_ACCOUNT")` to read the variable at run time
[INFO] [stdout]    = note: this error originates in the macro `env` (in Nightly builds, run with -Z macro-backtrace for more info)
[INFO] [stdout] 
[INFO] [stdout] 
[INFO] [stdout] error: environment variable `EXAMPLE_PREFIX` not defined at compile time
[INFO] [stdout]   --> examples/bucket_to_folder_sync.rs:14:23
[INFO] [stdout]    |
[INFO] [stdout] 14 |     let test_prefix = env!("EXAMPLE_PREFIX");
[INFO] [stdout]    |                       ^^^^^^^^^^^^^^^^^^^^^^
[INFO] [stdout]    |
[INFO] [stdout]    = help: use `std::env::var("EXAMPLE_PREFIX")` to read the variable at run time
[INFO] [stdout]    = note: this error originates in the macro `env` (in Nightly builds, run with -Z macro-backtrace for more info)
[INFO] [stdout] 
[INFO] [stdout] 
[INFO] [stdout] error: environment variable `EXAMPLE_BUCKET` not defined at compile time
[INFO] [stdout]   --> examples/bucket_to_folder_sync.rs:15:18
[INFO] [stdout]    |
[INFO] [stdout] 15 |     let bucket = env!("EXAMPLE_BUCKET");
[INFO] [stdout]    |                  ^^^^^^^^^^^^^^^^^^^^^^
[INFO] [stdout]    |
[INFO] [stdout]    = help: use `std::env::var("EXAMPLE_BUCKET")` to read the variable at run time
[INFO] [stdout]    = note: this error originates in the macro `env` (in Nightly builds, run with -Z macro-backtrace for more info)
[INFO] [stdout] 
[INFO] [stdout] 
[INFO] [stdout] error: aborting due to 2 previous errors
[INFO] [stdout] 
[INFO] [stdout] 
[INFO] [stdout] error: aborting due to 2 previous errors
[INFO] [stdout] 
[INFO] [stdout] 
[INFO] [stdout] error: aborting due to 2 previous errors
[INFO] [stdout] 
[INFO] [stdout] 
[INFO] [stdout] error: aborting due to 2 previous errors
[INFO] [stdout] 
[INFO] [stdout] 
[INFO] [stdout] error: environment variable `TEST_PREFIX` not defined at compile time
[INFO] [stdout]   --> tests/config/gcs.rs:27:42
[INFO] [stdout]    |
[INFO] [stdout] 27 |             let mut prefix = to_path_buf(env!("TEST_PREFIX"));
[INFO] [stdout]    |                                          ^^^^^^^^^^^^^^^^^^^
[INFO] [stdout]    |
[INFO] [stdout]    = help: use `std::env::var("TEST_PREFIX")` to read the variable at run time
[INFO] [stdout]    = note: this error originates in the macro `env` (in Nightly builds, run with -Z macro-backtrace for more info)
[INFO] [stdout] 
[INFO] [stdout] 
[INFO] [stdout] error: environment variable `TEST_SERVICE_ACCOUNT` not defined at compile time
[INFO] [stdout]   --> tests/config/gcs.rs:32:20
[INFO] [stdout]    |
[INFO] [stdout] 32 |         let path = env!("TEST_SERVICE_ACCOUNT");
[INFO] [stdout]    |                    ^^^^^^^^^^^^^^^^^^^^^^^^^^^^
[INFO] [stdout]    |
[INFO] [stdout]    = help: use `std::env::var("TEST_SERVICE_ACCOUNT")` to read the variable at run time
[INFO] [stdout]    = note: this error originates in the macro `env` (in Nightly builds, run with -Z macro-backtrace for more info)
[INFO] [stdout] 
[INFO] [stdout] 
[INFO] [stdout] error: environment variable `TEST_BUCKET` not defined at compile time
[INFO] [stdout]   --> tests/config/gcs.rs:38:21
[INFO] [stdout]    |
[INFO] [stdout] 38 |             bucket: env!("TEST_BUCKET").to_owned(),
[INFO] [stdout]    |                     ^^^^^^^^^^^^^^^^^^^
[INFO] [stdout]    |
[INFO] [stdout]    = help: use `std::env::var("TEST_BUCKET")` to read the variable at run time
[INFO] [stdout]    = note: this error originates in the macro `env` (in Nightly builds, run with -Z macro-backtrace for more info)
[INFO] [stdout] 
[INFO] [stdout] 
[INFO] [stderr] error: could not compile `gcs-rsync` (example "bucket_to_bucket_sync") due to 3 previous errors
[INFO] [stderr] warning: build failed, waiting for other jobs to finish...
[INFO] [stderr] error: could not compile `gcs-rsync` (example "bucket_to_folder_sync") due to 3 previous errors
[INFO] [stderr] error: could not compile `gcs-rsync` (example "bucket_to_folder_mirror") due to 3 previous errors
[INFO] [stderr] error: could not compile `gcs-rsync` (test "token_integration_test") due to 3 previous errors
[INFO] [stdout] error: environment variable `TEST_SERVICE_ACCOUNT` not defined at compile time
[INFO] [stdout]    --> tests/objects_integration_test.rs:299:16
[INFO] [stdout]     |
[INFO] [stdout] 299 |     let path = env!("TEST_SERVICE_ACCOUNT");
[INFO] [stdout]     |                ^^^^^^^^^^^^^^^^^^^^^^^^^^^^
[INFO] [stdout]     |
[INFO] [stdout]     = help: use `std::env::var("TEST_SERVICE_ACCOUNT")` to read the variable at run time
[INFO] [stdout]     = note: this error originates in the macro `env` (in Nightly builds, run with -Z macro-backtrace for more info)
[INFO] [stdout] 
[INFO] [stdout] 
[INFO] [stdout] error: aborting due to 4 previous errors
[INFO] [stdout] 
[INFO] [stdout] 
[INFO] [stderr] error: could not compile `gcs-rsync` (test "objects_integration_test") due to 5 previous errors
[INFO] [stdout] error: aborting due to 4 previous errors
[INFO] [stdout] 
[INFO] [stdout] 
[INFO] [stderr] error: could not compile `gcs-rsync` (test "sync_mirror_integration_tests") due to 5 previous errors
[INFO] [stderr] error: could not compile `gcs-rsync` (example "gcs-rsync")
[INFO] [stderr] 
[INFO] [stderr] Caused by:
[INFO] [stderr]   process didn't exit successfully: `/opt/rustwide/rustup-home/toolchains/beta-2023-12-22-x86_64-unknown-linux-gnu/bin/rustc --crate-name gcs_rsync --edition=2021 examples/gcs-rsync.rs --error-format=json --json=diagnostic-rendered-ansi,artifacts,future-incompat --crate-type bin --emit=dep-info,link -C embed-bitcode=no -C debuginfo=2 -C metadata=b41b809fb1aff737 -C extra-filename=-b41b809fb1aff737 --out-dir /opt/rustwide/target/debug/examples -L dependency=/opt/rustwide/target/debug/deps --extern async_trait=/opt/rustwide/target/debug/deps/libasync_trait-96be06fd34340c47.so --extern base64=/opt/rustwide/target/debug/deps/libbase64-cba73e7f843e5175.rlib --extern bytes=/opt/rustwide/target/debug/deps/libbytes-d5ef6100ae69ca23.rlib --extern chrono=/opt/rustwide/target/debug/deps/libchrono-194fb8f4d8564718.rlib --extern crc32c=/opt/rustwide/target/debug/deps/libcrc32c-bdd85ce6eb53d46e.rlib --extern filetime=/opt/rustwide/target/debug/deps/libfiletime-6f6034be921d06ac.rlib --extern futures=/opt/rustwide/target/debug/deps/libfutures-92182b01859c7d54.rlib --extern gcs_rsync=/opt/rustwide/target/debug/deps/libgcs_rsync-5e5b1a20f1f1bed3.rlib --extern globset=/opt/rustwide/target/debug/deps/libglobset-b3f822ef0267a658.rlib --extern jsonwebtoken=/opt/rustwide/target/debug/deps/libjsonwebtoken-dfea5327c96968ee.rlib --extern num_cpus=/opt/rustwide/target/debug/deps/libnum_cpus-72b56b7470ab2998.rlib --extern percent_encoding=/opt/rustwide/target/debug/deps/libpercent_encoding-c878b6f40f2978b2.rlib --extern reqwest=/opt/rustwide/target/debug/deps/libreqwest-7ef0fa153d01984f.rlib --extern serde=/opt/rustwide/target/debug/deps/libserde-ef39543e195cf4f2.rlib --extern serde_json=/opt/rustwide/target/debug/deps/libserde_json-3d0b2a1c2fb97c75.rlib --extern structopt=/opt/rustwide/target/debug/deps/libstructopt-ca76a3f16d90dff2.rlib --extern tokio=/opt/rustwide/target/debug/deps/libtokio-f3a8230f10979466.rlib --extern tokio_util=/opt/rustwide/target/debug/deps/libtokio_util-4cbdda704c232670.rlib --extern urlencoding=/opt/rustwide/target/debug/deps/liburlencoding-b46c6902fb48e228.rlib --extern uuid=/opt/rustwide/target/debug/deps/libuuid-15a3fba0217c6e56.rlib --cap-lints=warn -L native=/opt/rustwide/target/debug/build/ring-9ecf398c538a271a/out` (signal: 9, SIGKILL: kill)
[INFO] [stdout] error: linking with `cc` failed: exit status: 1
[INFO] [stdout]   |
[INFO] [stdout]   = note: LC_ALL="C" PATH="/opt/rustwide/rustup-home/toolchains/beta-2023-12-22-x86_64-unknown-linux-gnu/lib/rustlib/x86_64-unknown-linux-gnu/bin:/opt/rustwide/cargo-home/bin:/usr/local/sbin:/usr/local/bin:/usr/sbin:/usr/bin:/sbin:/bin" VSLANG="1033" "cc" "-m64" "/tmp/rustcceZk5x/symbols.o" "/opt/rustwide/target/debug/examples/list_objects_service_account-a209f9789a3fe139.list_objects_service_account.fca1956553d86f94-cgu.0.rcgu.o" "/opt/rustwide/target/debug/examples/list_objects_service_account-a209f9789a3fe139.list_objects_service_account.fca1956553d86f94-cgu.1.rcgu.o" "/opt/rustwide/target/debug/examples/list_objects_service_account-a209f9789a3fe139.list_objects_service_account.fca1956553d86f94-cgu.2.rcgu.o" "/opt/rustwide/target/debug/examples/list_objects_service_account-a209f9789a3fe139.list_objects_service_account.fca1956553d86f94-cgu.3.rcgu.o" "/opt/rustwide/target/debug/examples/list_objects_service_account-a209f9789a3fe139.list_objects_service_account.fca1956553d86f94-cgu.4.rcgu.o" "/opt/rustwide/target/debug/examples/list_objects_service_account-a209f9789a3fe139.list_objects_service_account.fca1956553d86f94-cgu.5.rcgu.o" "/opt/rustwide/target/debug/examples/list_objects_service_account-a209f9789a3fe139.list_objects_service_account.fca1956553d86f94-cgu.6.rcgu.o" "/opt/rustwide/target/debug/examples/list_objects_service_account-a209f9789a3fe139.list_objects_service_account.fca1956553d86f94-cgu.7.rcgu.o" "/opt/rustwide/target/debug/examples/list_objects_service_account-a209f9789a3fe139.499etyl262xb1stq.rcgu.o" "-Wl,--as-needed" "-L" "/opt/rustwide/target/debug/deps" "-L" "/opt/rustwide/target/debug/build/ring-9ecf398c538a271a/out" "-L" "/opt/rustwide/rustup-home/toolchains/beta-2023-12-22-x86_64-unknown-linux-gnu/lib/rustlib/x86_64-unknown-linux-gnu/lib" "-Wl,-Bstatic" "/opt/rustwide/target/debug/deps/libgcs_rsync-5e5b1a20f1f1bed3.rlib" "/opt/rustwide/target/debug/deps/libfiletime-6f6034be921d06ac.rlib" "/opt/rustwide/target/debug/deps/libcrc32c-bdd85ce6eb53d46e.rlib" "/opt/rustwide/target/debug/deps/libreqwest-7ef0fa153d01984f.rlib" "/opt/rustwide/target/debug/deps/librustls_pemfile-29624322702d065d.rlib" "/opt/rustwide/target/debug/deps/libhyper_rustls-af44153427b4d78e.rlib" "/opt/rustwide/target/debug/deps/libserde_urlencoded-ea3f70aad2c2db89.rlib" "/opt/rustwide/target/debug/deps/libwebpki_roots-ccf3be5f1776ee45.rlib" "/opt/rustwide/target/debug/deps/libipnet-fc05b2bd4dc777ac.rlib" "/opt/rustwide/target/debug/deps/libtokio_rustls-53ec70c825fb18c1.rlib" "/opt/rustwide/target/debug/deps/libmime-a9df5a780629fb7d.rlib" "/opt/rustwide/target/debug/deps/libencoding_rs-4339e23ae7924400.rlib" "/opt/rustwide/target/debug/deps/librustls-cc0a44c0fbfb075c.rlib" "/opt/rustwide/target/debug/deps/libsct-fbc004443bc63d7a.rlib" "/opt/rustwide/target/debug/deps/libwebpki-698b3beb3d731a0d.rlib" "/opt/rustwide/target/debug/deps/libhyper-cc455a2bcaeac2e3.rlib" "/opt/rustwide/target/debug/deps/libwant-a53deb880f5b4491.rlib" "/opt/rustwide/target/debug/deps/libtry_lock-539bdf1ed77a7a8a.rlib" "/opt/rustwide/target/debug/deps/libsocket2-1c394e92a7be0416.rlib" "/opt/rustwide/target/debug/deps/libhttparse-2dbc320ca65411a3.rlib" "/opt/rustwide/target/debug/deps/libh2-1ade209e256f9a5b.rlib" "/opt/rustwide/target/debug/deps/libindexmap-7ff1a537f445f359.rlib" "/opt/rustwide/target/debug/deps/libhashbrown-e273ba0f8cdcbe5b.rlib" "/opt/rustwide/target/debug/deps/libtower_service-92bbc7b5a1dd8782.rlib" "/opt/rustwide/target/debug/deps/libhttp_body-a60d1fea50354628.rlib" "/opt/rustwide/target/debug/deps/liblog-8188d82fb061445d.rlib" "/opt/rustwide/target/debug/deps/liburl-7f57060bbb46f1e7.rlib" "/opt/rustwide/target/debug/deps/libidna-cec821f7529828f2.rlib" "/opt/rustwide/target/debug/deps/libunicode_normalization-a49209942f8cb303.rlib" "/opt/rustwide/target/debug/deps/libtinyvec-dcbbce603bc23510.rlib" "/opt/rustwide/target/debug/deps/libtinyvec_macros-333661e3b238a9a3.rlib" "/opt/rustwide/target/debug/deps/libunicode_bidi-ee612f5df1be5cab.rlib" "/opt/rustwide/target/debug/deps/libform_urlencoded-ee95c3013bc32c40.rlib" "/opt/rustwide/target/debug/deps/libpercent_encoding-c878b6f40f2978b2.rlib" "/opt/rustwide/target/debug/deps/libhttp-530b943cc235ccd2.rlib" "/opt/rustwide/target/debug/deps/libjsonwebtoken-dfea5327c96968ee.rlib" "/opt/rustwide/target/debug/deps/libpem-abf3eeee25133287.rlib" "/opt/rustwide/target/debug/deps/libbase64-fca76a9e376e88b4.rlib" "/opt/rustwide/target/debug/deps/libsimple_asn1-b5965e10b0c83baa.rlib" "/opt/rustwide/target/debug/deps/libtime-030843723a08cd60.rlib" "/opt/rustwide/target/debug/deps/libtime_core-acdcdbb0edad8681.rlib" "/opt/rustwide/target/debug/deps/libderanged-539ce7a0ef867ac7.rlib" "/opt/rustwide/target/debug/deps/libthiserror-933e05e8bb4832a5.rlib" "/opt/rustwide/target/debug/deps/libnum_bigint-eca2827098d0d41d.rlib" "/opt/rustwide/target/debug/deps/libnum_integer-7720ae35cb68a692.rlib" "/opt/rustwide/target/debug/deps/libring-95724706a51edc3b.rlib" "/opt/rustwide/target/debug/deps/libspin-e858d3468b8e3abd.rlib" "/opt/rustwide/target/debug/deps/libuntrusted-6cf40e3a64622ff0.rlib" "/opt/rustwide/target/debug/deps/libglobset-b3f822ef0267a658.rlib" "/opt/rustwide/target/debug/deps/libfnv-953831fe314029b4.rlib" "/opt/rustwide/target/debug/deps/libregex-45b27e91f03e6be7.rlib" "/opt/rustwide/target/debug/deps/libregex_automata-9363b269ddd4268a.rlib" "/opt/rustwide/target/debug/deps/libregex_syntax-1cf37451e321af6a.rlib" "/opt/rustwide/target/debug/deps/libbstr-285ae4e13be2eee1.rlib" "/opt/rustwide/target/debug/deps/libaho_corasick-42eca8b16757950a.rlib" "/opt/rustwide/target/debug/deps/libmemchr-996a195865583db1.rlib" "/opt/rustwide/target/debug/deps/libtokio_util-4cbdda704c232670.rlib" "/opt/rustwide/target/debug/deps/libtracing-89bf8b45998a2c50.rlib" "/opt/rustwide/target/debug/deps/libtracing_core-815060965cc8a5e2.rlib" "/opt/rustwide/target/debug/deps/libonce_cell-728f13abc4f8cf5f.rlib" "/opt/rustwide/target/debug/deps/libserde_json-3d0b2a1c2fb97c75.rlib" "/opt/rustwide/target/debug/deps/libryu-d2c3aff9aeca12bd.rlib" "/opt/rustwide/target/debug/deps/libitoa-c3a42249f065e11e.rlib" "/opt/rustwide/target/debug/deps/libbase64-cba73e7f843e5175.rlib" "/opt/rustwide/target/debug/deps/libtokio-f3a8230f10979466.rlib" "/opt/rustwide/target/debug/deps/libsignal_hook_registry-e1588a7742a0f915.rlib" "/opt/rustwide/target/debug/deps/libnum_cpus-72b56b7470ab2998.rlib" "/opt/rustwide/target/debug/deps/libsocket2-6ce150aeb64413d1.rlib" "/opt/rustwide/target/debug/deps/libmio-2b85fac43c01a306.rlib" "/opt/rustwide/target/debug/deps/libparking_lot-564aeab766aa3d40.rlib" "/opt/rustwide/target/debug/deps/libparking_lot_core-0db934bdfefb9a9f.rlib" "/opt/rustwide/target/debug/deps/liblibc-79ffe6536b1eb765.rlib" "/opt/rustwide/target/debug/deps/libcfg_if-e7002d307f97bc56.rlib" "/opt/rustwide/target/debug/deps/libsmallvec-df813a784713ad8a.rlib" "/opt/rustwide/target/debug/deps/liblock_api-01b7e6f95550bc19.rlib" "/opt/rustwide/target/debug/deps/libscopeguard-f937485db0060aca.rlib" "/opt/rustwide/target/debug/deps/libbytes-d5ef6100ae69ca23.rlib" "/opt/rustwide/target/debug/deps/liburlencoding-b46c6902fb48e228.rlib" "/opt/rustwide/target/debug/deps/libchrono-194fb8f4d8564718.rlib" "/opt/rustwide/target/debug/deps/libnum_traits-dd136800e61af0e8.rlib" "/opt/rustwide/target/debug/deps/libiana_time_zone-1e31e534761afa1b.rlib" "/opt/rustwide/target/debug/deps/libserde-ef39543e195cf4f2.rlib" "/opt/rustwide/target/debug/deps/libfutures-92182b01859c7d54.rlib" "/opt/rustwide/target/debug/deps/libfutures_channel-b7720f9d993fe4fe.rlib" "/opt/rustwide/target/debug/deps/libfutures_util-7dd5d72db0959b7b.rlib" "/opt/rustwide/target/debug/deps/libslab-0a39a638bccea296.rlib" "/opt/rustwide/target/debug/deps/libpin_project_lite-085b19c93bbb2231.rlib" "/opt/rustwide/target/debug/deps/libfutures_sink-3387e8374b45be05.rlib" "/opt/rustwide/target/debug/deps/libfutures_task-44fabbc3ce50b4f3.rlib" "/opt/rustwide/target/debug/deps/libpin_utils-9c5dcf17efb91bff.rlib" "/opt/rustwide/target/debug/deps/libfutures_core-eae31d72cfa7dcb2.rlib" "/opt/rustwide/rustup-home/toolchains/beta-2023-12-22-x86_64-unknown-linux-gnu/lib/rustlib/x86_64-unknown-linux-gnu/lib/libstd-0672489a78b613de.rlib" "/opt/rustwide/rustup-home/toolchains/beta-2023-12-22-x86_64-unknown-linux-gnu/lib/rustlib/x86_64-unknown-linux-gnu/lib/libpanic_unwind-7eb3ffc34a49f675.rlib" "/opt/rustwide/rustup-home/toolchains/beta-2023-12-22-x86_64-unknown-linux-gnu/lib/rustlib/x86_64-unknown-linux-gnu/lib/libobject-6478a9daa4bee8e2.rlib" "/opt/rustwide/rustup-home/toolchains/beta-2023-12-22-x86_64-unknown-linux-gnu/lib/rustlib/x86_64-unknown-linux-gnu/lib/libmemchr-0c75d871a5c3923d.rlib" "/opt/rustwide/rustup-home/toolchains/beta-2023-12-22-x86_64-unknown-linux-gnu/lib/rustlib/x86_64-unknown-linux-gnu/lib/libaddr2line-d163ef63ad37bb71.rlib" "/opt/rustwide/rustup-home/toolchains/beta-2023-12-22-x86_64-unknown-linux-gnu/lib/rustlib/x86_64-unknown-linux-gnu/lib/libgimli-8a3fd810a85b9f4c.rlib" "/opt/rustwide/rustup-home/toolchains/beta-2023-12-22-x86_64-unknown-linux-gnu/lib/rustlib/x86_64-unknown-linux-gnu/lib/librustc_demangle-462a2cde8c5dfc10.rlib" "/opt/rustwide/rustup-home/toolchains/beta-2023-12-22-x86_64-unknown-linux-gnu/lib/rustlib/x86_64-unknown-linux-gnu/lib/libstd_detect-cb06ac9f54713f71.rlib" "/opt/rustwide/rustup-home/toolchains/beta-2023-12-22-x86_64-unknown-linux-gnu/lib/rustlib/x86_64-unknown-linux-gnu/lib/libhashbrown-f20bfd1f8e59b393.rlib" "/opt/rustwide/rustup-home/toolchains/beta-2023-12-22-x86_64-unknown-linux-gnu/lib/rustlib/x86_64-unknown-linux-gnu/lib/librustc_std_workspace_alloc-1ef460949b49da4b.rlib" "/opt/rustwide/rustup-home/toolchains/beta-2023-12-22-x86_64-unknown-linux-gnu/lib/rustlib/x86_64-unknown-linux-gnu/lib/libminiz_oxide-2cb0c0ffe4f87514.rlib" "/opt/rustwide/rustup-home/toolchains/beta-2023-12-22-x86_64-unknown-linux-gnu/lib/rustlib/x86_64-unknown-linux-gnu/lib/libadler-58d841eb322a11a2.rlib" "/opt/rustwide/rustup-home/toolchains/beta-2023-12-22-x86_64-unknown-linux-gnu/lib/rustlib/x86_64-unknown-linux-gnu/lib/libunwind-aa2ae0b0a9d11533.rlib" "/opt/rustwide/rustup-home/toolchains/beta-2023-12-22-x86_64-unknown-linux-gnu/lib/rustlib/x86_64-unknown-linux-gnu/lib/libcfg_if-23874e15830ed336.rlib" "/opt/rustwide/rustup-home/toolchains/beta-2023-12-22-x86_64-unknown-linux-gnu/lib/rustlib/x86_64-unknown-linux-gnu/lib/liblibc-e47cddc003bce885.rlib" "/opt/rustwide/rustup-home/toolchains/beta-2023-12-22-x86_64-unknown-linux-gnu/lib/rustlib/x86_64-unknown-linux-gnu/lib/liballoc-c22b13b48a8f128e.rlib" "/opt/rustwide/rustup-home/toolchains/beta-2023-12-22-x86_64-unknown-linux-gnu/lib/rustlib/x86_64-unknown-linux-gnu/lib/librustc_std_workspace_core-e46bc3da6d7c462f.rlib" "/opt/rustwide/rustup-home/toolchains/beta-2023-12-22-x86_64-unknown-linux-gnu/lib/rustlib/x86_64-unknown-linux-gnu/lib/libcore-8d1ac131d3cb2645.rlib" "/opt/rustwide/rustup-home/toolchains/beta-2023-12-22-x86_64-unknown-linux-gnu/lib/rustlib/x86_64-unknown-linux-gnu/lib/libcompiler_builtins-a1b43df8c6899c1f.rlib" "-Wl,-Bdynamic" "-lgcc_s" "-lutil" "-lrt" "-lpthread" "-lm" "-ldl" "-lc" "-Wl,--eh-frame-hdr" "-Wl,-z,noexecstack" "-L" "/opt/rustwide/rustup-home/toolchains/beta-2023-12-22-x86_64-unknown-linux-gnu/lib/rustlib/x86_64-unknown-linux-gnu/lib" "-o" "/opt/rustwide/target/debug/examples/list_objects_service_account-a209f9789a3fe139" "-Wl,--gc-sections" "-pie" "-Wl,-z,relro,-z,now" "-nodefaultlibs"
[INFO] [stdout]   = note: collect2: fatal error: ld terminated with signal 9 [Killed]
[INFO] [stdout]           compilation terminated.
[INFO] [stdout]           
[INFO] [stdout] 
[INFO] [stdout] 
[INFO] [stdout] error: aborting due to 1 previous error
[INFO] [stdout] 
[INFO] [stdout] 
[INFO] [stderr] error: could not compile `gcs-rsync` (example "list_objects_service_account") due to 2 previous errors
[INFO] [stdout] error: linking with `cc` failed: exit status: 1
[INFO] [stdout]   |
[INFO] [stdout]   = note: LC_ALL="C" PATH="/opt/rustwide/rustup-home/toolchains/beta-2023-12-22-x86_64-unknown-linux-gnu/lib/rustlib/x86_64-unknown-linux-gnu/bin:/opt/rustwide/cargo-home/bin:/usr/local/sbin:/usr/local/bin:/usr/sbin:/usr/bin:/sbin:/bin" VSLANG="1033" "cc" "-m64" "/tmp/rustcBfJnQm/symbols.o" "/opt/rustwide/target/debug/examples/upload_object-4b025f885ca5e81f.upload_object.5fd725b2980a96b0-cgu.0.rcgu.o" "/opt/rustwide/target/debug/examples/upload_object-4b025f885ca5e81f.upload_object.5fd725b2980a96b0-cgu.1.rcgu.o" "/opt/rustwide/target/debug/examples/upload_object-4b025f885ca5e81f.upload_object.5fd725b2980a96b0-cgu.2.rcgu.o" "/opt/rustwide/target/debug/examples/upload_object-4b025f885ca5e81f.upload_object.5fd725b2980a96b0-cgu.3.rcgu.o" "/opt/rustwide/target/debug/examples/upload_object-4b025f885ca5e81f.upload_object.5fd725b2980a96b0-cgu.4.rcgu.o" "/opt/rustwide/target/debug/examples/upload_object-4b025f885ca5e81f.3egceo1qs2sdecmc.rcgu.o" "-Wl,--as-needed" "-L" "/opt/rustwide/target/debug/deps" "-L" "/opt/rustwide/target/debug/build/ring-9ecf398c538a271a/out" "-L" "/opt/rustwide/rustup-home/toolchains/beta-2023-12-22-x86_64-unknown-linux-gnu/lib/rustlib/x86_64-unknown-linux-gnu/lib" "-Wl,-Bstatic" "/opt/rustwide/target/debug/deps/libgcs_rsync-5e5b1a20f1f1bed3.rlib" "/opt/rustwide/target/debug/deps/libfiletime-6f6034be921d06ac.rlib" "/opt/rustwide/target/debug/deps/libcrc32c-bdd85ce6eb53d46e.rlib" "/opt/rustwide/target/debug/deps/libreqwest-7ef0fa153d01984f.rlib" "/opt/rustwide/target/debug/deps/librustls_pemfile-29624322702d065d.rlib" "/opt/rustwide/target/debug/deps/libhyper_rustls-af44153427b4d78e.rlib" "/opt/rustwide/target/debug/deps/libserde_urlencoded-ea3f70aad2c2db89.rlib" "/opt/rustwide/target/debug/deps/libwebpki_roots-ccf3be5f1776ee45.rlib" "/opt/rustwide/target/debug/deps/libipnet-fc05b2bd4dc777ac.rlib" "/opt/rustwide/target/debug/deps/libtokio_rustls-53ec70c825fb18c1.rlib" "/opt/rustwide/target/debug/deps/libmime-a9df5a780629fb7d.rlib" "/opt/rustwide/target/debug/deps/libencoding_rs-4339e23ae7924400.rlib" "/opt/rustwide/target/debug/deps/librustls-cc0a44c0fbfb075c.rlib" "/opt/rustwide/target/debug/deps/libsct-fbc004443bc63d7a.rlib" "/opt/rustwide/target/debug/deps/libwebpki-698b3beb3d731a0d.rlib" "/opt/rustwide/target/debug/deps/libhyper-cc455a2bcaeac2e3.rlib" "/opt/rustwide/target/debug/deps/libwant-a53deb880f5b4491.rlib" "/opt/rustwide/target/debug/deps/libtry_lock-539bdf1ed77a7a8a.rlib" "/opt/rustwide/target/debug/deps/libsocket2-1c394e92a7be0416.rlib" "/opt/rustwide/target/debug/deps/libhttparse-2dbc320ca65411a3.rlib" "/opt/rustwide/target/debug/deps/libh2-1ade209e256f9a5b.rlib" "/opt/rustwide/target/debug/deps/libindexmap-7ff1a537f445f359.rlib" "/opt/rustwide/target/debug/deps/libhashbrown-e273ba0f8cdcbe5b.rlib" "/opt/rustwide/target/debug/deps/libtower_service-92bbc7b5a1dd8782.rlib" "/opt/rustwide/target/debug/deps/libhttp_body-a60d1fea50354628.rlib" "/opt/rustwide/target/debug/deps/liblog-8188d82fb061445d.rlib" "/opt/rustwide/target/debug/deps/liburl-7f57060bbb46f1e7.rlib" "/opt/rustwide/target/debug/deps/libidna-cec821f7529828f2.rlib" "/opt/rustwide/target/debug/deps/libunicode_normalization-a49209942f8cb303.rlib" "/opt/rustwide/target/debug/deps/libtinyvec-dcbbce603bc23510.rlib" "/opt/rustwide/target/debug/deps/libtinyvec_macros-333661e3b238a9a3.rlib" "/opt/rustwide/target/debug/deps/libunicode_bidi-ee612f5df1be5cab.rlib" "/opt/rustwide/target/debug/deps/libform_urlencoded-ee95c3013bc32c40.rlib" "/opt/rustwide/target/debug/deps/libpercent_encoding-c878b6f40f2978b2.rlib" "/opt/rustwide/target/debug/deps/libhttp-530b943cc235ccd2.rlib" "/opt/rustwide/target/debug/deps/libjsonwebtoken-dfea5327c96968ee.rlib" "/opt/rustwide/target/debug/deps/libpem-abf3eeee25133287.rlib" "/opt/rustwide/target/debug/deps/libbase64-fca76a9e376e88b4.rlib" "/opt/rustwide/target/debug/deps/libsimple_asn1-b5965e10b0c83baa.rlib" "/opt/rustwide/target/debug/deps/libtime-030843723a08cd60.rlib" "/opt/rustwide/target/debug/deps/libtime_core-acdcdbb0edad8681.rlib" "/opt/rustwide/target/debug/deps/libderanged-539ce7a0ef867ac7.rlib" "/opt/rustwide/target/debug/deps/libthiserror-933e05e8bb4832a5.rlib" "/opt/rustwide/target/debug/deps/libnum_bigint-eca2827098d0d41d.rlib" "/opt/rustwide/target/debug/deps/libnum_integer-7720ae35cb68a692.rlib" "/opt/rustwide/target/debug/deps/libring-95724706a51edc3b.rlib" "/opt/rustwide/target/debug/deps/libspin-e858d3468b8e3abd.rlib" "/opt/rustwide/target/debug/deps/libuntrusted-6cf40e3a64622ff0.rlib" "/opt/rustwide/target/debug/deps/libglobset-b3f822ef0267a658.rlib" "/opt/rustwide/target/debug/deps/libfnv-953831fe314029b4.rlib" "/opt/rustwide/target/debug/deps/libregex-45b27e91f03e6be7.rlib" "/opt/rustwide/target/debug/deps/libregex_automata-9363b269ddd4268a.rlib" "/opt/rustwide/target/debug/deps/libregex_syntax-1cf37451e321af6a.rlib" "/opt/rustwide/target/debug/deps/libbstr-285ae4e13be2eee1.rlib" "/opt/rustwide/target/debug/deps/libaho_corasick-42eca8b16757950a.rlib" "/opt/rustwide/target/debug/deps/libmemchr-996a195865583db1.rlib" "/opt/rustwide/target/debug/deps/libtokio_util-4cbdda704c232670.rlib" "/opt/rustwide/target/debug/deps/libtracing-89bf8b45998a2c50.rlib" "/opt/rustwide/target/debug/deps/libtracing_core-815060965cc8a5e2.rlib" "/opt/rustwide/target/debug/deps/libonce_cell-728f13abc4f8cf5f.rlib" "/opt/rustwide/target/debug/deps/libserde_json-3d0b2a1c2fb97c75.rlib" "/opt/rustwide/target/debug/deps/libryu-d2c3aff9aeca12bd.rlib" "/opt/rustwide/target/debug/deps/libitoa-c3a42249f065e11e.rlib" "/opt/rustwide/target/debug/deps/libbase64-cba73e7f843e5175.rlib" "/opt/rustwide/target/debug/deps/libtokio-f3a8230f10979466.rlib" "/opt/rustwide/target/debug/deps/libsignal_hook_registry-e1588a7742a0f915.rlib" "/opt/rustwide/target/debug/deps/libnum_cpus-72b56b7470ab2998.rlib" "/opt/rustwide/target/debug/deps/libsocket2-6ce150aeb64413d1.rlib" "/opt/rustwide/target/debug/deps/libmio-2b85fac43c01a306.rlib" "/opt/rustwide/target/debug/deps/libparking_lot-564aeab766aa3d40.rlib" "/opt/rustwide/target/debug/deps/libparking_lot_core-0db934bdfefb9a9f.rlib" "/opt/rustwide/target/debug/deps/liblibc-79ffe6536b1eb765.rlib" "/opt/rustwide/target/debug/deps/libcfg_if-e7002d307f97bc56.rlib" "/opt/rustwide/target/debug/deps/libsmallvec-df813a784713ad8a.rlib" "/opt/rustwide/target/debug/deps/liblock_api-01b7e6f95550bc19.rlib" "/opt/rustwide/target/debug/deps/libscopeguard-f937485db0060aca.rlib" "/opt/rustwide/target/debug/deps/libfutures-92182b01859c7d54.rlib" "/opt/rustwide/target/debug/deps/libfutures_channel-b7720f9d993fe4fe.rlib" "/opt/rustwide/target/debug/deps/libfutures_util-7dd5d72db0959b7b.rlib" "/opt/rustwide/target/debug/deps/libslab-0a39a638bccea296.rlib" "/opt/rustwide/target/debug/deps/libpin_project_lite-085b19c93bbb2231.rlib" "/opt/rustwide/target/debug/deps/libfutures_sink-3387e8374b45be05.rlib" "/opt/rustwide/target/debug/deps/libfutures_task-44fabbc3ce50b4f3.rlib" "/opt/rustwide/target/debug/deps/libpin_utils-9c5dcf17efb91bff.rlib" "/opt/rustwide/target/debug/deps/libfutures_core-eae31d72cfa7dcb2.rlib" "/opt/rustwide/target/debug/deps/libbytes-d5ef6100ae69ca23.rlib" "/opt/rustwide/target/debug/deps/liburlencoding-b46c6902fb48e228.rlib" "/opt/rustwide/target/debug/deps/libchrono-194fb8f4d8564718.rlib" "/opt/rustwide/target/debug/deps/libnum_traits-dd136800e61af0e8.rlib" "/opt/rustwide/target/debug/deps/libiana_time_zone-1e31e534761afa1b.rlib" "/opt/rustwide/target/debug/deps/libserde-ef39543e195cf4f2.rlib" "/opt/rustwide/rustup-home/toolchains/beta-2023-12-22-x86_64-unknown-linux-gnu/lib/rustlib/x86_64-unknown-linux-gnu/lib/libstd-0672489a78b613de.rlib" "/opt/rustwide/rustup-home/toolchains/beta-2023-12-22-x86_64-unknown-linux-gnu/lib/rustlib/x86_64-unknown-linux-gnu/lib/libpanic_unwind-7eb3ffc34a49f675.rlib" "/opt/rustwide/rustup-home/toolchains/beta-2023-12-22-x86_64-unknown-linux-gnu/lib/rustlib/x86_64-unknown-linux-gnu/lib/libobject-6478a9daa4bee8e2.rlib" "/opt/rustwide/rustup-home/toolchains/beta-2023-12-22-x86_64-unknown-linux-gnu/lib/rustlib/x86_64-unknown-linux-gnu/lib/libmemchr-0c75d871a5c3923d.rlib" "/opt/rustwide/rustup-home/toolchains/beta-2023-12-22-x86_64-unknown-linux-gnu/lib/rustlib/x86_64-unknown-linux-gnu/lib/libaddr2line-d163ef63ad37bb71.rlib" "/opt/rustwide/rustup-home/toolchains/beta-2023-12-22-x86_64-unknown-linux-gnu/lib/rustlib/x86_64-unknown-linux-gnu/lib/libgimli-8a3fd810a85b9f4c.rlib" "/opt/rustwide/rustup-home/toolchains/beta-2023-12-22-x86_64-unknown-linux-gnu/lib/rustlib/x86_64-unknown-linux-gnu/lib/librustc_demangle-462a2cde8c5dfc10.rlib" "/opt/rustwide/rustup-home/toolchains/beta-2023-12-22-x86_64-unknown-linux-gnu/lib/rustlib/x86_64-unknown-linux-gnu/lib/libstd_detect-cb06ac9f54713f71.rlib" "/opt/rustwide/rustup-home/toolchains/beta-2023-12-22-x86_64-unknown-linux-gnu/lib/rustlib/x86_64-unknown-linux-gnu/lib/libhashbrown-f20bfd1f8e59b393.rlib" "/opt/rustwide/rustup-home/toolchains/beta-2023-12-22-x86_64-unknown-linux-gnu/lib/rustlib/x86_64-unknown-linux-gnu/lib/librustc_std_workspace_alloc-1ef460949b49da4b.rlib" "/opt/rustwide/rustup-home/toolchains/beta-2023-12-22-x86_64-unknown-linux-gnu/lib/rustlib/x86_64-unknown-linux-gnu/lib/libminiz_oxide-2cb0c0ffe4f87514.rlib" "/opt/rustwide/rustup-home/toolchains/beta-2023-12-22-x86_64-unknown-linux-gnu/lib/rustlib/x86_64-unknown-linux-gnu/lib/libadler-58d841eb322a11a2.rlib" "/opt/rustwide/rustup-home/toolchains/beta-2023-12-22-x86_64-unknown-linux-gnu/lib/rustlib/x86_64-unknown-linux-gnu/lib/libunwind-aa2ae0b0a9d11533.rlib" "/opt/rustwide/rustup-home/toolchains/beta-2023-12-22-x86_64-unknown-linux-gnu/lib/rustlib/x86_64-unknown-linux-gnu/lib/libcfg_if-23874e15830ed336.rlib" "/opt/rustwide/rustup-home/toolchains/beta-2023-12-22-x86_64-unknown-linux-gnu/lib/rustlib/x86_64-unknown-linux-gnu/lib/liblibc-e47cddc003bce885.rlib" "/opt/rustwide/rustup-home/toolchains/beta-2023-12-22-x86_64-unknown-linux-gnu/lib/rustlib/x86_64-unknown-linux-gnu/lib/liballoc-c22b13b48a8f128e.rlib" "/opt/rustwide/rustup-home/toolchains/beta-2023-12-22-x86_64-unknown-linux-gnu/lib/rustlib/x86_64-unknown-linux-gnu/lib/librustc_std_workspace_core-e46bc3da6d7c462f.rlib" "/opt/rustwide/rustup-home/toolchains/beta-2023-12-22-x86_64-unknown-linux-gnu/lib/rustlib/x86_64-unknown-linux-gnu/lib/libcore-8d1ac131d3cb2645.rlib" "/opt/rustwide/rustup-home/toolchains/beta-2023-12-22-x86_64-unknown-linux-gnu/lib/rustlib/x86_64-unknown-linux-gnu/lib/libcompiler_builtins-a1b43df8c6899c1f.rlib" "-Wl,-Bdynamic" "-lgcc_s" "-lutil" "-lrt" "-lpthread" "-lm" "-ldl" "-lc" "-Wl,--eh-frame-hdr" "-Wl,-z,noexecstack" "-L" "/opt/rustwide/rustup-home/toolchains/beta-2023-12-22-x86_64-unknown-linux-gnu/lib/rustlib/x86_64-unknown-linux-gnu/lib" "-o" "/opt/rustwide/target/debug/examples/upload_object-4b025f885ca5e81f" "-Wl,--gc-sections" "-pie" "-Wl,-z,relro,-z,now" "-nodefaultlibs"
[INFO] [stdout]   = note: collect2: fatal error: ld terminated with signal 9 [Killed]
[INFO] [stdout]           compilation terminated.
[INFO] [stdout]           
[INFO] [stdout] 
[INFO] [stdout] 
[INFO] [stdout] error: aborting due to 1 previous error
[INFO] [stdout] 
[INFO] [stdout] 
[INFO] [stderr] error: could not compile `gcs-rsync` (example "upload_object") due to 2 previous errors
[INFO] [stdout] error: linking with `cc` failed: exit status: 1
[INFO] [stdout]   |
[INFO] [stdout]   = note: LC_ALL="C" PATH="/opt/rustwide/rustup-home/toolchains/beta-2023-12-22-x86_64-unknown-linux-gnu/lib/rustlib/x86_64-unknown-linux-gnu/bin:/opt/rustwide/cargo-home/bin:/usr/local/sbin:/usr/local/bin:/usr/sbin:/usr/bin:/sbin:/bin" VSLANG="1033" "cc" "-m64" "/tmp/rustc66TEw0/symbols.o" "/opt/rustwide/target/debug/examples/list_objects-f53a25f5b545c5db.list_objects.b6182a4f7e1e4e6f-cgu.0.rcgu.o" "/opt/rustwide/target/debug/examples/list_objects-f53a25f5b545c5db.list_objects.b6182a4f7e1e4e6f-cgu.1.rcgu.o" "/opt/rustwide/target/debug/examples/list_objects-f53a25f5b545c5db.list_objects.b6182a4f7e1e4e6f-cgu.2.rcgu.o" "/opt/rustwide/target/debug/examples/list_objects-f53a25f5b545c5db.list_objects.b6182a4f7e1e4e6f-cgu.3.rcgu.o" "/opt/rustwide/target/debug/examples/list_objects-f53a25f5b545c5db.list_objects.b6182a4f7e1e4e6f-cgu.4.rcgu.o" "/opt/rustwide/target/debug/examples/list_objects-f53a25f5b545c5db.list_objects.b6182a4f7e1e4e6f-cgu.5.rcgu.o" "/opt/rustwide/target/debug/examples/list_objects-f53a25f5b545c5db.list_objects.b6182a4f7e1e4e6f-cgu.6.rcgu.o" "/opt/rustwide/target/debug/examples/list_objects-f53a25f5b545c5db.list_objects.b6182a4f7e1e4e6f-cgu.7.rcgu.o" "/opt/rustwide/target/debug/examples/list_objects-f53a25f5b545c5db.59e3edoz4st8ifms.rcgu.o" "-Wl,--as-needed" "-L" "/opt/rustwide/target/debug/deps" "-L" "/opt/rustwide/target/debug/build/ring-9ecf398c538a271a/out" "-L" "/opt/rustwide/rustup-home/toolchains/beta-2023-12-22-x86_64-unknown-linux-gnu/lib/rustlib/x86_64-unknown-linux-gnu/lib" "-Wl,-Bstatic" "/opt/rustwide/target/debug/deps/libgcs_rsync-5e5b1a20f1f1bed3.rlib" "/opt/rustwide/target/debug/deps/libfiletime-6f6034be921d06ac.rlib" "/opt/rustwide/target/debug/deps/libcrc32c-bdd85ce6eb53d46e.rlib" "/opt/rustwide/target/debug/deps/libreqwest-7ef0fa153d01984f.rlib" "/opt/rustwide/target/debug/deps/librustls_pemfile-29624322702d065d.rlib" "/opt/rustwide/target/debug/deps/libhyper_rustls-af44153427b4d78e.rlib" "/opt/rustwide/target/debug/deps/libserde_urlencoded-ea3f70aad2c2db89.rlib" "/opt/rustwide/target/debug/deps/libwebpki_roots-ccf3be5f1776ee45.rlib" "/opt/rustwide/target/debug/deps/libipnet-fc05b2bd4dc777ac.rlib" "/opt/rustwide/target/debug/deps/libtokio_rustls-53ec70c825fb18c1.rlib" "/opt/rustwide/target/debug/deps/libmime-a9df5a780629fb7d.rlib" "/opt/rustwide/target/debug/deps/libencoding_rs-4339e23ae7924400.rlib" "/opt/rustwide/target/debug/deps/librustls-cc0a44c0fbfb075c.rlib" "/opt/rustwide/target/debug/deps/libsct-fbc004443bc63d7a.rlib" "/opt/rustwide/target/debug/deps/libwebpki-698b3beb3d731a0d.rlib" "/opt/rustwide/target/debug/deps/libhyper-cc455a2bcaeac2e3.rlib" "/opt/rustwide/target/debug/deps/libwant-a53deb880f5b4491.rlib" "/opt/rustwide/target/debug/deps/libtry_lock-539bdf1ed77a7a8a.rlib" "/opt/rustwide/target/debug/deps/libsocket2-1c394e92a7be0416.rlib" "/opt/rustwide/target/debug/deps/libhttparse-2dbc320ca65411a3.rlib" "/opt/rustwide/target/debug/deps/libh2-1ade209e256f9a5b.rlib" "/opt/rustwide/target/debug/deps/libindexmap-7ff1a537f445f359.rlib" "/opt/rustwide/target/debug/deps/libhashbrown-e273ba0f8cdcbe5b.rlib" "/opt/rustwide/target/debug/deps/libtower_service-92bbc7b5a1dd8782.rlib" "/opt/rustwide/target/debug/deps/libhttp_body-a60d1fea50354628.rlib" "/opt/rustwide/target/debug/deps/liblog-8188d82fb061445d.rlib" "/opt/rustwide/target/debug/deps/liburl-7f57060bbb46f1e7.rlib" "/opt/rustwide/target/debug/deps/libidna-cec821f7529828f2.rlib" "/opt/rustwide/target/debug/deps/libunicode_normalization-a49209942f8cb303.rlib" "/opt/rustwide/target/debug/deps/libtinyvec-dcbbce603bc23510.rlib" "/opt/rustwide/target/debug/deps/libtinyvec_macros-333661e3b238a9a3.rlib" "/opt/rustwide/target/debug/deps/libunicode_bidi-ee612f5df1be5cab.rlib" "/opt/rustwide/target/debug/deps/libform_urlencoded-ee95c3013bc32c40.rlib" "/opt/rustwide/target/debug/deps/libpercent_encoding-c878b6f40f2978b2.rlib" "/opt/rustwide/target/debug/deps/libhttp-530b943cc235ccd2.rlib" "/opt/rustwide/target/debug/deps/libjsonwebtoken-dfea5327c96968ee.rlib" "/opt/rustwide/target/debug/deps/libpem-abf3eeee25133287.rlib" "/opt/rustwide/target/debug/deps/libbase64-fca76a9e376e88b4.rlib" "/opt/rustwide/target/debug/deps/libsimple_asn1-b5965e10b0c83baa.rlib" "/opt/rustwide/target/debug/deps/libtime-030843723a08cd60.rlib" "/opt/rustwide/target/debug/deps/libtime_core-acdcdbb0edad8681.rlib" "/opt/rustwide/target/debug/deps/libderanged-539ce7a0ef867ac7.rlib" "/opt/rustwide/target/debug/deps/libthiserror-933e05e8bb4832a5.rlib" "/opt/rustwide/target/debug/deps/libnum_bigint-eca2827098d0d41d.rlib" "/opt/rustwide/target/debug/deps/libnum_integer-7720ae35cb68a692.rlib" "/opt/rustwide/target/debug/deps/libring-95724706a51edc3b.rlib" "/opt/rustwide/target/debug/deps/libspin-e858d3468b8e3abd.rlib" "/opt/rustwide/target/debug/deps/libuntrusted-6cf40e3a64622ff0.rlib" "/opt/rustwide/target/debug/deps/libglobset-b3f822ef0267a658.rlib" "/opt/rustwide/target/debug/deps/libfnv-953831fe314029b4.rlib" "/opt/rustwide/target/debug/deps/libregex-45b27e91f03e6be7.rlib" "/opt/rustwide/target/debug/deps/libregex_automata-9363b269ddd4268a.rlib" "/opt/rustwide/target/debug/deps/libregex_syntax-1cf37451e321af6a.rlib" "/opt/rustwide/target/debug/deps/libbstr-285ae4e13be2eee1.rlib" "/opt/rustwide/target/debug/deps/libaho_corasick-42eca8b16757950a.rlib" "/opt/rustwide/target/debug/deps/libmemchr-996a195865583db1.rlib" "/opt/rustwide/target/debug/deps/libtokio_util-4cbdda704c232670.rlib" "/opt/rustwide/target/debug/deps/libtracing-89bf8b45998a2c50.rlib" "/opt/rustwide/target/debug/deps/libtracing_core-815060965cc8a5e2.rlib" "/opt/rustwide/target/debug/deps/libonce_cell-728f13abc4f8cf5f.rlib" "/opt/rustwide/target/debug/deps/libserde_json-3d0b2a1c2fb97c75.rlib" "/opt/rustwide/target/debug/deps/libryu-d2c3aff9aeca12bd.rlib" "/opt/rustwide/target/debug/deps/libitoa-c3a42249f065e11e.rlib" "/opt/rustwide/target/debug/deps/libbase64-cba73e7f843e5175.rlib" "/opt/rustwide/target/debug/deps/libtokio-f3a8230f10979466.rlib" "/opt/rustwide/target/debug/deps/libsignal_hook_registry-e1588a7742a0f915.rlib" "/opt/rustwide/target/debug/deps/libnum_cpus-72b56b7470ab2998.rlib" "/opt/rustwide/target/debug/deps/libsocket2-6ce150aeb64413d1.rlib" "/opt/rustwide/target/debug/deps/libmio-2b85fac43c01a306.rlib" "/opt/rustwide/target/debug/deps/libparking_lot-564aeab766aa3d40.rlib" "/opt/rustwide/target/debug/deps/libparking_lot_core-0db934bdfefb9a9f.rlib" "/opt/rustwide/target/debug/deps/liblibc-79ffe6536b1eb765.rlib" "/opt/rustwide/target/debug/deps/libcfg_if-e7002d307f97bc56.rlib" "/opt/rustwide/target/debug/deps/libsmallvec-df813a784713ad8a.rlib" "/opt/rustwide/target/debug/deps/liblock_api-01b7e6f95550bc19.rlib" "/opt/rustwide/target/debug/deps/libscopeguard-f937485db0060aca.rlib" "/opt/rustwide/target/debug/deps/libbytes-d5ef6100ae69ca23.rlib" "/opt/rustwide/target/debug/deps/liburlencoding-b46c6902fb48e228.rlib" "/opt/rustwide/target/debug/deps/libchrono-194fb8f4d8564718.rlib" "/opt/rustwide/target/debug/deps/libnum_traits-dd136800e61af0e8.rlib" "/opt/rustwide/target/debug/deps/libiana_time_zone-1e31e534761afa1b.rlib" "/opt/rustwide/target/debug/deps/libserde-ef39543e195cf4f2.rlib" "/opt/rustwide/target/debug/deps/libfutures-92182b01859c7d54.rlib" "/opt/rustwide/target/debug/deps/libfutures_channel-b7720f9d993fe4fe.rlib" "/opt/rustwide/target/debug/deps/libfutures_util-7dd5d72db0959b7b.rlib" "/opt/rustwide/target/debug/deps/libslab-0a39a638bccea296.rlib" "/opt/rustwide/target/debug/deps/libpin_project_lite-085b19c93bbb2231.rlib" "/opt/rustwide/target/debug/deps/libfutures_sink-3387e8374b45be05.rlib" "/opt/rustwide/target/debug/deps/libfutures_task-44fabbc3ce50b4f3.rlib" "/opt/rustwide/target/debug/deps/libpin_utils-9c5dcf17efb91bff.rlib" "/opt/rustwide/target/debug/deps/libfutures_core-eae31d72cfa7dcb2.rlib" "/opt/rustwide/rustup-home/toolchains/beta-2023-12-22-x86_64-unknown-linux-gnu/lib/rustlib/x86_64-unknown-linux-gnu/lib/libstd-0672489a78b613de.rlib" "/opt/rustwide/rustup-home/toolchains/beta-2023-12-22-x86_64-unknown-linux-gnu/lib/rustlib/x86_64-unknown-linux-gnu/lib/libpanic_unwind-7eb3ffc34a49f675.rlib" "/opt/rustwide/rustup-home/toolchains/beta-2023-12-22-x86_64-unknown-linux-gnu/lib/rustlib/x86_64-unknown-linux-gnu/lib/libobject-6478a9daa4bee8e2.rlib" "/opt/rustwide/rustup-home/toolchains/beta-2023-12-22-x86_64-unknown-linux-gnu/lib/rustlib/x86_64-unknown-linux-gnu/lib/libmemchr-0c75d871a5c3923d.rlib" "/opt/rustwide/rustup-home/toolchains/beta-2023-12-22-x86_64-unknown-linux-gnu/lib/rustlib/x86_64-unknown-linux-gnu/lib/libaddr2line-d163ef63ad37bb71.rlib" "/opt/rustwide/rustup-home/toolchains/beta-2023-12-22-x86_64-unknown-linux-gnu/lib/rustlib/x86_64-unknown-linux-gnu/lib/libgimli-8a3fd810a85b9f4c.rlib" "/opt/rustwide/rustup-home/toolchains/beta-2023-12-22-x86_64-unknown-linux-gnu/lib/rustlib/x86_64-unknown-linux-gnu/lib/librustc_demangle-462a2cde8c5dfc10.rlib" "/opt/rustwide/rustup-home/toolchains/beta-2023-12-22-x86_64-unknown-linux-gnu/lib/rustlib/x86_64-unknown-linux-gnu/lib/libstd_detect-cb06ac9f54713f71.rlib" "/opt/rustwide/rustup-home/toolchains/beta-2023-12-22-x86_64-unknown-linux-gnu/lib/rustlib/x86_64-unknown-linux-gnu/lib/libhashbrown-f20bfd1f8e59b393.rlib" "/opt/rustwide/rustup-home/toolchains/beta-2023-12-22-x86_64-unknown-linux-gnu/lib/rustlib/x86_64-unknown-linux-gnu/lib/librustc_std_workspace_alloc-1ef460949b49da4b.rlib" "/opt/rustwide/rustup-home/toolchains/beta-2023-12-22-x86_64-unknown-linux-gnu/lib/rustlib/x86_64-unknown-linux-gnu/lib/libminiz_oxide-2cb0c0ffe4f87514.rlib" "/opt/rustwide/rustup-home/toolchains/beta-2023-12-22-x86_64-unknown-linux-gnu/lib/rustlib/x86_64-unknown-linux-gnu/lib/libadler-58d841eb322a11a2.rlib" "/opt/rustwide/rustup-home/toolchains/beta-2023-12-22-x86_64-unknown-linux-gnu/lib/rustlib/x86_64-unknown-linux-gnu/lib/libunwind-aa2ae0b0a9d11533.rlib" "/opt/rustwide/rustup-home/toolchains/beta-2023-12-22-x86_64-unknown-linux-gnu/lib/rustlib/x86_64-unknown-linux-gnu/lib/libcfg_if-23874e15830ed336.rlib" "/opt/rustwide/rustup-home/toolchains/beta-2023-12-22-x86_64-unknown-linux-gnu/lib/rustlib/x86_64-unknown-linux-gnu/lib/liblibc-e47cddc003bce885.rlib" "/opt/rustwide/rustup-home/toolchains/beta-2023-12-22-x86_64-unknown-linux-gnu/lib/rustlib/x86_64-unknown-linux-gnu/lib/liballoc-c22b13b48a8f128e.rlib" "/opt/rustwide/rustup-home/toolchains/beta-2023-12-22-x86_64-unknown-linux-gnu/lib/rustlib/x86_64-unknown-linux-gnu/lib/librustc_std_workspace_core-e46bc3da6d7c462f.rlib" "/opt/rustwide/rustup-home/toolchains/beta-2023-12-22-x86_64-unknown-linux-gnu/lib/rustlib/x86_64-unknown-linux-gnu/lib/libcore-8d1ac131d3cb2645.rlib" "/opt/rustwide/rustup-home/toolchains/beta-2023-12-22-x86_64-unknown-linux-gnu/lib/rustlib/x86_64-unknown-linux-gnu/lib/libcompiler_builtins-a1b43df8c6899c1f.rlib" "-Wl,-Bdynamic" "-lgcc_s" "-lutil" "-lrt" "-lpthread" "-lm" "-ldl" "-lc" "-Wl,--eh-frame-hdr" "-Wl,-z,noexecstack" "-L" "/opt/rustwide/rustup-home/toolchains/beta-2023-12-22-x86_64-unknown-linux-gnu/lib/rustlib/x86_64-unknown-linux-gnu/lib" "-o" "/opt/rustwide/target/debug/examples/list_objects-f53a25f5b545c5db" "-Wl,--gc-sections" "-pie" "-Wl,-z,relro,-z,now" "-nodefaultlibs"
[INFO] [stdout]   = note: collect2: fatal error: ld terminated with signal 9 [Killed]
[INFO] [stdout]           compilation terminated.
[INFO] [stdout]           
[INFO] [stdout] 
[INFO] [stdout] 
[INFO] [stdout] error: aborting due to 1 previous error
[INFO] [stdout] 
[INFO] [stdout] 
[INFO] [stderr] error: could not compile `gcs-rsync` (example "list_objects") due to 2 previous errors
[INFO] running `Command { std: "docker" "inspect" "6d59118b34e0978ea90d717c0621dd90990e275316c127d089009580c8549d9e", kill_on_drop: false }`
[INFO] running `Command { std: "docker" "rm" "-f" "6d59118b34e0978ea90d717c0621dd90990e275316c127d089009580c8549d9e", kill_on_drop: false }`
[INFO] [stdout] 6d59118b34e0978ea90d717c0621dd90990e275316c127d089009580c8549d9e
