[INFO] fetching crate gcmodule_derive 0.3.3...
[INFO] testing gcmodule_derive-0.3.3 against 1.75.0 for beta-1.76-1
[INFO] extracting crate gcmodule_derive 0.3.3 into /workspace/builds/worker-1-tc1/source
[INFO] validating manifest of crates.io crate gcmodule_derive 0.3.3 on toolchain 1.75.0
[INFO] running `Command { std: CARGO_HOME="/workspace/cargo-home" RUSTUP_HOME="/workspace/rustup-home" "/workspace/cargo-home/bin/cargo" "+1.75.0" "metadata" "--manifest-path" "Cargo.toml" "--no-deps", kill_on_drop: false }`
[INFO] started tweaking crates.io crate gcmodule_derive 0.3.3
[INFO] finished tweaking crates.io crate gcmodule_derive 0.3.3
[INFO] tweaked toml for crates.io crate gcmodule_derive 0.3.3 written to /workspace/builds/worker-1-tc1/source/Cargo.toml
[INFO] running `Command { std: CARGO_HOME="/workspace/cargo-home" RUSTUP_HOME="/workspace/rustup-home" "/workspace/cargo-home/bin/cargo" "+1.75.0" "generate-lockfile" "--manifest-path" "Cargo.toml", kill_on_drop: false }`
[INFO] [stderr]     Updating crates.io index
[INFO] running `Command { std: CARGO_HOME="/workspace/cargo-home" RUSTUP_HOME="/workspace/rustup-home" "/workspace/cargo-home/bin/cargo" "+1.75.0" "fetch" "--manifest-path" "Cargo.toml", kill_on_drop: false }`
[INFO] running `Command { std: "docker" "create" "-v" "/var/lib/crater-agent-workspace/builds/worker-1-tc1/target:/opt/rustwide/target:rw,Z" "-v" "/var/lib/crater-agent-workspace/builds/worker-1-tc1/source:/opt/rustwide/workdir:ro,Z" "-v" "/var/lib/crater-agent-workspace/cargo-home:/opt/rustwide/cargo-home:ro,Z" "-v" "/var/lib/crater-agent-workspace/rustup-home:/opt/rustwide/rustup-home:ro,Z" "-e" "SOURCE_DIR=/opt/rustwide/workdir" "-e" "CARGO_TARGET_DIR=/opt/rustwide/target" "-e" "CARGO_HOME=/opt/rustwide/cargo-home" "-e" "RUSTUP_HOME=/opt/rustwide/rustup-home" "-w" "/opt/rustwide/workdir" "-m" "1610612736" "--user" "0:0" "--network" "none" "ghcr.io/rust-lang/crates-build-env/linux@sha256:2788e3201cd34a07e3172128adcd8b3090168a8e3bcc40d7c032b9dda1df7d1c" "/opt/rustwide/cargo-home/bin/cargo" "+1.75.0" "metadata" "--no-deps" "--format-version=1", kill_on_drop: false }`
[INFO] [stdout] a4b4a1c0fb0736b49bf2455af771e685159248d93d0e21125751986f5adce512
[INFO] running `Command { std: "docker" "start" "-a" "a4b4a1c0fb0736b49bf2455af771e685159248d93d0e21125751986f5adce512", kill_on_drop: false }`
[INFO] running `Command { std: "docker" "inspect" "a4b4a1c0fb0736b49bf2455af771e685159248d93d0e21125751986f5adce512", kill_on_drop: false }`
[INFO] running `Command { std: "docker" "rm" "-f" "a4b4a1c0fb0736b49bf2455af771e685159248d93d0e21125751986f5adce512", kill_on_drop: false }`
[INFO] [stdout] a4b4a1c0fb0736b49bf2455af771e685159248d93d0e21125751986f5adce512
[INFO] running `Command { std: "docker" "create" "-v" "/var/lib/crater-agent-workspace/builds/worker-1-tc1/target:/opt/rustwide/target:rw,Z" "-v" "/var/lib/crater-agent-workspace/builds/worker-1-tc1/source:/opt/rustwide/workdir:ro,Z" "-v" "/var/lib/crater-agent-workspace/cargo-home:/opt/rustwide/cargo-home:ro,Z" "-v" "/var/lib/crater-agent-workspace/rustup-home:/opt/rustwide/rustup-home:ro,Z" "-e" "SOURCE_DIR=/opt/rustwide/workdir" "-e" "CARGO_TARGET_DIR=/opt/rustwide/target" "-e" "CARGO_INCREMENTAL=0" "-e" "RUST_BACKTRACE=full" "-e" "RUSTFLAGS=--cap-lints=warn" "-e" "RUSTDOCFLAGS=--cap-lints=warn" "-e" "CARGO_HOME=/opt/rustwide/cargo-home" "-e" "RUSTUP_HOME=/opt/rustwide/rustup-home" "-w" "/opt/rustwide/workdir" "-m" "1610612736" "--user" "0:0" "--network" "none" "ghcr.io/rust-lang/crates-build-env/linux@sha256:2788e3201cd34a07e3172128adcd8b3090168a8e3bcc40d7c032b9dda1df7d1c" "/opt/rustwide/cargo-home/bin/cargo" "+1.75.0" "build" "--frozen" "--message-format=json", kill_on_drop: false }`
[INFO] [stdout] b8c7146397594fc5afda1cc9993159c8fe3aba254aa5fedf35ec94915af675bc
[INFO] running `Command { std: "docker" "start" "-a" "b8c7146397594fc5afda1cc9993159c8fe3aba254aa5fedf35ec94915af675bc", kill_on_drop: false }`
[INFO] [stderr]    Compiling proc-macro2 v1.0.75
[INFO] [stderr]    Compiling syn v1.0.109
[INFO] [stderr]    Compiling quote v1.0.35
[INFO] [stderr]    Compiling gcmodule_derive v0.3.3 (/opt/rustwide/workdir)
[INFO] [stderr]     Finished dev [unoptimized + debuginfo] target(s) in 4.45s
[INFO] running `Command { std: "docker" "inspect" "b8c7146397594fc5afda1cc9993159c8fe3aba254aa5fedf35ec94915af675bc", kill_on_drop: false }`
[INFO] running `Command { std: "docker" "rm" "-f" "b8c7146397594fc5afda1cc9993159c8fe3aba254aa5fedf35ec94915af675bc", kill_on_drop: false }`
[INFO] [stdout] b8c7146397594fc5afda1cc9993159c8fe3aba254aa5fedf35ec94915af675bc
[INFO] running `Command { std: "docker" "create" "-v" "/var/lib/crater-agent-workspace/builds/worker-1-tc1/target:/opt/rustwide/target:rw,Z" "-v" "/var/lib/crater-agent-workspace/builds/worker-1-tc1/source:/opt/rustwide/workdir:ro,Z" "-v" "/var/lib/crater-agent-workspace/cargo-home:/opt/rustwide/cargo-home:ro,Z" "-v" "/var/lib/crater-agent-workspace/rustup-home:/opt/rustwide/rustup-home:ro,Z" "-e" "SOURCE_DIR=/opt/rustwide/workdir" "-e" "CARGO_TARGET_DIR=/opt/rustwide/target" "-e" "CARGO_INCREMENTAL=0" "-e" "RUST_BACKTRACE=full" "-e" "RUSTFLAGS=--cap-lints=warn" "-e" "RUSTDOCFLAGS=--cap-lints=warn" "-e" "CARGO_HOME=/opt/rustwide/cargo-home" "-e" "RUSTUP_HOME=/opt/rustwide/rustup-home" "-w" "/opt/rustwide/workdir" "-m" "1610612736" "--user" "0:0" "--network" "none" "ghcr.io/rust-lang/crates-build-env/linux@sha256:2788e3201cd34a07e3172128adcd8b3090168a8e3bcc40d7c032b9dda1df7d1c" "/opt/rustwide/cargo-home/bin/cargo" "+1.75.0" "test" "--frozen" "--no-run" "--message-format=json", kill_on_drop: false }`
[INFO] [stdout] cba4bb6854106f1d357bfa06ba125a2d82b0ee5201fbce4d0bf5b80e593e1c47
[INFO] running `Command { std: "docker" "start" "-a" "cba4bb6854106f1d357bfa06ba125a2d82b0ee5201fbce4d0bf5b80e593e1c47", kill_on_drop: false }`
[INFO] [stderr]    Compiling proc-macro2 v1.0.75
[INFO] [stderr]    Compiling unicode-ident v1.0.12
[INFO] [stderr]    Compiling syn v1.0.109
[INFO] [stderr]    Compiling quote v1.0.35
[INFO] [stderr]    Compiling gcmodule_derive v0.3.3 (/opt/rustwide/workdir)
[INFO] [stdout] error[E0463]: can't find crate for `gcmodule`
[INFO] [stdout]  --> tests/trace.rs:8:14
[INFO] [stdout]   |
[INFO] [stdout] 8 |     #[derive(DeriveTrace)]
[INFO] [stdout]   |              ^^^^^^^^^^^ can't find crate
[INFO] [stdout]   |
[INFO] [stdout]   = note: this error originates in the derive macro `DeriveTrace` (in Nightly builds, run with -Z macro-backtrace for more info)
[INFO] [stdout] 
[INFO] [stdout] 
[INFO] [stdout] error[E0463]: can't find crate for `gcmodule`
[INFO] [stdout]   --> tests/trace.rs:16:14
[INFO] [stdout]    |
[INFO] [stdout] 16 |     #[derive(DeriveTrace)]
[INFO] [stdout]    |              ^^^^^^^^^^^ can't find crate
[INFO] [stdout]    |
[INFO] [stdout]    = note: this error originates in the derive macro `DeriveTrace` (in Nightly builds, run with -Z macro-backtrace for more info)
[INFO] [stdout] 
[INFO] [stdout] 
[INFO] [stdout] error[E0463]: can't find crate for `gcmodule`
[INFO] [stdout]   --> tests/trace.rs:26:14
[INFO] [stdout]    |
[INFO] [stdout] 26 |     #[derive(DeriveTrace)]
[INFO] [stdout]    |              ^^^^^^^^^^^ can't find crate
[INFO] [stdout]    |
[INFO] [stdout]    = note: this error originates in the derive macro `DeriveTrace` (in Nightly builds, run with -Z macro-backtrace for more info)
[INFO] [stdout] 
[INFO] [stdout] 
[INFO] [stdout] error[E0463]: can't find crate for `gcmodule`
[INFO] [stdout]   --> tests/trace.rs:33:14
[INFO] [stdout]    |
[INFO] [stdout] 33 |     #[derive(DeriveTrace)]
[INFO] [stdout]    |              ^^^^^^^^^^^ can't find crate
[INFO] [stdout]    |
[INFO] [stdout]    = note: this error originates in the derive macro `DeriveTrace` (in Nightly builds, run with -Z macro-backtrace for more info)
[INFO] [stdout] 
[INFO] [stdout] 
[INFO] [stdout] error[E0463]: can't find crate for `gcmodule`
[INFO] [stdout]   --> tests/trace.rs:43:14
[INFO] [stdout]    |
[INFO] [stdout] 43 |     #[derive(DeriveTrace)]
[INFO] [stdout]    |              ^^^^^^^^^^^ can't find crate
[INFO] [stdout]    |
[INFO] [stdout]    = note: this error originates in the derive macro `DeriveTrace` (in Nightly builds, run with -Z macro-backtrace for more info)
[INFO] [stdout] 
[INFO] [stdout] 
[INFO] [stdout] error[E0463]: can't find crate for `gcmodule`
[INFO] [stdout]   --> tests/trace.rs:54:14
[INFO] [stdout]    |
[INFO] [stdout] 54 |     #[derive(DeriveTrace)]
[INFO] [stdout]    |              ^^^^^^^^^^^ can't find crate
[INFO] [stdout]    |
[INFO] [stdout]    = note: this error originates in the derive macro `DeriveTrace` (in Nightly builds, run with -Z macro-backtrace for more info)
[INFO] [stdout] 
[INFO] [stdout] 
[INFO] [stdout] error[E0463]: can't find crate for `gcmodule`
[INFO] [stdout]   --> tests/trace.rs:58:14
[INFO] [stdout]    |
[INFO] [stdout] 58 |     #[derive(DeriveTrace)]
[INFO] [stdout]    |              ^^^^^^^^^^^ can't find crate
[INFO] [stdout]    |
[INFO] [stdout]    = note: this error originates in the derive macro `DeriveTrace` (in Nightly builds, run with -Z macro-backtrace for more info)
[INFO] [stdout] 
[INFO] [stdout] 
[INFO] [stdout] error[E0463]: can't find crate for `gcmodule`
[INFO] [stdout]   --> tests/trace.rs:65:14
[INFO] [stdout]    |
[INFO] [stdout] 65 |     #[derive(DeriveTrace, Default)]
[INFO] [stdout]    |              ^^^^^^^^^^^ can't find crate
[INFO] [stdout]    |
[INFO] [stdout]    = note: this error originates in the derive macro `DeriveTrace` (in Nightly builds, run with -Z macro-backtrace for more info)
[INFO] [stdout] 
[INFO] [stdout] 
[INFO] [stdout] error[E0432]: unresolved import `gcmodule`
[INFO] [stdout]  --> tests/trace.rs:1:5
[INFO] [stdout]   |
[INFO] [stdout] 1 | use gcmodule::{Cc, Trace};
[INFO] [stdout]   |     ^^^^^^^^ use of undeclared crate or module `gcmodule`
[INFO] [stdout] 
[INFO] [stdout] 
[INFO] [stdout] error[E0433]: failed to resolve: use of undeclared crate or module `gcmodule`
[INFO] [stdout]  --> tests/trace.rs:8:14
[INFO] [stdout]   |
[INFO] [stdout] 8 |     #[derive(DeriveTrace)]
[INFO] [stdout]   |              ^^^^^^^^^^^ use of undeclared crate or module `gcmodule`
[INFO] [stdout]   |
[INFO] [stdout]   = note: this error originates in the derive macro `DeriveTrace` (in Nightly builds, run with -Z macro-backtrace for more info)
[INFO] [stdout] 
[INFO] [stdout] 
[INFO] [stdout] error[E0433]: failed to resolve: use of undeclared crate or module `gcmodule`
[INFO] [stdout]   --> tests/trace.rs:16:14
[INFO] [stdout]    |
[INFO] [stdout] 16 |     #[derive(DeriveTrace)]
[INFO] [stdout]    |              ^^^^^^^^^^^ use of undeclared crate or module `gcmodule`
[INFO] [stdout]    |
[INFO] [stdout]    = note: this error originates in the derive macro `DeriveTrace` (in Nightly builds, run with -Z macro-backtrace for more info)
[INFO] [stdout] 
[INFO] [stdout] 
[INFO] [stdout] error[E0433]: failed to resolve: use of undeclared crate or module `gcmodule`
[INFO] [stdout]   --> tests/trace.rs:26:14
[INFO] [stdout]    |
[INFO] [stdout] 26 |     #[derive(DeriveTrace)]
[INFO] [stdout]    |              ^^^^^^^^^^^ use of undeclared crate or module `gcmodule`
[INFO] [stdout]    |
[INFO] [stdout]    = note: this error originates in the derive macro `DeriveTrace` (in Nightly builds, run with -Z macro-backtrace for more info)
[INFO] [stdout] 
[INFO] [stdout] 
[INFO] [stdout] error[E0433]: failed to resolve: use of undeclared crate or module `gcmodule`
[INFO] [stdout]   --> tests/trace.rs:33:14
[INFO] [stdout]    |
[INFO] [stdout] 33 |     #[derive(DeriveTrace)]
[INFO] [stdout]    |              ^^^^^^^^^^^ use of undeclared crate or module `gcmodule`
[INFO] [stdout]    |
[INFO] [stdout]    = note: this error originates in the derive macro `DeriveTrace` (in Nightly builds, run with -Z macro-backtrace for more info)
[INFO] [stdout] 
[INFO] [stdout] 
[INFO] [stdout] error[E0433]: failed to resolve: use of undeclared crate or module `gcmodule`
[INFO] [stdout]   --> tests/trace.rs:43:14
[INFO] [stdout]    |
[INFO] [stdout] 43 |     #[derive(DeriveTrace)]
[INFO] [stdout]    |              ^^^^^^^^^^^ use of undeclared crate or module `gcmodule`
[INFO] [stdout]    |
[INFO] [stdout]    = note: this error originates in the derive macro `DeriveTrace` (in Nightly builds, run with -Z macro-backtrace for more info)
[INFO] [stdout] 
[INFO] [stdout] 
[INFO] [stdout] error[E0433]: failed to resolve: use of undeclared crate or module `gcmodule`
[INFO] [stdout]   --> tests/trace.rs:54:14
[INFO] [stdout]    |
[INFO] [stdout] 54 |     #[derive(DeriveTrace)]
[INFO] [stdout]    |              ^^^^^^^^^^^ use of undeclared crate or module `gcmodule`
[INFO] [stdout]    |
[INFO] [stdout]    = note: this error originates in the derive macro `DeriveTrace` (in Nightly builds, run with -Z macro-backtrace for more info)
[INFO] [stdout] 
[INFO] [stdout] 
[INFO] [stdout] error[E0433]: failed to resolve: use of undeclared crate or module `gcmodule`
[INFO] [stdout]   --> tests/trace.rs:58:14
[INFO] [stdout]    |
[INFO] [stdout] 58 |     #[derive(DeriveTrace)]
[INFO] [stdout]    |              ^^^^^^^^^^^ use of undeclared crate or module `gcmodule`
[INFO] [stdout]    |
[INFO] [stdout]    = note: this error originates in the derive macro `DeriveTrace` (in Nightly builds, run with -Z macro-backtrace for more info)
[INFO] [stdout] 
[INFO] [stdout] 
[INFO] [stdout] error[E0433]: failed to resolve: use of undeclared crate or module `gcmodule`
[INFO] [stdout]   --> tests/trace.rs:65:14
[INFO] [stdout]    |
[INFO] [stdout] 65 |     #[derive(DeriveTrace, Default)]
[INFO] [stdout]    |              ^^^^^^^^^^^ use of undeclared crate or module `gcmodule`
[INFO] [stdout]    |
[INFO] [stdout]    = note: this error originates in the derive macro `DeriveTrace` (in Nightly builds, run with -Z macro-backtrace for more info)
[INFO] [stdout] 
[INFO] [stdout] 
[INFO] [stdout] error[E0433]: failed to resolve: use of undeclared crate or module `gcmodule`
[INFO] [stdout]   --> tests/trace.rs:75:16
[INFO] [stdout]    |
[INFO] [stdout] 75 |     assert_eq!(gcmodule::collect_thread_cycles(), 3);
[INFO] [stdout]    |                ^^^^^^^^ use of undeclared crate or module `gcmodule`
[INFO] [stdout] 
[INFO] [stdout] 
[INFO] [stdout] error: aborting due to 18 previous errors
[INFO] [stdout] 
[INFO] [stdout] 
[INFO] [stdout] Some errors have detailed explanations: E0432, E0433, E0463.
[INFO] [stdout] 
[INFO] [stdout] For more information about an error, try `rustc --explain E0432`.
[INFO] [stdout] 
[INFO] [stderr] error: could not compile `gcmodule_derive` (test "trace") due to 19 previous errors
[INFO] running `Command { std: "docker" "inspect" "cba4bb6854106f1d357bfa06ba125a2d82b0ee5201fbce4d0bf5b80e593e1c47", kill_on_drop: false }`
[INFO] running `Command { std: "docker" "rm" "-f" "cba4bb6854106f1d357bfa06ba125a2d82b0ee5201fbce4d0bf5b80e593e1c47", kill_on_drop: false }`
[INFO] [stdout] cba4bb6854106f1d357bfa06ba125a2d82b0ee5201fbce4d0bf5b80e593e1c47
