[INFO] fetching crate gamai 0.1.37...
[INFO] testing gamai-0.1.37 against 1.75.0 for beta-1.76-1
[INFO] extracting crate gamai 0.1.37 into /workspace/builds/worker-7-tc1/source
[INFO] validating manifest of crates.io crate gamai 0.1.37 on toolchain 1.75.0
[INFO] running `Command { std: CARGO_HOME="/workspace/cargo-home" RUSTUP_HOME="/workspace/rustup-home" "/workspace/cargo-home/bin/cargo" "+1.75.0" "metadata" "--manifest-path" "Cargo.toml" "--no-deps", kill_on_drop: false }`
[INFO] started tweaking crates.io crate gamai 0.1.37
[INFO] removed 0 missing examples
[INFO] finished tweaking crates.io crate gamai 0.1.37
[INFO] tweaked toml for crates.io crate gamai 0.1.37 written to /workspace/builds/worker-7-tc1/source/Cargo.toml
[INFO] crate crates.io crate gamai 0.1.37 already has a lockfile, it will not be regenerated
[INFO] running `Command { std: CARGO_HOME="/workspace/cargo-home" RUSTUP_HOME="/workspace/rustup-home" "/workspace/cargo-home/bin/cargo" "+1.75.0" "fetch" "--manifest-path" "Cargo.toml", kill_on_drop: false }`
[INFO] [stderr]     Updating crates.io index
[INFO] [stderr]  Downloading crates ...
[INFO] [stderr]   Downloaded bevy_macro_utils v0.12.0
[INFO] [stderr]   Downloaded sweet_macros v0.1.37
[INFO] [stderr]   Downloaded event-listener-strategy v0.3.0
[INFO] [stderr]   Downloaded quote-use-macros v0.7.2
[INFO] [stderr]   Downloaded bevy_ptr v0.12.0
[INFO] [stderr]   Downloaded gag v1.0.0
[INFO] [stderr]   Downloaded bevy_tasks v0.12.0
[INFO] [stderr]   Downloaded pad-adapter v0.1.1
[INFO] [stderr]   Downloaded bevy_utils v0.12.0
[INFO] [stderr]   Downloaded extend v1.2.0
[INFO] [stderr]   Downloaded bevy_reflect_derive v0.12.0
[INFO] [stderr]   Downloaded attribute-derive v0.8.1
[INFO] [stderr]   Downloaded notify-debouncer-full v0.2.0
[INFO] [stderr]   Downloaded forky_fs v0.1.37
[INFO] [stderr]   Downloaded forky_core v0.1.37
[INFO] [stderr]   Downloaded leptos_config v0.5.2
[INFO] [stderr]   Downloaded async-lock v3.1.1
[INFO] [stderr]   Downloaded async-executor v1.7.2
[INFO] [stderr]   Downloaded bevy_math v0.12.0
[INFO] [stderr]   Downloaded nonmax v0.5.5
[INFO] [stderr]   Downloaded colorize v0.1.0
[INFO] [stderr]   Downloaded drain_filter_polyfill v0.1.3
[INFO] [stderr]   Downloaded inventory v0.3.13
[INFO] [stderr]   Downloaded collection_literals v1.0.1
[INFO] [stderr]   Downloaded proc-macro-utils v0.8.0
[INFO] [stderr]   Downloaded derive-where v1.2.5
[INFO] [stderr]   Downloaded attribute-derive-macro v0.8.1
[INFO] [stderr]   Downloaded leptos_hot_reload v0.5.2
[INFO] [stderr]   Downloaded prettyplease v0.2.15
[INFO] [stderr]   Downloaded rstml v0.11.2
[INFO] [stderr]   Downloaded leptos_macro v0.5.2
[INFO] [stderr]   Downloaded paste v1.0.8
[INFO] [stderr]   Downloaded self_cell v1.0.2
[INFO] [stderr]   Downloaded leptos_server v0.5.2
[INFO] [stderr]   Downloaded server_fn_macro v0.5.2
[INFO] [stderr]   Downloaded server_fn_macro_default v0.5.2
[INFO] [stderr]   Downloaded xxhash-rust v0.8.7
[INFO] [stderr]   Downloaded typed-builder v0.16.2
[INFO] [stderr]   Downloaded leptos v0.5.2
[INFO] [stderr]   Downloaded const_format v0.2.32
[INFO] [stderr]   Downloaded typed-builder v0.18.0
[INFO] [stderr]   Downloaded linear-map v1.2.0
[INFO] [stderr]   Downloaded bevy_time v0.12.0
[INFO] [stderr]   Downloaded bevy_utils_proc_macros v0.12.0
[INFO] [stderr]   Downloaded bevy_derive v0.12.0
[INFO] [stderr]   Downloaded bevy_app v0.12.0
[INFO] [stderr]   Downloaded bevy_ecs_macros v0.12.0
[INFO] [stderr]   Downloaded gamai_macros v0.1.37
[INFO] [stderr]   Downloaded const_format_proc_macros v0.2.32
[INFO] [stderr]   Downloaded leptos_dom v0.5.2
[INFO] [stderr]   Downloaded quote-use v0.7.2
[INFO] [stderr]   Downloaded leptos_reactive v0.5.2
[INFO] [stderr]   Downloaded gloo-net v0.2.6
[INFO] [stderr]   Downloaded server_fn v0.5.2
[INFO] [stderr]   Downloaded sweet v0.1.37
[INFO] [stderr]   Downloaded interpolator v0.5.0
[INFO] [stderr]   Downloaded manyhow-macros v0.8.1
[INFO] [stderr]   Downloaded leptos_router v0.5.2
[INFO] [stderr]   Downloaded typed-builder-macro v0.16.2
[INFO] [stderr]   Downloaded typed-builder-macro v0.18.0
[INFO] [stderr]   Downloaded bevy_ecs v0.12.0
[INFO] [stderr]   Downloaded bevy_reflect v0.12.0
[INFO] [stderr]   Downloaded forky_web v0.1.37
[INFO] [stderr]   Downloaded manyhow v0.8.1
[INFO] running `Command { std: "docker" "create" "-v" "/var/lib/crater-agent-workspace/builds/worker-7-tc1/target:/opt/rustwide/target:rw,Z" "-v" "/var/lib/crater-agent-workspace/builds/worker-7-tc1/source:/opt/rustwide/workdir:ro,Z" "-v" "/var/lib/crater-agent-workspace/cargo-home:/opt/rustwide/cargo-home:ro,Z" "-v" "/var/lib/crater-agent-workspace/rustup-home:/opt/rustwide/rustup-home:ro,Z" "-e" "SOURCE_DIR=/opt/rustwide/workdir" "-e" "CARGO_TARGET_DIR=/opt/rustwide/target" "-e" "CARGO_HOME=/opt/rustwide/cargo-home" "-e" "RUSTUP_HOME=/opt/rustwide/rustup-home" "-w" "/opt/rustwide/workdir" "-m" "1610612736" "--user" "0:0" "--network" "none" "ghcr.io/rust-lang/crates-build-env/linux@sha256:2788e3201cd34a07e3172128adcd8b3090168a8e3bcc40d7c032b9dda1df7d1c" "/opt/rustwide/cargo-home/bin/cargo" "+1.75.0" "metadata" "--no-deps" "--format-version=1", kill_on_drop: false }`
[INFO] [stdout] 378c273455e624a8af64c63daf71e7f259162d52d834cfcf2e6b06c8f2e0e8ca
[INFO] running `Command { std: "docker" "start" "-a" "378c273455e624a8af64c63daf71e7f259162d52d834cfcf2e6b06c8f2e0e8ca", kill_on_drop: false }`
[INFO] running `Command { std: "docker" "inspect" "378c273455e624a8af64c63daf71e7f259162d52d834cfcf2e6b06c8f2e0e8ca", kill_on_drop: false }`
[INFO] running `Command { std: "docker" "rm" "-f" "378c273455e624a8af64c63daf71e7f259162d52d834cfcf2e6b06c8f2e0e8ca", kill_on_drop: false }`
[INFO] [stdout] 378c273455e624a8af64c63daf71e7f259162d52d834cfcf2e6b06c8f2e0e8ca
[INFO] running `Command { std: "docker" "create" "-v" "/var/lib/crater-agent-workspace/builds/worker-7-tc1/target:/opt/rustwide/target:rw,Z" "-v" "/var/lib/crater-agent-workspace/builds/worker-7-tc1/source:/opt/rustwide/workdir:ro,Z" "-v" "/var/lib/crater-agent-workspace/cargo-home:/opt/rustwide/cargo-home:ro,Z" "-v" "/var/lib/crater-agent-workspace/rustup-home:/opt/rustwide/rustup-home:ro,Z" "-e" "SOURCE_DIR=/opt/rustwide/workdir" "-e" "CARGO_TARGET_DIR=/opt/rustwide/target" "-e" "CARGO_INCREMENTAL=0" "-e" "RUST_BACKTRACE=full" "-e" "RUSTFLAGS=--cap-lints=warn" "-e" "RUSTDOCFLAGS=--cap-lints=warn" "-e" "CARGO_HOME=/opt/rustwide/cargo-home" "-e" "RUSTUP_HOME=/opt/rustwide/rustup-home" "-w" "/opt/rustwide/workdir" "-m" "1610612736" "--user" "0:0" "--network" "none" "ghcr.io/rust-lang/crates-build-env/linux@sha256:2788e3201cd34a07e3172128adcd8b3090168a8e3bcc40d7c032b9dda1df7d1c" "/opt/rustwide/cargo-home/bin/cargo" "+1.75.0" "build" "--frozen" "--message-format=json", kill_on_drop: false }`
[INFO] [stdout] ac8d26d3fff754b12f794709d370432653270b11bd4ce4e8470c5d3e3c6b2536
[INFO] running `Command { std: "docker" "start" "-a" "ac8d26d3fff754b12f794709d370432653270b11bd4ce4e8470c5d3e3c6b2536", kill_on_drop: false }`
[INFO] [stderr]    Compiling proc-macro2 v1.0.69
[INFO] [stderr]    Compiling unicode-ident v1.0.12
[INFO] [stderr]    Compiling cfg-if v1.0.0
[INFO] [stderr]    Compiling version_check v0.9.4
[INFO] [stderr]    Compiling serde v1.0.193
[INFO] [stderr]    Compiling libc v0.2.150
[INFO] [stderr]    Compiling pin-project-lite v0.2.13
[INFO] [stderr]    Compiling equivalent v1.0.1
[INFO] [stderr]    Compiling crossbeam-utils v0.8.16
[INFO] [stderr]    Compiling once_cell v1.18.0
[INFO] [stderr]    Compiling futures-core v0.3.29
[INFO] [stderr]    Compiling hashbrown v0.14.2
[INFO] [stderr]    Compiling parking v2.2.0
[INFO] [stderr]    Compiling ahash v0.8.6
[INFO] [stderr]    Compiling thiserror v1.0.50
[INFO] [stderr]    Compiling winnow v0.5.19
[INFO] [stderr]    Compiling toml_datetime v0.6.5
[INFO] [stderr]    Compiling zerocopy v0.7.26
[INFO] [stderr]    Compiling concurrent-queue v2.3.0
[INFO] [stderr]    Compiling allocator-api2 v0.2.16
[INFO] [stderr]    Compiling quote v1.0.33
[INFO] [stderr]    Compiling indexmap v2.1.0
[INFO] [stderr]    Compiling autocfg v1.1.0
[INFO] [stderr]    Compiling rustc-hash v1.1.0
[INFO] [stderr]    Compiling syn v2.0.39
[INFO] [stderr]    Compiling event-listener v3.1.0
[INFO] [stderr]    Compiling proc-macro-error-attr v1.0.4
[INFO] [stderr]    Compiling slab v0.4.9
[INFO] [stderr]    Compiling event-listener-strategy v0.3.0
[INFO] [stderr]    Compiling tracing-core v0.1.32
[INFO] [stderr]    Compiling fixedbitset v0.4.2
[INFO] [stderr]    Compiling bytemuck v1.14.0
[INFO] [stderr]    Compiling getrandom v0.2.11
[INFO] [stderr]    Compiling uuid v1.6.1
[INFO] [stderr]    Compiling tracing v0.1.40
[INFO] [stderr]    Compiling async-lock v3.1.1
[INFO] [stderr]    Compiling futures-lite v2.0.1
[INFO] [stderr]    Compiling proc-macro-error v1.0.4
[INFO] [stderr]    Compiling instant v0.1.12
[INFO] [stderr]    Compiling event-listener v2.5.3
[INFO] [stderr]    Compiling nonmax v0.5.5
[INFO] [stderr]    Compiling async-task v4.5.0
[INFO] [stderr]    Compiling futures-io v0.3.29
[INFO] [stderr]    Compiling fastrand v1.9.0
[INFO] [stderr]    Compiling fastrand v2.0.1
[INFO] [stderr]    Compiling waker-fn v1.1.1
[INFO] [stderr]    Compiling memchr v2.6.4
[INFO] [stderr]    Compiling async-channel v1.9.0
[INFO] [stderr]    Compiling proc-macro2-diagnostics v0.10.1
[INFO] [stderr]    Compiling async-executor v1.7.2
[INFO] [stderr]    Compiling smol_str v0.2.0
[INFO] [stderr]    Compiling downcast-rs v1.2.0
[INFO] [stderr]    Compiling toml_edit v0.20.7
[INFO] [stderr]    Compiling bevy_ptr v0.12.0
[INFO] [stderr]    Compiling thread_local v1.1.7
[INFO] [stderr]    Compiling yansi v1.0.0-rc.1
[INFO] [stderr]    Compiling anyhow v1.0.75
[INFO] [stderr]    Compiling futures-lite v1.13.0
[INFO] [stderr]    Compiling crossbeam-channel v0.5.8
[INFO] [stderr]    Compiling bevy_tasks v0.12.0
[INFO] [stderr]    Compiling bevy_macro_utils v0.12.0
[INFO] [stderr]    Compiling serde_derive v1.0.193
[INFO] [stderr]    Compiling thiserror-impl v1.0.50
[INFO] [stderr]    Compiling bevy_utils_proc_macros v0.12.0
[INFO] [stderr]    Compiling bevy_reflect_derive v0.12.0
[INFO] [stderr]    Compiling bevy_ecs_macros v0.12.0
[INFO] [stderr]    Compiling syn_derive v0.1.8
[INFO] [stderr]    Compiling bevy_derive v0.12.0
[INFO] [stderr]    Compiling typed-builder-macro v0.18.0
[INFO] [stderr]    Compiling extend v1.2.0
[INFO] [stderr]    Compiling rstml v0.11.2
[INFO] [stderr]    Compiling typed-builder v0.18.0
[INFO] [stderr]    Compiling gamai_macros v0.1.37
[INFO] [stderr]    Compiling glam v0.24.2
[INFO] [stderr]    Compiling smallvec v1.11.2
[INFO] [stderr]    Compiling erased-serde v0.3.31
[INFO] [stderr]    Compiling petgraph v0.6.4
[INFO] [stderr]    Compiling bevy_utils v0.12.0
[INFO] [stderr]    Compiling bevy_math v0.12.0
[INFO] [stderr]    Compiling bevy_reflect v0.12.0
[INFO] [stderr]    Compiling bevy_ecs v0.12.0
[INFO] [stderr]    Compiling bevy_app v0.12.0
[INFO] [stderr]    Compiling bevy_time v0.12.0
[INFO] [stderr]    Compiling gamai v0.1.37 (/opt/rustwide/workdir)
[INFO] [stdout] error[E0554]: `#![feature]` may not be used on the stable release channel
[INFO] [stdout]   --> src/lib.rs:36:1
[INFO] [stdout]    |
[INFO] [stdout] 36 | / #![feature(
[INFO] [stdout] 37 | |     let_chains,
[INFO] [stdout] 38 | |     associated_type_defaults,
[INFO] [stdout] 39 | |     associated_type_bounds,
[INFO] [stdout] ...  |
[INFO] [stdout] 44 | |     generic_const_exprs,
[INFO] [stdout] 45 | | )]
[INFO] [stdout]    | |__^
[INFO] [stdout] 
[INFO] [stdout] 
[INFO] [stdout] warning: unused import: `self::ai_component::*`
[INFO] [stdout]  --> src/node/mod.rs:2:9
[INFO] [stdout]   |
[INFO] [stdout] 2 | pub use self::ai_component::*;
[INFO] [stdout]   |         ^^^^^^^^^^^^^^^^^^^^^
[INFO] [stdout]   |
[INFO] [stdout]   = note: `#[warn(unused_imports)]` on by default
[INFO] [stdout] 
[INFO] [stdout] 
[INFO] [stdout] warning: unused import: `self::fallback_selector::*`
[INFO] [stdout]  --> src/common_selectors/mod.rs:2:9
[INFO] [stdout]   |
[INFO] [stdout] 2 | pub use self::fallback_selector::*;
[INFO] [stdout]   |         ^^^^^^^^^^^^^^^^^^^^^^^^^^
[INFO] [stdout] 
[INFO] [stdout] 
[INFO] [stdout] error[E0554]: `#![feature]` may not be used on the stable release channel
[INFO] [stdout]   --> src/lib.rs:42:2
[INFO] [stdout]    |
[INFO] [stdout] 42 |     fn_traits,
[INFO] [stdout]    |     ^^^^^^^^^
[INFO] [stdout] 
[INFO] [stdout] 
[INFO] [stdout] error: aborting due to 2 previous errors; 2 warnings emitted
[INFO] [stdout] 
[INFO] [stdout] 
[INFO] [stdout] For more information about this error, try `rustc --explain E0554`.
[INFO] [stdout] 
[INFO] [stderr] error: could not compile `gamai` (lib) due to 3 previous errors; 2 warnings emitted
[INFO] running `Command { std: "docker" "inspect" "ac8d26d3fff754b12f794709d370432653270b11bd4ce4e8470c5d3e3c6b2536", kill_on_drop: false }`
[INFO] running `Command { std: "docker" "rm" "-f" "ac8d26d3fff754b12f794709d370432653270b11bd4ce4e8470c5d3e3c6b2536", kill_on_drop: false }`
[INFO] [stdout] ac8d26d3fff754b12f794709d370432653270b11bd4ce4e8470c5d3e3c6b2536
[INFO] testing gamai-0.1.37 against beta-2023-12-22 for beta-1.76-1
[INFO] extracting crate gamai 0.1.37 into /workspace/builds/worker-7-tc2/source
[INFO] validating manifest of crates.io crate gamai 0.1.37 on toolchain beta-2023-12-22
[INFO] running `Command { std: CARGO_HOME="/workspace/cargo-home" RUSTUP_HOME="/workspace/rustup-home" "/workspace/cargo-home/bin/cargo" "+beta-2023-12-22" "metadata" "--manifest-path" "Cargo.toml" "--no-deps", kill_on_drop: false }`
[INFO] started tweaking crates.io crate gamai 0.1.37
[INFO] removed 0 missing examples
[INFO] finished tweaking crates.io crate gamai 0.1.37
[INFO] tweaked toml for crates.io crate gamai 0.1.37 written to /workspace/builds/worker-7-tc2/source/Cargo.toml
[INFO] crate crates.io crate gamai 0.1.37 already has a lockfile, it will not be regenerated
[INFO] running `Command { std: CARGO_HOME="/workspace/cargo-home" RUSTUP_HOME="/workspace/rustup-home" "/workspace/cargo-home/bin/cargo" "+beta-2023-12-22" "fetch" "--manifest-path" "Cargo.toml", kill_on_drop: false }`
[INFO] running `Command { std: "docker" "create" "-v" "/var/lib/crater-agent-workspace/builds/worker-7-tc2/target:/opt/rustwide/target:rw,Z" "-v" "/var/lib/crater-agent-workspace/builds/worker-7-tc2/source:/opt/rustwide/workdir:ro,Z" "-v" "/var/lib/crater-agent-workspace/cargo-home:/opt/rustwide/cargo-home:ro,Z" "-v" "/var/lib/crater-agent-workspace/rustup-home:/opt/rustwide/rustup-home:ro,Z" "-e" "SOURCE_DIR=/opt/rustwide/workdir" "-e" "CARGO_TARGET_DIR=/opt/rustwide/target" "-e" "CARGO_HOME=/opt/rustwide/cargo-home" "-e" "RUSTUP_HOME=/opt/rustwide/rustup-home" "-w" "/opt/rustwide/workdir" "-m" "1610612736" "--user" "0:0" "--network" "none" "ghcr.io/rust-lang/crates-build-env/linux@sha256:2788e3201cd34a07e3172128adcd8b3090168a8e3bcc40d7c032b9dda1df7d1c" "/opt/rustwide/cargo-home/bin/cargo" "+beta-2023-12-22" "metadata" "--no-deps" "--format-version=1", kill_on_drop: false }`
[INFO] [stdout] 1991acdd39b5c3e8ac2aeea7d8b0539914484c12832c1d80dbdb0b2538e1b302
[INFO] running `Command { std: "docker" "start" "-a" "1991acdd39b5c3e8ac2aeea7d8b0539914484c12832c1d80dbdb0b2538e1b302", kill_on_drop: false }`
[INFO] running `Command { std: "docker" "inspect" "1991acdd39b5c3e8ac2aeea7d8b0539914484c12832c1d80dbdb0b2538e1b302", kill_on_drop: false }`
[INFO] running `Command { std: "docker" "rm" "-f" "1991acdd39b5c3e8ac2aeea7d8b0539914484c12832c1d80dbdb0b2538e1b302", kill_on_drop: false }`
[INFO] [stdout] 1991acdd39b5c3e8ac2aeea7d8b0539914484c12832c1d80dbdb0b2538e1b302
[INFO] running `Command { std: "docker" "create" "-v" "/var/lib/crater-agent-workspace/builds/worker-7-tc2/target:/opt/rustwide/target:rw,Z" "-v" "/var/lib/crater-agent-workspace/builds/worker-7-tc2/source:/opt/rustwide/workdir:ro,Z" "-v" "/var/lib/crater-agent-workspace/cargo-home:/opt/rustwide/cargo-home:ro,Z" "-v" "/var/lib/crater-agent-workspace/rustup-home:/opt/rustwide/rustup-home:ro,Z" "-e" "SOURCE_DIR=/opt/rustwide/workdir" "-e" "CARGO_TARGET_DIR=/opt/rustwide/target" "-e" "CARGO_INCREMENTAL=0" "-e" "RUST_BACKTRACE=full" "-e" "RUSTFLAGS=--cap-lints=warn" "-e" "RUSTDOCFLAGS=--cap-lints=warn" "-e" "CARGO_HOME=/opt/rustwide/cargo-home" "-e" "RUSTUP_HOME=/opt/rustwide/rustup-home" "-w" "/opt/rustwide/workdir" "-m" "1610612736" "--user" "0:0" "--network" "none" "ghcr.io/rust-lang/crates-build-env/linux@sha256:2788e3201cd34a07e3172128adcd8b3090168a8e3bcc40d7c032b9dda1df7d1c" "/opt/rustwide/cargo-home/bin/cargo" "+beta-2023-12-22" "build" "--frozen" "--message-format=json", kill_on_drop: false }`
[INFO] [stdout] a0cd57e5ac221b97ba27a0ccf1e97df74fa320bb03e50041de1d07510718fa9a
[INFO] running `Command { std: "docker" "start" "-a" "a0cd57e5ac221b97ba27a0ccf1e97df74fa320bb03e50041de1d07510718fa9a", kill_on_drop: false }`
[INFO] [stderr]    Compiling proc-macro2 v1.0.69
[INFO] [stderr]    Compiling unicode-ident v1.0.12
[INFO] [stderr]    Compiling cfg-if v1.0.0
[INFO] [stderr]    Compiling version_check v0.9.4
[INFO] [stderr]    Compiling serde v1.0.193
[INFO] [stderr]    Compiling libc v0.2.150
[INFO] [stderr]    Compiling crossbeam-utils v0.8.16
[INFO] [stderr]    Compiling equivalent v1.0.1
[INFO] [stderr]    Compiling pin-project-lite v0.2.13
[INFO] [stderr]    Compiling once_cell v1.18.0
[INFO] [stderr]    Compiling hashbrown v0.14.2
[INFO] [stderr]    Compiling futures-core v0.3.29
[INFO] [stderr]    Compiling parking v2.2.0
[INFO] [stderr]    Compiling toml_datetime v0.6.5
[INFO] [stderr]    Compiling ahash v0.8.6
[INFO] [stderr]    Compiling zerocopy v0.7.26
[INFO] [stderr]    Compiling thiserror v1.0.50
[INFO] [stderr]    Compiling winnow v0.5.19
[INFO] [stderr]    Compiling concurrent-queue v2.3.0
[INFO] [stderr]    Compiling indexmap v2.1.0
[INFO] [stderr]    Compiling rustc-hash v1.1.0
[INFO] [stderr]    Compiling allocator-api2 v0.2.16
[INFO] [stderr]    Compiling quote v1.0.33
[INFO] [stderr]    Compiling autocfg v1.1.0
[INFO] [stderr]    Compiling syn v2.0.39
[INFO] [stderr]    Compiling event-listener v3.1.0
[INFO] [stderr]    Compiling proc-macro-error-attr v1.0.4
[INFO] [stderr]    Compiling getrandom v0.2.11
[INFO] [stderr]    Compiling tracing-core v0.1.32
[INFO] [stderr]    Compiling event-listener-strategy v0.3.0
[INFO] [stderr]    Compiling slab v0.4.9
[INFO] [stderr]    Compiling fixedbitset v0.4.2
[INFO] [stderr]    Compiling bytemuck v1.14.0
[INFO] [stderr]    Compiling async-lock v3.1.1
[INFO] [stderr]    Compiling uuid v1.6.1
[INFO] [stderr]    Compiling futures-lite v2.0.1
[INFO] [stderr]    Compiling proc-macro-error v1.0.4
[INFO] [stderr]    Compiling tracing v0.1.40
[INFO] [stderr]    Compiling instant v0.1.12
[INFO] [stderr]    Compiling event-listener v2.5.3
[INFO] [stderr]    Compiling memchr v2.6.4
[INFO] [stderr]    Compiling fastrand v2.0.1
[INFO] [stderr]    Compiling fastrand v1.9.0
[INFO] [stderr]    Compiling waker-fn v1.1.1
[INFO] [stderr]    Compiling futures-io v0.3.29
[INFO] [stderr]    Compiling async-task v4.5.0
[INFO] [stderr]    Compiling nonmax v0.5.5
[INFO] [stderr]    Compiling async-channel v1.9.0
[INFO] [stderr]    Compiling toml_edit v0.20.7
[INFO] [stderr]    Compiling async-executor v1.7.2
[INFO] [stderr]    Compiling proc-macro2-diagnostics v0.10.1
[INFO] [stderr]    Compiling smol_str v0.2.0
[INFO] [stderr]    Compiling bevy_ptr v0.12.0
[INFO] [stderr]    Compiling futures-lite v1.13.0
[INFO] [stderr]    Compiling downcast-rs v1.2.0
[INFO] [stderr]    Compiling thread_local v1.1.7
[INFO] [stderr]    Compiling yansi v1.0.0-rc.1
[INFO] [stderr]    Compiling anyhow v1.0.75
[INFO] [stderr]    Compiling crossbeam-channel v0.5.8
[INFO] [stderr]    Compiling bevy_tasks v0.12.0
[INFO] [stderr]    Compiling bevy_macro_utils v0.12.0
[INFO] [stderr]    Compiling serde_derive v1.0.193
[INFO] [stderr]    Compiling thiserror-impl v1.0.50
[INFO] [stderr]    Compiling bevy_utils_proc_macros v0.12.0
[INFO] [stderr]    Compiling bevy_reflect_derive v0.12.0
[INFO] [stderr]    Compiling bevy_ecs_macros v0.12.0
[INFO] [stderr]    Compiling bevy_derive v0.12.0
[INFO] [stderr]    Compiling syn_derive v0.1.8
[INFO] [stderr]    Compiling typed-builder-macro v0.18.0
[INFO] [stderr]    Compiling extend v1.2.0
[INFO] [stderr]    Compiling typed-builder v0.18.0
[INFO] [stderr]    Compiling rstml v0.11.2
[INFO] [stderr]    Compiling gamai_macros v0.1.37
[INFO] [stderr]    Compiling glam v0.24.2
[INFO] [stderr]    Compiling smallvec v1.11.2
[INFO] [stderr]    Compiling erased-serde v0.3.31
[INFO] [stderr]    Compiling petgraph v0.6.4
[INFO] [stderr]    Compiling bevy_math v0.12.0
[INFO] [stderr]    Compiling bevy_utils v0.12.0
[INFO] [stderr]    Compiling bevy_reflect v0.12.0
[INFO] [stderr]    Compiling bevy_ecs v0.12.0
[INFO] [stderr]    Compiling bevy_app v0.12.0
[INFO] [stderr]    Compiling bevy_time v0.12.0
[INFO] [stderr]    Compiling gamai v0.1.37 (/opt/rustwide/workdir)
[INFO] [stdout] error[E0554]: `#![feature]` may not be used on the beta release channel
[INFO] [stdout]   --> src/lib.rs:36:1
[INFO] [stdout]    |
[INFO] [stdout] 36 | / #![feature(
[INFO] [stdout] 37 | |     let_chains,
[INFO] [stdout] 38 | |     associated_type_defaults,
[INFO] [stdout] 39 | |     associated_type_bounds,
[INFO] [stdout] ...  |
[INFO] [stdout] 44 | |     generic_const_exprs,
[INFO] [stdout] 45 | | )]
[INFO] [stdout]    | |__^
[INFO] [stdout] 
[INFO] [stdout] 
[INFO] [stdout] warning: unused import: `self::ai_component::*`
[INFO] [stdout]  --> src/node/mod.rs:2:9
[INFO] [stdout]   |
[INFO] [stdout] 2 | pub use self::ai_component::*;
[INFO] [stdout]   |         ^^^^^^^^^^^^^^^^^^^^^
[INFO] [stdout]   |
[INFO] [stdout]   = note: `#[warn(unused_imports)]` on by default
[INFO] [stdout] 
[INFO] [stdout] 
[INFO] [stdout] warning: unused import: `self::fallback_selector::*`
[INFO] [stdout]  --> src/common_selectors/mod.rs:2:9
[INFO] [stdout]   |
[INFO] [stdout] 2 | pub use self::fallback_selector::*;
[INFO] [stdout]   |         ^^^^^^^^^^^^^^^^^^^^^^^^^^
[INFO] [stdout] 
[INFO] [stdout] 
[INFO] [stdout] error[E0554]: `#![feature]` may not be used on the beta release channel
[INFO] [stdout]   --> src/lib.rs:42:2
[INFO] [stdout]    |
[INFO] [stdout] 42 |     fn_traits,
[INFO] [stdout]    |     ^^^^^^^^^
[INFO] [stdout] 
[INFO] [stdout] 
[INFO] [stdout] error: aborting due to 2 previous errors; 2 warnings emitted
[INFO] [stdout] 
[INFO] [stdout] 
[INFO] [stdout] For more information about this error, try `rustc --explain E0554`.
[INFO] [stdout] 
[INFO] [stderr] error: could not compile `gamai` (lib) due to 3 previous errors; 2 warnings emitted
[INFO] running `Command { std: "docker" "inspect" "a0cd57e5ac221b97ba27a0ccf1e97df74fa320bb03e50041de1d07510718fa9a", kill_on_drop: false }`
[INFO] running `Command { std: "docker" "rm" "-f" "a0cd57e5ac221b97ba27a0ccf1e97df74fa320bb03e50041de1d07510718fa9a", kill_on_drop: false }`
[INFO] [stdout] a0cd57e5ac221b97ba27a0ccf1e97df74fa320bb03e50041de1d07510718fa9a
