[INFO] fetching crate galvan-transpiler 0.0.0-dev02...
[INFO] testing galvan-transpiler-0.0.0-dev02 against 1.75.0 for beta-1.76-1
[INFO] extracting crate galvan-transpiler 0.0.0-dev02 into /workspace/builds/worker-0-tc1/source
[INFO] validating manifest of crates.io crate galvan-transpiler 0.0.0-dev02 on toolchain 1.75.0
[INFO] running `Command { std: CARGO_HOME="/workspace/cargo-home" RUSTUP_HOME="/workspace/rustup-home" "/workspace/cargo-home/bin/cargo" "+1.75.0" "metadata" "--manifest-path" "Cargo.toml" "--no-deps", kill_on_drop: false }`
[INFO] started tweaking crates.io crate galvan-transpiler 0.0.0-dev02
[INFO] finished tweaking crates.io crate galvan-transpiler 0.0.0-dev02
[INFO] tweaked toml for crates.io crate galvan-transpiler 0.0.0-dev02 written to /workspace/builds/worker-0-tc1/source/Cargo.toml
[INFO] crate crates.io crate galvan-transpiler 0.0.0-dev02 already has a lockfile, it will not be regenerated
[INFO] running `Command { std: CARGO_HOME="/workspace/cargo-home" RUSTUP_HOME="/workspace/rustup-home" "/workspace/cargo-home/bin/cargo" "+1.75.0" "fetch" "--manifest-path" "Cargo.toml", kill_on_drop: false }`
[INFO] [stderr]     Updating crates.io index
[INFO] [stderr]  Downloading crates ...
[INFO] [stderr]   Downloaded galvan-files v0.0.0-dev02
[INFO] [stderr]   Downloaded galvan-test-macro v0.0.0-dev02
[INFO] [stderr]   Downloaded from-pest v0.3.2
[INFO] [stderr]   Downloaded pest-ast v0.3.4
[INFO] [stderr]   Downloaded galvan-pest v0.0.0-dev02
[INFO] [stderr]   Downloaded galvan-ast v0.0.0-dev02
[INFO] running `Command { std: "docker" "create" "-v" "/var/lib/crater-agent-workspace/builds/worker-0-tc1/target:/opt/rustwide/target:rw,Z" "-v" "/var/lib/crater-agent-workspace/builds/worker-0-tc1/source:/opt/rustwide/workdir:ro,Z" "-v" "/var/lib/crater-agent-workspace/cargo-home:/opt/rustwide/cargo-home:ro,Z" "-v" "/var/lib/crater-agent-workspace/rustup-home:/opt/rustwide/rustup-home:ro,Z" "-e" "SOURCE_DIR=/opt/rustwide/workdir" "-e" "CARGO_TARGET_DIR=/opt/rustwide/target" "-e" "CARGO_HOME=/opt/rustwide/cargo-home" "-e" "RUSTUP_HOME=/opt/rustwide/rustup-home" "-w" "/opt/rustwide/workdir" "-m" "1610612736" "--user" "0:0" "--network" "none" "ghcr.io/rust-lang/crates-build-env/linux@sha256:2788e3201cd34a07e3172128adcd8b3090168a8e3bcc40d7c032b9dda1df7d1c" "/opt/rustwide/cargo-home/bin/cargo" "+1.75.0" "metadata" "--no-deps" "--format-version=1", kill_on_drop: false }`
[INFO] [stdout] 2f567f41299b1d5b2092e44e8be372620ae7109ac7ae05dcdad6a982cd1fd04f
[INFO] running `Command { std: "docker" "start" "-a" "2f567f41299b1d5b2092e44e8be372620ae7109ac7ae05dcdad6a982cd1fd04f", kill_on_drop: false }`
[INFO] running `Command { std: "docker" "inspect" "2f567f41299b1d5b2092e44e8be372620ae7109ac7ae05dcdad6a982cd1fd04f", kill_on_drop: false }`
[INFO] running `Command { std: "docker" "rm" "-f" "2f567f41299b1d5b2092e44e8be372620ae7109ac7ae05dcdad6a982cd1fd04f", kill_on_drop: false }`
[INFO] [stdout] 2f567f41299b1d5b2092e44e8be372620ae7109ac7ae05dcdad6a982cd1fd04f
[INFO] running `Command { std: "docker" "create" "-v" "/var/lib/crater-agent-workspace/builds/worker-0-tc1/target:/opt/rustwide/target:rw,Z" "-v" "/var/lib/crater-agent-workspace/builds/worker-0-tc1/source:/opt/rustwide/workdir:ro,Z" "-v" "/var/lib/crater-agent-workspace/cargo-home:/opt/rustwide/cargo-home:ro,Z" "-v" "/var/lib/crater-agent-workspace/rustup-home:/opt/rustwide/rustup-home:ro,Z" "-e" "SOURCE_DIR=/opt/rustwide/workdir" "-e" "CARGO_TARGET_DIR=/opt/rustwide/target" "-e" "CARGO_INCREMENTAL=0" "-e" "RUST_BACKTRACE=full" "-e" "RUSTFLAGS=--cap-lints=warn" "-e" "RUSTDOCFLAGS=--cap-lints=warn" "-e" "CARGO_HOME=/opt/rustwide/cargo-home" "-e" "RUSTUP_HOME=/opt/rustwide/rustup-home" "-w" "/opt/rustwide/workdir" "-m" "1610612736" "--user" "0:0" "--network" "none" "ghcr.io/rust-lang/crates-build-env/linux@sha256:2788e3201cd34a07e3172128adcd8b3090168a8e3bcc40d7c032b9dda1df7d1c" "/opt/rustwide/cargo-home/bin/cargo" "+1.75.0" "build" "--frozen" "--message-format=json", kill_on_drop: false }`
[INFO] [stdout] 5b3990a49be0fcc91e6513611f6e2f29480cdaa51fbc724a1248e4148873093e
[INFO] running `Command { std: "docker" "start" "-a" "5b3990a49be0fcc91e6513611f6e2f29480cdaa51fbc724a1248e4148873093e", kill_on_drop: false }`
[INFO] [stderr]    Compiling proc-macro2 v1.0.66
[INFO] [stderr]    Compiling unicode-ident v1.0.11
[INFO] [stderr]    Compiling thiserror v1.0.50
[INFO] [stderr]    Compiling memchr v2.6.4
[INFO] [stderr]    Compiling ucd-trie v0.1.6
[INFO] [stderr]    Compiling once_cell v1.18.0
[INFO] [stderr]    Compiling syn v1.0.109
[INFO] [stderr]    Compiling either v1.9.0
[INFO] [stderr]    Compiling convert_case v0.4.0
[INFO] [stderr]    Compiling void v1.0.2
[INFO] [stderr]    Compiling itertools v0.10.5
[INFO] [stderr]    Compiling aho-corasick v1.1.2
[INFO] [stderr]    Compiling quote v1.0.33
[INFO] [stderr]    Compiling syn v2.0.31
[INFO] [stderr]    Compiling regex-automata v0.4.3
[INFO] [stderr]    Compiling derive_more v0.99.17
[INFO] [stderr]    Compiling thiserror-impl v1.0.50
[INFO] [stderr]    Compiling pest-ast v0.3.4
[INFO] [stderr]    Compiling regex v1.10.2
[INFO] [stderr]    Compiling pest v2.7.5
[INFO] [stderr]    Compiling galvan-files v0.0.0-dev02
[INFO] [stderr]    Compiling pest_meta v2.7.5
[INFO] [stderr]    Compiling from-pest v0.3.2
[INFO] [stderr]    Compiling pest_generator v2.7.5
[INFO] [stderr]    Compiling pest_derive v2.7.5
[INFO] [stderr]    Compiling galvan-pest v0.0.0-dev02
[INFO] [stderr]    Compiling galvan-ast v0.0.0-dev02
[INFO] [stderr]    Compiling galvan-transpiler v0.0.0-dev02 (/opt/rustwide/workdir)
[INFO] [stdout] warning: unused variable: `body`
[INFO] [stdout]  --> src/transpile_item/body.rs:9:19
[INFO] [stdout]   |
[INFO] [stdout] 9 | fn transpile_body(body: Body) -> String {
[INFO] [stdout]   |                   ^^^^ help: if this is intentional, prefix it with an underscore: `_body`
[INFO] [stdout]   |
[INFO] [stdout]   = note: `#[warn(unused_variables)]` on by default
[INFO] [stdout] 
[INFO] [stdout] 
[INFO] [stdout] warning: 1 warning emitted
[INFO] [stdout] 
[INFO] [stdout] 
[INFO] [stderr]     Finished dev [unoptimized + debuginfo] target(s) in 7.29s
[INFO] running `Command { std: "docker" "inspect" "5b3990a49be0fcc91e6513611f6e2f29480cdaa51fbc724a1248e4148873093e", kill_on_drop: false }`
[INFO] running `Command { std: "docker" "rm" "-f" "5b3990a49be0fcc91e6513611f6e2f29480cdaa51fbc724a1248e4148873093e", kill_on_drop: false }`
[INFO] [stdout] 5b3990a49be0fcc91e6513611f6e2f29480cdaa51fbc724a1248e4148873093e
[INFO] running `Command { std: "docker" "create" "-v" "/var/lib/crater-agent-workspace/builds/worker-0-tc1/target:/opt/rustwide/target:rw,Z" "-v" "/var/lib/crater-agent-workspace/builds/worker-0-tc1/source:/opt/rustwide/workdir:ro,Z" "-v" "/var/lib/crater-agent-workspace/cargo-home:/opt/rustwide/cargo-home:ro,Z" "-v" "/var/lib/crater-agent-workspace/rustup-home:/opt/rustwide/rustup-home:ro,Z" "-e" "SOURCE_DIR=/opt/rustwide/workdir" "-e" "CARGO_TARGET_DIR=/opt/rustwide/target" "-e" "CARGO_INCREMENTAL=0" "-e" "RUST_BACKTRACE=full" "-e" "RUSTFLAGS=--cap-lints=warn" "-e" "RUSTDOCFLAGS=--cap-lints=warn" "-e" "CARGO_HOME=/opt/rustwide/cargo-home" "-e" "RUSTUP_HOME=/opt/rustwide/rustup-home" "-w" "/opt/rustwide/workdir" "-m" "1610612736" "--user" "0:0" "--network" "none" "ghcr.io/rust-lang/crates-build-env/linux@sha256:2788e3201cd34a07e3172128adcd8b3090168a8e3bcc40d7c032b9dda1df7d1c" "/opt/rustwide/cargo-home/bin/cargo" "+1.75.0" "test" "--frozen" "--no-run" "--message-format=json", kill_on_drop: false }`
[INFO] [stdout] edd64b358b1395950b192a226aeebdbae803beebaa41594672732ab6e4da1d68
[INFO] running `Command { std: "docker" "start" "-a" "edd64b358b1395950b192a226aeebdbae803beebaa41594672732ab6e4da1d68", kill_on_drop: false }`
[INFO] [stderr]    Compiling syn v2.0.31
[INFO] [stderr]    Compiling thiserror-impl v1.0.50
[INFO] [stderr]    Compiling pest-ast v0.3.4
[INFO] [stderr]    Compiling galvan-test-macro v0.0.0-dev02
[INFO] [stderr]    Compiling thiserror v1.0.50
[INFO] [stderr]    Compiling pest v2.7.5
[INFO] [stderr]    Compiling galvan-files v0.0.0-dev02
[INFO] [stderr]    Compiling pest_meta v2.7.5
[INFO] [stderr]    Compiling from-pest v0.3.2
[INFO] [stderr]    Compiling pest_generator v2.7.5
[INFO] [stderr]    Compiling pest_derive v2.7.5
[INFO] [stderr]    Compiling galvan-pest v0.0.0-dev02
[INFO] [stderr]    Compiling galvan-ast v0.0.0-dev02
[INFO] [stderr]    Compiling galvan-transpiler v0.0.0-dev02 (/opt/rustwide/workdir)
[INFO] [stdout] warning: unused variable: `body`
[INFO] [stdout]  --> src/transpile_item/body.rs:9:19
[INFO] [stdout]   |
[INFO] [stdout] 9 | fn transpile_body(body: Body) -> String {
[INFO] [stdout]   |                   ^^^^ help: if this is intentional, prefix it with an underscore: `_body`
[INFO] [stdout]   |
[INFO] [stdout]   = note: `#[warn(unused_variables)]` on by default
[INFO] [stdout] 
[INFO] [stdout] 
[INFO] [stdout] warning: 1 warning emitted
[INFO] [stdout] 
[INFO] [stdout] 
[INFO] [stdout] error: proc macro panicked
[INFO] [stdout]   --> tests/test_transpilation.rs:31:1
[INFO] [stdout]    |
[INFO] [stdout] 31 | / generate_code_tests!(test_transpilation, TRANSPILE, trim_all {
[INFO] [stdout] 32 | |     let source = Source::from_string(code);
[INFO] [stdout] 33 | |     transpile_source(source).unwrap()
[INFO] [stdout] 34 | | });
[INFO] [stdout]    | |__^
[INFO] [stdout]    |
[INFO] [stdout]    = help: message: called `Result::unwrap()` on an `Err` value: Os { code: 2, kind: NotFound, message: "No such file or directory" }
[INFO] [stdout] 
[INFO] [stdout] 
[INFO] [stdout] error[E0603]: enum `Source` is private
[INFO] [stdout]   --> tests/test_transpilation.rs:27:17
[INFO] [stdout]    |
[INFO] [stdout] 27 | use galvan_ast::Source;
[INFO] [stdout]    |                 ^^^^^^ private enum
[INFO] [stdout]    |
[INFO] [stdout] note: the enum `Source` is defined here
[INFO] [stdout]   --> /opt/rustwide/cargo-home/registry/src/index.crates.io-6f17d22bba15001f/galvan-ast-0.0.0-dev02/src/lib.rs:9:5
[INFO] [stdout]    |
[INFO] [stdout] 9  | use galvan_files::Source;
[INFO] [stdout]    |     ^^^^^^^^^^^^^^^^^^^^
[INFO] [stdout] 
[INFO] [stdout] 
[INFO] [stdout] error[E0603]: function `transpile_source` is private
[INFO] [stdout]   --> tests/test_transpilation.rs:28:24
[INFO] [stdout]    |
[INFO] [stdout] 28 | use galvan_transpiler::transpile_source;
[INFO] [stdout]    |                        ^^^^^^^^^^^^^^^^ private function
[INFO] [stdout]    |
[INFO] [stdout] note: the function `transpile_source` is defined here
[INFO] [stdout]   --> /opt/rustwide/workdir/src/lib.rs:19:1
[INFO] [stdout]    |
[INFO] [stdout] 19 | fn transpile_source(source: Source) -> Result<String, TranspileError> {
[INFO] [stdout]    | ^^^^^^^^^^^^^^^^^^^^^^^^^^^^^^^^^^^^^^^^^^^^^^^^^^^^^^^^^^^^^^^^^^^^^
[INFO] [stdout] 
[INFO] [stdout] 
[INFO] [stdout] warning: unused import: `test_utils::*`
[INFO] [stdout]   --> tests/test_transpilation.rs:29:5
[INFO] [stdout]    |
[INFO] [stdout] 29 | use test_utils::*;
[INFO] [stdout]    |     ^^^^^^^^^^^^^
[INFO] [stdout]    |
[INFO] [stdout]    = note: `#[warn(unused_imports)]` on by default
[INFO] [stdout] 
[INFO] [stdout] 
[INFO] [stdout] error: aborting due to 3 previous errors; 1 warning emitted
[INFO] [stdout] 
[INFO] [stdout] 
[INFO] [stdout] For more information about this error, try `rustc --explain E0603`.
[INFO] [stdout] 
[INFO] [stderr] error: could not compile `galvan-transpiler` (test "test_transpilation") due to 4 previous errors; 1 warning emitted
[INFO] [stderr] warning: build failed, waiting for other jobs to finish...
[INFO] [stdout] warning: unused variable: `body`
[INFO] [stdout]  --> src/transpile_item/body.rs:9:19
[INFO] [stdout]   |
[INFO] [stdout] 9 | fn transpile_body(body: Body) -> String {
[INFO] [stdout]   |                   ^^^^ help: if this is intentional, prefix it with an underscore: `_body`
[INFO] [stdout]   |
[INFO] [stdout]   = note: `#[warn(unused_variables)]` on by default
[INFO] [stdout] 
[INFO] [stdout] 
[INFO] [stdout] warning: 1 warning emitted
[INFO] [stdout] 
[INFO] [stdout] 
[INFO] running `Command { std: "docker" "inspect" "edd64b358b1395950b192a226aeebdbae803beebaa41594672732ab6e4da1d68", kill_on_drop: false }`
[INFO] running `Command { std: "docker" "rm" "-f" "edd64b358b1395950b192a226aeebdbae803beebaa41594672732ab6e4da1d68", kill_on_drop: false }`
[INFO] [stdout] edd64b358b1395950b192a226aeebdbae803beebaa41594672732ab6e4da1d68
[INFO] testing galvan-transpiler-0.0.0-dev02 against beta-2023-12-22 for beta-1.76-1
[INFO] extracting crate galvan-transpiler 0.0.0-dev02 into /workspace/builds/worker-0-tc2/source
[INFO] validating manifest of crates.io crate galvan-transpiler 0.0.0-dev02 on toolchain beta-2023-12-22
[INFO] running `Command { std: CARGO_HOME="/workspace/cargo-home" RUSTUP_HOME="/workspace/rustup-home" "/workspace/cargo-home/bin/cargo" "+beta-2023-12-22" "metadata" "--manifest-path" "Cargo.toml" "--no-deps", kill_on_drop: false }`
[INFO] started tweaking crates.io crate galvan-transpiler 0.0.0-dev02
[INFO] finished tweaking crates.io crate galvan-transpiler 0.0.0-dev02
[INFO] tweaked toml for crates.io crate galvan-transpiler 0.0.0-dev02 written to /workspace/builds/worker-0-tc2/source/Cargo.toml
[INFO] crate crates.io crate galvan-transpiler 0.0.0-dev02 already has a lockfile, it will not be regenerated
[INFO] running `Command { std: CARGO_HOME="/workspace/cargo-home" RUSTUP_HOME="/workspace/rustup-home" "/workspace/cargo-home/bin/cargo" "+beta-2023-12-22" "fetch" "--manifest-path" "Cargo.toml", kill_on_drop: false }`
[INFO] running `Command { std: "docker" "create" "-v" "/var/lib/crater-agent-workspace/builds/worker-0-tc2/target:/opt/rustwide/target:rw,Z" "-v" "/var/lib/crater-agent-workspace/builds/worker-0-tc2/source:/opt/rustwide/workdir:ro,Z" "-v" "/var/lib/crater-agent-workspace/cargo-home:/opt/rustwide/cargo-home:ro,Z" "-v" "/var/lib/crater-agent-workspace/rustup-home:/opt/rustwide/rustup-home:ro,Z" "-e" "SOURCE_DIR=/opt/rustwide/workdir" "-e" "CARGO_TARGET_DIR=/opt/rustwide/target" "-e" "CARGO_HOME=/opt/rustwide/cargo-home" "-e" "RUSTUP_HOME=/opt/rustwide/rustup-home" "-w" "/opt/rustwide/workdir" "-m" "1610612736" "--user" "0:0" "--network" "none" "ghcr.io/rust-lang/crates-build-env/linux@sha256:2788e3201cd34a07e3172128adcd8b3090168a8e3bcc40d7c032b9dda1df7d1c" "/opt/rustwide/cargo-home/bin/cargo" "+beta-2023-12-22" "metadata" "--no-deps" "--format-version=1", kill_on_drop: false }`
[INFO] [stdout] 3b84d304c9b914a66c56149f19990fa83d3c8107ed0763da2b31792b97bd12a1
[INFO] running `Command { std: "docker" "start" "-a" "3b84d304c9b914a66c56149f19990fa83d3c8107ed0763da2b31792b97bd12a1", kill_on_drop: false }`
[INFO] running `Command { std: "docker" "inspect" "3b84d304c9b914a66c56149f19990fa83d3c8107ed0763da2b31792b97bd12a1", kill_on_drop: false }`
[INFO] running `Command { std: "docker" "rm" "-f" "3b84d304c9b914a66c56149f19990fa83d3c8107ed0763da2b31792b97bd12a1", kill_on_drop: false }`
[INFO] [stdout] 3b84d304c9b914a66c56149f19990fa83d3c8107ed0763da2b31792b97bd12a1
[INFO] running `Command { std: "docker" "create" "-v" "/var/lib/crater-agent-workspace/builds/worker-0-tc2/target:/opt/rustwide/target:rw,Z" "-v" "/var/lib/crater-agent-workspace/builds/worker-0-tc2/source:/opt/rustwide/workdir:ro,Z" "-v" "/var/lib/crater-agent-workspace/cargo-home:/opt/rustwide/cargo-home:ro,Z" "-v" "/var/lib/crater-agent-workspace/rustup-home:/opt/rustwide/rustup-home:ro,Z" "-e" "SOURCE_DIR=/opt/rustwide/workdir" "-e" "CARGO_TARGET_DIR=/opt/rustwide/target" "-e" "CARGO_INCREMENTAL=0" "-e" "RUST_BACKTRACE=full" "-e" "RUSTFLAGS=--cap-lints=warn" "-e" "RUSTDOCFLAGS=--cap-lints=warn" "-e" "CARGO_HOME=/opt/rustwide/cargo-home" "-e" "RUSTUP_HOME=/opt/rustwide/rustup-home" "-w" "/opt/rustwide/workdir" "-m" "1610612736" "--user" "0:0" "--network" "none" "ghcr.io/rust-lang/crates-build-env/linux@sha256:2788e3201cd34a07e3172128adcd8b3090168a8e3bcc40d7c032b9dda1df7d1c" "/opt/rustwide/cargo-home/bin/cargo" "+beta-2023-12-22" "build" "--frozen" "--message-format=json", kill_on_drop: false }`
[INFO] [stdout] 775c49116a5274299670cf58ca27ea6b795afadf441cc8c79ee1de893e4ce701
[INFO] running `Command { std: "docker" "start" "-a" "775c49116a5274299670cf58ca27ea6b795afadf441cc8c79ee1de893e4ce701", kill_on_drop: false }`
[INFO] [stderr]    Compiling proc-macro2 v1.0.66
[INFO] [stderr]    Compiling unicode-ident v1.0.11
[INFO] [stderr]    Compiling thiserror v1.0.50
[INFO] [stderr]    Compiling memchr v2.6.4
[INFO] [stderr]    Compiling ucd-trie v0.1.6
[INFO] [stderr]    Compiling once_cell v1.18.0
[INFO] [stderr]    Compiling syn v1.0.109
[INFO] [stderr]    Compiling either v1.9.0
[INFO] [stderr]    Compiling convert_case v0.4.0
[INFO] [stderr]    Compiling void v1.0.2
[INFO] [stderr]    Compiling itertools v0.10.5
[INFO] [stderr]    Compiling aho-corasick v1.1.2
[INFO] [stderr]    Compiling quote v1.0.33
[INFO] [stderr]    Compiling syn v2.0.31
[INFO] [stderr]    Compiling regex-automata v0.4.3
[INFO] [stderr]    Compiling derive_more v0.99.17
[INFO] [stderr]    Compiling thiserror-impl v1.0.50
[INFO] [stderr]    Compiling pest-ast v0.3.4
[INFO] [stderr]    Compiling regex v1.10.2
[INFO] [stderr]    Compiling pest v2.7.5
[INFO] [stderr]    Compiling galvan-files v0.0.0-dev02
[INFO] [stderr]    Compiling pest_meta v2.7.5
[INFO] [stderr]    Compiling from-pest v0.3.2
[INFO] [stderr]    Compiling pest_generator v2.7.5
[INFO] [stderr]    Compiling pest_derive v2.7.5
[INFO] [stderr]    Compiling galvan-pest v0.0.0-dev02
[INFO] [stderr]    Compiling galvan-ast v0.0.0-dev02
[INFO] [stderr]    Compiling galvan-transpiler v0.0.0-dev02 (/opt/rustwide/workdir)
[INFO] [stdout] warning: unused variable: `body`
[INFO] [stdout]  --> src/transpile_item/body.rs:9:19
[INFO] [stdout]   |
[INFO] [stdout] 9 | fn transpile_body(body: Body) -> String {
[INFO] [stdout]   |                   ^^^^ help: if this is intentional, prefix it with an underscore: `_body`
[INFO] [stdout]   |
[INFO] [stdout]   = note: `#[warn(unused_variables)]` on by default
[INFO] [stdout] 
[INFO] [stdout] 
[INFO] [stdout] warning: 1 warning emitted
[INFO] [stdout] 
[INFO] [stdout] 
[INFO] [stderr]     Finished dev [unoptimized + debuginfo] target(s) in 6.61s
[INFO] running `Command { std: "docker" "inspect" "775c49116a5274299670cf58ca27ea6b795afadf441cc8c79ee1de893e4ce701", kill_on_drop: false }`
[INFO] running `Command { std: "docker" "rm" "-f" "775c49116a5274299670cf58ca27ea6b795afadf441cc8c79ee1de893e4ce701", kill_on_drop: false }`
[INFO] [stdout] 775c49116a5274299670cf58ca27ea6b795afadf441cc8c79ee1de893e4ce701
[INFO] running `Command { std: "docker" "create" "-v" "/var/lib/crater-agent-workspace/builds/worker-0-tc2/target:/opt/rustwide/target:rw,Z" "-v" "/var/lib/crater-agent-workspace/builds/worker-0-tc2/source:/opt/rustwide/workdir:ro,Z" "-v" "/var/lib/crater-agent-workspace/cargo-home:/opt/rustwide/cargo-home:ro,Z" "-v" "/var/lib/crater-agent-workspace/rustup-home:/opt/rustwide/rustup-home:ro,Z" "-e" "SOURCE_DIR=/opt/rustwide/workdir" "-e" "CARGO_TARGET_DIR=/opt/rustwide/target" "-e" "CARGO_INCREMENTAL=0" "-e" "RUST_BACKTRACE=full" "-e" "RUSTFLAGS=--cap-lints=warn" "-e" "RUSTDOCFLAGS=--cap-lints=warn" "-e" "CARGO_HOME=/opt/rustwide/cargo-home" "-e" "RUSTUP_HOME=/opt/rustwide/rustup-home" "-w" "/opt/rustwide/workdir" "-m" "1610612736" "--user" "0:0" "--network" "none" "ghcr.io/rust-lang/crates-build-env/linux@sha256:2788e3201cd34a07e3172128adcd8b3090168a8e3bcc40d7c032b9dda1df7d1c" "/opt/rustwide/cargo-home/bin/cargo" "+beta-2023-12-22" "test" "--frozen" "--no-run" "--message-format=json", kill_on_drop: false }`
[INFO] [stdout] ed66d526280924d3315f27d5ef2ec7ea0fdc23969b951a52f87341962f94d2e4
[INFO] running `Command { std: "docker" "start" "-a" "ed66d526280924d3315f27d5ef2ec7ea0fdc23969b951a52f87341962f94d2e4", kill_on_drop: false }`
[INFO] [stderr]    Compiling syn v2.0.31
[INFO] [stderr]    Compiling thiserror-impl v1.0.50
[INFO] [stderr]    Compiling pest-ast v0.3.4
[INFO] [stderr]    Compiling galvan-test-macro v0.0.0-dev02
[INFO] [stderr]    Compiling thiserror v1.0.50
[INFO] [stderr]    Compiling pest v2.7.5
[INFO] [stderr]    Compiling galvan-files v0.0.0-dev02
[INFO] [stderr]    Compiling pest_meta v2.7.5
[INFO] [stderr]    Compiling from-pest v0.3.2
[INFO] [stderr]    Compiling pest_generator v2.7.5
[INFO] [stderr]    Compiling pest_derive v2.7.5
[INFO] [stderr]    Compiling galvan-pest v0.0.0-dev02
[INFO] [stderr]    Compiling galvan-ast v0.0.0-dev02
[INFO] [stderr]    Compiling galvan-transpiler v0.0.0-dev02 (/opt/rustwide/workdir)
[INFO] [stdout] warning: unused variable: `body`
[INFO] [stdout]  --> src/transpile_item/body.rs:9:19
[INFO] [stdout]   |
[INFO] [stdout] 9 | fn transpile_body(body: Body) -> String {
[INFO] [stdout]   |                   ^^^^ help: if this is intentional, prefix it with an underscore: `_body`
[INFO] [stdout]   |
[INFO] [stdout]   = note: `#[warn(unused_variables)]` on by default
[INFO] [stdout] 
[INFO] [stdout] 
[INFO] [stdout] warning: 1 warning emitted
[INFO] [stdout] 
[INFO] [stdout] 
[INFO] [stdout] error: proc macro panicked
[INFO] [stdout]   --> tests/test_transpilation.rs:31:1
[INFO] [stdout]    |
[INFO] [stdout] 31 | / generate_code_tests!(test_transpilation, TRANSPILE, trim_all {
[INFO] [stdout] 32 | |     let source = Source::from_string(code);
[INFO] [stdout] 33 | |     transpile_source(source).unwrap()
[INFO] [stdout] 34 | | });
[INFO] [stdout]    | |__^
[INFO] [stdout]    |
[INFO] [stdout]    = help: message: called `Result::unwrap()` on an `Err` value: Os { code: 2, kind: NotFound, message: "No such file or directory" }
[INFO] [stdout] 
[INFO] [stdout] 
[INFO] [stdout] error[E0603]: enum `Source` is private
[INFO] [stdout]   --> tests/test_transpilation.rs:27:17
[INFO] [stdout]    |
[INFO] [stdout] 27 | use galvan_ast::Source;
[INFO] [stdout]    |                 ^^^^^^ private enum
[INFO] [stdout]    |
[INFO] [stdout] note: the enum `Source` is defined here
[INFO] [stdout]   --> /opt/rustwide/cargo-home/registry/src/index.crates.io-6f17d22bba15001f/galvan-ast-0.0.0-dev02/src/lib.rs:9:5
[INFO] [stdout]    |
[INFO] [stdout] 9  | use galvan_files::Source;
[INFO] [stdout]    |     ^^^^^^^^^^^^^^^^^^^^
[INFO] [stdout] help: import `Source` directly
[INFO] [stdout]    |
[INFO] [stdout] 27 | use galvan_files::source::Source;
[INFO] [stdout]    |     ~~~~~~~~~~~~~~~~~~~~~~~~~~~~
[INFO] [stdout] 
[INFO] [stdout] 
[INFO] [stdout] error[E0603]: function `transpile_source` is private
[INFO] [stdout]   --> tests/test_transpilation.rs:28:24
[INFO] [stdout]    |
[INFO] [stdout] 28 | use galvan_transpiler::transpile_source;
[INFO] [stdout]    |                        ^^^^^^^^^^^^^^^^ private function
[INFO] [stdout]    |
[INFO] [stdout] note: the function `transpile_source` is defined here
[INFO] [stdout]   --> /opt/rustwide/workdir/src/lib.rs:19:1
[INFO] [stdout]    |
[INFO] [stdout] 19 | fn transpile_source(source: Source) -> Result<String, TranspileError> {
[INFO] [stdout]    | ^^^^^^^^^^^^^^^^^^^^^^^^^^^^^^^^^^^^^^^^^^^^^^^^^^^^^^^^^^^^^^^^^^^^^
[INFO] [stdout] 
[INFO] [stdout] 
[INFO] [stdout] warning: unused import: `test_utils::*`
[INFO] [stdout]   --> tests/test_transpilation.rs:29:5
[INFO] [stdout]    |
[INFO] [stdout] 29 | use test_utils::*;
[INFO] [stdout]    |     ^^^^^^^^^^^^^
[INFO] [stdout]    |
[INFO] [stdout]    = note: `#[warn(unused_imports)]` on by default
[INFO] [stdout] 
[INFO] [stdout] 
[INFO] [stdout] error: aborting due to 3 previous errors; 1 warning emitted
[INFO] [stdout] 
[INFO] [stdout] 
[INFO] [stdout] For more information about this error, try `rustc --explain E0603`.
[INFO] [stdout] 
[INFO] [stdout] warning: unused variable: `body`
[INFO] [stdout]  --> src/transpile_item/body.rs:9:19
[INFO] [stdout]   |
[INFO] [stdout] 9 | fn transpile_body(body: Body) -> String {
[INFO] [stdout]   |                   ^^^^ help: if this is intentional, prefix it with an underscore: `_body`
[INFO] [stdout]   |
[INFO] [stdout]   = note: `#[warn(unused_variables)]` on by default
[INFO] [stdout] 
[INFO] [stdout] 
[INFO] [stderr] error: could not compile `galvan-transpiler` (test "test_transpilation") due to 4 previous errors; 1 warning emitted
[INFO] [stderr] warning: build failed, waiting for other jobs to finish...
[INFO] [stdout] warning: 1 warning emitted
[INFO] [stdout] 
[INFO] [stdout] 
[INFO] running `Command { std: "docker" "inspect" "ed66d526280924d3315f27d5ef2ec7ea0fdc23969b951a52f87341962f94d2e4", kill_on_drop: false }`
[INFO] running `Command { std: "docker" "rm" "-f" "ed66d526280924d3315f27d5ef2ec7ea0fdc23969b951a52f87341962f94d2e4", kill_on_drop: false }`
[INFO] [stdout] ed66d526280924d3315f27d5ef2ec7ea0fdc23969b951a52f87341962f94d2e4
