[INFO] fetching crate fvm_ipld_blockstore 0.2.0...
[INFO] testing fvm_ipld_blockstore-0.2.0 against 1.75.0 for beta-1.76-1
[INFO] extracting crate fvm_ipld_blockstore 0.2.0 into /workspace/builds/worker-1-tc1/source
[INFO] validating manifest of crates.io crate fvm_ipld_blockstore 0.2.0 on toolchain 1.75.0
[INFO] running `Command { std: CARGO_HOME="/workspace/cargo-home" RUSTUP_HOME="/workspace/rustup-home" "/workspace/cargo-home/bin/cargo" "+1.75.0" "metadata" "--manifest-path" "Cargo.toml" "--no-deps", kill_on_drop: false }`
[INFO] started tweaking crates.io crate fvm_ipld_blockstore 0.2.0
[INFO] finished tweaking crates.io crate fvm_ipld_blockstore 0.2.0
[INFO] tweaked toml for crates.io crate fvm_ipld_blockstore 0.2.0 written to /workspace/builds/worker-1-tc1/source/Cargo.toml
[INFO] running `Command { std: CARGO_HOME="/workspace/cargo-home" RUSTUP_HOME="/workspace/rustup-home" "/workspace/cargo-home/bin/cargo" "+1.75.0" "generate-lockfile" "--manifest-path" "Cargo.toml", kill_on_drop: false }`
[INFO] [stderr]     Updating crates.io index
[INFO] running `Command { std: CARGO_HOME="/workspace/cargo-home" RUSTUP_HOME="/workspace/rustup-home" "/workspace/cargo-home/bin/cargo" "+1.75.0" "fetch" "--manifest-path" "Cargo.toml", kill_on_drop: false }`
[INFO] running `Command { std: "docker" "create" "-v" "/var/lib/crater-agent-workspace/builds/worker-1-tc1/target:/opt/rustwide/target:rw,Z" "-v" "/var/lib/crater-agent-workspace/builds/worker-1-tc1/source:/opt/rustwide/workdir:ro,Z" "-v" "/var/lib/crater-agent-workspace/cargo-home:/opt/rustwide/cargo-home:ro,Z" "-v" "/var/lib/crater-agent-workspace/rustup-home:/opt/rustwide/rustup-home:ro,Z" "-e" "SOURCE_DIR=/opt/rustwide/workdir" "-e" "CARGO_TARGET_DIR=/opt/rustwide/target" "-e" "CARGO_HOME=/opt/rustwide/cargo-home" "-e" "RUSTUP_HOME=/opt/rustwide/rustup-home" "-w" "/opt/rustwide/workdir" "-m" "1610612736" "--user" "0:0" "--network" "none" "ghcr.io/rust-lang/crates-build-env/linux@sha256:2788e3201cd34a07e3172128adcd8b3090168a8e3bcc40d7c032b9dda1df7d1c" "/opt/rustwide/cargo-home/bin/cargo" "+1.75.0" "metadata" "--no-deps" "--format-version=1", kill_on_drop: false }`
[INFO] [stdout] ed00ebff9ed1baa6c01de31809f3ef84ea2c41061f84239f5039ed8d83d34f8b
[INFO] running `Command { std: "docker" "start" "-a" "ed00ebff9ed1baa6c01de31809f3ef84ea2c41061f84239f5039ed8d83d34f8b", kill_on_drop: false }`
[INFO] running `Command { std: "docker" "inspect" "ed00ebff9ed1baa6c01de31809f3ef84ea2c41061f84239f5039ed8d83d34f8b", kill_on_drop: false }`
[INFO] running `Command { std: "docker" "rm" "-f" "ed00ebff9ed1baa6c01de31809f3ef84ea2c41061f84239f5039ed8d83d34f8b", kill_on_drop: false }`
[INFO] [stdout] ed00ebff9ed1baa6c01de31809f3ef84ea2c41061f84239f5039ed8d83d34f8b
[INFO] running `Command { std: "docker" "create" "-v" "/var/lib/crater-agent-workspace/builds/worker-1-tc1/target:/opt/rustwide/target:rw,Z" "-v" "/var/lib/crater-agent-workspace/builds/worker-1-tc1/source:/opt/rustwide/workdir:ro,Z" "-v" "/var/lib/crater-agent-workspace/cargo-home:/opt/rustwide/cargo-home:ro,Z" "-v" "/var/lib/crater-agent-workspace/rustup-home:/opt/rustwide/rustup-home:ro,Z" "-e" "SOURCE_DIR=/opt/rustwide/workdir" "-e" "CARGO_TARGET_DIR=/opt/rustwide/target" "-e" "CARGO_INCREMENTAL=0" "-e" "RUST_BACKTRACE=full" "-e" "RUSTFLAGS=--cap-lints=warn" "-e" "RUSTDOCFLAGS=--cap-lints=warn" "-e" "CARGO_HOME=/opt/rustwide/cargo-home" "-e" "RUSTUP_HOME=/opt/rustwide/rustup-home" "-w" "/opt/rustwide/workdir" "-m" "1610612736" "--user" "0:0" "--network" "none" "ghcr.io/rust-lang/crates-build-env/linux@sha256:2788e3201cd34a07e3172128adcd8b3090168a8e3bcc40d7c032b9dda1df7d1c" "/opt/rustwide/cargo-home/bin/cargo" "+1.75.0" "build" "--frozen" "--message-format=json", kill_on_drop: false }`
[INFO] [stdout] bdad13ca0b3c47f8770bdc443cc77c0b07a057523f85a33d1e7eb4dd5033247f
[INFO] running `Command { std: "docker" "start" "-a" "bdad13ca0b3c47f8770bdc443cc77c0b07a057523f85a33d1e7eb4dd5033247f", kill_on_drop: false }`
[INFO] [stderr]    Compiling proc-macro2 v1.0.75
[INFO] [stderr]    Compiling syn v1.0.109
[INFO] [stderr]    Compiling version_check v0.9.4
[INFO] [stderr]    Compiling serde v1.0.194
[INFO] [stderr]    Compiling thiserror v1.0.56
[INFO] [stderr]    Compiling data-encoding v2.5.0
[INFO] [stderr]    Compiling unicode-xid v0.2.4
[INFO] [stderr]    Compiling memchr v2.7.1
[INFO] [stderr]    Compiling anyhow v1.0.79
[INFO] [stderr]    Compiling proc-macro-error-attr v1.0.4
[INFO] [stderr]    Compiling proc-macro-error v1.0.4
[INFO] [stderr]    Compiling core2 v0.4.0
[INFO] [stderr]    Compiling base-x v0.2.11
[INFO] [stderr]    Compiling unsigned-varint v0.7.2
[INFO] [stderr]    Compiling quote v1.0.35
[INFO] [stderr]    Compiling syn v2.0.48
[INFO] [stderr]    Compiling thiserror-impl v1.0.56
[INFO] [stderr]    Compiling serde_derive v1.0.194
[INFO] [stderr]    Compiling toml v0.5.11
[INFO] [stderr]    Compiling synstructure v0.12.6
[INFO] [stderr]    Compiling data-encoding-macro-internal v0.1.12
[INFO] [stderr]    Compiling data-encoding-macro v0.1.14
[INFO] [stderr]    Compiling multibase v0.9.1
[INFO] [stderr]    Compiling proc-macro-crate v1.1.3
[INFO] [stderr]    Compiling multihash-derive v0.8.1
[INFO] [stderr]    Compiling serde-big-array v0.3.3
[INFO] [stderr]    Compiling serde_bytes v0.11.14
[INFO] [stderr]    Compiling multihash v0.18.1
[INFO] [stderr]    Compiling cid v0.10.1
[INFO] [stderr]    Compiling fvm_ipld_blockstore v0.2.0 (/opt/rustwide/workdir)
[INFO] [stderr]     Finished dev [unoptimized + debuginfo] target(s) in 10.84s
[INFO] running `Command { std: "docker" "inspect" "bdad13ca0b3c47f8770bdc443cc77c0b07a057523f85a33d1e7eb4dd5033247f", kill_on_drop: false }`
[INFO] running `Command { std: "docker" "rm" "-f" "bdad13ca0b3c47f8770bdc443cc77c0b07a057523f85a33d1e7eb4dd5033247f", kill_on_drop: false }`
[INFO] [stdout] bdad13ca0b3c47f8770bdc443cc77c0b07a057523f85a33d1e7eb4dd5033247f
[INFO] running `Command { std: "docker" "create" "-v" "/var/lib/crater-agent-workspace/builds/worker-1-tc1/target:/opt/rustwide/target:rw,Z" "-v" "/var/lib/crater-agent-workspace/builds/worker-1-tc1/source:/opt/rustwide/workdir:ro,Z" "-v" "/var/lib/crater-agent-workspace/cargo-home:/opt/rustwide/cargo-home:ro,Z" "-v" "/var/lib/crater-agent-workspace/rustup-home:/opt/rustwide/rustup-home:ro,Z" "-e" "SOURCE_DIR=/opt/rustwide/workdir" "-e" "CARGO_TARGET_DIR=/opt/rustwide/target" "-e" "CARGO_INCREMENTAL=0" "-e" "RUST_BACKTRACE=full" "-e" "RUSTFLAGS=--cap-lints=warn" "-e" "RUSTDOCFLAGS=--cap-lints=warn" "-e" "CARGO_HOME=/opt/rustwide/cargo-home" "-e" "RUSTUP_HOME=/opt/rustwide/rustup-home" "-w" "/opt/rustwide/workdir" "-m" "1610612736" "--user" "0:0" "--network" "none" "ghcr.io/rust-lang/crates-build-env/linux@sha256:2788e3201cd34a07e3172128adcd8b3090168a8e3bcc40d7c032b9dda1df7d1c" "/opt/rustwide/cargo-home/bin/cargo" "+1.75.0" "test" "--frozen" "--no-run" "--message-format=json", kill_on_drop: false }`
[INFO] [stdout] 1fcd52b0cb779866608ddeb136df2d9a5a296ecf1fa7aee19612ee51be504f50
[INFO] running `Command { std: "docker" "start" "-a" "1fcd52b0cb779866608ddeb136df2d9a5a296ecf1fa7aee19612ee51be504f50", kill_on_drop: false }`
[INFO] [stderr]    Compiling fvm_ipld_blockstore v0.2.0 (/opt/rustwide/workdir)
[INFO] [stdout] error[E0599]: no variant or associated item named `Blake2b256` found for enum `cid::multihash::Code` in the current scope
[INFO] [stdout]    --> src/tracking.rs:124:39
[INFO] [stdout]     |
[INFO] [stdout] 124 |         tr_store.get(&block.cid(Code::Blake2b256)).unwrap();
[INFO] [stdout]     |                                       ^^^^^^^^^^ variant or associated item not found in `Code`
[INFO] [stdout] 
[INFO] [stdout] 
[INFO] [stdout] error[E0599]: no variant or associated item named `Blake2b256` found for enum `cid::multihash::Code` in the current scope
[INFO] [stdout]    --> src/tracking.rs:133:42
[INFO] [stdout]     |
[INFO] [stdout] 133 |         let put_cid = tr_store.put(Code::Blake2b256, &block).unwrap();
[INFO] [stdout]     |                                          ^^^^^^^^^^ variant or associated item not found in `Code`
[INFO] [stdout] 
[INFO] [stdout] 
[INFO] [stdout] error: aborting due to 2 previous errors
[INFO] [stdout] 
[INFO] [stdout] 
[INFO] [stdout] For more information about this error, try `rustc --explain E0599`.
[INFO] [stdout] 
[INFO] [stderr] error: could not compile `fvm_ipld_blockstore` (lib test) due to 3 previous errors
[INFO] running `Command { std: "docker" "inspect" "1fcd52b0cb779866608ddeb136df2d9a5a296ecf1fa7aee19612ee51be504f50", kill_on_drop: false }`
[INFO] running `Command { std: "docker" "rm" "-f" "1fcd52b0cb779866608ddeb136df2d9a5a296ecf1fa7aee19612ee51be504f50", kill_on_drop: false }`
[INFO] [stdout] 1fcd52b0cb779866608ddeb136df2d9a5a296ecf1fa7aee19612ee51be504f50
[INFO] testing fvm_ipld_blockstore-0.2.0 against beta-2023-12-22 for beta-1.76-1
[INFO] extracting crate fvm_ipld_blockstore 0.2.0 into /workspace/builds/worker-1-tc2/source
[INFO] validating manifest of crates.io crate fvm_ipld_blockstore 0.2.0 on toolchain beta-2023-12-22
[INFO] running `Command { std: CARGO_HOME="/workspace/cargo-home" RUSTUP_HOME="/workspace/rustup-home" "/workspace/cargo-home/bin/cargo" "+beta-2023-12-22" "metadata" "--manifest-path" "Cargo.toml" "--no-deps", kill_on_drop: false }`
[INFO] started tweaking crates.io crate fvm_ipld_blockstore 0.2.0
[INFO] finished tweaking crates.io crate fvm_ipld_blockstore 0.2.0
[INFO] tweaked toml for crates.io crate fvm_ipld_blockstore 0.2.0 written to /workspace/builds/worker-1-tc2/source/Cargo.toml
[INFO] running `Command { std: CARGO_HOME="/workspace/cargo-home" RUSTUP_HOME="/workspace/rustup-home" "/workspace/cargo-home/bin/cargo" "+beta-2023-12-22" "generate-lockfile" "--manifest-path" "Cargo.toml", kill_on_drop: false }`
[INFO] [stderr]     Updating crates.io index
[INFO] running `Command { std: CARGO_HOME="/workspace/cargo-home" RUSTUP_HOME="/workspace/rustup-home" "/workspace/cargo-home/bin/cargo" "+beta-2023-12-22" "fetch" "--manifest-path" "Cargo.toml", kill_on_drop: false }`
[INFO] running `Command { std: "docker" "create" "-v" "/var/lib/crater-agent-workspace/builds/worker-1-tc2/target:/opt/rustwide/target:rw,Z" "-v" "/var/lib/crater-agent-workspace/builds/worker-1-tc2/source:/opt/rustwide/workdir:ro,Z" "-v" "/var/lib/crater-agent-workspace/cargo-home:/opt/rustwide/cargo-home:ro,Z" "-v" "/var/lib/crater-agent-workspace/rustup-home:/opt/rustwide/rustup-home:ro,Z" "-e" "SOURCE_DIR=/opt/rustwide/workdir" "-e" "CARGO_TARGET_DIR=/opt/rustwide/target" "-e" "CARGO_HOME=/opt/rustwide/cargo-home" "-e" "RUSTUP_HOME=/opt/rustwide/rustup-home" "-w" "/opt/rustwide/workdir" "-m" "1610612736" "--user" "0:0" "--network" "none" "ghcr.io/rust-lang/crates-build-env/linux@sha256:2788e3201cd34a07e3172128adcd8b3090168a8e3bcc40d7c032b9dda1df7d1c" "/opt/rustwide/cargo-home/bin/cargo" "+beta-2023-12-22" "metadata" "--no-deps" "--format-version=1", kill_on_drop: false }`
[INFO] [stdout] 9b03803393ad9c821becdae7b01ffbbf3b6b84d5255213f35450509921352877
[INFO] running `Command { std: "docker" "start" "-a" "9b03803393ad9c821becdae7b01ffbbf3b6b84d5255213f35450509921352877", kill_on_drop: false }`
[INFO] running `Command { std: "docker" "inspect" "9b03803393ad9c821becdae7b01ffbbf3b6b84d5255213f35450509921352877", kill_on_drop: false }`
[INFO] running `Command { std: "docker" "rm" "-f" "9b03803393ad9c821becdae7b01ffbbf3b6b84d5255213f35450509921352877", kill_on_drop: false }`
[INFO] [stdout] 9b03803393ad9c821becdae7b01ffbbf3b6b84d5255213f35450509921352877
[INFO] running `Command { std: "docker" "create" "-v" "/var/lib/crater-agent-workspace/builds/worker-1-tc2/target:/opt/rustwide/target:rw,Z" "-v" "/var/lib/crater-agent-workspace/builds/worker-1-tc2/source:/opt/rustwide/workdir:ro,Z" "-v" "/var/lib/crater-agent-workspace/cargo-home:/opt/rustwide/cargo-home:ro,Z" "-v" "/var/lib/crater-agent-workspace/rustup-home:/opt/rustwide/rustup-home:ro,Z" "-e" "SOURCE_DIR=/opt/rustwide/workdir" "-e" "CARGO_TARGET_DIR=/opt/rustwide/target" "-e" "CARGO_INCREMENTAL=0" "-e" "RUST_BACKTRACE=full" "-e" "RUSTFLAGS=--cap-lints=warn" "-e" "RUSTDOCFLAGS=--cap-lints=warn" "-e" "CARGO_HOME=/opt/rustwide/cargo-home" "-e" "RUSTUP_HOME=/opt/rustwide/rustup-home" "-w" "/opt/rustwide/workdir" "-m" "1610612736" "--user" "0:0" "--network" "none" "ghcr.io/rust-lang/crates-build-env/linux@sha256:2788e3201cd34a07e3172128adcd8b3090168a8e3bcc40d7c032b9dda1df7d1c" "/opt/rustwide/cargo-home/bin/cargo" "+beta-2023-12-22" "build" "--frozen" "--message-format=json", kill_on_drop: false }`
[INFO] [stdout] cdf00ec267ed2e43c260fbb6131fa7e28841c3daa18a6bb5ed5de2c92191f9c6
[INFO] running `Command { std: "docker" "start" "-a" "cdf00ec267ed2e43c260fbb6131fa7e28841c3daa18a6bb5ed5de2c92191f9c6", kill_on_drop: false }`
[INFO] [stderr]    Compiling proc-macro2 v1.0.75
[INFO] [stderr]    Compiling syn v1.0.109
[INFO] [stderr]    Compiling version_check v0.9.4
[INFO] [stderr]    Compiling serde v1.0.194
[INFO] [stderr]    Compiling thiserror v1.0.56
[INFO] [stderr]    Compiling data-encoding v2.5.0
[INFO] [stderr]    Compiling unicode-xid v0.2.4
[INFO] [stderr]    Compiling memchr v2.7.1
[INFO] [stderr]    Compiling proc-macro-error-attr v1.0.4
[INFO] [stderr]    Compiling proc-macro-error v1.0.4
[INFO] [stderr]    Compiling anyhow v1.0.79
[INFO] [stderr]    Compiling base-x v0.2.11
[INFO] [stderr]    Compiling unsigned-varint v0.7.2
[INFO] [stderr]    Compiling core2 v0.4.0
[INFO] [stderr]    Compiling quote v1.0.35
[INFO] [stderr]    Compiling syn v2.0.48
[INFO] [stderr]    Compiling thiserror-impl v1.0.56
[INFO] [stderr]    Compiling serde_derive v1.0.194
[INFO] [stderr]    Compiling synstructure v0.12.6
[INFO] [stderr]    Compiling toml v0.5.11
[INFO] [stderr]    Compiling data-encoding-macro-internal v0.1.12
[INFO] [stderr]    Compiling proc-macro-crate v1.1.3
[INFO] [stderr]    Compiling data-encoding-macro v0.1.14
[INFO] [stderr]    Compiling multibase v0.9.1
[INFO] [stderr]    Compiling multihash-derive v0.8.1
[INFO] [stderr]    Compiling serde-big-array v0.3.3
[INFO] [stderr]    Compiling serde_bytes v0.11.14
[INFO] [stderr]    Compiling multihash v0.18.1
[INFO] [stderr]    Compiling cid v0.10.1
[INFO] [stderr]    Compiling fvm_ipld_blockstore v0.2.0 (/opt/rustwide/workdir)
[INFO] [stderr]     Finished dev [unoptimized + debuginfo] target(s) in 12.64s
[INFO] running `Command { std: "docker" "inspect" "cdf00ec267ed2e43c260fbb6131fa7e28841c3daa18a6bb5ed5de2c92191f9c6", kill_on_drop: false }`
[INFO] running `Command { std: "docker" "rm" "-f" "cdf00ec267ed2e43c260fbb6131fa7e28841c3daa18a6bb5ed5de2c92191f9c6", kill_on_drop: false }`
[INFO] [stdout] cdf00ec267ed2e43c260fbb6131fa7e28841c3daa18a6bb5ed5de2c92191f9c6
[INFO] running `Command { std: "docker" "create" "-v" "/var/lib/crater-agent-workspace/builds/worker-1-tc2/target:/opt/rustwide/target:rw,Z" "-v" "/var/lib/crater-agent-workspace/builds/worker-1-tc2/source:/opt/rustwide/workdir:ro,Z" "-v" "/var/lib/crater-agent-workspace/cargo-home:/opt/rustwide/cargo-home:ro,Z" "-v" "/var/lib/crater-agent-workspace/rustup-home:/opt/rustwide/rustup-home:ro,Z" "-e" "SOURCE_DIR=/opt/rustwide/workdir" "-e" "CARGO_TARGET_DIR=/opt/rustwide/target" "-e" "CARGO_INCREMENTAL=0" "-e" "RUST_BACKTRACE=full" "-e" "RUSTFLAGS=--cap-lints=warn" "-e" "RUSTDOCFLAGS=--cap-lints=warn" "-e" "CARGO_HOME=/opt/rustwide/cargo-home" "-e" "RUSTUP_HOME=/opt/rustwide/rustup-home" "-w" "/opt/rustwide/workdir" "-m" "1610612736" "--user" "0:0" "--network" "none" "ghcr.io/rust-lang/crates-build-env/linux@sha256:2788e3201cd34a07e3172128adcd8b3090168a8e3bcc40d7c032b9dda1df7d1c" "/opt/rustwide/cargo-home/bin/cargo" "+beta-2023-12-22" "test" "--frozen" "--no-run" "--message-format=json", kill_on_drop: false }`
[INFO] [stdout] ca14164eebd4307a275fa2157b88441abb99519b5dfc1ee357694cc0161bcc4f
[INFO] running `Command { std: "docker" "start" "-a" "ca14164eebd4307a275fa2157b88441abb99519b5dfc1ee357694cc0161bcc4f", kill_on_drop: false }`
[INFO] [stderr]    Compiling fvm_ipld_blockstore v0.2.0 (/opt/rustwide/workdir)
[INFO] [stdout] error[E0599]: no variant or associated item named `Blake2b256` found for enum `cid::multihash::Code` in the current scope
[INFO] [stdout]    --> src/tracking.rs:124:39
[INFO] [stdout]     |
[INFO] [stdout] 124 |         tr_store.get(&block.cid(Code::Blake2b256)).unwrap();
[INFO] [stdout]     |                                       ^^^^^^^^^^ variant or associated item not found in `Code`
[INFO] [stdout] 
[INFO] [stdout] 
[INFO] [stdout] error[E0599]: no variant or associated item named `Blake2b256` found for enum `cid::multihash::Code` in the current scope
[INFO] [stdout]    --> src/tracking.rs:133:42
[INFO] [stdout]     |
[INFO] [stdout] 133 |         let put_cid = tr_store.put(Code::Blake2b256, &block).unwrap();
[INFO] [stdout]     |                                          ^^^^^^^^^^ variant or associated item not found in `Code`
[INFO] [stdout] 
[INFO] [stdout] 
[INFO] [stdout] error: aborting due to 2 previous errors
[INFO] [stdout] 
[INFO] [stdout] 
[INFO] [stdout] For more information about this error, try `rustc --explain E0599`.
[INFO] [stdout] 
[INFO] [stderr] error: could not compile `fvm_ipld_blockstore` (lib test) due to 3 previous errors
[INFO] running `Command { std: "docker" "inspect" "ca14164eebd4307a275fa2157b88441abb99519b5dfc1ee357694cc0161bcc4f", kill_on_drop: false }`
[INFO] running `Command { std: "docker" "rm" "-f" "ca14164eebd4307a275fa2157b88441abb99519b5dfc1ee357694cc0161bcc4f", kill_on_drop: false }`
[INFO] [stdout] ca14164eebd4307a275fa2157b88441abb99519b5dfc1ee357694cc0161bcc4f
