[INFO] fetching crate futurify 0.3.0...
[INFO] testing futurify-0.3.0 against 1.75.0 for beta-1.76-1
[INFO] extracting crate futurify 0.3.0 into /workspace/builds/worker-3-tc1/source
[INFO] validating manifest of crates.io crate futurify 0.3.0 on toolchain 1.75.0
[INFO] running `Command { std: CARGO_HOME="/workspace/cargo-home" RUSTUP_HOME="/workspace/rustup-home" "/workspace/cargo-home/bin/cargo" "+1.75.0" "metadata" "--manifest-path" "Cargo.toml" "--no-deps", kill_on_drop: false }`
[INFO] started tweaking crates.io crate futurify 0.3.0
[INFO] finished tweaking crates.io crate futurify 0.3.0
[INFO] tweaked toml for crates.io crate futurify 0.3.0 written to /workspace/builds/worker-3-tc1/source/Cargo.toml
[INFO] running `Command { std: CARGO_HOME="/workspace/cargo-home" RUSTUP_HOME="/workspace/rustup-home" "/workspace/cargo-home/bin/cargo" "+1.75.0" "generate-lockfile" "--manifest-path" "Cargo.toml", kill_on_drop: false }`
[INFO] [stderr]     Updating crates.io index
[INFO] running `Command { std: CARGO_HOME="/workspace/cargo-home" RUSTUP_HOME="/workspace/rustup-home" "/workspace/cargo-home/bin/cargo" "+1.75.0" "fetch" "--manifest-path" "Cargo.toml", kill_on_drop: false }`
[INFO] [stderr]  Downloading crates ...
[INFO] [stderr]   Downloaded actix-server v1.0.4
[INFO] [stderr]   Downloaded actix-rt v1.1.1
[INFO] [stderr]   Downloaded actix-threadpool v0.3.3
[INFO] [stderr]   Downloaded derive_more v0.15.0
[INFO] [stderr]   Downloaded awc v0.2.8
[INFO] [stderr]   Downloaded actix-service v1.0.6
[INFO] [stderr]   Downloaded actix-codec v0.3.0
[INFO] [stderr]   Downloaded trust-dns-resolver v0.11.1
[INFO] [stderr]   Downloaded actix-macros v0.1.3
[INFO] [stderr]   Downloaded actix-router v0.1.5
[INFO] [stderr]   Downloaded actix-web-codegen v0.2.2
[INFO] [stderr]   Downloaded actix-testing v1.0.1
[INFO] [stderr]   Downloaded tokio-signal v0.2.9
[INFO] [stderr]   Downloaded actix-server v0.6.1
[INFO] [stderr]   Downloaded actix-web v1.0.9
[INFO] [stderr]   Downloaded actix-http v0.2.11
[INFO] [stderr]   Downloaded actix-utils v0.4.7
[INFO] [stderr]   Downloaded trust-dns-proto v0.7.4
[INFO] [stderr]   Downloaded actix-router v0.2.7
[INFO] [stderr]   Downloaded actix-service v0.4.2
[INFO] [stderr]   Downloaded resolv-conf v0.6.3
[INFO] [stderr]   Downloaded enum-as-inner v0.2.1
[INFO] [stderr]   Downloaded actix-web-codegen v0.1.3
[INFO] [stderr]   Downloaded actix-rt v0.2.6
[INFO] [stderr]   Downloaded actix-utils v2.0.0
[INFO] [stderr]   Downloaded actix-connect v1.0.2
[INFO] [stderr]   Downloaded actix-connect v0.2.5
[INFO] [stderr]   Downloaded actix-codec v0.1.2
[INFO] [stderr]   Downloaded actix-server-config v0.1.2
[INFO] [stderr]   Downloaded actix-testing v0.1.0
[INFO] [stderr]   Downloaded actix-threadpool v0.1.2
[INFO] running `Command { std: "docker" "create" "-v" "/var/lib/crater-agent-workspace/builds/worker-3-tc1/target:/opt/rustwide/target:rw,Z" "-v" "/var/lib/crater-agent-workspace/builds/worker-3-tc1/source:/opt/rustwide/workdir:ro,Z" "-v" "/var/lib/crater-agent-workspace/cargo-home:/opt/rustwide/cargo-home:ro,Z" "-v" "/var/lib/crater-agent-workspace/rustup-home:/opt/rustwide/rustup-home:ro,Z" "-e" "SOURCE_DIR=/opt/rustwide/workdir" "-e" "CARGO_TARGET_DIR=/opt/rustwide/target" "-e" "CARGO_HOME=/opt/rustwide/cargo-home" "-e" "RUSTUP_HOME=/opt/rustwide/rustup-home" "-w" "/opt/rustwide/workdir" "-m" "1610612736" "--user" "0:0" "--network" "none" "ghcr.io/rust-lang/crates-build-env/linux@sha256:2788e3201cd34a07e3172128adcd8b3090168a8e3bcc40d7c032b9dda1df7d1c" "/opt/rustwide/cargo-home/bin/cargo" "+1.75.0" "metadata" "--no-deps" "--format-version=1", kill_on_drop: false }`
[INFO] [stdout] e9d261e060fad33d7a90d9071661e620c1c657763aa153ce964af8c162b79004
[INFO] running `Command { std: "docker" "start" "-a" "e9d261e060fad33d7a90d9071661e620c1c657763aa153ce964af8c162b79004", kill_on_drop: false }`
[INFO] running `Command { std: "docker" "inspect" "e9d261e060fad33d7a90d9071661e620c1c657763aa153ce964af8c162b79004", kill_on_drop: false }`
[INFO] running `Command { std: "docker" "rm" "-f" "e9d261e060fad33d7a90d9071661e620c1c657763aa153ce964af8c162b79004", kill_on_drop: false }`
[INFO] [stdout] e9d261e060fad33d7a90d9071661e620c1c657763aa153ce964af8c162b79004
[INFO] running `Command { std: "docker" "create" "-v" "/var/lib/crater-agent-workspace/builds/worker-3-tc1/target:/opt/rustwide/target:rw,Z" "-v" "/var/lib/crater-agent-workspace/builds/worker-3-tc1/source:/opt/rustwide/workdir:ro,Z" "-v" "/var/lib/crater-agent-workspace/cargo-home:/opt/rustwide/cargo-home:ro,Z" "-v" "/var/lib/crater-agent-workspace/rustup-home:/opt/rustwide/rustup-home:ro,Z" "-e" "SOURCE_DIR=/opt/rustwide/workdir" "-e" "CARGO_TARGET_DIR=/opt/rustwide/target" "-e" "CARGO_INCREMENTAL=0" "-e" "RUST_BACKTRACE=full" "-e" "RUSTFLAGS=--cap-lints=warn" "-e" "RUSTDOCFLAGS=--cap-lints=warn" "-e" "CARGO_HOME=/opt/rustwide/cargo-home" "-e" "RUSTUP_HOME=/opt/rustwide/rustup-home" "-w" "/opt/rustwide/workdir" "-m" "1610612736" "--user" "0:0" "--network" "none" "ghcr.io/rust-lang/crates-build-env/linux@sha256:2788e3201cd34a07e3172128adcd8b3090168a8e3bcc40d7c032b9dda1df7d1c" "/opt/rustwide/cargo-home/bin/cargo" "+1.75.0" "build" "--frozen" "--message-format=json", kill_on_drop: false }`
[INFO] [stdout] fe1ff045849b847cdf7781e66ceb7a7ca8ad837808c1c5d0599ada91f9af3661
[INFO] running `Command { std: "docker" "start" "-a" "fe1ff045849b847cdf7781e66ceb7a7ca8ad837808c1c5d0599ada91f9af3661", kill_on_drop: false }`
[INFO] [stderr]    Compiling futures-channel v0.3.30
[INFO] [stderr]    Compiling futures-util v0.3.30
[INFO] [stderr]    Compiling futures-executor v0.3.30
[INFO] [stderr]    Compiling futures v0.3.30
[INFO] [stderr]    Compiling futurify v0.3.0 (/opt/rustwide/workdir)
[INFO] [stderr]     Finished dev [unoptimized + debuginfo] target(s) in 2.41s
[INFO] running `Command { std: "docker" "inspect" "fe1ff045849b847cdf7781e66ceb7a7ca8ad837808c1c5d0599ada91f9af3661", kill_on_drop: false }`
[INFO] running `Command { std: "docker" "rm" "-f" "fe1ff045849b847cdf7781e66ceb7a7ca8ad837808c1c5d0599ada91f9af3661", kill_on_drop: false }`
[INFO] [stdout] fe1ff045849b847cdf7781e66ceb7a7ca8ad837808c1c5d0599ada91f9af3661
[INFO] running `Command { std: "docker" "create" "-v" "/var/lib/crater-agent-workspace/builds/worker-3-tc1/target:/opt/rustwide/target:rw,Z" "-v" "/var/lib/crater-agent-workspace/builds/worker-3-tc1/source:/opt/rustwide/workdir:ro,Z" "-v" "/var/lib/crater-agent-workspace/cargo-home:/opt/rustwide/cargo-home:ro,Z" "-v" "/var/lib/crater-agent-workspace/rustup-home:/opt/rustwide/rustup-home:ro,Z" "-e" "SOURCE_DIR=/opt/rustwide/workdir" "-e" "CARGO_TARGET_DIR=/opt/rustwide/target" "-e" "CARGO_INCREMENTAL=0" "-e" "RUST_BACKTRACE=full" "-e" "RUSTFLAGS=--cap-lints=warn" "-e" "RUSTDOCFLAGS=--cap-lints=warn" "-e" "CARGO_HOME=/opt/rustwide/cargo-home" "-e" "RUSTUP_HOME=/opt/rustwide/rustup-home" "-w" "/opt/rustwide/workdir" "-m" "1610612736" "--user" "0:0" "--network" "none" "ghcr.io/rust-lang/crates-build-env/linux@sha256:2788e3201cd34a07e3172128adcd8b3090168a8e3bcc40d7c032b9dda1df7d1c" "/opt/rustwide/cargo-home/bin/cargo" "+1.75.0" "test" "--frozen" "--no-run" "--message-format=json", kill_on_drop: false }`
[INFO] [stdout] 33060998d485b541c1afd17d3428b6c87389eb9cf324131408fe2c4afb4aab47
[INFO] running `Command { std: "docker" "start" "-a" "33060998d485b541c1afd17d3428b6c87389eb9cf324131408fe2c4afb4aab47", kill_on_drop: false }`
[INFO] [stderr]    Compiling libc v0.2.151
[INFO] [stderr]    Compiling syn v1.0.109
[INFO] [stderr]    Compiling futures v0.1.31
[INFO] [stderr]    Compiling semver-parser v0.7.0
[INFO] [stderr]    Compiling crossbeam-utils v0.7.2
[INFO] [stderr]    Compiling autocfg v0.1.8
[INFO] [stderr]    Compiling unicode-bidi v0.3.14
[INFO] [stderr]    Compiling pin-project-lite v0.1.12
[INFO] [stderr]    Compiling bytes v0.5.6
[INFO] [stderr]    Compiling copyless v0.1.5
[INFO] [stderr]    Compiling unicode-normalization v0.1.22
[INFO] [stderr]    Compiling lock_api v0.3.4
[INFO] [stderr]    Compiling smallvec v0.6.14
[INFO] [stderr]    Compiling proc-macro2 v0.4.30
[INFO] [stderr]    Compiling matches v0.1.10
[INFO] [stderr]    Compiling failure_derive v0.1.8
[INFO] [stderr]    Compiling gimli v0.28.1
[INFO] [stderr]    Compiling unicode-xid v0.1.0
[INFO] [stderr]    Compiling object v0.32.2
[INFO] [stderr]    Compiling either v1.9.0
[INFO] [stderr]    Compiling rustc-demangle v0.1.23
[INFO] [stderr]    Compiling semver v0.9.0
[INFO] [stderr]    Compiling syn v0.15.44
[INFO] [stderr]    Compiling parking_lot_core v0.8.6
[INFO] [stderr]    Compiling match_cfg v0.1.0
[INFO] [stderr]    Compiling rand_core v0.3.1
[INFO] [stderr]    Compiling linked-hash-map v0.5.6
[INFO] [stderr]    Compiling quick-error v1.2.3
[INFO] [stderr]    Compiling rustc_version v0.2.3
[INFO] [stderr]    Compiling idna v0.5.0
[INFO] [stderr]    Compiling lru-cache v0.1.2
[INFO] [stderr]    Compiling serde v1.0.194
[INFO] [stderr]    Compiling indexmap v1.9.3
[INFO] [stderr]    Compiling rand_pcg v0.1.2
[INFO] [stderr]    Compiling rand_chacha v0.1.1
[INFO] [stderr]    Compiling tiny-keccak v2.0.2
[INFO] [stderr]    Compiling parking_lot_core v0.6.3
[INFO] [stderr]    Compiling parking_lot v0.9.0
[INFO] [stderr]    Compiling quote v0.6.13
[INFO] [stderr]    Compiling rand v0.6.5
[INFO] [stderr]    Compiling url v2.5.0
[INFO] [stderr]    Compiling idna v0.1.5
[INFO] [stderr]    Compiling rand_hc v0.1.0
[INFO] [stderr]    Compiling rand_xorshift v0.1.1
[INFO] [stderr]    Compiling iovec v0.1.4
[INFO] [stderr]    Compiling net2 v0.2.39
[INFO] [stderr]    Compiling num_cpus v1.16.0
[INFO] [stderr]    Compiling signal-hook-registry v1.4.1
[INFO] [stderr]    Compiling bytes v0.4.12
[INFO] [stderr]    Compiling cc v1.0.83
[INFO] [stderr]    Compiling threadpool v1.8.1
[INFO] [stderr]    Compiling mio v0.6.23
[INFO] [stderr]    Compiling tokio-executor v0.1.10
[INFO] [stderr]    Compiling tokio-io v0.1.13
[INFO] [stderr]    Compiling tokio-sync v0.1.8
[INFO] [stderr]    Compiling socket2 v0.3.19
[INFO] [stderr]    Compiling getrandom v0.1.16
[INFO] [stderr]    Compiling hostname v0.3.1
[INFO] [stderr]    Compiling tokio-timer v0.2.13
[INFO] [stderr]    Compiling mio-uds v0.6.8
[INFO] [stderr]    Compiling rand_core v0.5.1
[INFO] [stderr]    Compiling resolv-conf v0.6.3
[INFO] [stderr]    Compiling tokio v0.2.25
[INFO] [stderr]    Compiling tokio-reactor v0.1.12
[INFO] [stderr]    Compiling parking_lot v0.11.2
[INFO] [stderr]    Compiling rand_chacha v0.2.2
[INFO] [stderr]    Compiling tokio-codec v0.1.2
[INFO] [stderr]    Compiling tokio-current-thread v0.1.7
[INFO] [stderr]    Compiling actix-service v0.4.2
[INFO] [stderr]    Compiling rand v0.7.3
[INFO] [stderr]    Compiling tokio-tcp v0.1.4
[INFO] [stderr]    Compiling addr2line v0.21.0
[INFO] [stderr]    Compiling getrandom v0.2.11
[INFO] [stderr]    Compiling rand_os v0.1.3
[INFO] [stderr]    Compiling backtrace v0.3.69
[INFO] [stderr]    Compiling brotli-sys v0.3.2
[INFO] [stderr]    Compiling rand_isaac v0.1.1
[INFO] [stderr]    Compiling rand_jitter v0.1.4
[INFO] [stderr]    Compiling dtoa v0.4.8
[INFO] [stderr]    Compiling percent-encoding v1.0.1
[INFO] [stderr]    Compiling sha1_smol v1.0.0
[INFO] [stderr]    Compiling chrono v0.4.31
[INFO] [stderr]    Compiling const-random-macro v0.1.16
[INFO] [stderr]    Compiling tokio-udp v0.1.6
[INFO] [stderr]    Compiling url v1.7.2
[INFO] [stderr]    Compiling http v0.1.21
[INFO] [stderr]    Compiling sha1 v0.6.1
[INFO] [stderr]    Compiling time v0.1.45
[INFO] [stderr]    Compiling flate2 v1.0.28
[INFO] [stderr]    Compiling idna v0.2.3
[INFO] [stderr]    Compiling pin-project-internal v1.1.3
[INFO] [stderr]    Compiling language-tags v0.2.2
[INFO] [stderr]    Compiling const-random v0.1.17
[INFO] [stderr]    Compiling tracing v0.1.40
[INFO] [stderr]    Compiling actix-server-config v0.1.2
[INFO] [stderr]    Compiling serde_urlencoded v0.6.1
[INFO] [stderr]    Compiling serde_json v1.0.111
[INFO] [stderr]    Compiling actix-codec v0.1.2
[INFO] [stderr]    Compiling string v0.2.1
[INFO] [stderr]    Compiling hashbrown v0.6.3
[INFO] [stderr]    Compiling ahash v0.2.19
[INFO] [stderr]    Compiling actix-utils v0.4.7
[INFO] [stderr]    Compiling tokio-signal v0.2.9
[INFO] [stderr]    Compiling base64 v0.10.1
[INFO] [stderr]    Compiling fxhash v0.2.1
[INFO] [stderr]    Compiling base64 v0.11.0
[INFO] [stderr]    Compiling bytestring v1.3.1
[INFO] [stderr]    Compiling derive_more v0.15.0
[INFO] [stderr]    Compiling enum-as-inner v0.2.1
[INFO] [stderr]    Compiling actix-router v0.2.7
[INFO] [stderr]    Compiling synstructure v0.12.6
[INFO] [stderr]    Compiling h2 v0.1.26
[INFO] [stderr]    Compiling tokio-util v0.3.1
[INFO] [stderr]    Compiling tokio-util v0.2.0
[INFO] [stderr]    Compiling actix-router v0.1.5
[INFO] [stderr]    Compiling pin-project v1.1.3
[INFO] [stderr]    Compiling tracing-futures v0.2.5
[INFO] [stderr]    Compiling actix-codec v0.2.0
[INFO] [stderr]    Compiling h2 v0.2.7
[INFO] [stderr]    Compiling pin-project-internal v0.4.30
[INFO] [stderr]    Compiling derive_more v0.99.17
[INFO] [stderr]    Compiling actix-macros v0.1.3
[INFO] [stderr]    Compiling enum-as-inner v0.3.4
[INFO] [stderr]    Compiling actix-web-codegen v0.1.3
[INFO] [stderr]    Compiling actix-web-codegen v0.2.2
[INFO] [stderr]    Compiling failure v0.1.8
[INFO] [stderr]    Compiling trust-dns-proto v0.7.4
[INFO] [stderr]    Compiling trust-dns-proto v0.18.0-alpha.2
[INFO] [stderr]    Compiling pin-project v0.4.30
[INFO] [stderr]    Compiling actix-service v1.0.6
[INFO] [stderr]    Compiling actix-codec v0.3.0
[INFO] [stderr]    Compiling actix-threadpool v0.1.2
[INFO] [stderr]    Compiling actix-rt v0.2.6
[INFO] [stderr]    Compiling actix-server v0.6.1
[INFO] [stderr]    Compiling trust-dns-resolver v0.11.1
[INFO] [stderr]    Compiling brotli2 v0.3.2
[INFO] [stderr]    Compiling actix-testing v0.1.0
[INFO] [stderr]    Compiling trust-dns-resolver v0.18.0-alpha.2
[INFO] [stderr]    Compiling actix-threadpool v0.3.3
[INFO] [stderr]    Compiling actix-connect v0.2.5
[INFO] [stderr]    Compiling actix-rt v1.1.1
[INFO] [stderr]    Compiling actix-http v0.2.11
[INFO] [stderr]    Compiling actix-utils v1.0.6
[INFO] [stderr]    Compiling actix-utils v2.0.0
[INFO] [stderr]    Compiling actix-tls v1.0.0
[INFO] [stderr]    Compiling actix-server v1.0.4
[INFO] [stderr]    Compiling actix-connect v1.0.2
[INFO] [stderr]    Compiling actix-http v1.0.1
[INFO] [stdout] error[E0277]: cannot subtract `chrono::Duration` from `Tm`
[INFO] [stdout]    --> /opt/rustwide/cargo-home/registry/src/index.crates.io-6f17d22bba15001f/actix-http-0.2.11/src/cookie/jar.rs:226:44
[INFO] [stdout]     |
[INFO] [stdout] 226 |             cookie.set_expires(time::now() - Duration::days(365));
[INFO] [stdout]     |                                            ^ no implementation for `Tm - chrono::Duration`
[INFO] [stdout]     |
[INFO] [stdout]     = help: the trait `Sub<chrono::Duration>` is not implemented for `Tm`
[INFO] [stdout]     = help: the following other types implement trait `Sub<Rhs>`:
[INFO] [stdout]               <Tm as Sub<time::Duration>>
[INFO] [stdout]               <Tm as Sub>
[INFO] [stdout] 
[INFO] [stdout] 
[INFO] [stderr]    Compiling actix-testing v1.0.1
[INFO] [stdout] error[E0308]: mismatched types
[INFO] [stdout]    --> /opt/rustwide/cargo-home/registry/src/index.crates.io-6f17d22bba15001f/actix-http-0.2.11/src/cookie/mod.rs:742:40
[INFO] [stdout]     |
[INFO] [stdout] 742 |         self.set_expires(time::now() + twenty_years);
[INFO] [stdout]     |                                        ^^^^^^^^^^^^ expected `time::Duration`, found `chrono::Duration`
[INFO] [stdout]     |
[INFO] [stdout]     = note: `chrono::Duration` and `time::Duration` have similar names, but are actually distinct types
[INFO] [stdout] note: `chrono::Duration` is defined in crate `chrono`
[INFO] [stdout]    --> /opt/rustwide/cargo-home/registry/src/index.crates.io-6f17d22bba15001f/chrono-0.4.31/src/duration.rs:55:1
[INFO] [stdout]     |
[INFO] [stdout] 55  | pub struct Duration {
[INFO] [stdout]     | ^^^^^^^^^^^^^^^^^^^
[INFO] [stdout] note: `time::Duration` is defined in crate `time`
[INFO] [stdout]    --> /opt/rustwide/cargo-home/registry/src/index.crates.io-6f17d22bba15001f/time-0.1.45/src/duration.rs:45:1
[INFO] [stdout]     |
[INFO] [stdout] 45  | pub struct Duration {
[INFO] [stdout]     | ^^^^^^^^^^^^^^^^^^^
[INFO] [stdout] 
[INFO] [stdout] 
[INFO] [stdout] error: aborting due to 2 previous errors
[INFO] [stdout] 
[INFO] [stdout] 
[INFO] [stdout] Some errors have detailed explanations: E0277, E0308.
[INFO] [stdout] 
[INFO] [stdout] For more information about an error, try `rustc --explain E0277`.
[INFO] [stdout] 
[INFO] [stderr] error: could not compile `actix-http` (lib) due to 3 previous errors
[INFO] [stderr] warning: build failed, waiting for other jobs to finish...
[INFO] [stdout] error[E0277]: cannot subtract `chrono::Duration` from `Tm`
[INFO] [stdout]    --> /opt/rustwide/cargo-home/registry/src/index.crates.io-6f17d22bba15001f/actix-http-1.0.1/src/cookie/jar.rs:224:44
[INFO] [stdout]     |
[INFO] [stdout] 224 |             cookie.set_expires(time::now() - Duration::days(365));
[INFO] [stdout]     |                                            ^ no implementation for `Tm - chrono::Duration`
[INFO] [stdout]     |
[INFO] [stdout]     = help: the trait `Sub<chrono::Duration>` is not implemented for `Tm`
[INFO] [stdout]     = help: the following other types implement trait `Sub<Rhs>`:
[INFO] [stdout]               <Tm as Sub<time::Duration>>
[INFO] [stdout]               <Tm as Sub>
[INFO] [stdout] 
[INFO] [stdout] 
[INFO] [stdout] error[E0308]: mismatched types
[INFO] [stdout]    --> /opt/rustwide/cargo-home/registry/src/index.crates.io-6f17d22bba15001f/actix-http-1.0.1/src/cookie/mod.rs:736:40
[INFO] [stdout]     |
[INFO] [stdout] 736 |         self.set_expires(time::now() + twenty_years);
[INFO] [stdout]     |                                        ^^^^^^^^^^^^ expected `time::Duration`, found `chrono::Duration`
[INFO] [stdout]     |
[INFO] [stdout]     = note: `chrono::Duration` and `time::Duration` have similar names, but are actually distinct types
[INFO] [stdout] note: `chrono::Duration` is defined in crate `chrono`
[INFO] [stdout]    --> /opt/rustwide/cargo-home/registry/src/index.crates.io-6f17d22bba15001f/chrono-0.4.31/src/duration.rs:55:1
[INFO] [stdout]     |
[INFO] [stdout] 55  | pub struct Duration {
[INFO] [stdout]     | ^^^^^^^^^^^^^^^^^^^
[INFO] [stdout] note: `time::Duration` is defined in crate `time`
[INFO] [stdout]    --> /opt/rustwide/cargo-home/registry/src/index.crates.io-6f17d22bba15001f/time-0.1.45/src/duration.rs:45:1
[INFO] [stdout]     |
[INFO] [stdout] 45  | pub struct Duration {
[INFO] [stdout]     | ^^^^^^^^^^^^^^^^^^^
[INFO] [stdout] 
[INFO] [stdout] 
[INFO] [stdout] error: aborting due to 2 previous errors
[INFO] [stdout] 
[INFO] [stdout] 
[INFO] [stdout] Some errors have detailed explanations: E0277, E0308.
[INFO] [stdout] 
[INFO] [stdout] For more information about an error, try `rustc --explain E0277`.
[INFO] [stdout] 
[INFO] [stderr] error: could not compile `actix-http` (lib) due to 3 previous errors
[INFO] running `Command { std: "docker" "inspect" "33060998d485b541c1afd17d3428b6c87389eb9cf324131408fe2c4afb4aab47", kill_on_drop: false }`
[INFO] running `Command { std: "docker" "rm" "-f" "33060998d485b541c1afd17d3428b6c87389eb9cf324131408fe2c4afb4aab47", kill_on_drop: false }`
[INFO] [stdout] 33060998d485b541c1afd17d3428b6c87389eb9cf324131408fe2c4afb4aab47
[INFO] testing futurify-0.3.0 against beta-2023-12-22 for beta-1.76-1
[INFO] extracting crate futurify 0.3.0 into /workspace/builds/worker-3-tc2/source
[INFO] validating manifest of crates.io crate futurify 0.3.0 on toolchain beta-2023-12-22
[INFO] running `Command { std: CARGO_HOME="/workspace/cargo-home" RUSTUP_HOME="/workspace/rustup-home" "/workspace/cargo-home/bin/cargo" "+beta-2023-12-22" "metadata" "--manifest-path" "Cargo.toml" "--no-deps", kill_on_drop: false }`
[INFO] started tweaking crates.io crate futurify 0.3.0
[INFO] finished tweaking crates.io crate futurify 0.3.0
[INFO] tweaked toml for crates.io crate futurify 0.3.0 written to /workspace/builds/worker-3-tc2/source/Cargo.toml
[INFO] running `Command { std: CARGO_HOME="/workspace/cargo-home" RUSTUP_HOME="/workspace/rustup-home" "/workspace/cargo-home/bin/cargo" "+beta-2023-12-22" "generate-lockfile" "--manifest-path" "Cargo.toml", kill_on_drop: false }`
[INFO] [stderr]     Updating crates.io index
[INFO] running `Command { std: CARGO_HOME="/workspace/cargo-home" RUSTUP_HOME="/workspace/rustup-home" "/workspace/cargo-home/bin/cargo" "+beta-2023-12-22" "fetch" "--manifest-path" "Cargo.toml", kill_on_drop: false }`
[INFO] running `Command { std: "docker" "create" "-v" "/var/lib/crater-agent-workspace/builds/worker-3-tc2/target:/opt/rustwide/target:rw,Z" "-v" "/var/lib/crater-agent-workspace/builds/worker-3-tc2/source:/opt/rustwide/workdir:ro,Z" "-v" "/var/lib/crater-agent-workspace/cargo-home:/opt/rustwide/cargo-home:ro,Z" "-v" "/var/lib/crater-agent-workspace/rustup-home:/opt/rustwide/rustup-home:ro,Z" "-e" "SOURCE_DIR=/opt/rustwide/workdir" "-e" "CARGO_TARGET_DIR=/opt/rustwide/target" "-e" "CARGO_HOME=/opt/rustwide/cargo-home" "-e" "RUSTUP_HOME=/opt/rustwide/rustup-home" "-w" "/opt/rustwide/workdir" "-m" "1610612736" "--user" "0:0" "--network" "none" "ghcr.io/rust-lang/crates-build-env/linux@sha256:2788e3201cd34a07e3172128adcd8b3090168a8e3bcc40d7c032b9dda1df7d1c" "/opt/rustwide/cargo-home/bin/cargo" "+beta-2023-12-22" "metadata" "--no-deps" "--format-version=1", kill_on_drop: false }`
[INFO] [stdout] 8cc6e237aaf36fdbcc8705fd86c9f345a8afd114f1ab2a4cd9c25436d7259eb6
[INFO] running `Command { std: "docker" "start" "-a" "8cc6e237aaf36fdbcc8705fd86c9f345a8afd114f1ab2a4cd9c25436d7259eb6", kill_on_drop: false }`
[INFO] running `Command { std: "docker" "inspect" "8cc6e237aaf36fdbcc8705fd86c9f345a8afd114f1ab2a4cd9c25436d7259eb6", kill_on_drop: false }`
[INFO] running `Command { std: "docker" "rm" "-f" "8cc6e237aaf36fdbcc8705fd86c9f345a8afd114f1ab2a4cd9c25436d7259eb6", kill_on_drop: false }`
[INFO] [stdout] 8cc6e237aaf36fdbcc8705fd86c9f345a8afd114f1ab2a4cd9c25436d7259eb6
[INFO] running `Command { std: "docker" "create" "-v" "/var/lib/crater-agent-workspace/builds/worker-3-tc2/target:/opt/rustwide/target:rw,Z" "-v" "/var/lib/crater-agent-workspace/builds/worker-3-tc2/source:/opt/rustwide/workdir:ro,Z" "-v" "/var/lib/crater-agent-workspace/cargo-home:/opt/rustwide/cargo-home:ro,Z" "-v" "/var/lib/crater-agent-workspace/rustup-home:/opt/rustwide/rustup-home:ro,Z" "-e" "SOURCE_DIR=/opt/rustwide/workdir" "-e" "CARGO_TARGET_DIR=/opt/rustwide/target" "-e" "CARGO_INCREMENTAL=0" "-e" "RUST_BACKTRACE=full" "-e" "RUSTFLAGS=--cap-lints=warn" "-e" "RUSTDOCFLAGS=--cap-lints=warn" "-e" "CARGO_HOME=/opt/rustwide/cargo-home" "-e" "RUSTUP_HOME=/opt/rustwide/rustup-home" "-w" "/opt/rustwide/workdir" "-m" "1610612736" "--user" "0:0" "--network" "none" "ghcr.io/rust-lang/crates-build-env/linux@sha256:2788e3201cd34a07e3172128adcd8b3090168a8e3bcc40d7c032b9dda1df7d1c" "/opt/rustwide/cargo-home/bin/cargo" "+beta-2023-12-22" "build" "--frozen" "--message-format=json", kill_on_drop: false }`
[INFO] [stdout] d772e7e521bcc46fd5459604dab6c9195a87c53d596438934180e7f9ca9caa20
[INFO] running `Command { std: "docker" "start" "-a" "d772e7e521bcc46fd5459604dab6c9195a87c53d596438934180e7f9ca9caa20", kill_on_drop: false }`
[INFO] [stderr]    Compiling futures-channel v0.3.30
[INFO] [stderr]    Compiling futures-util v0.3.30
[INFO] [stderr]    Compiling futures-executor v0.3.30
[INFO] [stderr]    Compiling futures v0.3.30
[INFO] [stderr]    Compiling futurify v0.3.0 (/opt/rustwide/workdir)
[INFO] [stderr]     Finished dev [unoptimized + debuginfo] target(s) in 2.32s
[INFO] running `Command { std: "docker" "inspect" "d772e7e521bcc46fd5459604dab6c9195a87c53d596438934180e7f9ca9caa20", kill_on_drop: false }`
[INFO] running `Command { std: "docker" "rm" "-f" "d772e7e521bcc46fd5459604dab6c9195a87c53d596438934180e7f9ca9caa20", kill_on_drop: false }`
[INFO] [stdout] d772e7e521bcc46fd5459604dab6c9195a87c53d596438934180e7f9ca9caa20
[INFO] running `Command { std: "docker" "create" "-v" "/var/lib/crater-agent-workspace/builds/worker-3-tc2/target:/opt/rustwide/target:rw,Z" "-v" "/var/lib/crater-agent-workspace/builds/worker-3-tc2/source:/opt/rustwide/workdir:ro,Z" "-v" "/var/lib/crater-agent-workspace/cargo-home:/opt/rustwide/cargo-home:ro,Z" "-v" "/var/lib/crater-agent-workspace/rustup-home:/opt/rustwide/rustup-home:ro,Z" "-e" "SOURCE_DIR=/opt/rustwide/workdir" "-e" "CARGO_TARGET_DIR=/opt/rustwide/target" "-e" "CARGO_INCREMENTAL=0" "-e" "RUST_BACKTRACE=full" "-e" "RUSTFLAGS=--cap-lints=warn" "-e" "RUSTDOCFLAGS=--cap-lints=warn" "-e" "CARGO_HOME=/opt/rustwide/cargo-home" "-e" "RUSTUP_HOME=/opt/rustwide/rustup-home" "-w" "/opt/rustwide/workdir" "-m" "1610612736" "--user" "0:0" "--network" "none" "ghcr.io/rust-lang/crates-build-env/linux@sha256:2788e3201cd34a07e3172128adcd8b3090168a8e3bcc40d7c032b9dda1df7d1c" "/opt/rustwide/cargo-home/bin/cargo" "+beta-2023-12-22" "test" "--frozen" "--no-run" "--message-format=json", kill_on_drop: false }`
[INFO] [stdout] e5435ca6da01c732418d41128e5896536c3a632e889255d6e8952a71ebbd1b44
[INFO] running `Command { std: "docker" "start" "-a" "e5435ca6da01c732418d41128e5896536c3a632e889255d6e8952a71ebbd1b44", kill_on_drop: false }`
[INFO] [stderr]    Compiling libc v0.2.151
[INFO] [stderr]    Compiling syn v1.0.109
[INFO] [stderr]    Compiling futures v0.1.31
[INFO] [stderr]    Compiling semver-parser v0.7.0
[INFO] [stderr]    Compiling crossbeam-utils v0.7.2
[INFO] [stderr]    Compiling autocfg v0.1.8
[INFO] [stderr]    Compiling bytes v0.5.6
[INFO] [stderr]    Compiling unicode-bidi v0.3.14
[INFO] [stderr]    Compiling pin-project-lite v0.1.12
[INFO] [stderr]    Compiling copyless v0.1.5
[INFO] [stderr]    Compiling unicode-normalization v0.1.22
[INFO] [stderr]    Compiling lock_api v0.3.4
[INFO] [stderr]    Compiling smallvec v0.6.14
[INFO] [stderr]    Compiling proc-macro2 v0.4.30
[INFO] [stderr]    Compiling unicode-xid v0.1.0
[INFO] [stderr]    Compiling failure_derive v0.1.8
[INFO] [stderr]    Compiling matches v0.1.10
[INFO] [stderr]    Compiling gimli v0.28.1
[INFO] [stderr]    Compiling object v0.32.2
[INFO] [stderr]    Compiling either v1.9.0
[INFO] [stderr]    Compiling parking_lot_core v0.8.6
[INFO] [stderr]    Compiling semver v0.9.0
[INFO] [stderr]    Compiling syn v0.15.44
[INFO] [stderr]    Compiling rustc-demangle v0.1.23
[INFO] [stderr]    Compiling match_cfg v0.1.0
[INFO] [stderr]    Compiling rand_core v0.3.1
[INFO] [stderr]    Compiling linked-hash-map v0.5.6
[INFO] [stderr]    Compiling quick-error v1.2.3
[INFO] [stderr]    Compiling rustc_version v0.2.3
[INFO] [stderr]    Compiling serde v1.0.194
[INFO] [stderr]    Compiling idna v0.5.0
[INFO] [stderr]    Compiling lru-cache v0.1.2
[INFO] [stderr]    Compiling indexmap v1.9.3
[INFO] [stderr]    Compiling parking_lot_core v0.6.3
[INFO] [stderr]    Compiling parking_lot v0.9.0
[INFO] [stderr]    Compiling rand_chacha v0.1.1
[INFO] [stderr]    Compiling rand_pcg v0.1.2
[INFO] [stderr]    Compiling quote v0.6.13
[INFO] [stderr]    Compiling tiny-keccak v2.0.2
[INFO] [stderr]    Compiling rand v0.6.5
[INFO] [stderr]    Compiling url v2.5.0
[INFO] [stderr]    Compiling iovec v0.1.4
[INFO] [stderr]    Compiling net2 v0.2.39
[INFO] [stderr]    Compiling num_cpus v1.16.0
[INFO] [stderr]    Compiling signal-hook-registry v1.4.1
[INFO] [stderr]    Compiling bytes v0.4.12
[INFO] [stderr]    Compiling cc v1.0.83
[INFO] [stderr]    Compiling socket2 v0.3.19
[INFO] [stderr]    Compiling mio v0.6.23
[INFO] [stderr]    Compiling threadpool v1.8.1
[INFO] [stderr]    Compiling tokio-io v0.1.13
[INFO] [stderr]    Compiling tokio-executor v0.1.10
[INFO] [stderr]    Compiling tokio-sync v0.1.8
[INFO] [stderr]    Compiling getrandom v0.1.16
[INFO] [stderr]    Compiling hostname v0.3.1
[INFO] [stderr]    Compiling tokio-timer v0.2.13
[INFO] [stderr]    Compiling rand_core v0.5.1
[INFO] [stderr]    Compiling resolv-conf v0.6.3
[INFO] [stderr]    Compiling parking_lot v0.11.2
[INFO] [stderr]    Compiling mio-uds v0.6.8
[INFO] [stderr]    Compiling tokio-reactor v0.1.12
[INFO] [stderr]    Compiling rand_chacha v0.2.2
[INFO] [stderr]    Compiling tokio v0.2.25
[INFO] [stderr]    Compiling tokio-codec v0.1.2
[INFO] [stderr]    Compiling tokio-current-thread v0.1.7
[INFO] [stderr]    Compiling rand v0.7.3
[INFO] [stderr]    Compiling tokio-tcp v0.1.4
[INFO] [stderr]    Compiling actix-service v0.4.2
[INFO] [stderr]    Compiling backtrace v0.3.69
[INFO] [stderr]    Compiling brotli-sys v0.3.2
[INFO] [stderr]    Compiling getrandom v0.2.11
[INFO] [stderr]    Compiling addr2line v0.21.0
[INFO] [stderr]    Compiling rand_os v0.1.3
[INFO] [stderr]    Compiling idna v0.1.5
[INFO] [stderr]    Compiling rand_hc v0.1.0
[INFO] [stderr]    Compiling rand_isaac v0.1.1
[INFO] [stderr]    Compiling rand_xorshift v0.1.1
[INFO] [stderr]    Compiling rand_jitter v0.1.4
[INFO] [stderr]    Compiling dtoa v0.4.8
[INFO] [stderr]    Compiling percent-encoding v1.0.1
[INFO] [stderr]    Compiling sha1_smol v1.0.0
[INFO] [stderr]    Compiling chrono v0.4.31
[INFO] [stderr]    Compiling const-random-macro v0.1.16
[INFO] [stderr]    Compiling flate2 v1.0.28
[INFO] [stderr]    Compiling sha1 v0.6.1
[INFO] [stderr]    Compiling tokio-udp v0.1.6
[INFO] [stderr]    Compiling http v0.1.21
[INFO] [stderr]    Compiling time v0.1.45
[INFO] [stderr]    Compiling url v1.7.2
[INFO] [stderr]    Compiling idna v0.2.3
[INFO] [stderr]    Compiling pin-project-internal v1.1.3
[INFO] [stderr]    Compiling language-tags v0.2.2
[INFO] [stderr]    Compiling tracing v0.1.40
[INFO] [stderr]    Compiling const-random v0.1.17
[INFO] [stderr]    Compiling actix-server-config v0.1.2
[INFO] [stderr]    Compiling serde_urlencoded v0.6.1
[INFO] [stderr]    Compiling serde_json v1.0.111
[INFO] [stderr]    Compiling actix-codec v0.1.2
[INFO] [stderr]    Compiling string v0.2.1
[INFO] [stderr]    Compiling hashbrown v0.6.3
[INFO] [stderr]    Compiling actix-utils v0.4.7
[INFO] [stderr]    Compiling ahash v0.2.19
[INFO] [stderr]    Compiling tokio-signal v0.2.9
[INFO] [stderr]    Compiling base64 v0.10.1
[INFO] [stderr]    Compiling fxhash v0.2.1
[INFO] [stderr]    Compiling base64 v0.11.0
[INFO] [stderr]    Compiling bytestring v1.3.1
[INFO] [stderr]    Compiling derive_more v0.15.0
[INFO] [stderr]    Compiling enum-as-inner v0.2.1
[INFO] [stderr]    Compiling actix-router v0.2.7
[INFO] [stderr]    Compiling synstructure v0.12.6
[INFO] [stderr]    Compiling h2 v0.1.26
[INFO] [stderr]    Compiling tokio-util v0.3.1
[INFO] [stderr]    Compiling tokio-util v0.2.0
[INFO] [stderr]    Compiling actix-router v0.1.5
[INFO] [stderr]    Compiling actix-codec v0.2.0
[INFO] [stderr]    Compiling pin-project v1.1.3
[INFO] [stderr]    Compiling tracing-futures v0.2.5
[INFO] [stderr]    Compiling h2 v0.2.7
[INFO] [stderr]    Compiling pin-project-internal v0.4.30
[INFO] [stderr]    Compiling derive_more v0.99.17
[INFO] [stderr]    Compiling actix-macros v0.1.3
[INFO] [stderr]    Compiling enum-as-inner v0.3.4
[INFO] [stderr]    Compiling actix-web-codegen v0.2.2
[INFO] [stderr]    Compiling actix-web-codegen v0.1.3
[INFO] [stderr]    Compiling failure v0.1.8
[INFO] [stderr]    Compiling trust-dns-proto v0.18.0-alpha.2
[INFO] [stderr]    Compiling trust-dns-proto v0.7.4
[INFO] [stderr]    Compiling pin-project v0.4.30
[INFO] [stderr]    Compiling actix-service v1.0.6
[INFO] [stderr]    Compiling actix-codec v0.3.0
[INFO] [stderr]    Compiling actix-threadpool v0.1.2
[INFO] [stderr]    Compiling actix-rt v0.2.6
[INFO] [stderr]    Compiling actix-server v0.6.1
[INFO] [stderr]    Compiling brotli2 v0.3.2
[INFO] [stderr]    Compiling trust-dns-resolver v0.11.1
[INFO] [stderr]    Compiling trust-dns-resolver v0.18.0-alpha.2
[INFO] [stderr]    Compiling actix-testing v0.1.0
[INFO] [stderr]    Compiling actix-threadpool v0.3.3
[INFO] [stderr]    Compiling actix-rt v1.1.1
[INFO] [stderr]    Compiling actix-connect v0.2.5
[INFO] [stderr]    Compiling actix-http v0.2.11
[INFO] [stderr]    Compiling actix-utils v1.0.6
[INFO] [stderr]    Compiling actix-utils v2.0.0
[INFO] [stderr]    Compiling actix-connect v1.0.2
[INFO] [stderr]    Compiling actix-tls v1.0.0
[INFO] [stderr]    Compiling actix-server v1.0.4
[INFO] [stderr]    Compiling actix-http v1.0.1
[INFO] [stdout] error[E0277]: cannot subtract `chrono::Duration` from `Tm`
[INFO] [stdout]    --> /opt/rustwide/cargo-home/registry/src/index.crates.io-6f17d22bba15001f/actix-http-0.2.11/src/cookie/jar.rs:226:44
[INFO] [stdout]     |
[INFO] [stdout] 226 |             cookie.set_expires(time::now() - Duration::days(365));
[INFO] [stdout]     |                                            ^ no implementation for `Tm - chrono::Duration`
[INFO] [stdout]     |
[INFO] [stdout]     = help: the trait `Sub<chrono::Duration>` is not implemented for `Tm`
[INFO] [stdout]     = help: the following other types implement trait `Sub<Rhs>`:
[INFO] [stdout]               <Tm as Sub<time::Duration>>
[INFO] [stdout]               <Tm as Sub>
[INFO] [stdout] 
[INFO] [stdout] 
[INFO] [stdout] error[E0308]: mismatched types
[INFO] [stdout]    --> /opt/rustwide/cargo-home/registry/src/index.crates.io-6f17d22bba15001f/actix-http-0.2.11/src/cookie/mod.rs:742:40
[INFO] [stdout]     |
[INFO] [stdout] 742 |         self.set_expires(time::now() + twenty_years);
[INFO] [stdout]     |                                        ^^^^^^^^^^^^ expected `time::Duration`, found `chrono::Duration`
[INFO] [stdout]     |
[INFO] [stdout]     = note: `chrono::Duration` and `time::Duration` have similar names, but are actually distinct types
[INFO] [stdout] note: `chrono::Duration` is defined in crate `chrono`
[INFO] [stdout]    --> /opt/rustwide/cargo-home/registry/src/index.crates.io-6f17d22bba15001f/chrono-0.4.31/src/duration.rs:55:1
[INFO] [stdout]     |
[INFO] [stdout] 55  | pub struct Duration {
[INFO] [stdout]     | ^^^^^^^^^^^^^^^^^^^
[INFO] [stdout] note: `time::Duration` is defined in crate `time`
[INFO] [stdout]    --> /opt/rustwide/cargo-home/registry/src/index.crates.io-6f17d22bba15001f/time-0.1.45/src/duration.rs:45:1
[INFO] [stdout]     |
[INFO] [stdout] 45  | pub struct Duration {
[INFO] [stdout]     | ^^^^^^^^^^^^^^^^^^^
[INFO] [stdout] 
[INFO] [stdout] 
[INFO] [stderr]    Compiling actix-testing v1.0.1
[INFO] [stdout] error: aborting due to 2 previous errors
[INFO] [stdout] 
[INFO] [stdout] 
[INFO] [stdout] Some errors have detailed explanations: E0277, E0308.
[INFO] [stdout] 
[INFO] [stdout] For more information about an error, try `rustc --explain E0277`.
[INFO] [stdout] 
[INFO] [stderr] error: could not compile `actix-http` (lib) due to 3 previous errors
[INFO] [stderr] warning: build failed, waiting for other jobs to finish...
[INFO] [stdout] error[E0277]: cannot subtract `chrono::Duration` from `Tm`
[INFO] [stdout]    --> /opt/rustwide/cargo-home/registry/src/index.crates.io-6f17d22bba15001f/actix-http-1.0.1/src/cookie/jar.rs:224:44
[INFO] [stdout]     |
[INFO] [stdout] 224 |             cookie.set_expires(time::now() - Duration::days(365));
[INFO] [stdout]     |                                            ^ no implementation for `Tm - chrono::Duration`
[INFO] [stdout]     |
[INFO] [stdout]     = help: the trait `Sub<chrono::Duration>` is not implemented for `Tm`
[INFO] [stdout]     = help: the following other types implement trait `Sub<Rhs>`:
[INFO] [stdout]               <Tm as Sub<time::Duration>>
[INFO] [stdout]               <Tm as Sub>
[INFO] [stdout] 
[INFO] [stdout] 
[INFO] [stdout] error[E0308]: mismatched types
[INFO] [stdout]    --> /opt/rustwide/cargo-home/registry/src/index.crates.io-6f17d22bba15001f/actix-http-1.0.1/src/cookie/mod.rs:736:40
[INFO] [stdout]     |
[INFO] [stdout] 736 |         self.set_expires(time::now() + twenty_years);
[INFO] [stdout]     |                                        ^^^^^^^^^^^^ expected `time::Duration`, found `chrono::Duration`
[INFO] [stdout]     |
[INFO] [stdout]     = note: `chrono::Duration` and `time::Duration` have similar names, but are actually distinct types
[INFO] [stdout] note: `chrono::Duration` is defined in crate `chrono`
[INFO] [stdout]    --> /opt/rustwide/cargo-home/registry/src/index.crates.io-6f17d22bba15001f/chrono-0.4.31/src/duration.rs:55:1
[INFO] [stdout]     |
[INFO] [stdout] 55  | pub struct Duration {
[INFO] [stdout]     | ^^^^^^^^^^^^^^^^^^^
[INFO] [stdout] note: `time::Duration` is defined in crate `time`
[INFO] [stdout]    --> /opt/rustwide/cargo-home/registry/src/index.crates.io-6f17d22bba15001f/time-0.1.45/src/duration.rs:45:1
[INFO] [stdout]     |
[INFO] [stdout] 45  | pub struct Duration {
[INFO] [stdout]     | ^^^^^^^^^^^^^^^^^^^
[INFO] [stdout] 
[INFO] [stdout] 
[INFO] [stdout] error: aborting due to 2 previous errors
[INFO] [stdout] 
[INFO] [stdout] 
[INFO] [stdout] Some errors have detailed explanations: E0277, E0308.
[INFO] [stdout] 
[INFO] [stdout] For more information about an error, try `rustc --explain E0277`.
[INFO] [stdout] 
[INFO] [stderr] error: could not compile `actix-http` (lib) due to 3 previous errors
[INFO] running `Command { std: "docker" "inspect" "e5435ca6da01c732418d41128e5896536c3a632e889255d6e8952a71ebbd1b44", kill_on_drop: false }`
[INFO] running `Command { std: "docker" "rm" "-f" "e5435ca6da01c732418d41128e5896536c3a632e889255d6e8952a71ebbd1b44", kill_on_drop: false }`
[INFO] [stdout] e5435ca6da01c732418d41128e5896536c3a632e889255d6e8952a71ebbd1b44
