[INFO] fetching crate fun_time 0.3.3...
[INFO] testing fun_time-0.3.3 against 1.75.0 for beta-1.76-1
[INFO] extracting crate fun_time 0.3.3 into /workspace/builds/worker-0-tc1/source
[INFO] validating manifest of crates.io crate fun_time 0.3.3 on toolchain 1.75.0
[INFO] running `Command { std: CARGO_HOME="/workspace/cargo-home" RUSTUP_HOME="/workspace/rustup-home" "/workspace/cargo-home/bin/cargo" "+1.75.0" "metadata" "--manifest-path" "Cargo.toml" "--no-deps", kill_on_drop: false }`
[INFO] started tweaking crates.io crate fun_time 0.3.3
[INFO] finished tweaking crates.io crate fun_time 0.3.3
[INFO] tweaked toml for crates.io crate fun_time 0.3.3 written to /workspace/builds/worker-0-tc1/source/Cargo.toml
[INFO] running `Command { std: CARGO_HOME="/workspace/cargo-home" RUSTUP_HOME="/workspace/rustup-home" "/workspace/cargo-home/bin/cargo" "+1.75.0" "generate-lockfile" "--manifest-path" "Cargo.toml", kill_on_drop: false }`
[INFO] [stderr]     Updating crates.io index
[INFO] running `Command { std: CARGO_HOME="/workspace/cargo-home" RUSTUP_HOME="/workspace/rustup-home" "/workspace/cargo-home/bin/cargo" "+1.75.0" "fetch" "--manifest-path" "Cargo.toml", kill_on_drop: false }`
[INFO] [stderr]  Downloading crates ...
[INFO] [stderr]   Downloaded simple_logger v4.3.3
[INFO] [stderr]   Downloaded fun_time_derive v0.3.3
[INFO] running `Command { std: "docker" "create" "-v" "/var/lib/crater-agent-workspace/builds/worker-0-tc1/target:/opt/rustwide/target:rw,Z" "-v" "/var/lib/crater-agent-workspace/builds/worker-0-tc1/source:/opt/rustwide/workdir:ro,Z" "-v" "/var/lib/crater-agent-workspace/cargo-home:/opt/rustwide/cargo-home:ro,Z" "-v" "/var/lib/crater-agent-workspace/rustup-home:/opt/rustwide/rustup-home:ro,Z" "-e" "SOURCE_DIR=/opt/rustwide/workdir" "-e" "CARGO_TARGET_DIR=/opt/rustwide/target" "-e" "CARGO_HOME=/opt/rustwide/cargo-home" "-e" "RUSTUP_HOME=/opt/rustwide/rustup-home" "-w" "/opt/rustwide/workdir" "-m" "1610612736" "--user" "0:0" "--network" "none" "ghcr.io/rust-lang/crates-build-env/linux@sha256:2788e3201cd34a07e3172128adcd8b3090168a8e3bcc40d7c032b9dda1df7d1c" "/opt/rustwide/cargo-home/bin/cargo" "+1.75.0" "metadata" "--no-deps" "--format-version=1", kill_on_drop: false }`
[INFO] [stdout] bb7b37c70d7c190bb5f518f7940f33cc0a141ac39c1d8b8db50918074c9a553a
[INFO] running `Command { std: "docker" "start" "-a" "bb7b37c70d7c190bb5f518f7940f33cc0a141ac39c1d8b8db50918074c9a553a", kill_on_drop: false }`
[INFO] running `Command { std: "docker" "inspect" "bb7b37c70d7c190bb5f518f7940f33cc0a141ac39c1d8b8db50918074c9a553a", kill_on_drop: false }`
[INFO] running `Command { std: "docker" "rm" "-f" "bb7b37c70d7c190bb5f518f7940f33cc0a141ac39c1d8b8db50918074c9a553a", kill_on_drop: false }`
[INFO] [stdout] bb7b37c70d7c190bb5f518f7940f33cc0a141ac39c1d8b8db50918074c9a553a
[INFO] running `Command { std: "docker" "create" "-v" "/var/lib/crater-agent-workspace/builds/worker-0-tc1/target:/opt/rustwide/target:rw,Z" "-v" "/var/lib/crater-agent-workspace/builds/worker-0-tc1/source:/opt/rustwide/workdir:ro,Z" "-v" "/var/lib/crater-agent-workspace/cargo-home:/opt/rustwide/cargo-home:ro,Z" "-v" "/var/lib/crater-agent-workspace/rustup-home:/opt/rustwide/rustup-home:ro,Z" "-e" "SOURCE_DIR=/opt/rustwide/workdir" "-e" "CARGO_TARGET_DIR=/opt/rustwide/target" "-e" "CARGO_INCREMENTAL=0" "-e" "RUST_BACKTRACE=full" "-e" "RUSTFLAGS=--cap-lints=warn" "-e" "RUSTDOCFLAGS=--cap-lints=warn" "-e" "CARGO_HOME=/opt/rustwide/cargo-home" "-e" "RUSTUP_HOME=/opt/rustwide/rustup-home" "-w" "/opt/rustwide/workdir" "-m" "1610612736" "--user" "0:0" "--network" "none" "ghcr.io/rust-lang/crates-build-env/linux@sha256:2788e3201cd34a07e3172128adcd8b3090168a8e3bcc40d7c032b9dda1df7d1c" "/opt/rustwide/cargo-home/bin/cargo" "+1.75.0" "build" "--frozen" "--message-format=json", kill_on_drop: false }`
[INFO] [stdout] 9a6ca4ee404d4ed209c8532961105f4b0badc1fcec1c10bc28836b1058025410
[INFO] running `Command { std: "docker" "start" "-a" "9a6ca4ee404d4ed209c8532961105f4b0badc1fcec1c10bc28836b1058025410", kill_on_drop: false }`
[INFO] [stderr]    Compiling syn v1.0.109
[INFO] [stderr]    Compiling darling_core v0.14.4
[INFO] [stderr]    Compiling darling_macro v0.14.4
[INFO] [stderr]    Compiling darling v0.14.4
[INFO] [stderr]    Compiling fun_time_derive v0.3.3
[INFO] [stderr]    Compiling fun_time v0.3.3 (/opt/rustwide/workdir)
[INFO] [stderr]     Finished dev [unoptimized + debuginfo] target(s) in 7.37s
[INFO] running `Command { std: "docker" "inspect" "9a6ca4ee404d4ed209c8532961105f4b0badc1fcec1c10bc28836b1058025410", kill_on_drop: false }`
[INFO] running `Command { std: "docker" "rm" "-f" "9a6ca4ee404d4ed209c8532961105f4b0badc1fcec1c10bc28836b1058025410", kill_on_drop: false }`
[INFO] [stdout] 9a6ca4ee404d4ed209c8532961105f4b0badc1fcec1c10bc28836b1058025410
[INFO] running `Command { std: "docker" "create" "-v" "/var/lib/crater-agent-workspace/builds/worker-0-tc1/target:/opt/rustwide/target:rw,Z" "-v" "/var/lib/crater-agent-workspace/builds/worker-0-tc1/source:/opt/rustwide/workdir:ro,Z" "-v" "/var/lib/crater-agent-workspace/cargo-home:/opt/rustwide/cargo-home:ro,Z" "-v" "/var/lib/crater-agent-workspace/rustup-home:/opt/rustwide/rustup-home:ro,Z" "-e" "SOURCE_DIR=/opt/rustwide/workdir" "-e" "CARGO_TARGET_DIR=/opt/rustwide/target" "-e" "CARGO_INCREMENTAL=0" "-e" "RUST_BACKTRACE=full" "-e" "RUSTFLAGS=--cap-lints=warn" "-e" "RUSTDOCFLAGS=--cap-lints=warn" "-e" "CARGO_HOME=/opt/rustwide/cargo-home" "-e" "RUSTUP_HOME=/opt/rustwide/rustup-home" "-w" "/opt/rustwide/workdir" "-m" "1610612736" "--user" "0:0" "--network" "none" "ghcr.io/rust-lang/crates-build-env/linux@sha256:2788e3201cd34a07e3172128adcd8b3090168a8e3bcc40d7c032b9dda1df7d1c" "/opt/rustwide/cargo-home/bin/cargo" "+1.75.0" "test" "--frozen" "--no-run" "--message-format=json", kill_on_drop: false }`
[INFO] [stdout] 2850aecae23f9da12332d333ccec85d252cf3a7b899b89d01ec7253e330040fb
[INFO] running `Command { std: "docker" "start" "-a" "2850aecae23f9da12332d333ccec85d252cf3a7b899b89d01ec7253e330040fb", kill_on_drop: false }`
[INFO] [stderr]    Compiling time-core v0.1.2
[INFO] [stderr]    Compiling libc v0.2.151
[INFO] [stderr]    Compiling powerfmt v0.2.0
[INFO] [stderr]    Compiling num_threads v0.1.6
[INFO] [stderr]    Compiling colored v2.1.0
[INFO] [stderr]    Compiling time-macros v0.2.16
[INFO] [stderr]    Compiling deranged v0.3.11
[INFO] [stderr]    Compiling time v0.3.31
[INFO] [stderr]    Compiling simple_logger v4.3.3
[INFO] [stderr]    Compiling fun_time v0.3.3 (/opt/rustwide/workdir)
[INFO] [stdout] error: Unsupported value for `reporting` attribute: log. Use one of: println, (only with log feature) log
[INFO] [stdout]   --> src/lib.rs:22:65
[INFO] [stdout]    |
[INFO] [stdout] 22 |     #[fun_time(when = "debug", message = "having fun with log", reporting = "log")]
[INFO] [stdout]    |                                                                 ^^^^^^^^^
[INFO] [stdout] 
[INFO] [stdout] 
[INFO] [stdout] error: Unknown field: `level`
[INFO] [stdout]   --> src/lib.rs:42:9
[INFO] [stdout]    |
[INFO] [stdout] 42 |         level = "debug",
[INFO] [stdout]    |         ^^^^^
[INFO] [stdout] 
[INFO] [stdout] 
[INFO] [stdout] error: Unsupported value for `reporting` attribute: log. Use one of: println, (only with log feature) log
[INFO] [stdout]   --> src/lib.rs:43:9
[INFO] [stdout]    |
[INFO] [stdout] 43 |         reporting = "log"
[INFO] [stdout]    |         ^^^^^^^^^
[INFO] [stdout] 
[INFO] [stdout] 
[INFO] [stdout] error[E0425]: cannot find function `have_fun` in this scope
[INFO] [stdout]   --> src/lib.rs:58:9
[INFO] [stdout]    |
[INFO] [stdout] 58 |         have_fun("Alice".to_string(), "Bob".to_string());
[INFO] [stdout]    |         ^^^^^^^^ not found in this scope
[INFO] [stdout] 
[INFO] [stdout] 
[INFO] [stdout] error[E0425]: cannot find function `have_fun_with_parameters` in this scope
[INFO] [stdout]   --> src/lib.rs:65:9
[INFO] [stdout]    |
[INFO] [stdout] 65 |         have_fun_with_parameters(
[INFO] [stdout]    |         ^^^^^^^^^^^^^^^^^^^^^^^^ not found in this scope
[INFO] [stdout] 
[INFO] [stdout] 
[INFO] [stdout] error: aborting due to 5 previous errors
[INFO] [stdout] 
[INFO] [stdout] 
[INFO] [stdout] For more information about this error, try `rustc --explain E0425`.
[INFO] [stdout] 
[INFO] [stderr] error: could not compile `fun_time` (lib test) due to 6 previous errors
[INFO] running `Command { std: "docker" "inspect" "2850aecae23f9da12332d333ccec85d252cf3a7b899b89d01ec7253e330040fb", kill_on_drop: false }`
[INFO] running `Command { std: "docker" "rm" "-f" "2850aecae23f9da12332d333ccec85d252cf3a7b899b89d01ec7253e330040fb", kill_on_drop: false }`
[INFO] [stdout] 2850aecae23f9da12332d333ccec85d252cf3a7b899b89d01ec7253e330040fb
[INFO] testing fun_time-0.3.3 against beta-2023-12-22 for beta-1.76-1
[INFO] extracting crate fun_time 0.3.3 into /workspace/builds/worker-0-tc2/source
[INFO] validating manifest of crates.io crate fun_time 0.3.3 on toolchain beta-2023-12-22
[INFO] running `Command { std: CARGO_HOME="/workspace/cargo-home" RUSTUP_HOME="/workspace/rustup-home" "/workspace/cargo-home/bin/cargo" "+beta-2023-12-22" "metadata" "--manifest-path" "Cargo.toml" "--no-deps", kill_on_drop: false }`
[INFO] started tweaking crates.io crate fun_time 0.3.3
[INFO] finished tweaking crates.io crate fun_time 0.3.3
[INFO] tweaked toml for crates.io crate fun_time 0.3.3 written to /workspace/builds/worker-0-tc2/source/Cargo.toml
[INFO] running `Command { std: CARGO_HOME="/workspace/cargo-home" RUSTUP_HOME="/workspace/rustup-home" "/workspace/cargo-home/bin/cargo" "+beta-2023-12-22" "generate-lockfile" "--manifest-path" "Cargo.toml", kill_on_drop: false }`
[INFO] [stderr]     Updating crates.io index
[INFO] running `Command { std: CARGO_HOME="/workspace/cargo-home" RUSTUP_HOME="/workspace/rustup-home" "/workspace/cargo-home/bin/cargo" "+beta-2023-12-22" "fetch" "--manifest-path" "Cargo.toml", kill_on_drop: false }`
[INFO] running `Command { std: "docker" "create" "-v" "/var/lib/crater-agent-workspace/builds/worker-0-tc2/target:/opt/rustwide/target:rw,Z" "-v" "/var/lib/crater-agent-workspace/builds/worker-0-tc2/source:/opt/rustwide/workdir:ro,Z" "-v" "/var/lib/crater-agent-workspace/cargo-home:/opt/rustwide/cargo-home:ro,Z" "-v" "/var/lib/crater-agent-workspace/rustup-home:/opt/rustwide/rustup-home:ro,Z" "-e" "SOURCE_DIR=/opt/rustwide/workdir" "-e" "CARGO_TARGET_DIR=/opt/rustwide/target" "-e" "CARGO_HOME=/opt/rustwide/cargo-home" "-e" "RUSTUP_HOME=/opt/rustwide/rustup-home" "-w" "/opt/rustwide/workdir" "-m" "1610612736" "--user" "0:0" "--network" "none" "ghcr.io/rust-lang/crates-build-env/linux@sha256:2788e3201cd34a07e3172128adcd8b3090168a8e3bcc40d7c032b9dda1df7d1c" "/opt/rustwide/cargo-home/bin/cargo" "+beta-2023-12-22" "metadata" "--no-deps" "--format-version=1", kill_on_drop: false }`
[INFO] [stdout] f0386b245b4880ae9be60ad3535e015009eabe9cba08ebc46c1041cea108d643
[INFO] running `Command { std: "docker" "start" "-a" "f0386b245b4880ae9be60ad3535e015009eabe9cba08ebc46c1041cea108d643", kill_on_drop: false }`
[INFO] running `Command { std: "docker" "inspect" "f0386b245b4880ae9be60ad3535e015009eabe9cba08ebc46c1041cea108d643", kill_on_drop: false }`
[INFO] running `Command { std: "docker" "rm" "-f" "f0386b245b4880ae9be60ad3535e015009eabe9cba08ebc46c1041cea108d643", kill_on_drop: false }`
[INFO] [stdout] f0386b245b4880ae9be60ad3535e015009eabe9cba08ebc46c1041cea108d643
[INFO] running `Command { std: "docker" "create" "-v" "/var/lib/crater-agent-workspace/builds/worker-0-tc2/target:/opt/rustwide/target:rw,Z" "-v" "/var/lib/crater-agent-workspace/builds/worker-0-tc2/source:/opt/rustwide/workdir:ro,Z" "-v" "/var/lib/crater-agent-workspace/cargo-home:/opt/rustwide/cargo-home:ro,Z" "-v" "/var/lib/crater-agent-workspace/rustup-home:/opt/rustwide/rustup-home:ro,Z" "-e" "SOURCE_DIR=/opt/rustwide/workdir" "-e" "CARGO_TARGET_DIR=/opt/rustwide/target" "-e" "CARGO_INCREMENTAL=0" "-e" "RUST_BACKTRACE=full" "-e" "RUSTFLAGS=--cap-lints=warn" "-e" "RUSTDOCFLAGS=--cap-lints=warn" "-e" "CARGO_HOME=/opt/rustwide/cargo-home" "-e" "RUSTUP_HOME=/opt/rustwide/rustup-home" "-w" "/opt/rustwide/workdir" "-m" "1610612736" "--user" "0:0" "--network" "none" "ghcr.io/rust-lang/crates-build-env/linux@sha256:2788e3201cd34a07e3172128adcd8b3090168a8e3bcc40d7c032b9dda1df7d1c" "/opt/rustwide/cargo-home/bin/cargo" "+beta-2023-12-22" "build" "--frozen" "--message-format=json", kill_on_drop: false }`
[INFO] [stdout] 79c344ba97bbe071b3222690aa72b48ee04fe02527a760ca1f481c6f302f8b65
[INFO] running `Command { std: "docker" "start" "-a" "79c344ba97bbe071b3222690aa72b48ee04fe02527a760ca1f481c6f302f8b65", kill_on_drop: false }`
[INFO] [stderr]    Compiling syn v1.0.109
[INFO] [stderr]    Compiling darling_core v0.14.4
[INFO] [stderr]    Compiling darling_macro v0.14.4
[INFO] [stderr]    Compiling darling v0.14.4
[INFO] [stderr]    Compiling fun_time_derive v0.3.3
[INFO] [stderr]    Compiling fun_time v0.3.3 (/opt/rustwide/workdir)
[INFO] [stderr]     Finished dev [unoptimized + debuginfo] target(s) in 8.03s
[INFO] running `Command { std: "docker" "inspect" "79c344ba97bbe071b3222690aa72b48ee04fe02527a760ca1f481c6f302f8b65", kill_on_drop: false }`
[INFO] running `Command { std: "docker" "rm" "-f" "79c344ba97bbe071b3222690aa72b48ee04fe02527a760ca1f481c6f302f8b65", kill_on_drop: false }`
[INFO] [stdout] 79c344ba97bbe071b3222690aa72b48ee04fe02527a760ca1f481c6f302f8b65
[INFO] running `Command { std: "docker" "create" "-v" "/var/lib/crater-agent-workspace/builds/worker-0-tc2/target:/opt/rustwide/target:rw,Z" "-v" "/var/lib/crater-agent-workspace/builds/worker-0-tc2/source:/opt/rustwide/workdir:ro,Z" "-v" "/var/lib/crater-agent-workspace/cargo-home:/opt/rustwide/cargo-home:ro,Z" "-v" "/var/lib/crater-agent-workspace/rustup-home:/opt/rustwide/rustup-home:ro,Z" "-e" "SOURCE_DIR=/opt/rustwide/workdir" "-e" "CARGO_TARGET_DIR=/opt/rustwide/target" "-e" "CARGO_INCREMENTAL=0" "-e" "RUST_BACKTRACE=full" "-e" "RUSTFLAGS=--cap-lints=warn" "-e" "RUSTDOCFLAGS=--cap-lints=warn" "-e" "CARGO_HOME=/opt/rustwide/cargo-home" "-e" "RUSTUP_HOME=/opt/rustwide/rustup-home" "-w" "/opt/rustwide/workdir" "-m" "1610612736" "--user" "0:0" "--network" "none" "ghcr.io/rust-lang/crates-build-env/linux@sha256:2788e3201cd34a07e3172128adcd8b3090168a8e3bcc40d7c032b9dda1df7d1c" "/opt/rustwide/cargo-home/bin/cargo" "+beta-2023-12-22" "test" "--frozen" "--no-run" "--message-format=json", kill_on_drop: false }`
[INFO] [stdout] 95b3650fe030dadb8ec5304f7dbbb765580a5d8c3f95a0c93070309e9fd4cacc
[INFO] running `Command { std: "docker" "start" "-a" "95b3650fe030dadb8ec5304f7dbbb765580a5d8c3f95a0c93070309e9fd4cacc", kill_on_drop: false }`
[INFO] [stderr]    Compiling libc v0.2.151
[INFO] [stderr]    Compiling time-core v0.1.2
[INFO] [stderr]    Compiling powerfmt v0.2.0
[INFO] [stderr]    Compiling num_threads v0.1.6
[INFO] [stderr]    Compiling colored v2.1.0
[INFO] [stderr]    Compiling time-macros v0.2.16
[INFO] [stderr]    Compiling deranged v0.3.11
[INFO] [stderr]    Compiling time v0.3.31
[INFO] [stderr]    Compiling simple_logger v4.3.3
[INFO] [stderr]    Compiling fun_time v0.3.3 (/opt/rustwide/workdir)
[INFO] [stdout] error: Unsupported value for `reporting` attribute: log. Use one of: println, (only with log feature) log
[INFO] [stdout]   --> src/lib.rs:22:65
[INFO] [stdout]    |
[INFO] [stdout] 22 |     #[fun_time(when = "debug", message = "having fun with log", reporting = "log")]
[INFO] [stdout]    |                                                                 ^^^^^^^^^
[INFO] [stdout] 
[INFO] [stdout] 
[INFO] [stdout] error: Unknown field: `level`
[INFO] [stdout]   --> src/lib.rs:42:9
[INFO] [stdout]    |
[INFO] [stdout] 42 |         level = "debug",
[INFO] [stdout]    |         ^^^^^
[INFO] [stdout] 
[INFO] [stdout] 
[INFO] [stdout] error: Unsupported value for `reporting` attribute: log. Use one of: println, (only with log feature) log
[INFO] [stdout]   --> src/lib.rs:43:9
[INFO] [stdout]    |
[INFO] [stdout] 43 |         reporting = "log"
[INFO] [stdout]    |         ^^^^^^^^^
[INFO] [stdout] 
[INFO] [stdout] 
[INFO] [stdout] error[E0425]: cannot find function `have_fun` in this scope
[INFO] [stdout]   --> src/lib.rs:58:9
[INFO] [stdout]    |
[INFO] [stdout] 58 |         have_fun("Alice".to_string(), "Bob".to_string());
[INFO] [stdout]    |         ^^^^^^^^ not found in this scope
[INFO] [stdout] 
[INFO] [stdout] 
[INFO] [stdout] error[E0425]: cannot find function `have_fun_with_parameters` in this scope
[INFO] [stdout]   --> src/lib.rs:65:9
[INFO] [stdout]    |
[INFO] [stdout] 65 |         have_fun_with_parameters(
[INFO] [stdout]    |         ^^^^^^^^^^^^^^^^^^^^^^^^ not found in this scope
[INFO] [stdout] 
[INFO] [stdout] 
[INFO] [stdout] error: aborting due to 5 previous errors
[INFO] [stdout] 
[INFO] [stdout] 
[INFO] [stdout] For more information about this error, try `rustc --explain E0425`.
[INFO] [stdout] 
[INFO] [stderr] error: could not compile `fun_time` (lib test) due to 6 previous errors
[INFO] running `Command { std: "docker" "inspect" "95b3650fe030dadb8ec5304f7dbbb765580a5d8c3f95a0c93070309e9fd4cacc", kill_on_drop: false }`
[INFO] running `Command { std: "docker" "rm" "-f" "95b3650fe030dadb8ec5304f7dbbb765580a5d8c3f95a0c93070309e9fd4cacc", kill_on_drop: false }`
[INFO] [stdout] 95b3650fe030dadb8ec5304f7dbbb765580a5d8c3f95a0c93070309e9fd4cacc
