[INFO] fetching crate fui_examples 0.12.0...
[INFO] testing fui_examples-0.12.0 against 1.75.0 for beta-1.76-1
[INFO] extracting crate fui_examples 0.12.0 into /workspace/builds/worker-2-tc1/source
[INFO] validating manifest of crates.io crate fui_examples 0.12.0 on toolchain 1.75.0
[INFO] running `Command { std: CARGO_HOME="/workspace/cargo-home" RUSTUP_HOME="/workspace/rustup-home" "/workspace/cargo-home/bin/cargo" "+1.75.0" "metadata" "--manifest-path" "Cargo.toml" "--no-deps", kill_on_drop: false }`
[INFO] started tweaking crates.io crate fui_examples 0.12.0
[INFO] finished tweaking crates.io crate fui_examples 0.12.0
[INFO] tweaked toml for crates.io crate fui_examples 0.12.0 written to /workspace/builds/worker-2-tc1/source/Cargo.toml
[INFO] crate crates.io crate fui_examples 0.12.0 already has a lockfile, it will not be regenerated
[INFO] running `Command { std: CARGO_HOME="/workspace/cargo-home" RUSTUP_HOME="/workspace/rustup-home" "/workspace/cargo-home/bin/cargo" "+1.75.0" "fetch" "--manifest-path" "Cargo.toml", kill_on_drop: false }`
[INFO] [stderr]     Updating crates.io index
[INFO] [stderr]     Blocking waiting for file lock on package cache
[INFO] [stderr]  Downloading crates ...
[INFO] [stderr]   Downloaded glutin v0.28.0
[INFO] [stderr]   Downloaded pretty-hex v0.3.0
[INFO] [stderr]   Downloaded wayland-egl v0.29.4
[INFO] [stderr]   Downloaded cpufeatures v0.2.4
[INFO] [stderr]   Downloaded muldiv v1.0.0
[INFO] [stderr]   Downloaded cpu-time v1.0.0
[INFO] [stderr]   Downloaded rust-embed-impl v6.2.0
[INFO] [stderr]   Downloaded clamped v1.0.0
[INFO] [stderr]   Downloaded rust-embed-utils v7.2.0
[INFO] [stderr]   Downloaded gobject-sys v0.15.10
[INFO] [stderr]   Downloaded media_gstreamer v0.2.0
[INFO] [stderr]   Downloaded fui_controls_media v0.12.0
[INFO] [stderr]   Downloaded wayland-sys v0.29.4
[INFO] [stderr]   Downloaded glib-macros v0.15.11
[INFO] [stderr]   Downloaded gstreamer-app v0.18.7
[INFO] [stderr]   Downloaded wayland-client v0.29.4
[INFO] [stderr]   Downloaded smithay-client-toolkit v0.15.4
[INFO] [stderr]   Downloaded rust-embed v6.4.0
[INFO] [stderr]   Downloaded cbindgen v0.20.0
[INFO] [stderr]   Downloaded freetype-sys v0.15.0
[INFO] [stderr]   Downloaded wayland-protocols v0.29.4
[INFO] [stderr]   Downloaded glib v0.15.12
[INFO] [stderr]   Downloaded gstreamer v0.18.8
[INFO] [stderr]   Downloaded fui_system v0.11.0
[INFO] [stderr]   Downloaded freetype-rs v0.29.1
[INFO] [stderr]   Downloaded gstreamer-video v0.18.7
[INFO] [stderr]   Downloaded gstreamer-base v0.18.0
[INFO] [stderr]   Downloaded glib-sys v0.15.10
[INFO] [stderr]   Downloaded gstreamer-sys v0.18.0
[INFO] [stderr]   Downloaded gstreamer-gl v0.18.0
[INFO] [stderr]   Downloaded time v0.3.14
[INFO] [stderr]   Downloaded gstreamer-gl-sys v0.18.0
[INFO] [stderr]   Downloaded futures-signals v0.3.30
[INFO] [stderr]   Downloaded fui_core v0.12.0
[INFO] [stderr]   Downloaded memmap2 v0.3.1
[INFO] [stderr]   Downloaded fui_app v0.12.0
[INFO] [stderr]   Downloaded gstreamer-video-sys v0.18.3
[INFO] [stderr]   Downloaded fui_controls v0.12.0
[INFO] [stderr]   Downloaded cfg-expr v0.10.3
[INFO] [stderr]   Downloaded calloop v0.9.3
[INFO] [stderr]   Downloaded drawing v0.3.3
[INFO] [stderr]   Downloaded gstreamer-gl-x11-sys v0.18.0
[INFO] [stderr]   Downloaded wayland-commons v0.29.4
[INFO] [stderr]   Downloaded fui_system_core v0.11.0
[INFO] [stderr]   Downloaded typed-builder v0.10.0
[INFO] [stderr]   Downloaded option-operations v0.4.1
[INFO] [stderr]   Downloaded gstreamer-base-sys v0.18.0
[INFO] [stderr]   Downloaded wayland-scanner v0.29.4
[INFO] [stderr]   Downloaded gstreamer-app-sys v0.18.0
[INFO] [stderr]   Downloaded drawing_gl v0.3.0
[INFO] [stderr]   Downloaded paste v1.0.8
[INFO] [stderr]   Downloaded wayland-cursor v0.29.4
[INFO] [stderr]   Downloaded system-deps v6.0.2
[INFO] [stderr]   Downloaded version-compare v0.1.0
[INFO] [stderr]   Downloaded fui_macros v0.3.0
[INFO] running `Command { std: "docker" "create" "-v" "/var/lib/crater-agent-workspace/builds/worker-2-tc1/target:/opt/rustwide/target:rw,Z" "-v" "/var/lib/crater-agent-workspace/builds/worker-2-tc1/source:/opt/rustwide/workdir:ro,Z" "-v" "/var/lib/crater-agent-workspace/cargo-home:/opt/rustwide/cargo-home:ro,Z" "-v" "/var/lib/crater-agent-workspace/rustup-home:/opt/rustwide/rustup-home:ro,Z" "-e" "SOURCE_DIR=/opt/rustwide/workdir" "-e" "CARGO_TARGET_DIR=/opt/rustwide/target" "-e" "CARGO_HOME=/opt/rustwide/cargo-home" "-e" "RUSTUP_HOME=/opt/rustwide/rustup-home" "-w" "/opt/rustwide/workdir" "-m" "1610612736" "--user" "0:0" "--network" "none" "ghcr.io/rust-lang/crates-build-env/linux@sha256:2788e3201cd34a07e3172128adcd8b3090168a8e3bcc40d7c032b9dda1df7d1c" "/opt/rustwide/cargo-home/bin/cargo" "+1.75.0" "metadata" "--no-deps" "--format-version=1", kill_on_drop: false }`
[INFO] [stdout] 0f8a5a2258516365ade30673518fb818ddd18e3c3b7a434b14e263d719be13a8
[INFO] running `Command { std: "docker" "start" "-a" "0f8a5a2258516365ade30673518fb818ddd18e3c3b7a434b14e263d719be13a8", kill_on_drop: false }`
[INFO] running `Command { std: "docker" "inspect" "0f8a5a2258516365ade30673518fb818ddd18e3c3b7a434b14e263d719be13a8", kill_on_drop: false }`
[INFO] running `Command { std: "docker" "rm" "-f" "0f8a5a2258516365ade30673518fb818ddd18e3c3b7a434b14e263d719be13a8", kill_on_drop: false }`
[INFO] [stdout] 0f8a5a2258516365ade30673518fb818ddd18e3c3b7a434b14e263d719be13a8
[INFO] running `Command { std: "docker" "create" "-v" "/var/lib/crater-agent-workspace/builds/worker-2-tc1/target:/opt/rustwide/target:rw,Z" "-v" "/var/lib/crater-agent-workspace/builds/worker-2-tc1/source:/opt/rustwide/workdir:ro,Z" "-v" "/var/lib/crater-agent-workspace/cargo-home:/opt/rustwide/cargo-home:ro,Z" "-v" "/var/lib/crater-agent-workspace/rustup-home:/opt/rustwide/rustup-home:ro,Z" "-e" "SOURCE_DIR=/opt/rustwide/workdir" "-e" "CARGO_TARGET_DIR=/opt/rustwide/target" "-e" "CARGO_INCREMENTAL=0" "-e" "RUST_BACKTRACE=full" "-e" "RUSTFLAGS=--cap-lints=warn" "-e" "RUSTDOCFLAGS=--cap-lints=warn" "-e" "CARGO_HOME=/opt/rustwide/cargo-home" "-e" "RUSTUP_HOME=/opt/rustwide/rustup-home" "-w" "/opt/rustwide/workdir" "-m" "1610612736" "--user" "0:0" "--network" "none" "ghcr.io/rust-lang/crates-build-env/linux@sha256:2788e3201cd34a07e3172128adcd8b3090168a8e3bcc40d7c032b9dda1df7d1c" "/opt/rustwide/cargo-home/bin/cargo" "+1.75.0" "build" "--frozen" "--message-format=json", kill_on_drop: false }`
[INFO] [stdout] 24abe1b072a607dfac5786b3e3a88e52d54a4afb4ffad6eea103333de9d31cc6
[INFO] running `Command { std: "docker" "start" "-a" "24abe1b072a607dfac5786b3e3a88e52d54a4afb4ffad6eea103333de9d31cc6", kill_on_drop: false }`
[INFO] [stderr]    Compiling libc v0.2.132
[INFO] [stderr]    Compiling proc-macro2 v1.0.43
[INFO] [stderr]    Compiling quote v1.0.21
[INFO] [stderr]    Compiling unicode-ident v1.0.3
[INFO] [stderr]    Compiling syn v1.0.99
[INFO] [stderr]    Compiling log v0.4.17
[INFO] [stderr]    Compiling serde_derive v1.0.144
[INFO] [stderr]    Compiling serde v1.0.144
[INFO] [stderr]    Compiling version_check v0.9.4
[INFO] [stderr]    Compiling cc v1.0.73
[INFO] [stderr]    Compiling typenum v1.15.0
[INFO] [stderr]    Compiling pkg-config v0.3.25
[INFO] [stderr]    Compiling num-traits v0.2.15
[INFO] [stderr]    Compiling khronos_api v3.1.0
[INFO] [stderr]    Compiling clang-sys v1.3.3
[INFO] [stderr]    Compiling unicode-width v0.1.9
[INFO] [stderr]    Compiling futures-core v0.3.23
[INFO] [stderr]    Compiling textwrap v0.11.0
[INFO] [stderr]    Compiling aho-corasick v0.7.18
[INFO] [stderr]    Compiling slab v0.4.7
[INFO] [stderr]    Compiling indexmap v1.9.1
[INFO] [stderr]    Compiling lock_api v0.4.7
[INFO] [stderr]    Compiling serde_json v1.0.85
[INFO] [stderr]    Compiling regex-syntax v0.6.27
[INFO] [stderr]    Compiling generic-array v0.14.6
[INFO] [stderr]    Compiling minimal-lexical v0.2.1
[INFO] [stderr]    Compiling cmake v0.1.48
[INFO] [stderr]    Compiling anyhow v1.0.62
[INFO] [stderr]    Compiling parking_lot_core v0.9.3
[INFO] [stderr]    Compiling ansi_term v0.12.1
[INFO] [stderr]    Compiling futures-task v0.3.23
[INFO] [stderr]    Compiling nom v7.1.1
[INFO] [stderr]    Compiling libloading v0.7.3
[INFO] [stderr]    Compiling bindgen v0.59.2
[INFO] [stderr]    Compiling either v1.8.0
[INFO] [stderr]    Compiling fastrand v1.8.0
[INFO] [stderr]    Compiling cbindgen v0.20.0
[INFO] [stderr]    Compiling unicode-segmentation v1.9.0
[INFO] [stderr]    Compiling futures-channel v0.3.23
[INFO] [stderr]    Compiling hashbrown v0.12.3
[INFO] [stderr]    Compiling atty v0.2.14
[INFO] [stderr]    Compiling ryu v1.0.11
[INFO] [stderr]    Compiling termcolor v1.1.3
[INFO] [stderr]    Compiling freetype-sys v0.15.0
[INFO] [stderr]    Compiling clap v2.34.0
[INFO] [stderr]    Compiling itoa v1.0.3
[INFO] [stderr]    Compiling smallvec v1.9.0
[INFO] [stderr]    Compiling pin-project-lite v0.2.9
[INFO] [stderr]    Compiling xml-rs v0.8.4
[INFO] [stderr]    Compiling humantime v2.1.0
[INFO] [stderr]    Compiling remove_dir_all v0.5.3
[INFO] [stderr]    Compiling futures-util v0.3.23
[INFO] [stderr]    Compiling euclid v0.22.7
[INFO] [stderr]    Compiling tempfile v3.3.0
[INFO] [stderr]    Compiling block-buffer v0.9.0
[INFO] [stderr]    Compiling digest v0.9.0
[INFO] [stderr]    Compiling heck v0.3.3
[INFO] [stderr]    Compiling which v4.2.5
[INFO] [stderr]    Compiling freetype-rs v0.29.1
[INFO] [stderr]    Compiling tokio v1.20.1
[INFO] [stderr]    Compiling shlex v1.1.0
[INFO] [stderr]    Compiling regex v1.6.0
[INFO] [stderr]    Compiling gl_generator v0.14.0
[INFO] [stderr]    Compiling traitobject v0.1.0
[INFO] [stderr]    Compiling cpufeatures v0.2.4
[INFO] [stderr]    Compiling clamped v1.0.0
[INFO] [stderr]    Compiling opaque-debug v0.3.0
[INFO] [stderr]    Compiling rawpointer v0.2.1
[INFO] [stderr]    Compiling sha2 v0.9.9
[INFO] [stderr]    Compiling unsafe-any v0.4.2
[INFO] [stderr]    Compiling parking_lot v0.12.1
[INFO] [stderr]    Compiling walkdir v2.3.2
[INFO] [stderr]    Compiling socket2 v0.4.4
[INFO] [stderr]    Compiling num_cpus v1.13.1
[INFO] [stderr]    Compiling cexpr v0.6.0
[INFO] [stderr]    Compiling mio v0.8.4
[INFO] [stderr]    Compiling signal-hook-registry v1.4.0
[INFO] [stderr]    Compiling getrandom v0.2.7
[INFO] [stderr]    Compiling once_cell v1.13.1
[INFO] [stderr]    Compiling discard v1.0.4
[INFO] [stderr]    Compiling bytes v1.2.1
[INFO] [stderr]    Compiling rust-embed-utils v7.2.0
[INFO] [stderr]    Compiling rand_core v0.6.3
[INFO] [stderr]    Compiling typemap v0.3.3
[INFO] [stderr]    Compiling gl v0.14.0
[INFO] [stderr]    Compiling ppv-lite86 v0.2.16
[INFO] [stderr]    Compiling fui_system_core v0.11.0
[INFO] [stderr]    Compiling shared_library v0.1.9
[INFO] [stderr]    Compiling cpu-time v1.0.0
[INFO] [stderr]    Compiling num_threads v0.1.6
[INFO] [stderr]    Compiling time v0.3.14
[INFO] [stderr]    Compiling env_logger v0.9.0
[INFO] [stderr]    Compiling rand_chacha v0.3.1
[INFO] [stderr]    Compiling rand v0.8.5
[INFO] [stderr]    Compiling thiserror-impl v1.0.32
[INFO] [stderr]    Compiling pin-project-internal v1.0.12
[INFO] [stderr]    Compiling futures-macro v0.3.23
[INFO] [stderr]    Compiling tokio-macros v1.8.0
[INFO] [stderr]    Compiling fui_macros v0.3.0
[INFO] [stderr]    Compiling typed-builder v0.10.0
[INFO] [stderr]    Compiling rust-embed-impl v6.2.0
[INFO] [stderr]    Compiling rust-embed v6.4.0
[INFO] [stderr]    Compiling thiserror v1.0.32
[INFO] [stderr]    Compiling drawing v0.3.3
[INFO] [stderr]    Compiling pin-project v1.0.12
[INFO] [stderr]    Compiling drawing_gl v0.3.0
[INFO] [stderr]    Compiling toml v0.5.9
[INFO] [stderr]    Compiling futures-signals v0.3.30
[INFO] [stderr]    Compiling fui_core v0.12.0
[INFO] [stderr]    Compiling fui_controls v0.12.0
[INFO] [stderr]    Compiling fui_system v0.11.0
[INFO] [stderr] error: failed to run custom build command for `fui_system v0.11.0`
[INFO] [stderr] note: To improve backtraces for build dependencies, set the CARGO_PROFILE_DEV_BUILD_OVERRIDE_DEBUG=true environment variable to enable debug information generation.
[INFO] [stderr] 
[INFO] [stderr] Caused by:
[INFO] [stderr]   process didn't exit successfully: `/opt/rustwide/target/debug/build/fui_system-3669da90f9773ae8/build-script-build` (exit status: 101)
[INFO] [stderr]   --- stdout
[INFO] [stderr]   target: x86_64-unknown-linux-gnu
[INFO] [stderr]   current_dir: /opt/rustwide/cargo-home/registry/src/index.crates.io-6f17d22bba15001f/fui_system-0.11.0
[INFO] [stderr]   out_dir: /opt/rustwide/target/debug/build/fui_system-0c3ae97ecf8ae417/out
[INFO] [stderr]   env: /opt/rustwide/target/debug/build/fui_system-0c3ae97ecf8ae417/out
[INFO] [stderr]   qmake.status: exit status: 0
[INFO] [stderr]   qmake.stdout: Info: creating stash file /opt/rustwide/target/debug/build/fui_system-0c3ae97ecf8ae417/out/.qmake.stash
[INFO] [stderr] 
[INFO] [stderr]   qmake.stderr: 
[INFO] [stderr]   make.status: exit status: 2
[INFO] [stderr]   make.stdout: g++ -c -pipe -O2 -fPIC -Wall -Wextra -D_REENTRANT -DQT_NO_DEBUG -DQT_WIDGETS_LIB -DQT_GUI_LIB -DQT_CORE_LIB -I/opt/rustwide/cargo-home/registry/src/index.crates.io-6f17d22bba15001f/fui_system-0.11.0/src/platform/qt/qt_wrapper/cpp -I. -I/usr/include/x86_64-linux-gnu/qt5 -I/usr/include/x86_64-linux-gnu/qt5/QtWidgets -I/usr/include/x86_64-linux-gnu/qt5/QtGui -I/usr/include/x86_64-linux-gnu/qt5/QtCore -I. -I/usr/lib/x86_64-linux-gnu/qt5/mkspecs/linux-g++ -o qaction.o /opt/rustwide/cargo-home/registry/src/index.crates.io-6f17d22bba15001f/fui_system-0.11.0/src/platform/qt/qt_wrapper/cpp/qaction.cpp
[INFO] [stderr]   g++ -c -pipe -O2 -fPIC -Wall -Wextra -D_REENTRANT -DQT_NO_DEBUG -DQT_WIDGETS_LIB -DQT_GUI_LIB -DQT_CORE_LIB -I/opt/rustwide/cargo-home/registry/src/index.crates.io-6f17d22bba15001f/fui_system-0.11.0/src/platform/qt/qt_wrapper/cpp -I. -I/usr/include/x86_64-linux-gnu/qt5 -I/usr/include/x86_64-linux-gnu/qt5/QtWidgets -I/usr/include/x86_64-linux-gnu/qt5/QtGui -I/usr/include/x86_64-linux-gnu/qt5/QtCore -I. -I/usr/lib/x86_64-linux-gnu/qt5/mkspecs/linux-g++ -o qapplication.o /opt/rustwide/cargo-home/registry/src/index.crates.io-6f17d22bba15001f/fui_system-0.11.0/src/platform/qt/qt_wrapper/cpp/qapplication.cpp
[INFO] [stderr]   g++ -c -pipe -O2 -fPIC -Wall -Wextra -D_REENTRANT -DQT_NO_DEBUG -DQT_WIDGETS_LIB -DQT_GUI_LIB -DQT_CORE_LIB -I/opt/rustwide/cargo-home/registry/src/index.crates.io-6f17d22bba15001f/fui_system-0.11.0/src/platform/qt/qt_wrapper/cpp -I. -I/usr/include/x86_64-linux-gnu/qt5 -I/usr/include/x86_64-linux-gnu/qt5/QtWidgets -I/usr/include/x86_64-linux-gnu/qt5/QtGui -I/usr/include/x86_64-linux-gnu/qt5/QtCore -I. -I/usr/lib/x86_64-linux-gnu/qt5/mkspecs/linux-g++ -o qbytearray.o /opt/rustwide/cargo-home/registry/src/index.crates.io-6f17d22bba15001f/fui_system-0.11.0/src/platform/qt/qt_wrapper/cpp/qbytearray.cpp
[INFO] [stderr]   g++ -c -pipe -O2 -fPIC -Wall -Wextra -D_REENTRANT -DQT_NO_DEBUG -DQT_WIDGETS_LIB -DQT_GUI_LIB -DQT_CORE_LIB -I/opt/rustwide/cargo-home/registry/src/index.crates.io-6f17d22bba15001f/fui_system-0.11.0/src/platform/qt/qt_wrapper/cpp -I. -I/usr/include/x86_64-linux-gnu/qt5 -I/usr/include/x86_64-linux-gnu/qt5/QtWidgets -I/usr/include/x86_64-linux-gnu/qt5/QtGui -I/usr/include/x86_64-linux-gnu/qt5/QtCore -I. -I/usr/lib/x86_64-linux-gnu/qt5/mkspecs/linux-g++ -o qfiledialog.o /opt/rustwide/cargo-home/registry/src/index.crates.io-6f17d22bba15001f/fui_system-0.11.0/src/platform/qt/qt_wrapper/cpp/qfiledialog.cpp
[INFO] [stderr]   g++ -c -pipe -O2 -fPIC -Wall -Wextra -D_REENTRANT -DQT_NO_DEBUG -DQT_WIDGETS_LIB -DQT_GUI_LIB -DQT_CORE_LIB -I/opt/rustwide/cargo-home/registry/src/index.crates.io-6f17d22bba15001f/fui_system-0.11.0/src/platform/qt/qt_wrapper/cpp -I. -I/usr/include/x86_64-linux-gnu/qt5 -I/usr/include/x86_64-linux-gnu/qt5/QtWidgets -I/usr/include/x86_64-linux-gnu/qt5/QtGui -I/usr/include/x86_64-linux-gnu/qt5/QtCore -I. -I/usr/lib/x86_64-linux-gnu/qt5/mkspecs/linux-g++ -o qicon.o /opt/rustwide/cargo-home/registry/src/index.crates.io-6f17d22bba15001f/fui_system-0.11.0/src/platform/qt/qt_wrapper/cpp/qicon.cpp
[INFO] [stderr]   g++ -c -pipe -O2 -fPIC -Wall -Wextra -D_REENTRANT -DQT_NO_DEBUG -DQT_WIDGETS_LIB -DQT_GUI_LIB -DQT_CORE_LIB -I/opt/rustwide/cargo-home/registry/src/index.crates.io-6f17d22bba15001f/fui_system-0.11.0/src/platform/qt/qt_wrapper/cpp -I. -I/usr/include/x86_64-linux-gnu/qt5 -I/usr/include/x86_64-linux-gnu/qt5/QtWidgets -I/usr/include/x86_64-linux-gnu/qt5/QtGui -I/usr/include/x86_64-linux-gnu/qt5/QtCore -I. -I/usr/lib/x86_64-linux-gnu/qt5/mkspecs/linux-g++ -o qmenu.o /opt/rustwide/cargo-home/registry/src/index.crates.io-6f17d22bba15001f/fui_system-0.11.0/src/platform/qt/qt_wrapper/cpp/qmenu.cpp
[INFO] [stderr]   g++ -c -pipe -O2 -fPIC -Wall -Wextra -D_REENTRANT -DQT_NO_DEBUG -DQT_WIDGETS_LIB -DQT_GUI_LIB -DQT_CORE_LIB -I/opt/rustwide/cargo-home/registry/src/index.crates.io-6f17d22bba15001f/fui_system-0.11.0/src/platform/qt/qt_wrapper/cpp -I. -I/usr/include/x86_64-linux-gnu/qt5 -I/usr/include/x86_64-linux-gnu/qt5/QtWidgets -I/usr/include/x86_64-linux-gnu/qt5/QtGui -I/usr/include/x86_64-linux-gnu/qt5/QtCore -I. -I/usr/lib/x86_64-linux-gnu/qt5/mkspecs/linux-g++ -o qopenglcontext.o /opt/rustwide/cargo-home/registry/src/index.crates.io-6f17d22bba15001f/fui_system-0.11.0/src/platform/qt/qt_wrapper/cpp/qopenglcontext.cpp
[INFO] [stderr]   g++ -c -pipe -O2 -fPIC -Wall -Wextra -D_REENTRANT -DQT_NO_DEBUG -DQT_WIDGETS_LIB -DQT_GUI_LIB -DQT_CORE_LIB -I/opt/rustwide/cargo-home/registry/src/index.crates.io-6f17d22bba15001f/fui_system-0.11.0/src/platform/qt/qt_wrapper/cpp -I. -I/usr/include/x86_64-linux-gnu/qt5 -I/usr/include/x86_64-linux-gnu/qt5/QtWidgets -I/usr/include/x86_64-linux-gnu/qt5/QtGui -I/usr/include/x86_64-linux-gnu/qt5/QtCore -I. -I/usr/lib/x86_64-linux-gnu/qt5/mkspecs/linux-g++ -o qpixmap.o /opt/rustwide/cargo-home/registry/src/index.crates.io-6f17d22bba15001f/fui_system-0.11.0/src/platform/qt/qt_wrapper/cpp/qpixmap.cpp
[INFO] [stderr]   g++ -c -pipe -O2 -fPIC -Wall -Wextra -D_REENTRANT -DQT_NO_DEBUG -DQT_WIDGETS_LIB -DQT_GUI_LIB -DQT_CORE_LIB -I/opt/rustwide/cargo-home/registry/src/index.crates.io-6f17d22bba15001f/fui_system-0.11.0/src/platform/qt/qt_wrapper/cpp -I. -I/usr/include/x86_64-linux-gnu/qt5 -I/usr/include/x86_64-linux-gnu/qt5/QtWidgets -I/usr/include/x86_64-linux-gnu/qt5/QtGui -I/usr/include/x86_64-linux-gnu/qt5/QtCore -I. -I/usr/lib/x86_64-linux-gnu/qt5/mkspecs/linux-g++ -o qslot.o /opt/rustwide/cargo-home/registry/src/index.crates.io-6f17d22bba15001f/fui_system-0.11.0/src/platform/qt/qt_wrapper/cpp/qslot.cpp
[INFO] [stderr]   g++ -c -pipe -O2 -fPIC -Wall -Wextra -D_REENTRANT -DQT_NO_DEBUG -DQT_WIDGETS_LIB -DQT_GUI_LIB -DQT_CORE_LIB -I/opt/rustwide/cargo-home/registry/src/index.crates.io-6f17d22bba15001f/fui_system-0.11.0/src/platform/qt/qt_wrapper/cpp -I. -I/usr/include/x86_64-linux-gnu/qt5 -I/usr/include/x86_64-linux-gnu/qt5/QtWidgets -I/usr/include/x86_64-linux-gnu/qt5/QtGui -I/usr/include/x86_64-linux-gnu/qt5/QtCore -I. -I/usr/lib/x86_64-linux-gnu/qt5/mkspecs/linux-g++ -o qslot_cpp.o /opt/rustwide/cargo-home/registry/src/index.crates.io-6f17d22bba15001f/fui_system-0.11.0/src/platform/qt/qt_wrapper/cpp/qslot_cpp.cpp
[INFO] [stderr]   g++ -c -pipe -O2 -fPIC -Wall -Wextra -D_REENTRANT -DQT_NO_DEBUG -DQT_WIDGETS_LIB -DQT_GUI_LIB -DQT_CORE_LIB -I/opt/rustwide/cargo-home/registry/src/index.crates.io-6f17d22bba15001f/fui_system-0.11.0/src/platform/qt/qt_wrapper/cpp -I. -I/usr/include/x86_64-linux-gnu/qt5 -I/usr/include/x86_64-linux-gnu/qt5/QtWidgets -I/usr/include/x86_64-linux-gnu/qt5/QtGui -I/usr/include/x86_64-linux-gnu/qt5/QtCore -I. -I/usr/lib/x86_64-linux-gnu/qt5/mkspecs/linux-g++ -o qstring.o /opt/rustwide/cargo-home/registry/src/index.crates.io-6f17d22bba15001f/fui_system-0.11.0/src/platform/qt/qt_wrapper/cpp/qstring.cpp
[INFO] [stderr]   g++ -c -pipe -O2 -fPIC -Wall -Wextra -D_REENTRANT -DQT_NO_DEBUG -DQT_WIDGETS_LIB -DQT_GUI_LIB -DQT_CORE_LIB -I/opt/rustwide/cargo-home/registry/src/index.crates.io-6f17d22bba15001f/fui_system-0.11.0/src/platform/qt/qt_wrapper/cpp -I. -I/usr/include/x86_64-linux-gnu/qt5 -I/usr/include/x86_64-linux-gnu/qt5/QtWidgets -I/usr/include/x86_64-linux-gnu/qt5/QtGui -I/usr/include/x86_64-linux-gnu/qt5/QtCore -I. -I/usr/lib/x86_64-linux-gnu/qt5/mkspecs/linux-g++ -o qstringlist.o /opt/rustwide/cargo-home/registry/src/index.crates.io-6f17d22bba15001f/fui_system-0.11.0/src/platform/qt/qt_wrapper/cpp/qstringlist.cpp
[INFO] [stderr]   g++ -c -pipe -O2 -fPIC -Wall -Wextra -D_REENTRANT -DQT_NO_DEBUG -DQT_WIDGETS_LIB -DQT_GUI_LIB -DQT_CORE_LIB -I/opt/rustwide/cargo-home/registry/src/index.crates.io-6f17d22bba15001f/fui_system-0.11.0/src/platform/qt/qt_wrapper/cpp -I. -I/usr/include/x86_64-linux-gnu/qt5 -I/usr/include/x86_64-linux-gnu/qt5/QtWidgets -I/usr/include/x86_64-linux-gnu/qt5/QtGui -I/usr/include/x86_64-linux-gnu/qt5/QtCore -I. -I/usr/lib/x86_64-linux-gnu/qt5/mkspecs/linux-g++ -o qsurfaceformat.o /opt/rustwide/cargo-home/registry/src/index.crates.io-6f17d22bba15001f/fui_system-0.11.0/src/platform/qt/qt_wrapper/cpp/qsurfaceformat.cpp
[INFO] [stderr]   g++ -c -pipe -O2 -fPIC -Wall -Wextra -D_REENTRANT -DQT_NO_DEBUG -DQT_WIDGETS_LIB -DQT_GUI_LIB -DQT_CORE_LIB -I/opt/rustwide/cargo-home/registry/src/index.crates.io-6f17d22bba15001f/fui_system-0.11.0/src/platform/qt/qt_wrapper/cpp -I. -I/usr/include/x86_64-linux-gnu/qt5 -I/usr/include/x86_64-linux-gnu/qt5/QtWidgets -I/usr/include/x86_64-linux-gnu/qt5/QtGui -I/usr/include/x86_64-linux-gnu/qt5/QtCore -I. -I/usr/lib/x86_64-linux-gnu/qt5/mkspecs/linux-g++ -o qsystemtrayicon.o /opt/rustwide/cargo-home/registry/src/index.crates.io-6f17d22bba15001f/fui_system-0.11.0/src/platform/qt/qt_wrapper/cpp/qsystemtrayicon.cpp
[INFO] [stderr]   g++ -c -pipe -O2 -fPIC -Wall -Wextra -D_REENTRANT -DQT_NO_DEBUG -DQT_WIDGETS_LIB -DQT_GUI_LIB -DQT_CORE_LIB -I/opt/rustwide/cargo-home/registry/src/index.crates.io-6f17d22bba15001f/fui_system-0.11.0/src/platform/qt/qt_wrapper/cpp -I. -I/usr/include/x86_64-linux-gnu/qt5 -I/usr/include/x86_64-linux-gnu/qt5/QtWidgets -I/usr/include/x86_64-linux-gnu/qt5/QtGui -I/usr/include/x86_64-linux-gnu/qt5/QtCore -I. -I/usr/lib/x86_64-linux-gnu/qt5/mkspecs/linux-g++ -o qwindow.o /opt/rustwide/cargo-home/registry/src/index.crates.io-6f17d22bba15001f/fui_system-0.11.0/src/platform/qt/qt_wrapper/cpp/qwindow.cpp
[INFO] [stderr]   g++ -c -pipe -O2 -fPIC -Wall -Wextra -D_REENTRANT -DQT_NO_DEBUG -DQT_WIDGETS_LIB -DQT_GUI_LIB -DQT_CORE_LIB -I/opt/rustwide/cargo-home/registry/src/index.crates.io-6f17d22bba15001f/fui_system-0.11.0/src/platform/qt/qt_wrapper/cpp -I. -I/usr/include/x86_64-linux-gnu/qt5 -I/usr/include/x86_64-linux-gnu/qt5/QtWidgets -I/usr/include/x86_64-linux-gnu/qt5/QtGui -I/usr/include/x86_64-linux-gnu/qt5/QtCore -I. -I/usr/lib/x86_64-linux-gnu/qt5/mkspecs/linux-g++ -o qwindow_ext.o /opt/rustwide/cargo-home/registry/src/index.crates.io-6f17d22bba15001f/fui_system-0.11.0/src/platform/qt/qt_wrapper/cpp/qwindow_ext.cpp
[INFO] [stderr]   g++ -pipe -O2 -fPIC -Wall -Wextra -dM -E -o moc_predefs.h /usr/lib/x86_64-linux-gnu/qt5/mkspecs/features/data/dummy.cpp
[INFO] [stderr]   /usr/lib/qt5/bin/moc -DQT_NO_DEBUG -DQT_WIDGETS_LIB -DQT_GUI_LIB -DQT_CORE_LIB --include /opt/rustwide/target/debug/build/fui_system-0c3ae97ecf8ae417/out/moc_predefs.h -I/usr/lib/x86_64-linux-gnu/qt5/mkspecs/linux-g++ -I/opt/rustwide/cargo-home/registry/src/index.crates.io-6f17d22bba15001f/fui_system-0.11.0/src/platform/qt/qt_wrapper/cpp -I/usr/include/x86_64-linux-gnu/qt5 -I/usr/include/x86_64-linux-gnu/qt5/QtWidgets -I/usr/include/x86_64-linux-gnu/qt5/QtGui -I/usr/include/x86_64-linux-gnu/qt5/QtCore -I. -I/usr/include/c++/11 -I/usr/include/x86_64-linux-gnu/c++/11 -I/usr/include/c++/11/backward -I/usr/lib/gcc/x86_64-linux-gnu/11/include -I/usr/local/include -I/usr/include/x86_64-linux-gnu -I/usr/include /opt/rustwide/cargo-home/registry/src/index.crates.io-6f17d22bba15001f/fui_system-0.11.0/src/platform/qt/qt_wrapper/cpp/qslot_cpp.h -o moc_qslot_cpp.cpp
[INFO] [stderr]   /usr/lib/qt5/bin/moc -DQT_NO_DEBUG -DQT_WIDGETS_LIB -DQT_GUI_LIB -DQT_CORE_LIB --include /opt/rustwide/target/debug/build/fui_system-0c3ae97ecf8ae417/out/moc_predefs.h -I/usr/lib/x86_64-linux-gnu/qt5/mkspecs/linux-g++ -I/opt/rustwide/cargo-home/registry/src/index.crates.io-6f17d22bba15001f/fui_system-0.11.0/src/platform/qt/qt_wrapper/cpp -I/usr/include/x86_64-linux-gnu/qt5 -I/usr/include/x86_64-linux-gnu/qt5/QtWidgets -I/usr/include/x86_64-linux-gnu/qt5/QtGui -I/usr/include/x86_64-linux-gnu/qt5/QtCore -I. -I/usr/include/c++/11 -I/usr/include/x86_64-linux-gnu/c++/11 -I/usr/include/c++/11/backward -I/usr/lib/gcc/x86_64-linux-gnu/11/include -I/usr/local/include -I/usr/include/x86_64-linux-gnu -I/usr/include /opt/rustwide/cargo-home/registry/src/index.crates.io-6f17d22bba15001f/fui_system-0.11.0/src/platform/qt/qt_wrapper/cpp/qwindow_ext.h -o moc_qwindow_ext.cpp
[INFO] [stderr]   g++ -c -pipe -O2 -fPIC -Wall -Wextra -D_REENTRANT -DQT_NO_DEBUG -DQT_WIDGETS_LIB -DQT_GUI_LIB -DQT_CORE_LIB -I/opt/rustwide/cargo-home/registry/src/index.crates.io-6f17d22bba15001f/fui_system-0.11.0/src/platform/qt/qt_wrapper/cpp -I. -I/usr/include/x86_64-linux-gnu/qt5 -I/usr/include/x86_64-linux-gnu/qt5/QtWidgets -I/usr/include/x86_64-linux-gnu/qt5/QtGui -I/usr/include/x86_64-linux-gnu/qt5/QtCore -I. -I/usr/lib/x86_64-linux-gnu/qt5/mkspecs/linux-g++ -o moc_qslot_cpp.o moc_qslot_cpp.cpp
[INFO] [stderr]   g++ -c -pipe -O2 -fPIC -Wall -Wextra -D_REENTRANT -DQT_NO_DEBUG -DQT_WIDGETS_LIB -DQT_GUI_LIB -DQT_CORE_LIB -I/opt/rustwide/cargo-home/registry/src/index.crates.io-6f17d22bba15001f/fui_system-0.11.0/src/platform/qt/qt_wrapper/cpp -I. -I/usr/include/x86_64-linux-gnu/qt5 -I/usr/include/x86_64-linux-gnu/qt5/QtWidgets -I/usr/include/x86_64-linux-gnu/qt5/QtGui -I/usr/include/x86_64-linux-gnu/qt5/QtCore -I. -I/usr/lib/x86_64-linux-gnu/qt5/mkspecs/linux-g++ -o moc_qwindow_ext.o moc_qwindow_ext.cpp
[INFO] [stderr] 
[INFO] [stderr]   make.stderr: g++: fatal error: Killed signal terminated program cc1plus
[INFO] [stderr]   compilation terminated.
[INFO] [stderr]   make: *** [Makefile:610: qwindow.o] Error 1
[INFO] [stderr]   make: *** Waiting for unfinished jobs....
[INFO] [stderr] 
[INFO] [stderr] 
[INFO] [stderr]   --- stderr
[INFO] [stderr]   thread 'main' panicked at /opt/rustwide/cargo-home/registry/src/index.crates.io-6f17d22bba15001f/fui_system-0.11.0/build.rs:74:5:
[INFO] [stderr]   failed to execute make process
[INFO] [stderr]   stack backtrace:
[INFO] [stderr]      0:     0x56137ab6b0cc - std::backtrace_rs::backtrace::libunwind::trace::ha637c64ce894333a
[INFO] [stderr]                                  at /rustc/82e1608dfa6e0b5569232559e3d385fea5a93112/library/std/src/../../backtrace/src/backtrace/libunwind.rs:104:5
[INFO] [stderr]      1:     0x56137ab6b0cc - std::backtrace_rs::backtrace::trace_unsynchronized::h47f62dea28e0c88d
[INFO] [stderr]                                  at /rustc/82e1608dfa6e0b5569232559e3d385fea5a93112/library/std/src/../../backtrace/src/backtrace/mod.rs:66:5
[INFO] [stderr]      2:     0x56137ab6b0cc - std::sys_common::backtrace::_print_fmt::h9eef0abe20ede486
[INFO] [stderr]                                  at /rustc/82e1608dfa6e0b5569232559e3d385fea5a93112/library/std/src/sys_common/backtrace.rs:67:5
[INFO] [stderr]      3:     0x56137ab6b0cc - <std::sys_common::backtrace::_print::DisplayBacktrace as core::fmt::Display>::fmt::hed7f999df88cc644
[INFO] [stderr]                                  at /rustc/82e1608dfa6e0b5569232559e3d385fea5a93112/library/std/src/sys_common/backtrace.rs:44:22
[INFO] [stderr]      4:     0x56137ab97a40 - core::fmt::rt::Argument::fmt::h1539a9308b8d058d
[INFO] [stderr]                                  at /rustc/82e1608dfa6e0b5569232559e3d385fea5a93112/library/core/src/fmt/rt.rs:142:9
[INFO] [stderr]      5:     0x56137ab97a40 - core::fmt::write::h3a39390d8560d9c9
[INFO] [stderr]                                  at /rustc/82e1608dfa6e0b5569232559e3d385fea5a93112/library/core/src/fmt/mod.rs:1120:17
[INFO] [stderr]      6:     0x56137ab686af - std::io::Write::write_fmt::h5fc9997dfe05f882
[INFO] [stderr]                                  at /rustc/82e1608dfa6e0b5569232559e3d385fea5a93112/library/std/src/io/mod.rs:1762:15
[INFO] [stderr]      7:     0x56137ab6aeb4 - std::sys_common::backtrace::_print::h894006fb5c6f3d45
[INFO] [stderr]                                  at /rustc/82e1608dfa6e0b5569232559e3d385fea5a93112/library/std/src/sys_common/backtrace.rs:47:5
[INFO] [stderr]      8:     0x56137ab6aeb4 - std::sys_common::backtrace::print::h23a2d212c6fff936
[INFO] [stderr]                                  at /rustc/82e1608dfa6e0b5569232559e3d385fea5a93112/library/std/src/sys_common/backtrace.rs:34:9
[INFO] [stderr]      9:     0x56137ab6c6c7 - std::panicking::default_hook::{{closure}}::h8a1d2ee00185001a
[INFO] [stderr]     10:     0x56137ab6c42f - std::panicking::default_hook::h6038f2eba384e475
[INFO] [stderr]                                  at /rustc/82e1608dfa6e0b5569232559e3d385fea5a93112/library/std/src/panicking.rs:292:9
[INFO] [stderr]     11:     0x56137ab6cb48 - std::panicking::rust_panic_with_hook::h2b5517d590cab22e
[INFO] [stderr]                                  at /rustc/82e1608dfa6e0b5569232559e3d385fea5a93112/library/std/src/panicking.rs:779:13
[INFO] [stderr]     12:     0x56137ab6c9f9 - std::panicking::begin_panic_handler::{{closure}}::h233112c06e0ef43e
[INFO] [stderr]                                  at /rustc/82e1608dfa6e0b5569232559e3d385fea5a93112/library/std/src/panicking.rs:649:13
[INFO] [stderr]     13:     0x56137ab6b596 - std::sys_common::backtrace::__rust_end_short_backtrace::h6e893f24d7ebbff8
[INFO] [stderr]                                  at /rustc/82e1608dfa6e0b5569232559e3d385fea5a93112/library/std/src/sys_common/backtrace.rs:170:18
[INFO] [stderr]     14:     0x56137ab6c792 - rust_begin_unwind
[INFO] [stderr]                                  at /rustc/82e1608dfa6e0b5569232559e3d385fea5a93112/library/std/src/panicking.rs:645:5
[INFO] [stderr]     15:     0x56137a4647b5 - core::panicking::panic_fmt::hbf0e066aabfa482c
[INFO] [stderr]                                  at /rustc/82e1608dfa6e0b5569232559e3d385fea5a93112/library/core/src/panicking.rs:72:14
[INFO] [stderr]     16:     0x56137a4aae6f - build_script_build::run_make::h049cde1f65b293a0
[INFO] [stderr]     17:     0x56137a4aa081 - build_script_build::main::h95f769e7099d3c33
[INFO] [stderr]     18:     0x56137a49ad93 - core::ops::function::FnOnce::call_once::ha0f21fe6e3c37233
[INFO] [stderr]     19:     0x56137a49a7e6 - std::sys_common::backtrace::__rust_begin_short_backtrace::h6757815bd8e77a3c
[INFO] [stderr]     20:     0x56137a4a59a9 - std::rt::lang_start::{{closure}}::he1f046709fea92c5
[INFO] [stderr]     21:     0x56137ab63947 - core::ops::function::impls::<impl core::ops::function::FnOnce<A> for &F>::call_once::hd95060ecd5e1ca24
[INFO] [stderr]                                  at /rustc/82e1608dfa6e0b5569232559e3d385fea5a93112/library/core/src/ops/function.rs:284:13
[INFO] [stderr]     22:     0x56137ab63947 - std::panicking::try::do_call::h6e8cf51db32a6e4b
[INFO] [stderr]                                  at /rustc/82e1608dfa6e0b5569232559e3d385fea5a93112/library/std/src/panicking.rs:552:40
[INFO] [stderr]     23:     0x56137ab63947 - std::panicking::try::h3a52eefe24fe3c29
[INFO] [stderr]                                  at /rustc/82e1608dfa6e0b5569232559e3d385fea5a93112/library/std/src/panicking.rs:516:19
[INFO] [stderr]     24:     0x56137ab63947 - std::panic::catch_unwind::h24c28c23c02c3841
[INFO] [stderr]                                  at /rustc/82e1608dfa6e0b5569232559e3d385fea5a93112/library/std/src/panic.rs:142:14
[INFO] [stderr]     25:     0x56137ab63947 - std::rt::lang_start_internal::{{closure}}::h705d3c9cbc06ef47
[INFO] [stderr]                                  at /rustc/82e1608dfa6e0b5569232559e3d385fea5a93112/library/std/src/rt.rs:148:48
[INFO] [stderr]     26:     0x56137ab63947 - std::panicking::try::do_call::ha21f52ba13158470
[INFO] [stderr]                                  at /rustc/82e1608dfa6e0b5569232559e3d385fea5a93112/library/std/src/panicking.rs:552:40
[INFO] [stderr]     27:     0x56137ab63947 - std::panicking::try::h5581346bf6aeb1f8
[INFO] [stderr]                                  at /rustc/82e1608dfa6e0b5569232559e3d385fea5a93112/library/std/src/panicking.rs:516:19
[INFO] [stderr]     28:     0x56137ab63947 - std::panic::catch_unwind::h7919645a6b72e25b
[INFO] [stderr]                                  at /rustc/82e1608dfa6e0b5569232559e3d385fea5a93112/library/std/src/panic.rs:142:14
[INFO] [stderr]     29:     0x56137ab63947 - std::rt::lang_start_internal::h12de51168669836e
[INFO] [stderr]                                  at /rustc/82e1608dfa6e0b5569232559e3d385fea5a93112/library/std/src/rt.rs:148:20
[INFO] [stderr]     30:     0x56137a4a5987 - std::rt::lang_start::hd69a21257231636b
[INFO] [stderr]     31:     0x56137a4ab615 - main
[INFO] [stderr]     32:     0x7fb487f32d90 - <unknown>
[INFO] [stderr]     33:     0x7fb487f32e40 - __libc_start_main
[INFO] [stderr]     34:     0x56137a465085 - _start
[INFO] [stderr]     35:                0x0 - <unknown>
[INFO] running `Command { std: "docker" "inspect" "24abe1b072a607dfac5786b3e3a88e52d54a4afb4ffad6eea103333de9d31cc6", kill_on_drop: false }`
[INFO] running `Command { std: "docker" "rm" "-f" "24abe1b072a607dfac5786b3e3a88e52d54a4afb4ffad6eea103333de9d31cc6", kill_on_drop: false }`
[INFO] [stdout] 24abe1b072a607dfac5786b3e3a88e52d54a4afb4ffad6eea103333de9d31cc6
[INFO] testing fui_examples-0.12.0 against beta-2023-12-22 for beta-1.76-1
[INFO] extracting crate fui_examples 0.12.0 into /workspace/builds/worker-2-tc2/source
[INFO] validating manifest of crates.io crate fui_examples 0.12.0 on toolchain beta-2023-12-22
[INFO] running `Command { std: CARGO_HOME="/workspace/cargo-home" RUSTUP_HOME="/workspace/rustup-home" "/workspace/cargo-home/bin/cargo" "+beta-2023-12-22" "metadata" "--manifest-path" "Cargo.toml" "--no-deps", kill_on_drop: false }`
[INFO] started tweaking crates.io crate fui_examples 0.12.0
[INFO] finished tweaking crates.io crate fui_examples 0.12.0
[INFO] tweaked toml for crates.io crate fui_examples 0.12.0 written to /workspace/builds/worker-2-tc2/source/Cargo.toml
[INFO] crate crates.io crate fui_examples 0.12.0 already has a lockfile, it will not be regenerated
[INFO] running `Command { std: CARGO_HOME="/workspace/cargo-home" RUSTUP_HOME="/workspace/rustup-home" "/workspace/cargo-home/bin/cargo" "+beta-2023-12-22" "fetch" "--manifest-path" "Cargo.toml", kill_on_drop: false }`
[INFO] running `Command { std: "docker" "create" "-v" "/var/lib/crater-agent-workspace/builds/worker-2-tc2/target:/opt/rustwide/target:rw,Z" "-v" "/var/lib/crater-agent-workspace/builds/worker-2-tc2/source:/opt/rustwide/workdir:ro,Z" "-v" "/var/lib/crater-agent-workspace/cargo-home:/opt/rustwide/cargo-home:ro,Z" "-v" "/var/lib/crater-agent-workspace/rustup-home:/opt/rustwide/rustup-home:ro,Z" "-e" "SOURCE_DIR=/opt/rustwide/workdir" "-e" "CARGO_TARGET_DIR=/opt/rustwide/target" "-e" "CARGO_HOME=/opt/rustwide/cargo-home" "-e" "RUSTUP_HOME=/opt/rustwide/rustup-home" "-w" "/opt/rustwide/workdir" "-m" "1610612736" "--user" "0:0" "--network" "none" "ghcr.io/rust-lang/crates-build-env/linux@sha256:2788e3201cd34a07e3172128adcd8b3090168a8e3bcc40d7c032b9dda1df7d1c" "/opt/rustwide/cargo-home/bin/cargo" "+beta-2023-12-22" "metadata" "--no-deps" "--format-version=1", kill_on_drop: false }`
[INFO] [stdout] fba0211c7e7718b8d2099c390b9aae06b831d208dbffb909f7b8cfd6fb11148b
[INFO] running `Command { std: "docker" "start" "-a" "fba0211c7e7718b8d2099c390b9aae06b831d208dbffb909f7b8cfd6fb11148b", kill_on_drop: false }`
[INFO] running `Command { std: "docker" "inspect" "fba0211c7e7718b8d2099c390b9aae06b831d208dbffb909f7b8cfd6fb11148b", kill_on_drop: false }`
[INFO] running `Command { std: "docker" "rm" "-f" "fba0211c7e7718b8d2099c390b9aae06b831d208dbffb909f7b8cfd6fb11148b", kill_on_drop: false }`
[INFO] [stdout] fba0211c7e7718b8d2099c390b9aae06b831d208dbffb909f7b8cfd6fb11148b
[INFO] running `Command { std: "docker" "create" "-v" "/var/lib/crater-agent-workspace/builds/worker-2-tc2/target:/opt/rustwide/target:rw,Z" "-v" "/var/lib/crater-agent-workspace/builds/worker-2-tc2/source:/opt/rustwide/workdir:ro,Z" "-v" "/var/lib/crater-agent-workspace/cargo-home:/opt/rustwide/cargo-home:ro,Z" "-v" "/var/lib/crater-agent-workspace/rustup-home:/opt/rustwide/rustup-home:ro,Z" "-e" "SOURCE_DIR=/opt/rustwide/workdir" "-e" "CARGO_TARGET_DIR=/opt/rustwide/target" "-e" "CARGO_INCREMENTAL=0" "-e" "RUST_BACKTRACE=full" "-e" "RUSTFLAGS=--cap-lints=warn" "-e" "RUSTDOCFLAGS=--cap-lints=warn" "-e" "CARGO_HOME=/opt/rustwide/cargo-home" "-e" "RUSTUP_HOME=/opt/rustwide/rustup-home" "-w" "/opt/rustwide/workdir" "-m" "1610612736" "--user" "0:0" "--network" "none" "ghcr.io/rust-lang/crates-build-env/linux@sha256:2788e3201cd34a07e3172128adcd8b3090168a8e3bcc40d7c032b9dda1df7d1c" "/opt/rustwide/cargo-home/bin/cargo" "+beta-2023-12-22" "build" "--frozen" "--message-format=json", kill_on_drop: false }`
[INFO] [stdout] fec7236143a51f9535d36a9b5ea7a700569e7eec61a8931c435decf402265b58
[INFO] running `Command { std: "docker" "start" "-a" "fec7236143a51f9535d36a9b5ea7a700569e7eec61a8931c435decf402265b58", kill_on_drop: false }`
[INFO] [stderr]    Compiling libc v0.2.132
[INFO] [stderr]    Compiling proc-macro2 v1.0.43
[INFO] [stderr]    Compiling quote v1.0.21
[INFO] [stderr]    Compiling unicode-ident v1.0.3
[INFO] [stderr]    Compiling syn v1.0.99
[INFO] [stderr]    Compiling log v0.4.17
[INFO] [stderr]    Compiling serde_derive v1.0.144
[INFO] [stderr]    Compiling serde v1.0.144
[INFO] [stderr]    Compiling cc v1.0.73
[INFO] [stderr]    Compiling typenum v1.15.0
[INFO] [stderr]    Compiling version_check v0.9.4
[INFO] [stderr]    Compiling pkg-config v0.3.25
[INFO] [stderr]    Compiling num-traits v0.2.15
[INFO] [stderr]    Compiling futures-core v0.3.23
[INFO] [stderr]    Compiling clang-sys v1.3.3
[INFO] [stderr]    Compiling khronos_api v3.1.0
[INFO] [stderr]    Compiling unicode-width v0.1.9
[INFO] [stderr]    Compiling aho-corasick v0.7.18
[INFO] [stderr]    Compiling lock_api v0.4.7
[INFO] [stderr]    Compiling textwrap v0.11.0
[INFO] [stderr]    Compiling indexmap v1.9.1
[INFO] [stderr]    Compiling slab v0.4.7
[INFO] [stderr]    Compiling generic-array v0.14.6
[INFO] [stderr]    Compiling minimal-lexical v0.2.1
[INFO] [stderr]    Compiling parking_lot_core v0.9.3
[INFO] [stderr]    Compiling regex-syntax v0.6.27
[INFO] [stderr]    Compiling serde_json v1.0.85
[INFO] [stderr]    Compiling cmake v0.1.48
[INFO] [stderr]    Compiling futures-task v0.3.23
[INFO] [stderr]    Compiling anyhow v1.0.62
[INFO] [stderr]    Compiling ansi_term v0.12.1
[INFO] [stderr]    Compiling nom v7.1.1
[INFO] [stderr]    Compiling libloading v0.7.3
[INFO] [stderr]    Compiling bindgen v0.59.2
[INFO] [stderr]    Compiling cbindgen v0.20.0
[INFO] [stderr]    Compiling hashbrown v0.12.3
[INFO] [stderr]    Compiling atty v0.2.14
[INFO] [stderr]    Compiling ryu v1.0.11
[INFO] [stderr]    Compiling humantime v2.1.0
[INFO] [stderr]    Compiling clap v2.34.0
[INFO] [stderr]    Compiling unicode-segmentation v1.9.0
[INFO] [stderr]    Compiling itoa v1.0.3
[INFO] [stderr]    Compiling termcolor v1.1.3
[INFO] [stderr]    Compiling futures-channel v0.3.23
[INFO] [stderr]    Compiling smallvec v1.9.0
[INFO] [stderr]    Compiling either v1.8.0
[INFO] [stderr]    Compiling futures-util v0.3.23
[INFO] [stderr]    Compiling pin-project-lite v0.2.9
[INFO] [stderr]    Compiling fastrand v1.8.0
[INFO] [stderr]    Compiling freetype-sys v0.15.0
[INFO] [stderr]    Compiling remove_dir_all v0.5.3
[INFO] [stderr]    Compiling xml-rs v0.8.4
[INFO] [stderr]    Compiling heck v0.3.3
[INFO] [stderr]    Compiling which v4.2.5
[INFO] [stderr]    Compiling euclid v0.22.7
[INFO] [stderr]    Compiling tempfile v3.3.0
[INFO] [stderr]    Compiling digest v0.9.0
[INFO] [stderr]    Compiling block-buffer v0.9.0
[INFO] [stderr]    Compiling tokio v1.20.1
[INFO] [stderr]    Compiling clamped v1.0.0
[INFO] [stderr]    Compiling traitobject v0.1.0
[INFO] [stderr]    Compiling gl_generator v0.14.0
[INFO] [stderr]    Compiling shlex v1.1.0
[INFO] [stderr]    Compiling opaque-debug v0.3.0
[INFO] [stderr]    Compiling cpufeatures v0.2.4
[INFO] [stderr]    Compiling rawpointer v0.2.1
[INFO] [stderr]    Compiling freetype-rs v0.29.1
[INFO] [stderr]    Compiling walkdir v2.3.2
[INFO] [stderr]    Compiling sha2 v0.9.9
[INFO] [stderr]    Compiling unsafe-any v0.4.2
[INFO] [stderr]    Compiling parking_lot v0.12.1
[INFO] [stderr]    Compiling mio v0.8.4
[INFO] [stderr]    Compiling signal-hook-registry v1.4.0
[INFO] [stderr]    Compiling getrandom v0.2.7
[INFO] [stderr]    Compiling num_cpus v1.13.1
[INFO] [stderr]    Compiling regex v1.6.0
[INFO] [stderr]    Compiling socket2 v0.4.4
[INFO] [stderr]    Compiling bytes v1.2.1
[INFO] [stderr]    Compiling cexpr v0.6.0
[INFO] [stderr]    Compiling discard v1.0.4
[INFO] [stderr]    Compiling once_cell v1.13.1
[INFO] [stderr]    Compiling rust-embed-utils v7.2.0
[INFO] [stderr]    Compiling rand_core v0.6.3
[INFO] [stderr]    Compiling typemap v0.3.3
[INFO] [stderr]    Compiling ppv-lite86 v0.2.16
[INFO] [stderr]    Compiling gl v0.14.0
[INFO] [stderr]    Compiling fui_system_core v0.11.0
[INFO] [stderr]    Compiling shared_library v0.1.9
[INFO] [stderr]    Compiling cpu-time v1.0.0
[INFO] [stderr]    Compiling num_threads v0.1.6
[INFO] [stderr]    Compiling time v0.3.14
[INFO] [stderr]    Compiling env_logger v0.9.0
[INFO] [stderr]    Compiling rand_chacha v0.3.1
[INFO] [stderr]    Compiling rand v0.8.5
[INFO] [stderr]    Compiling thiserror-impl v1.0.32
[INFO] [stderr]    Compiling pin-project-internal v1.0.12
[INFO] [stderr]    Compiling futures-macro v0.3.23
[INFO] [stderr]    Compiling tokio-macros v1.8.0
[INFO] [stderr]    Compiling typed-builder v0.10.0
[INFO] [stderr]    Compiling fui_macros v0.3.0
[INFO] [stderr]    Compiling rust-embed-impl v6.2.0
[INFO] [stderr]    Compiling rust-embed v6.4.0
[INFO] [stderr]    Compiling thiserror v1.0.32
[INFO] [stderr]    Compiling drawing v0.3.3
[INFO] [stderr]    Compiling pin-project v1.0.12
[INFO] [stderr]    Compiling drawing_gl v0.3.0
[INFO] [stderr]    Compiling toml v0.5.9
[INFO] [stderr]    Compiling futures-signals v0.3.30
[INFO] [stderr]    Compiling fui_core v0.12.0
[INFO] [stderr]    Compiling fui_controls v0.12.0
[INFO] [stderr]    Compiling fui_system v0.11.0
[INFO] [stderr]    Compiling fui_app v0.12.0
[INFO] [stderr]    Compiling fui_examples v0.12.0 (/opt/rustwide/workdir)
[INFO] [stdout] error: linking with `cc` failed: exit status: 1
[INFO] [stdout]   |
[INFO] [stdout]   = note: LC_ALL="C" PATH="/opt/rustwide/rustup-home/toolchains/beta-2023-12-22-x86_64-unknown-linux-gnu/lib/rustlib/x86_64-unknown-linux-gnu/bin:/opt/rustwide/cargo-home/bin:/usr/local/sbin:/usr/local/bin:/usr/sbin:/usr/bin:/sbin:/bin" VSLANG="1033" "cc" "-m64" "/tmp/rustc29xU6x/symbols.o" "/opt/rustwide/target/debug/deps/example3_controls-9d242459419585db.example3_controls.a51b3d12e6232191-cgu.00.rcgu.o" "/opt/rustwide/target/debug/deps/example3_controls-9d242459419585db.example3_controls.a51b3d12e6232191-cgu.01.rcgu.o" "/opt/rustwide/target/debug/deps/example3_controls-9d242459419585db.example3_controls.a51b3d12e6232191-cgu.02.rcgu.o" "/opt/rustwide/target/debug/deps/example3_controls-9d242459419585db.example3_controls.a51b3d12e6232191-cgu.03.rcgu.o" "/opt/rustwide/target/debug/deps/example3_controls-9d242459419585db.example3_controls.a51b3d12e6232191-cgu.04.rcgu.o" "/opt/rustwide/target/debug/deps/example3_controls-9d242459419585db.example3_controls.a51b3d12e6232191-cgu.05.rcgu.o" "/opt/rustwide/target/debug/deps/example3_controls-9d242459419585db.example3_controls.a51b3d12e6232191-cgu.06.rcgu.o" "/opt/rustwide/target/debug/deps/example3_controls-9d242459419585db.example3_controls.a51b3d12e6232191-cgu.07.rcgu.o" "/opt/rustwide/target/debug/deps/example3_controls-9d242459419585db.example3_controls.a51b3d12e6232191-cgu.08.rcgu.o" "/opt/rustwide/target/debug/deps/example3_controls-9d242459419585db.example3_controls.a51b3d12e6232191-cgu.09.rcgu.o" "/opt/rustwide/target/debug/deps/example3_controls-9d242459419585db.example3_controls.a51b3d12e6232191-cgu.10.rcgu.o" "/opt/rustwide/target/debug/deps/example3_controls-9d242459419585db.example3_controls.a51b3d12e6232191-cgu.11.rcgu.o" "/opt/rustwide/target/debug/deps/example3_controls-9d242459419585db.example3_controls.a51b3d12e6232191-cgu.12.rcgu.o" "/opt/rustwide/target/debug/deps/example3_controls-9d242459419585db.example3_controls.a51b3d12e6232191-cgu.13.rcgu.o" "/opt/rustwide/target/debug/deps/example3_controls-9d242459419585db.example3_controls.a51b3d12e6232191-cgu.14.rcgu.o" "/opt/rustwide/target/debug/deps/example3_controls-9d242459419585db.example3_controls.a51b3d12e6232191-cgu.15.rcgu.o" "/opt/rustwide/target/debug/deps/example3_controls-9d242459419585db.3s4dfhikddjfqrar.rcgu.o" "-Wl,--as-needed" "-L" "/opt/rustwide/target/debug/deps" "-L" "/usr/lib/x86_64-linux-gnu" "-L" "/opt/rustwide/target/debug/build/fui_system-d2c3e2c679143a53/out" "-L" "/usr/lib/x86_64-linux-gnu" "-L" "/opt/rustwide/rustup-home/toolchains/beta-2023-12-22-x86_64-unknown-linux-gnu/lib/rustlib/x86_64-unknown-linux-gnu/lib" "-Wl,-Bstatic" "/opt/rustwide/target/debug/deps/libfui_controls-1e300d6aa68c5a0b.rlib" "/opt/rustwide/target/debug/deps/libfui_app-9582865dc9a5e269.rlib" "/opt/rustwide/target/debug/deps/libfui_system-f0455fdea4fb505b.rlib" "/opt/rustwide/target/debug/deps/libfui_core-a57ebf6826a1493f.rlib" "/opt/rustwide/target/debug/deps/libfutures_signals-0cdbcf8ed6e0a155.rlib" "/opt/rustwide/target/debug/deps/libserde-dc0b2a635a23c26d.rlib" "/opt/rustwide/target/debug/deps/libdiscard-c3f9575a20f571f6.rlib" "/opt/rustwide/target/debug/deps/libfutures_channel-b9be2b855b5d9c63.rlib" "/opt/rustwide/target/debug/deps/libfutures_util-fb2e1fe61aa9a367.rlib" "/opt/rustwide/target/debug/deps/libslab-ce952e4d8ebf26c9.rlib" "/opt/rustwide/target/debug/deps/libfutures_task-120a9be3fd6478cb.rlib" "/opt/rustwide/target/debug/deps/libpin_utils-9c5dcf17efb91bff.rlib" "/opt/rustwide/target/debug/deps/libfutures_core-8b449e934a95123b.rlib" "/opt/rustwide/target/debug/deps/libpin_project-a5dbb9f1a9868e88.rlib" "/opt/rustwide/target/debug/deps/libtypemap-810d020b422b99ab.rlib" "/opt/rustwide/target/debug/deps/libunsafe_any-bb5aed200e89c25a.rlib" "/opt/rustwide/target/debug/deps/libtraitobject-4af76922d261858d.rlib" "/opt/rustwide/target/debug/deps/libfui_system_core-d9c1c23a80c21575.rlib" "/opt/rustwide/target/debug/deps/librand-444b033d90c490e0.rlib" "/opt/rustwide/target/debug/deps/librand_chacha-24ca651c5575cc12.rlib" "/opt/rustwide/target/debug/deps/libppv_lite86-7d6f1ee516acde66.rlib" "/opt/rustwide/target/debug/deps/librand_core-a8d64d069455415a.rlib" "/opt/rustwide/target/debug/deps/libgetrandom-d50fce0d3124167e.rlib" "/opt/rustwide/target/debug/deps/libdrawing_gl-30fc8fa2d1434a9b.rlib" "/opt/rustwide/target/debug/deps/libgl-1e2f48fa728f5330.rlib" "/opt/rustwide/target/debug/deps/libdrawing-ad1586081ed4f6e7.rlib" "/opt/rustwide/target/debug/deps/libthiserror-c659213270a0fbb7.rlib" "/opt/rustwide/target/debug/deps/libfreetype-144aefc7aea349a1.rlib" "/opt/rustwide/target/debug/deps/libfreetype_sys-1918c7a2e44e3ec1.rlib" "/opt/rustwide/target/debug/deps/librawpointer-1c56f73d51027814.rlib" "/opt/rustwide/target/debug/deps/libclamped-cc0a1edbbaf8293c.rlib" "/opt/rustwide/target/debug/deps/libeuclid-7575981b6e7eec3e.rlib" "/opt/rustwide/target/debug/deps/libnum_traits-be0fc954ec90588f.rlib" "/opt/rustwide/target/debug/deps/libbitflags-85e13ed1e0c6d910.rlib" "/opt/rustwide/target/debug/deps/librust_embed-8f04fed0e4e9c770.rlib" "/opt/rustwide/target/debug/deps/librust_embed_utils-7b64a00ea9074b1a.rlib" "/opt/rustwide/target/debug/deps/libwalkdir-f0b67fbf628bcd90.rlib" "/opt/rustwide/target/debug/deps/libsame_file-5e62a1af5be346fb.rlib" "/opt/rustwide/target/debug/deps/libsha2-0a51cb952f7ce93e.rlib" "/opt/rustwide/target/debug/deps/libcpufeatures-735a0ea8c764bd3e.rlib" "/opt/rustwide/target/debug/deps/libopaque_debug-75789ad55cd94475.rlib" "/opt/rustwide/target/debug/deps/libdigest-afd7734461e1ab91.rlib" "/opt/rustwide/target/debug/deps/libblock_buffer-84bcd42d4f71e1ca.rlib" "/opt/rustwide/target/debug/deps/libgeneric_array-2a43150d17414787.rlib" "/opt/rustwide/target/debug/deps/libtypenum-d1feac8ebe5aef3f.rlib" "/opt/rustwide/target/debug/deps/libtokio-69c9b1b164bb5097.rlib" "/opt/rustwide/target/debug/deps/libsignal_hook_registry-599389c6d8e7e9c5.rlib" "/opt/rustwide/target/debug/deps/libnum_cpus-4bbcc29602100740.rlib" "/opt/rustwide/target/debug/deps/libsocket2-a3b75ea3a6d33613.rlib" "/opt/rustwide/target/debug/deps/libmemchr-33d05ae5bba76030.rlib" "/opt/rustwide/target/debug/deps/libonce_cell-f3764a7d13382ee9.rlib" "/opt/rustwide/target/debug/deps/libbytes-f67657259700e1e6.rlib" "/opt/rustwide/target/debug/deps/libmio-74b62a45b8fe838e.rlib" "/opt/rustwide/target/debug/deps/liblog-c50132996933641a.rlib" "/opt/rustwide/target/debug/deps/libpin_project_lite-e8b15c1d45637ce8.rlib" "/opt/rustwide/target/debug/deps/libparking_lot-d47fb498d83513f7.rlib" "/opt/rustwide/target/debug/deps/libparking_lot_core-4a3e6d6b3a95e760.rlib" "/opt/rustwide/target/debug/deps/liblibc-7fa2a9f384f55565.rlib" "/opt/rustwide/target/debug/deps/libcfg_if-e7002d307f97bc56.rlib" "/opt/rustwide/target/debug/deps/libsmallvec-ffee7acdd9609ff6.rlib" "/opt/rustwide/target/debug/deps/liblock_api-9e8575a2b4d645e5.rlib" "/opt/rustwide/target/debug/deps/libscopeguard-31f1b56a39f2a372.rlib" "/opt/rustwide/target/debug/deps/libanyhow-78a1267acb186356.rlib" "/opt/rustwide/rustup-home/toolchains/beta-2023-12-22-x86_64-unknown-linux-gnu/lib/rustlib/x86_64-unknown-linux-gnu/lib/libstd-0672489a78b613de.rlib" "/opt/rustwide/rustup-home/toolchains/beta-2023-12-22-x86_64-unknown-linux-gnu/lib/rustlib/x86_64-unknown-linux-gnu/lib/libpanic_unwind-7eb3ffc34a49f675.rlib" "/opt/rustwide/rustup-home/toolchains/beta-2023-12-22-x86_64-unknown-linux-gnu/lib/rustlib/x86_64-unknown-linux-gnu/lib/libobject-6478a9daa4bee8e2.rlib" "/opt/rustwide/rustup-home/toolchains/beta-2023-12-22-x86_64-unknown-linux-gnu/lib/rustlib/x86_64-unknown-linux-gnu/lib/libmemchr-0c75d871a5c3923d.rlib" "/opt/rustwide/rustup-home/toolchains/beta-2023-12-22-x86_64-unknown-linux-gnu/lib/rustlib/x86_64-unknown-linux-gnu/lib/libaddr2line-d163ef63ad37bb71.rlib" "/opt/rustwide/rustup-home/toolchains/beta-2023-12-22-x86_64-unknown-linux-gnu/lib/rustlib/x86_64-unknown-linux-gnu/lib/libgimli-8a3fd810a85b9f4c.rlib" "/opt/rustwide/rustup-home/toolchains/beta-2023-12-22-x86_64-unknown-linux-gnu/lib/rustlib/x86_64-unknown-linux-gnu/lib/librustc_demangle-462a2cde8c5dfc10.rlib" "/opt/rustwide/rustup-home/toolchains/beta-2023-12-22-x86_64-unknown-linux-gnu/lib/rustlib/x86_64-unknown-linux-gnu/lib/libstd_detect-cb06ac9f54713f71.rlib" "/opt/rustwide/rustup-home/toolchains/beta-2023-12-22-x86_64-unknown-linux-gnu/lib/rustlib/x86_64-unknown-linux-gnu/lib/libhashbrown-f20bfd1f8e59b393.rlib" "/opt/rustwide/rustup-home/toolchains/beta-2023-12-22-x86_64-unknown-linux-gnu/lib/rustlib/x86_64-unknown-linux-gnu/lib/librustc_std_workspace_alloc-1ef460949b49da4b.rlib" "/opt/rustwide/rustup-home/toolchains/beta-2023-12-22-x86_64-unknown-linux-gnu/lib/rustlib/x86_64-unknown-linux-gnu/lib/libminiz_oxide-2cb0c0ffe4f87514.rlib" "/opt/rustwide/rustup-home/toolchains/beta-2023-12-22-x86_64-unknown-linux-gnu/lib/rustlib/x86_64-unknown-linux-gnu/lib/libadler-58d841eb322a11a2.rlib" "/opt/rustwide/rustup-home/toolchains/beta-2023-12-22-x86_64-unknown-linux-gnu/lib/rustlib/x86_64-unknown-linux-gnu/lib/libunwind-aa2ae0b0a9d11533.rlib" "/opt/rustwide/rustup-home/toolchains/beta-2023-12-22-x86_64-unknown-linux-gnu/lib/rustlib/x86_64-unknown-linux-gnu/lib/libcfg_if-23874e15830ed336.rlib" "/opt/rustwide/rustup-home/toolchains/beta-2023-12-22-x86_64-unknown-linux-gnu/lib/rustlib/x86_64-unknown-linux-gnu/lib/liblibc-e47cddc003bce885.rlib" "/opt/rustwide/rustup-home/toolchains/beta-2023-12-22-x86_64-unknown-linux-gnu/lib/rustlib/x86_64-unknown-linux-gnu/lib/liballoc-c22b13b48a8f128e.rlib" "/opt/rustwide/rustup-home/toolchains/beta-2023-12-22-x86_64-unknown-linux-gnu/lib/rustlib/x86_64-unknown-linux-gnu/lib/librustc_std_workspace_core-e46bc3da6d7c462f.rlib" "/opt/rustwide/rustup-home/toolchains/beta-2023-12-22-x86_64-unknown-linux-gnu/lib/rustlib/x86_64-unknown-linux-gnu/lib/libcore-8d1ac131d3cb2645.rlib" "/opt/rustwide/rustup-home/toolchains/beta-2023-12-22-x86_64-unknown-linux-gnu/lib/rustlib/x86_64-unknown-linux-gnu/lib/libcompiler_builtins-a1b43df8c6899c1f.rlib" "-Wl,-Bdynamic" "-lqt_wrapper" "-lQt5Widgets" "-lQt5Gui" "-lQt5Core" "-lstdc++" "-lfreetype" "-lgcc_s" "-lutil" "-lrt" "-lpthread" "-lm" "-ldl" "-lc" "-Wl,--eh-frame-hdr" "-Wl,-z,noexecstack" "-L" "/opt/rustwide/rustup-home/toolchains/beta-2023-12-22-x86_64-unknown-linux-gnu/lib/rustlib/x86_64-unknown-linux-gnu/lib" "-o" "/opt/rustwide/target/debug/deps/example3_controls-9d242459419585db" "-Wl,--gc-sections" "-pie" "-Wl,-z,relro,-z,now" "-nodefaultlibs"
[INFO] [stdout]   = note: collect2: fatal error: ld terminated with signal 9 [Killed]
[INFO] [stdout]           compilation terminated.
[INFO] [stdout]           
[INFO] [stdout] 
[INFO] [stdout] 
[INFO] [stdout] error: aborting due to 1 previous error
[INFO] [stdout] 
[INFO] [stdout] 
[INFO] [stderr] error: could not compile `fui_examples` (bin "example3_controls") due to 2 previous errors
[INFO] [stderr] warning: build failed, waiting for other jobs to finish...
[INFO] running `Command { std: "docker" "inspect" "fec7236143a51f9535d36a9b5ea7a700569e7eec61a8931c435decf402265b58", kill_on_drop: false }`
[INFO] running `Command { std: "docker" "rm" "-f" "fec7236143a51f9535d36a9b5ea7a700569e7eec61a8931c435decf402265b58", kill_on_drop: false }`
[INFO] [stdout] fec7236143a51f9535d36a9b5ea7a700569e7eec61a8931c435decf402265b58
