[INFO] fetching crate fuel-poa-coordinator 0.15.3...
[INFO] testing fuel-poa-coordinator-0.15.3 against 1.75.0 for beta-1.76-1
[INFO] extracting crate fuel-poa-coordinator 0.15.3 into /workspace/builds/worker-6-tc1/source
[INFO] validating manifest of crates.io crate fuel-poa-coordinator 0.15.3 on toolchain 1.75.0
[INFO] running `Command { std: CARGO_HOME="/workspace/cargo-home" RUSTUP_HOME="/workspace/rustup-home" "/workspace/cargo-home/bin/cargo" "+1.75.0" "metadata" "--manifest-path" "Cargo.toml" "--no-deps", kill_on_drop: false }`
[INFO] started tweaking crates.io crate fuel-poa-coordinator 0.15.3
[INFO] finished tweaking crates.io crate fuel-poa-coordinator 0.15.3
[INFO] tweaked toml for crates.io crate fuel-poa-coordinator 0.15.3 written to /workspace/builds/worker-6-tc1/source/Cargo.toml
[INFO] running `Command { std: CARGO_HOME="/workspace/cargo-home" RUSTUP_HOME="/workspace/rustup-home" "/workspace/cargo-home/bin/cargo" "+1.75.0" "generate-lockfile" "--manifest-path" "Cargo.toml", kill_on_drop: false }`
[INFO] [stderr]     Updating crates.io index
[INFO] running `Command { std: CARGO_HOME="/workspace/cargo-home" RUSTUP_HOME="/workspace/rustup-home" "/workspace/cargo-home/bin/cargo" "+1.75.0" "fetch" "--manifest-path" "Cargo.toml", kill_on_drop: false }`
[INFO] [stderr]  Downloading crates ...
[INFO] [stderr]   Downloaded fuel-storage v0.3.0
[INFO] [stderr]   Downloaded fuel-crypto v0.6.2
[INFO] [stderr]   Downloaded fuel-core-interfaces v0.15.3
[INFO] [stderr]   Downloaded fuel-asm v0.10.0
[INFO] [stderr]   Downloaded fuel-vm v0.22.7
[INFO] [stderr]   Downloaded fuel-merkle v0.4.1
[INFO] [stderr]   Downloaded fuel-types v0.5.3
[INFO] [stderr]   Downloaded coins-bip39 v0.7.0
[INFO] [stderr]   Downloaded fuel-tx v0.23.1
[INFO] running `Command { std: "docker" "create" "-v" "/var/lib/crater-agent-workspace/builds/worker-6-tc1/target:/opt/rustwide/target:rw,Z" "-v" "/var/lib/crater-agent-workspace/builds/worker-6-tc1/source:/opt/rustwide/workdir:ro,Z" "-v" "/var/lib/crater-agent-workspace/cargo-home:/opt/rustwide/cargo-home:ro,Z" "-v" "/var/lib/crater-agent-workspace/rustup-home:/opt/rustwide/rustup-home:ro,Z" "-e" "SOURCE_DIR=/opt/rustwide/workdir" "-e" "CARGO_TARGET_DIR=/opt/rustwide/target" "-e" "CARGO_HOME=/opt/rustwide/cargo-home" "-e" "RUSTUP_HOME=/opt/rustwide/rustup-home" "-w" "/opt/rustwide/workdir" "-m" "1610612736" "--user" "0:0" "--network" "none" "ghcr.io/rust-lang/crates-build-env/linux@sha256:2788e3201cd34a07e3172128adcd8b3090168a8e3bcc40d7c032b9dda1df7d1c" "/opt/rustwide/cargo-home/bin/cargo" "+1.75.0" "metadata" "--no-deps" "--format-version=1", kill_on_drop: false }`
[INFO] [stdout] 79329be17eda2c3ecf021ef2c8e66c924ad35c180971dc41fa3465ab50409a39
[INFO] running `Command { std: "docker" "start" "-a" "79329be17eda2c3ecf021ef2c8e66c924ad35c180971dc41fa3465ab50409a39", kill_on_drop: false }`
[INFO] running `Command { std: "docker" "inspect" "79329be17eda2c3ecf021ef2c8e66c924ad35c180971dc41fa3465ab50409a39", kill_on_drop: false }`
[INFO] running `Command { std: "docker" "rm" "-f" "79329be17eda2c3ecf021ef2c8e66c924ad35c180971dc41fa3465ab50409a39", kill_on_drop: false }`
[INFO] [stdout] 79329be17eda2c3ecf021ef2c8e66c924ad35c180971dc41fa3465ab50409a39
[INFO] running `Command { std: "docker" "create" "-v" "/var/lib/crater-agent-workspace/builds/worker-6-tc1/target:/opt/rustwide/target:rw,Z" "-v" "/var/lib/crater-agent-workspace/builds/worker-6-tc1/source:/opt/rustwide/workdir:ro,Z" "-v" "/var/lib/crater-agent-workspace/cargo-home:/opt/rustwide/cargo-home:ro,Z" "-v" "/var/lib/crater-agent-workspace/rustup-home:/opt/rustwide/rustup-home:ro,Z" "-e" "SOURCE_DIR=/opt/rustwide/workdir" "-e" "CARGO_TARGET_DIR=/opt/rustwide/target" "-e" "CARGO_INCREMENTAL=0" "-e" "RUST_BACKTRACE=full" "-e" "RUSTFLAGS=--cap-lints=warn" "-e" "RUSTDOCFLAGS=--cap-lints=warn" "-e" "CARGO_HOME=/opt/rustwide/cargo-home" "-e" "RUSTUP_HOME=/opt/rustwide/rustup-home" "-w" "/opt/rustwide/workdir" "-m" "1610612736" "--user" "0:0" "--network" "none" "ghcr.io/rust-lang/crates-build-env/linux@sha256:2788e3201cd34a07e3172128adcd8b3090168a8e3bcc40d7c032b9dda1df7d1c" "/opt/rustwide/cargo-home/bin/cargo" "+1.75.0" "build" "--frozen" "--message-format=json", kill_on_drop: false }`
[INFO] [stdout] 6f8c074e62c20036c299c837daeb426c18ba47f53c608cd4911510ab932a6ebd
[INFO] running `Command { std: "docker" "start" "-a" "6f8c074e62c20036c299c837daeb426c18ba47f53c608cd4911510ab932a6ebd", kill_on_drop: false }`
[INFO] [stderr]    Compiling proc-macro2 v1.0.75
[INFO] [stderr]    Compiling unicode-ident v1.0.12
[INFO] [stderr]    Compiling libc v0.2.151
[INFO] [stderr]    Compiling typenum v1.17.0
[INFO] [stderr]    Compiling generic-array v0.14.7
[INFO] [stderr]    Compiling subtle v2.5.0
[INFO] [stderr]    Compiling base64ct v1.6.0
[INFO] [stderr]    Compiling const-oid v0.9.6
[INFO] [stderr]    Compiling serde v1.0.194
[INFO] [stderr]    Compiling cpufeatures v0.2.12
[INFO] [stderr]    Compiling byte-tools v0.3.1
[INFO] [stderr]    Compiling block-padding v0.1.5
[INFO] [stderr]    Compiling byteorder v1.5.0
[INFO] [stderr]    Compiling base16ct v0.1.1
[INFO] [stderr]    Compiling thiserror v1.0.56
[INFO] [stderr]    Compiling ppv-lite86 v0.2.17
[INFO] [stderr]    Compiling fake-simd v0.1.2
[INFO] [stderr]    Compiling opaque-debug v0.2.3
[INFO] [stderr]    Compiling keccak v0.1.4
[INFO] [stderr]    Compiling hex v0.4.3
[INFO] [stderr]    Compiling once_cell v1.19.0
[INFO] [stderr]    Compiling base58 v0.1.0
[INFO] [stderr]    Compiling ahash v0.7.7
[INFO] [stderr]    Compiling bech32 v0.7.3
[INFO] [stderr]    Compiling quote v1.0.35
[INFO] [stderr]    Compiling base64 v0.12.3
[INFO] [stderr]    Compiling syn v1.0.109
[INFO] [stderr]    Compiling either v1.9.0
[INFO] [stderr]    Compiling cc v1.0.83
[INFO] [stderr]    Compiling num-traits v0.2.17
[INFO] [stderr]    Compiling bs58 v0.4.0
[INFO] [stderr]    Compiling syn v2.0.48
[INFO] [stderr]    Compiling getrandom v0.2.11
[INFO] [stderr]    Compiling radium v0.3.0
[INFO] [stderr]    Compiling num-integer v0.1.45
[INFO] [stderr]    Compiling rand_core v0.6.4
[INFO] [stderr]    Compiling bitvec v0.17.4
[INFO] [stderr]    Compiling generic-array v0.12.4
[INFO] [stderr]    Compiling ff v0.12.1
[INFO] [stderr]    Compiling group v0.12.1
[INFO] [stderr]    Compiling rand_chacha v0.3.1
[INFO] [stderr]    Compiling password-hash v0.4.2
[INFO] [stderr]    Compiling block-buffer v0.7.3
[INFO] [stderr]    Compiling digest v0.8.1
[INFO] [stderr]    Compiling sha2 v0.8.2
[INFO] [stderr]    Compiling rand v0.8.5
[INFO] [stderr]    Compiling base58check v0.1.0
[INFO] [stderr]    Compiling block-buffer v0.10.4
[INFO] [stderr]    Compiling crypto-common v0.1.6
[INFO] [stderr]    Compiling lock_api v0.4.11
[INFO] [stderr]    Compiling digest v0.10.7
[INFO] [stderr]    Compiling secp256k1-sys v0.6.1
[INFO] [stderr]    Compiling parking_lot_core v0.9.9
[INFO] [stderr]    Compiling hmac v0.12.1
[INFO] [stderr]    Compiling sha2 v0.10.8
[INFO] [stderr]    Compiling signature v1.6.4
[INFO] [stderr]    Compiling sha3 v0.10.8
[INFO] [stderr]    Compiling blake2 v0.10.6
[INFO] [stderr]    Compiling ripemd v0.1.3
[INFO] [stderr]    Compiling pbkdf2 v0.11.0
[INFO] [stderr]    Compiling fuel-types v0.5.3
[INFO] [stderr]    Compiling hashbrown v0.12.3
[INFO] [stderr]    Compiling borrown v0.1.0
[INFO] [stderr]    Compiling fuel-storage v0.3.0
[INFO] [stderr]    Compiling smallvec v1.11.2
[INFO] [stderr]    Compiling scopeguard v1.2.0
[INFO] [stderr]    Compiling pin-project-lite v0.2.13
[INFO] [stderr]    Compiling fuel-asm v0.10.0
[INFO] [stderr]    Compiling itertools v0.10.5
[INFO] [stderr]    Compiling tracing-core v0.1.32
[INFO] [stderr]    Compiling async-trait v0.1.77
[INFO] [stderr]    Compiling anyhow v1.0.79
[INFO] [stderr]    Compiling parking_lot v0.12.1
[INFO] [stderr]    Compiling mio v0.8.10
[INFO] [stderr]    Compiling socket2 v0.5.5
[INFO] [stderr]    Compiling signal-hook-registry v1.4.1
[INFO] [stderr]    Compiling num_cpus v1.16.0
[INFO] [stderr]    Compiling convert_case v0.4.0
[INFO] [stderr]    Compiling bytes v1.5.0
[INFO] [stderr]    Compiling derivative v2.2.0
[INFO] [stderr]    Compiling derive_more v0.99.17
[INFO] [stderr]    Compiling humantime v2.1.0
[INFO] [stderr]    Compiling zeroize_derive v1.4.2
[INFO] [stderr]    Compiling serde_derive v1.0.194
[INFO] [stderr]    Compiling thiserror-impl v1.0.56
[INFO] [stderr]    Compiling tracing-attributes v0.1.27
[INFO] [stderr]    Compiling tokio-macros v2.2.0
[INFO] [stderr]    Compiling secp256k1 v0.24.3
[INFO] [stderr]    Compiling zeroize v1.7.0
[INFO] [stderr]    Compiling der v0.6.1
[INFO] [stderr]    Compiling crypto-bigint v0.4.9
[INFO] [stderr]    Compiling tokio v1.35.1
[INFO] [stderr]    Compiling fuel-merkle v0.4.1
[INFO] [stderr]    Compiling secrecy v0.8.0
[INFO] [stderr]    Compiling spki v0.6.0
[INFO] [stderr]    Compiling tracing v0.1.40
[INFO] [stderr]    Compiling pkcs8 v0.9.0
[INFO] [stderr]    Compiling rfc6979 v0.3.1
[INFO] [stderr]    Compiling sec1 v0.3.0
[INFO] [stderr]    Compiling elliptic-curve v0.12.3
[INFO] [stderr]    Compiling ecdsa v0.14.8
[INFO] [stderr]    Compiling k256 v0.11.6
[INFO] [stderr]    Compiling bincode v1.3.3
[INFO] [stderr]    Compiling coins-core v0.7.0
[INFO] [stderr]    Compiling tai64 v4.0.0
[INFO] [stderr]    Compiling humantime-serde v1.1.1
[INFO] [stderr]    Compiling coins-bip32 v0.7.0
[INFO] [stderr]    Compiling coins-bip39 v0.7.0
[INFO] [stderr]    Compiling fuel-crypto v0.6.2
[INFO] [stderr]    Compiling fuel-tx v0.23.1
[INFO] [stderr]    Compiling fuel-vm v0.22.7
[INFO] [stderr]    Compiling fuel-core-interfaces v0.15.3
[INFO] [stderr]    Compiling fuel-poa-coordinator v0.15.3 (/opt/rustwide/workdir)
[INFO] [stderr]     Finished dev [unoptimized + debuginfo] target(s) in 1m 01s
[INFO] running `Command { std: "docker" "inspect" "6f8c074e62c20036c299c837daeb426c18ba47f53c608cd4911510ab932a6ebd", kill_on_drop: false }`
[INFO] running `Command { std: "docker" "rm" "-f" "6f8c074e62c20036c299c837daeb426c18ba47f53c608cd4911510ab932a6ebd", kill_on_drop: false }`
[INFO] [stdout] 6f8c074e62c20036c299c837daeb426c18ba47f53c608cd4911510ab932a6ebd
[INFO] running `Command { std: "docker" "create" "-v" "/var/lib/crater-agent-workspace/builds/worker-6-tc1/target:/opt/rustwide/target:rw,Z" "-v" "/var/lib/crater-agent-workspace/builds/worker-6-tc1/source:/opt/rustwide/workdir:ro,Z" "-v" "/var/lib/crater-agent-workspace/cargo-home:/opt/rustwide/cargo-home:ro,Z" "-v" "/var/lib/crater-agent-workspace/rustup-home:/opt/rustwide/rustup-home:ro,Z" "-e" "SOURCE_DIR=/opt/rustwide/workdir" "-e" "CARGO_TARGET_DIR=/opt/rustwide/target" "-e" "CARGO_INCREMENTAL=0" "-e" "RUST_BACKTRACE=full" "-e" "RUSTFLAGS=--cap-lints=warn" "-e" "RUSTDOCFLAGS=--cap-lints=warn" "-e" "CARGO_HOME=/opt/rustwide/cargo-home" "-e" "RUSTUP_HOME=/opt/rustwide/rustup-home" "-w" "/opt/rustwide/workdir" "-m" "1610612736" "--user" "0:0" "--network" "none" "ghcr.io/rust-lang/crates-build-env/linux@sha256:2788e3201cd34a07e3172128adcd8b3090168a8e3bcc40d7c032b9dda1df7d1c" "/opt/rustwide/cargo-home/bin/cargo" "+1.75.0" "test" "--frozen" "--no-run" "--message-format=json", kill_on_drop: false }`
[INFO] [stdout] 27d9b369c740d04ea460972d8f667326fe9447bd788cb37d518bb6e9eeeb66a2
[INFO] running `Command { std: "docker" "start" "-a" "27d9b369c740d04ea460972d8f667326fe9447bd788cb37d518bb6e9eeeb66a2", kill_on_drop: false }`
[INFO] [stderr]    Compiling syn v1.0.109
[INFO] [stderr]    Compiling memchr v2.7.1
[INFO] [stderr]    Compiling regex-syntax v0.8.2
[INFO] [stderr]    Compiling predicates-core v1.0.6
[INFO] [stderr]    Compiling tokio v1.35.1
[INFO] [stderr]    Compiling float-cmp v0.9.0
[INFO] [stderr]    Compiling normalize-line-endings v0.3.0
[INFO] [stderr]    Compiling difflib v0.4.0
[INFO] [stderr]    Compiling termtree v0.4.1
[INFO] [stderr]    Compiling fragile v2.0.0
[INFO] [stderr]    Compiling predicates-tree v1.0.9
[INFO] [stderr]    Compiling downcast v0.11.0
[INFO] [stderr]    Compiling aho-corasick v1.1.2
[INFO] [stderr]    Compiling regex-automata v0.4.3
[INFO] [stderr]    Compiling regex v1.10.2
[INFO] [stderr]    Compiling predicates v2.1.5
[INFO] [stderr]    Compiling derivative v2.2.0
[INFO] [stderr]    Compiling derive_more v0.99.17
[INFO] [stderr]    Compiling mockall_derive v0.11.4
[INFO] [stderr]    Compiling fuel-tx v0.23.1
[INFO] [stderr]    Compiling fuel-vm v0.22.7
[INFO] [stderr]    Compiling mockall v0.11.4
[INFO] [stderr]    Compiling fuel-core-interfaces v0.15.3
[INFO] [stderr]    Compiling fuel-poa-coordinator v0.15.3 (/opt/rustwide/workdir)
[INFO] [stdout] error[E0432]: unresolved import `fuel_core_interfaces::common::fuel_tx::TransactionBuilder`
[INFO] [stdout]   --> tests/test_trigger.rs:8:9
[INFO] [stdout]    |
[INFO] [stdout] 8  |         fuel_tx::TransactionBuilder,
[INFO] [stdout]    |         ^^^^^^^^^------------------
[INFO] [stdout]    |         |        |
[INFO] [stdout]    |         |        help: a similar name exists in the module: `TransactionFee`
[INFO] [stdout]    |         no `TransactionBuilder` in the root
[INFO] [stdout]    |
[INFO] [stdout] note: found an item that was configured out
[INFO] [stdout]   --> /opt/rustwide/cargo-home/registry/src/index.crates.io-6f17d22bba15001f/fuel-tx-0.23.1/src/lib.rs:38:30
[INFO] [stdout]    |
[INFO] [stdout] 38 | pub use builder::{Buildable, TransactionBuilder};
[INFO] [stdout]    |                              ^^^^^^^^^^^^^^^^^^
[INFO] [stdout]    = note: the item is gated behind the `builder` feature
[INFO] [stdout] 
[INFO] [stdout] 
[INFO] [stdout] error[E0432]: unresolved import `fuel_core_interfaces::common::fuel_tx::TransactionBuilder`
[INFO] [stdout]    --> src/service.rs:414:17
[INFO] [stdout]     |
[INFO] [stdout] 414 |                 TransactionBuilder,
[INFO] [stdout]     |                 ^^^^^^^^^^^^^^^^^^
[INFO] [stdout]     |                 |
[INFO] [stdout]     |                 no `TransactionBuilder` in the root
[INFO] [stdout]     |                 help: a similar name exists in the module: `TransactionFee`
[INFO] [stdout]     |
[INFO] [stdout] note: found an item that was configured out
[INFO] [stdout]    --> /opt/rustwide/cargo-home/registry/src/index.crates.io-6f17d22bba15001f/fuel-tx-0.23.1/src/lib.rs:38:30
[INFO] [stdout]     |
[INFO] [stdout] 38  | pub use builder::{Buildable, TransactionBuilder};
[INFO] [stdout]     |                              ^^^^^^^^^^^^^^^^^^
[INFO] [stdout]     = note: the item is gated behind the `builder` feature
[INFO] [stdout] 
[INFO] [stdout] 
[INFO] [stdout] error[E0277]: the trait bound `FuelConsensusHeader<fuel_core_interfaces::model::Empty>: Default` is not satisfied
[INFO] [stdout]    --> tests/test_trigger.rs:133:23
[INFO] [stdout]     |
[INFO] [stdout] 133 |                     ..Default::default()
[INFO] [stdout]     |                       ^^^^^^^^^^^^^^^^ the trait `Default` is not implemented for `FuelConsensusHeader<fuel_core_interfaces::model::Empty>`
[INFO] [stdout] 
[INFO] [stdout] 
[INFO] [stdout] error[E0277]: the trait bound `PartialFuelBlockHeader: Default` is not satisfied
[INFO] [stdout]    --> tests/test_trigger.rs:135:19
[INFO] [stdout]     |
[INFO] [stdout] 135 |                 ..Default::default()
[INFO] [stdout]     |                   ^^^^^^^^^^^^^^^^ the trait `Default` is not implemented for `PartialFuelBlockHeader`
[INFO] [stdout] 
[INFO] [stdout] 
[INFO] [stdout] error: aborting due to 3 previous errors
[INFO] [stdout] 
[INFO] [stdout] 
[INFO] [stdout] Some errors have detailed explanations: E0277, E0432.
[INFO] [stdout] 
[INFO] [stdout] For more information about an error, try `rustc --explain E0277`.
[INFO] [stdout] 
[INFO] [stderr] error: could not compile `fuel-poa-coordinator` (test "test_trigger") due to 4 previous errors
[INFO] [stderr] warning: build failed, waiting for other jobs to finish...
[INFO] [stdout] error[E0277]: the trait bound `FuelBlock: Default` is not satisfied
[INFO] [stdout]    --> src/service.rs:568:32
[INFO] [stdout]     |
[INFO] [stdout] 568 |                         block: Default::default(),
[INFO] [stdout]     |                                ^^^^^^^^^^^^^^^^ the trait `Default` is not implemented for `FuelBlock`
[INFO] [stdout] 
[INFO] [stdout] 
[INFO] [stdout] error: aborting due to 2 previous errors
[INFO] [stdout] 
[INFO] [stdout] 
[INFO] [stdout] Some errors have detailed explanations: E0277, E0432.
[INFO] [stdout] 
[INFO] [stdout] For more information about an error, try `rustc --explain E0277`.
[INFO] [stdout] 
[INFO] [stderr] error: could not compile `fuel-poa-coordinator` (lib test) due to 3 previous errors
[INFO] running `Command { std: "docker" "inspect" "27d9b369c740d04ea460972d8f667326fe9447bd788cb37d518bb6e9eeeb66a2", kill_on_drop: false }`
[INFO] running `Command { std: "docker" "rm" "-f" "27d9b369c740d04ea460972d8f667326fe9447bd788cb37d518bb6e9eeeb66a2", kill_on_drop: false }`
[INFO] [stdout] 27d9b369c740d04ea460972d8f667326fe9447bd788cb37d518bb6e9eeeb66a2
[INFO] testing fuel-poa-coordinator-0.15.3 against beta-2023-12-22 for beta-1.76-1
[INFO] extracting crate fuel-poa-coordinator 0.15.3 into /workspace/builds/worker-6-tc2/source
[INFO] validating manifest of crates.io crate fuel-poa-coordinator 0.15.3 on toolchain beta-2023-12-22
[INFO] running `Command { std: CARGO_HOME="/workspace/cargo-home" RUSTUP_HOME="/workspace/rustup-home" "/workspace/cargo-home/bin/cargo" "+beta-2023-12-22" "metadata" "--manifest-path" "Cargo.toml" "--no-deps", kill_on_drop: false }`
[INFO] started tweaking crates.io crate fuel-poa-coordinator 0.15.3
[INFO] finished tweaking crates.io crate fuel-poa-coordinator 0.15.3
[INFO] tweaked toml for crates.io crate fuel-poa-coordinator 0.15.3 written to /workspace/builds/worker-6-tc2/source/Cargo.toml
[INFO] running `Command { std: CARGO_HOME="/workspace/cargo-home" RUSTUP_HOME="/workspace/rustup-home" "/workspace/cargo-home/bin/cargo" "+beta-2023-12-22" "generate-lockfile" "--manifest-path" "Cargo.toml", kill_on_drop: false }`
[INFO] [stderr]     Updating crates.io index
[INFO] running `Command { std: CARGO_HOME="/workspace/cargo-home" RUSTUP_HOME="/workspace/rustup-home" "/workspace/cargo-home/bin/cargo" "+beta-2023-12-22" "fetch" "--manifest-path" "Cargo.toml", kill_on_drop: false }`
[INFO] running `Command { std: "docker" "create" "-v" "/var/lib/crater-agent-workspace/builds/worker-6-tc2/target:/opt/rustwide/target:rw,Z" "-v" "/var/lib/crater-agent-workspace/builds/worker-6-tc2/source:/opt/rustwide/workdir:ro,Z" "-v" "/var/lib/crater-agent-workspace/cargo-home:/opt/rustwide/cargo-home:ro,Z" "-v" "/var/lib/crater-agent-workspace/rustup-home:/opt/rustwide/rustup-home:ro,Z" "-e" "SOURCE_DIR=/opt/rustwide/workdir" "-e" "CARGO_TARGET_DIR=/opt/rustwide/target" "-e" "CARGO_HOME=/opt/rustwide/cargo-home" "-e" "RUSTUP_HOME=/opt/rustwide/rustup-home" "-w" "/opt/rustwide/workdir" "-m" "1610612736" "--user" "0:0" "--network" "none" "ghcr.io/rust-lang/crates-build-env/linux@sha256:2788e3201cd34a07e3172128adcd8b3090168a8e3bcc40d7c032b9dda1df7d1c" "/opt/rustwide/cargo-home/bin/cargo" "+beta-2023-12-22" "metadata" "--no-deps" "--format-version=1", kill_on_drop: false }`
[INFO] [stdout] 111ef675e88eb7f293b47c1235146ae2111c246759a493497a62dfda3d5079ee
[INFO] running `Command { std: "docker" "start" "-a" "111ef675e88eb7f293b47c1235146ae2111c246759a493497a62dfda3d5079ee", kill_on_drop: false }`
[INFO] running `Command { std: "docker" "inspect" "111ef675e88eb7f293b47c1235146ae2111c246759a493497a62dfda3d5079ee", kill_on_drop: false }`
[INFO] running `Command { std: "docker" "rm" "-f" "111ef675e88eb7f293b47c1235146ae2111c246759a493497a62dfda3d5079ee", kill_on_drop: false }`
[INFO] [stdout] 111ef675e88eb7f293b47c1235146ae2111c246759a493497a62dfda3d5079ee
[INFO] running `Command { std: "docker" "create" "-v" "/var/lib/crater-agent-workspace/builds/worker-6-tc2/target:/opt/rustwide/target:rw,Z" "-v" "/var/lib/crater-agent-workspace/builds/worker-6-tc2/source:/opt/rustwide/workdir:ro,Z" "-v" "/var/lib/crater-agent-workspace/cargo-home:/opt/rustwide/cargo-home:ro,Z" "-v" "/var/lib/crater-agent-workspace/rustup-home:/opt/rustwide/rustup-home:ro,Z" "-e" "SOURCE_DIR=/opt/rustwide/workdir" "-e" "CARGO_TARGET_DIR=/opt/rustwide/target" "-e" "CARGO_INCREMENTAL=0" "-e" "RUST_BACKTRACE=full" "-e" "RUSTFLAGS=--cap-lints=warn" "-e" "RUSTDOCFLAGS=--cap-lints=warn" "-e" "CARGO_HOME=/opt/rustwide/cargo-home" "-e" "RUSTUP_HOME=/opt/rustwide/rustup-home" "-w" "/opt/rustwide/workdir" "-m" "1610612736" "--user" "0:0" "--network" "none" "ghcr.io/rust-lang/crates-build-env/linux@sha256:2788e3201cd34a07e3172128adcd8b3090168a8e3bcc40d7c032b9dda1df7d1c" "/opt/rustwide/cargo-home/bin/cargo" "+beta-2023-12-22" "build" "--frozen" "--message-format=json", kill_on_drop: false }`
[INFO] [stdout] 171a7f0d1f89721e6e26a5472497d8b8bf65936f46a985ad8cbb507241077afd
[INFO] running `Command { std: "docker" "start" "-a" "171a7f0d1f89721e6e26a5472497d8b8bf65936f46a985ad8cbb507241077afd", kill_on_drop: false }`
[INFO] [stderr]    Compiling proc-macro2 v1.0.75
[INFO] [stderr]    Compiling unicode-ident v1.0.12
[INFO] [stderr]    Compiling libc v0.2.151
[INFO] [stderr]    Compiling typenum v1.17.0
[INFO] [stderr]    Compiling subtle v2.5.0
[INFO] [stderr]    Compiling generic-array v0.14.7
[INFO] [stderr]    Compiling base64ct v1.6.0
[INFO] [stderr]    Compiling const-oid v0.9.6
[INFO] [stderr]    Compiling serde v1.0.194
[INFO] [stderr]    Compiling byte-tools v0.3.1
[INFO] [stderr]    Compiling cpufeatures v0.2.12
[INFO] [stderr]    Compiling block-padding v0.1.5
[INFO] [stderr]    Compiling byteorder v1.5.0
[INFO] [stderr]    Compiling ppv-lite86 v0.2.17
[INFO] [stderr]    Compiling base16ct v0.1.1
[INFO] [stderr]    Compiling thiserror v1.0.56
[INFO] [stderr]    Compiling opaque-debug v0.2.3
[INFO] [stderr]    Compiling fake-simd v0.1.2
[INFO] [stderr]    Compiling base58 v0.1.0
[INFO] [stderr]    Compiling once_cell v1.19.0
[INFO] [stderr]    Compiling quote v1.0.35
[INFO] [stderr]    Compiling hex v0.4.3
[INFO] [stderr]    Compiling keccak v0.1.4
[INFO] [stderr]    Compiling ahash v0.7.7
[INFO] [stderr]    Compiling syn v2.0.48
[INFO] [stderr]    Compiling getrandom v0.2.11
[INFO] [stderr]    Compiling bech32 v0.7.3
[INFO] [stderr]    Compiling syn v1.0.109
[INFO] [stderr]    Compiling either v1.9.0
[INFO] [stderr]    Compiling rand_core v0.6.4
[INFO] [stderr]    Compiling cc v1.0.83
[INFO] [stderr]    Compiling ff v0.12.1
[INFO] [stderr]    Compiling rand_chacha v0.3.1
[INFO] [stderr]    Compiling base64 v0.12.3
[INFO] [stderr]    Compiling group v0.12.1
[INFO] [stderr]    Compiling generic-array v0.12.4
[INFO] [stderr]    Compiling rand v0.8.5
[INFO] [stderr]    Compiling password-hash v0.4.2
[INFO] [stderr]    Compiling digest v0.8.1
[INFO] [stderr]    Compiling block-buffer v0.7.3
[INFO] [stderr]    Compiling sha2 v0.8.2
[INFO] [stderr]    Compiling num-traits v0.2.17
[INFO] [stderr]    Compiling crypto-common v0.1.6
[INFO] [stderr]    Compiling block-buffer v0.10.4
[INFO] [stderr]    Compiling bs58 v0.4.0
[INFO] [stderr]    Compiling base58check v0.1.0
[INFO] [stderr]    Compiling digest v0.10.7
[INFO] [stderr]    Compiling radium v0.3.0
[INFO] [stderr]    Compiling fuel-types v0.5.3
[INFO] [stderr]    Compiling bitvec v0.17.4
[INFO] [stderr]    Compiling num-integer v0.1.45
[INFO] [stderr]    Compiling sha2 v0.10.8
[INFO] [stderr]    Compiling hmac v0.12.1
[INFO] [stderr]    Compiling signature v1.6.4
[INFO] [stderr]    Compiling blake2 v0.10.6
[INFO] [stderr]    Compiling sha3 v0.10.8
[INFO] [stderr]    Compiling ripemd v0.1.3
[INFO] [stderr]    Compiling pbkdf2 v0.11.0
[INFO] [stderr]    Compiling secp256k1-sys v0.6.1
[INFO] [stderr]    Compiling lock_api v0.4.11
[INFO] [stderr]    Compiling parking_lot_core v0.9.9
[INFO] [stderr]    Compiling hashbrown v0.12.3
[INFO] [stderr]    Compiling pin-project-lite v0.2.13
[INFO] [stderr]    Compiling scopeguard v1.2.0
[INFO] [stderr]    Compiling borrown v0.1.0
[INFO] [stderr]    Compiling fuel-storage v0.3.0
[INFO] [stderr]    Compiling smallvec v1.11.2
[INFO] [stderr]    Compiling fuel-asm v0.10.0
[INFO] [stderr]    Compiling itertools v0.10.5
[INFO] [stderr]    Compiling tracing-core v0.1.32
[INFO] [stderr]    Compiling async-trait v0.1.77
[INFO] [stderr]    Compiling anyhow v1.0.79
[INFO] [stderr]    Compiling parking_lot v0.12.1
[INFO] [stderr]    Compiling mio v0.8.10
[INFO] [stderr]    Compiling socket2 v0.5.5
[INFO] [stderr]    Compiling num_cpus v1.16.0
[INFO] [stderr]    Compiling signal-hook-registry v1.4.1
[INFO] [stderr]    Compiling bytes v1.5.0
[INFO] [stderr]    Compiling convert_case v0.4.0
[INFO] [stderr]    Compiling humantime v2.1.0
[INFO] [stderr]    Compiling derivative v2.2.0
[INFO] [stderr]    Compiling derive_more v0.99.17
[INFO] [stderr]    Compiling zeroize_derive v1.4.2
[INFO] [stderr]    Compiling serde_derive v1.0.194
[INFO] [stderr]    Compiling thiserror-impl v1.0.56
[INFO] [stderr]    Compiling tracing-attributes v0.1.27
[INFO] [stderr]    Compiling tokio-macros v2.2.0
[INFO] [stderr]    Compiling secp256k1 v0.24.3
[INFO] [stderr]    Compiling tokio v1.35.1
[INFO] [stderr]    Compiling zeroize v1.7.0
[INFO] [stderr]    Compiling der v0.6.1
[INFO] [stderr]    Compiling crypto-bigint v0.4.9
[INFO] [stderr]    Compiling fuel-merkle v0.4.1
[INFO] [stderr]    Compiling tracing v0.1.40
[INFO] [stderr]    Compiling spki v0.6.0
[INFO] [stderr]    Compiling pkcs8 v0.9.0
[INFO] [stderr]    Compiling sec1 v0.3.0
[INFO] [stderr]    Compiling rfc6979 v0.3.1
[INFO] [stderr]    Compiling secrecy v0.8.0
[INFO] [stderr]    Compiling elliptic-curve v0.12.3
[INFO] [stderr]    Compiling ecdsa v0.14.8
[INFO] [stderr]    Compiling k256 v0.11.6
[INFO] [stderr]    Compiling bincode v1.3.3
[INFO] [stderr]    Compiling coins-core v0.7.0
[INFO] [stderr]    Compiling tai64 v4.0.0
[INFO] [stderr]    Compiling humantime-serde v1.1.1
[INFO] [stderr]    Compiling coins-bip32 v0.7.0
[INFO] [stderr]    Compiling coins-bip39 v0.7.0
[INFO] [stderr]    Compiling fuel-crypto v0.6.2
[INFO] [stderr]    Compiling fuel-tx v0.23.1
[INFO] [stderr]    Compiling fuel-vm v0.22.7
[INFO] [stderr]    Compiling fuel-core-interfaces v0.15.3
[INFO] [stderr]    Compiling fuel-poa-coordinator v0.15.3 (/opt/rustwide/workdir)
[INFO] [stderr]     Finished dev [unoptimized + debuginfo] target(s) in 41.21s
[INFO] running `Command { std: "docker" "inspect" "171a7f0d1f89721e6e26a5472497d8b8bf65936f46a985ad8cbb507241077afd", kill_on_drop: false }`
[INFO] running `Command { std: "docker" "rm" "-f" "171a7f0d1f89721e6e26a5472497d8b8bf65936f46a985ad8cbb507241077afd", kill_on_drop: false }`
[INFO] [stdout] 171a7f0d1f89721e6e26a5472497d8b8bf65936f46a985ad8cbb507241077afd
[INFO] running `Command { std: "docker" "create" "-v" "/var/lib/crater-agent-workspace/builds/worker-6-tc2/target:/opt/rustwide/target:rw,Z" "-v" "/var/lib/crater-agent-workspace/builds/worker-6-tc2/source:/opt/rustwide/workdir:ro,Z" "-v" "/var/lib/crater-agent-workspace/cargo-home:/opt/rustwide/cargo-home:ro,Z" "-v" "/var/lib/crater-agent-workspace/rustup-home:/opt/rustwide/rustup-home:ro,Z" "-e" "SOURCE_DIR=/opt/rustwide/workdir" "-e" "CARGO_TARGET_DIR=/opt/rustwide/target" "-e" "CARGO_INCREMENTAL=0" "-e" "RUST_BACKTRACE=full" "-e" "RUSTFLAGS=--cap-lints=warn" "-e" "RUSTDOCFLAGS=--cap-lints=warn" "-e" "CARGO_HOME=/opt/rustwide/cargo-home" "-e" "RUSTUP_HOME=/opt/rustwide/rustup-home" "-w" "/opt/rustwide/workdir" "-m" "1610612736" "--user" "0:0" "--network" "none" "ghcr.io/rust-lang/crates-build-env/linux@sha256:2788e3201cd34a07e3172128adcd8b3090168a8e3bcc40d7c032b9dda1df7d1c" "/opt/rustwide/cargo-home/bin/cargo" "+beta-2023-12-22" "test" "--frozen" "--no-run" "--message-format=json", kill_on_drop: false }`
[INFO] [stdout] ff1eb2ed58bf620bd06025c0677b1e55bd4564057ace593867fc69a5d22be8bf
[INFO] running `Command { std: "docker" "start" "-a" "ff1eb2ed58bf620bd06025c0677b1e55bd4564057ace593867fc69a5d22be8bf", kill_on_drop: false }`
[INFO] [stderr]    Compiling syn v1.0.109
[INFO] [stderr]    Compiling memchr v2.7.1
[INFO] [stderr]    Compiling regex-syntax v0.8.2
[INFO] [stderr]    Compiling predicates-core v1.0.6
[INFO] [stderr]    Compiling tokio v1.35.1
[INFO] [stderr]    Compiling float-cmp v0.9.0
[INFO] [stderr]    Compiling normalize-line-endings v0.3.0
[INFO] [stderr]    Compiling difflib v0.4.0
[INFO] [stderr]    Compiling termtree v0.4.1
[INFO] [stderr]    Compiling downcast v0.11.0
[INFO] [stderr]    Compiling predicates-tree v1.0.9
[INFO] [stderr]    Compiling fragile v2.0.0
[INFO] [stderr]    Compiling aho-corasick v1.1.2
[INFO] [stderr]    Compiling regex-automata v0.4.3
[INFO] [stderr]    Compiling regex v1.10.2
[INFO] [stderr]    Compiling derivative v2.2.0
[INFO] [stderr]    Compiling derive_more v0.99.17
[INFO] [stderr]    Compiling mockall_derive v0.11.4
[INFO] [stderr]    Compiling predicates v2.1.5
[INFO] [stderr]    Compiling fuel-tx v0.23.1
[INFO] [stderr]    Compiling fuel-vm v0.22.7
[INFO] [stderr]    Compiling mockall v0.11.4
[INFO] [stderr]    Compiling fuel-core-interfaces v0.15.3
[INFO] [stderr]    Compiling fuel-poa-coordinator v0.15.3 (/opt/rustwide/workdir)
[INFO] [stdout] error[E0432]: unresolved import `fuel_core_interfaces::common::fuel_tx::TransactionBuilder`
[INFO] [stdout]   --> tests/test_trigger.rs:8:9
[INFO] [stdout]    |
[INFO] [stdout] 8  |         fuel_tx::TransactionBuilder,
[INFO] [stdout]    |         ^^^^^^^^^------------------
[INFO] [stdout]    |         |        |
[INFO] [stdout]    |         |        help: a similar name exists in the module: `TransactionFee`
[INFO] [stdout]    |         no `TransactionBuilder` in the root
[INFO] [stdout]    |
[INFO] [stdout] note: found an item that was configured out
[INFO] [stdout]   --> /opt/rustwide/cargo-home/registry/src/index.crates.io-6f17d22bba15001f/fuel-tx-0.23.1/src/lib.rs:38:30
[INFO] [stdout]    |
[INFO] [stdout] 38 | pub use builder::{Buildable, TransactionBuilder};
[INFO] [stdout]    |                              ^^^^^^^^^^^^^^^^^^
[INFO] [stdout]    = note: the item is gated behind the `builder` feature
[INFO] [stdout] 
[INFO] [stdout] 
[INFO] [stdout] error[E0277]: the trait bound `FuelConsensusHeader<fuel_core_interfaces::model::Empty>: Default` is not satisfied
[INFO] [stdout]    --> tests/test_trigger.rs:133:23
[INFO] [stdout]     |
[INFO] [stdout] 133 |                     ..Default::default()
[INFO] [stdout]     |                       ^^^^^^^^^^^^^^^^ the trait `Default` is not implemented for `FuelConsensusHeader<fuel_core_interfaces::model::Empty>`
[INFO] [stdout] 
[INFO] [stdout] 
[INFO] [stdout] error[E0277]: the trait bound `PartialFuelBlockHeader: Default` is not satisfied
[INFO] [stdout]    --> tests/test_trigger.rs:135:19
[INFO] [stdout]     |
[INFO] [stdout] 135 |                 ..Default::default()
[INFO] [stdout]     |                   ^^^^^^^^^^^^^^^^ the trait `Default` is not implemented for `PartialFuelBlockHeader`
[INFO] [stdout] 
[INFO] [stdout] 
[INFO] [stdout] error[E0432]: unresolved import `fuel_core_interfaces::common::fuel_tx::TransactionBuilder`
[INFO] [stdout]    --> src/service.rs:414:17
[INFO] [stdout]     |
[INFO] [stdout] 414 |                 TransactionBuilder,
[INFO] [stdout]     |                 ^^^^^^^^^^^^^^^^^^
[INFO] [stdout]     |                 |
[INFO] [stdout]     |                 no `TransactionBuilder` in the root
[INFO] [stdout]     |                 help: a similar name exists in the module: `TransactionFee`
[INFO] [stdout]     |
[INFO] [stdout] note: found an item that was configured out
[INFO] [stdout]    --> /opt/rustwide/cargo-home/registry/src/index.crates.io-6f17d22bba15001f/fuel-tx-0.23.1/src/lib.rs:38:30
[INFO] [stdout]     |
[INFO] [stdout] 38  | pub use builder::{Buildable, TransactionBuilder};
[INFO] [stdout]     |                              ^^^^^^^^^^^^^^^^^^
[INFO] [stdout]     = note: the item is gated behind the `builder` feature
[INFO] [stdout] 
[INFO] [stdout] 
[INFO] [stdout] error: aborting due to 3 previous errors
[INFO] [stdout] 
[INFO] [stdout] 
[INFO] [stdout] Some errors have detailed explanations: E0277, E0432.
[INFO] [stdout] 
[INFO] [stdout] For more information about an error, try `rustc --explain E0277`.
[INFO] [stdout] 
[INFO] [stderr] error: could not compile `fuel-poa-coordinator` (test "test_trigger") due to 4 previous errors
[INFO] [stderr] warning: build failed, waiting for other jobs to finish...
[INFO] [stdout] error[E0277]: the trait bound `FuelBlock: Default` is not satisfied
[INFO] [stdout]    --> src/service.rs:568:32
[INFO] [stdout]     |
[INFO] [stdout] 568 |                         block: Default::default(),
[INFO] [stdout]     |                                ^^^^^^^^^^^^^^^^ the trait `Default` is not implemented for `FuelBlock`
[INFO] [stdout] 
[INFO] [stdout] 
[INFO] [stdout] error: aborting due to 2 previous errors
[INFO] [stdout] 
[INFO] [stdout] 
[INFO] [stdout] Some errors have detailed explanations: E0277, E0432.
[INFO] [stdout] 
[INFO] [stdout] For more information about an error, try `rustc --explain E0277`.
[INFO] [stdout] 
[INFO] [stderr] error: could not compile `fuel-poa-coordinator` (lib test) due to 3 previous errors
[INFO] running `Command { std: "docker" "inspect" "ff1eb2ed58bf620bd06025c0677b1e55bd4564057ace593867fc69a5d22be8bf", kill_on_drop: false }`
[INFO] running `Command { std: "docker" "rm" "-f" "ff1eb2ed58bf620bd06025c0677b1e55bd4564057ace593867fc69a5d22be8bf", kill_on_drop: false }`
[INFO] [stdout] ff1eb2ed58bf620bd06025c0677b1e55bd4564057ace593867fc69a5d22be8bf
