[INFO] fetching crate fuel-merkle 0.43.1...
[INFO] testing fuel-merkle-0.43.1 against 1.75.0 for beta-1.76-1
[INFO] extracting crate fuel-merkle 0.43.1 into /workspace/builds/worker-4-tc1/source
[INFO] validating manifest of crates.io crate fuel-merkle 0.43.1 on toolchain 1.75.0
[INFO] running `Command { std: CARGO_HOME="/workspace/cargo-home" RUSTUP_HOME="/workspace/rustup-home" "/workspace/cargo-home/bin/cargo" "+1.75.0" "metadata" "--manifest-path" "Cargo.toml" "--no-deps", kill_on_drop: false }`
[INFO] started tweaking crates.io crate fuel-merkle 0.43.1
[INFO] removed 0 missing tests
[INFO] finished tweaking crates.io crate fuel-merkle 0.43.1
[INFO] tweaked toml for crates.io crate fuel-merkle 0.43.1 written to /workspace/builds/worker-4-tc1/source/Cargo.toml
[INFO] running `Command { std: CARGO_HOME="/workspace/cargo-home" RUSTUP_HOME="/workspace/rustup-home" "/workspace/cargo-home/bin/cargo" "+1.75.0" "generate-lockfile" "--manifest-path" "Cargo.toml", kill_on_drop: false }`
[INFO] [stderr]     Updating crates.io index
[INFO] running `Command { std: CARGO_HOME="/workspace/cargo-home" RUSTUP_HOME="/workspace/rustup-home" "/workspace/cargo-home/bin/cargo" "+1.75.0" "fetch" "--manifest-path" "Cargo.toml", kill_on_drop: false }`
[INFO] [stderr]  Downloading crates ...
[INFO] [stderr]   Downloaded fuel-storage v0.43.2
[INFO] [stderr]   Downloaded datatest-stable v0.1.3
[INFO] [stderr]   Downloaded libtest-mimic v0.5.2
[INFO] running `Command { std: "docker" "create" "-v" "/var/lib/crater-agent-workspace/builds/worker-4-tc1/target:/opt/rustwide/target:rw,Z" "-v" "/var/lib/crater-agent-workspace/builds/worker-4-tc1/source:/opt/rustwide/workdir:ro,Z" "-v" "/var/lib/crater-agent-workspace/cargo-home:/opt/rustwide/cargo-home:ro,Z" "-v" "/var/lib/crater-agent-workspace/rustup-home:/opt/rustwide/rustup-home:ro,Z" "-e" "SOURCE_DIR=/opt/rustwide/workdir" "-e" "CARGO_TARGET_DIR=/opt/rustwide/target" "-e" "CARGO_HOME=/opt/rustwide/cargo-home" "-e" "RUSTUP_HOME=/opt/rustwide/rustup-home" "-w" "/opt/rustwide/workdir" "-m" "1610612736" "--user" "0:0" "--network" "none" "ghcr.io/rust-lang/crates-build-env/linux@sha256:2788e3201cd34a07e3172128adcd8b3090168a8e3bcc40d7c032b9dda1df7d1c" "/opt/rustwide/cargo-home/bin/cargo" "+1.75.0" "metadata" "--no-deps" "--format-version=1", kill_on_drop: false }`
[INFO] [stdout] 756520ef0327131f6e4be30a86d377c06b53faf048664193a86e280ea765f28a
[INFO] running `Command { std: "docker" "start" "-a" "756520ef0327131f6e4be30a86d377c06b53faf048664193a86e280ea765f28a", kill_on_drop: false }`
[INFO] running `Command { std: "docker" "inspect" "756520ef0327131f6e4be30a86d377c06b53faf048664193a86e280ea765f28a", kill_on_drop: false }`
[INFO] running `Command { std: "docker" "rm" "-f" "756520ef0327131f6e4be30a86d377c06b53faf048664193a86e280ea765f28a", kill_on_drop: false }`
[INFO] [stdout] 756520ef0327131f6e4be30a86d377c06b53faf048664193a86e280ea765f28a
[INFO] running `Command { std: "docker" "create" "-v" "/var/lib/crater-agent-workspace/builds/worker-4-tc1/target:/opt/rustwide/target:rw,Z" "-v" "/var/lib/crater-agent-workspace/builds/worker-4-tc1/source:/opt/rustwide/workdir:ro,Z" "-v" "/var/lib/crater-agent-workspace/cargo-home:/opt/rustwide/cargo-home:ro,Z" "-v" "/var/lib/crater-agent-workspace/rustup-home:/opt/rustwide/rustup-home:ro,Z" "-e" "SOURCE_DIR=/opt/rustwide/workdir" "-e" "CARGO_TARGET_DIR=/opt/rustwide/target" "-e" "CARGO_INCREMENTAL=0" "-e" "RUST_BACKTRACE=full" "-e" "RUSTFLAGS=--cap-lints=warn" "-e" "RUSTDOCFLAGS=--cap-lints=warn" "-e" "CARGO_HOME=/opt/rustwide/cargo-home" "-e" "RUSTUP_HOME=/opt/rustwide/rustup-home" "-w" "/opt/rustwide/workdir" "-m" "1610612736" "--user" "0:0" "--network" "none" "ghcr.io/rust-lang/crates-build-env/linux@sha256:2788e3201cd34a07e3172128adcd8b3090168a8e3bcc40d7c032b9dda1df7d1c" "/opt/rustwide/cargo-home/bin/cargo" "+1.75.0" "build" "--frozen" "--message-format=json", kill_on_drop: false }`
[INFO] [stdout] b3479366164e22bd63362d832e4dece2dc9eccae00e25587a80e506f82a63cd1
[INFO] running `Command { std: "docker" "start" "-a" "b3479366164e22bd63362d832e4dece2dc9eccae00e25587a80e506f82a63cd1", kill_on_drop: false }`
[INFO] [stderr]    Compiling generic-array v0.14.7
[INFO] [stderr]    Compiling ahash v0.8.7
[INFO] [stderr]    Compiling syn v1.0.109
[INFO] [stderr]    Compiling zerocopy v0.7.32
[INFO] [stderr]    Compiling once_cell v1.19.0
[INFO] [stderr]    Compiling hex v0.4.3
[INFO] [stderr]    Compiling fuel-storage v0.43.2
[INFO] [stderr]    Compiling hashbrown v0.13.2
[INFO] [stderr]    Compiling crypto-common v0.1.6
[INFO] [stderr]    Compiling block-buffer v0.10.4
[INFO] [stderr]    Compiling digest v0.10.7
[INFO] [stderr]    Compiling sha2 v0.10.8
[INFO] [stderr]    Compiling derive_more v0.99.17
[INFO] [stderr]    Compiling fuel-merkle v0.43.1 (/opt/rustwide/workdir)
[INFO] [stderr]     Finished dev [unoptimized + debuginfo] target(s) in 5.39s
[INFO] running `Command { std: "docker" "inspect" "b3479366164e22bd63362d832e4dece2dc9eccae00e25587a80e506f82a63cd1", kill_on_drop: false }`
[INFO] running `Command { std: "docker" "rm" "-f" "b3479366164e22bd63362d832e4dece2dc9eccae00e25587a80e506f82a63cd1", kill_on_drop: false }`
[INFO] [stdout] b3479366164e22bd63362d832e4dece2dc9eccae00e25587a80e506f82a63cd1
[INFO] running `Command { std: "docker" "create" "-v" "/var/lib/crater-agent-workspace/builds/worker-4-tc1/target:/opt/rustwide/target:rw,Z" "-v" "/var/lib/crater-agent-workspace/builds/worker-4-tc1/source:/opt/rustwide/workdir:ro,Z" "-v" "/var/lib/crater-agent-workspace/cargo-home:/opt/rustwide/cargo-home:ro,Z" "-v" "/var/lib/crater-agent-workspace/rustup-home:/opt/rustwide/rustup-home:ro,Z" "-e" "SOURCE_DIR=/opt/rustwide/workdir" "-e" "CARGO_TARGET_DIR=/opt/rustwide/target" "-e" "CARGO_INCREMENTAL=0" "-e" "RUST_BACKTRACE=full" "-e" "RUSTFLAGS=--cap-lints=warn" "-e" "RUSTDOCFLAGS=--cap-lints=warn" "-e" "CARGO_HOME=/opt/rustwide/cargo-home" "-e" "RUSTUP_HOME=/opt/rustwide/rustup-home" "-w" "/opt/rustwide/workdir" "-m" "1610612736" "--user" "0:0" "--network" "none" "ghcr.io/rust-lang/crates-build-env/linux@sha256:2788e3201cd34a07e3172128adcd8b3090168a8e3bcc40d7c032b9dda1df7d1c" "/opt/rustwide/cargo-home/bin/cargo" "+1.75.0" "test" "--frozen" "--no-run" "--message-format=json", kill_on_drop: false }`
[INFO] [stdout] 65da0b32a484e645c5a13f039da75ba78b86ff332c97cc649b170cdc8f83d6cd
[INFO] running `Command { std: "docker" "start" "-a" "65da0b32a484e645c5a13f039da75ba78b86ff332c97cc649b170cdc8f83d6cd", kill_on_drop: false }`
[INFO] [stderr]    Compiling syn v1.0.109
[INFO] [stderr]    Compiling indexmap v1.9.3
[INFO] [stderr]    Compiling syn v2.0.48
[INFO] [stderr]    Compiling proc-macro-error-attr v1.0.4
[INFO] [stderr]    Compiling crossbeam-epoch v0.9.17
[INFO] [stderr]    Compiling os_str_bytes v6.6.1
[INFO] [stderr]    Compiling heck v0.4.1
[INFO] [stderr]    Compiling rayon-core v1.12.0
[INFO] [stderr]    Compiling hashbrown v0.12.3
[INFO] [stderr]    Compiling clap_lex v0.2.4
[INFO] [stderr]    Compiling crossbeam-deque v0.8.4
[INFO] [stderr]    Compiling atty v0.2.14
[INFO] [stderr]    Compiling clap_lex v0.6.0
[INFO] [stderr]    Compiling anstyle v1.0.4
[INFO] [stderr]    Compiling half v1.8.2
[INFO] [stderr]    Compiling ciborium-io v0.2.1
[INFO] [stderr]    Compiling strsim v0.10.0
[INFO] [stderr]    Compiling plotters-backend v0.3.5
[INFO] [stderr]    Compiling same-file v1.0.6
[INFO] [stderr]    Compiling textwrap v0.16.0
[INFO] [stderr]    Compiling walkdir v2.4.0
[INFO] [stderr]    Compiling ciborium-ll v0.2.1
[INFO] [stderr]    Compiling plotters-svg v0.3.5
[INFO] [stderr]    Compiling ahash v0.8.7
[INFO] [stderr]    Compiling clap_builder v4.4.12
[INFO] [stderr]    Compiling itertools v0.10.5
[INFO] [stderr]    Compiling cast v0.3.0
[INFO] [stderr]    Compiling plotters v0.3.5
[INFO] [stderr]    Compiling hashbrown v0.13.2
[INFO] [stderr]    Compiling oorandom v11.1.3
[INFO] [stderr]    Compiling rayon v1.8.0
[INFO] [stderr]    Compiling unsafe-libyaml v0.2.10
[INFO] [stderr]    Compiling anes v0.1.6
[INFO] [stderr]    Compiling criterion-plot v0.5.0
[INFO] [stderr]    Compiling clap v4.4.13
[INFO] [stderr]    Compiling serde_derive v1.0.194
[INFO] [stderr]    Compiling proc-macro-error v1.0.4
[INFO] [stderr]    Compiling clap_derive v3.2.25
[INFO] [stderr]    Compiling derive_more v0.99.17
[INFO] [stderr]    Compiling fuel-merkle v0.43.1 (/opt/rustwide/workdir)
[INFO] [stderr]    Compiling serde v1.0.194
[INFO] [stderr]    Compiling clap v3.2.25
[INFO] [stderr]    Compiling libtest-mimic v0.5.2
[INFO] [stderr]    Compiling serde_json v1.0.111
[INFO] [stderr]    Compiling ciborium v0.2.1
[INFO] [stderr]    Compiling datatest-stable v0.1.3
[INFO] [stderr]    Compiling serde_yaml v0.9.30
[INFO] [stderr]    Compiling tinytemplate v1.2.1
[INFO] [stderr]    Compiling criterion v0.5.1
[INFO] [stdout] error[E0433]: failed to resolve: use of undeclared crate or module `fuel_merkle_test_helpers`
[INFO] [stdout]  --> tests-data/tests-data.rs:7:5
[INFO] [stdout]   |
[INFO] [stdout] 7 | use fuel_merkle_test_helpers::data::sparse::Test;
[INFO] [stdout]   |     ^^^^^^^^^^^^^^^^^^^^^^^^ use of undeclared crate or module `fuel_merkle_test_helpers`
[INFO] [stdout] 
[INFO] [stdout] 
[INFO] [stdout] error[E0433]: failed to resolve: use of undeclared crate or module `fuel_merkle_test_helpers`
[INFO] [stdout]  --> tests-data-binary/tests-data-binary.rs:7:5
[INFO] [stdout]   |
[INFO] [stdout] 7 | use fuel_merkle_test_helpers::data::binary::ProofTest;
[INFO] [stdout]   |     ^^^^^^^^^^^^^^^^^^^^^^^^ use of undeclared crate or module `fuel_merkle_test_helpers`
[INFO] [stdout] 
[INFO] [stdout] 
[INFO] [stdout] error: aborting due to previous error
[INFO] [stdout] 
[INFO] [stdout] 
[INFO] [stdout] error: aborting due to previous error
[INFO] [stdout] 
[INFO] [stdout] 
[INFO] [stdout] For more information about this error, try `rustc --explain E0433`.
[INFO] [stdout] 
[INFO] [stdout] For more information about this error, try `rustc --explain E0433`.
[INFO] [stdout] 
[INFO] [stderr] error: could not compile `fuel-merkle` (test "tests-data-binary") due to 2 previous errors
[INFO] [stderr] warning: build failed, waiting for other jobs to finish...
[INFO] [stderr] error: could not compile `fuel-merkle` (test "tests-data") due to 2 previous errors
[INFO] [stdout] error[E0432]: unresolved import `fuel_merkle_test_helpers`
[INFO] [stdout]    --> src/binary/merkle_tree.rs:395:9
[INFO] [stdout]     |
[INFO] [stdout] 395 |     use fuel_merkle_test_helpers::TEST_DATA;
[INFO] [stdout]     |         ^^^^^^^^^^^^^^^^^^^^^^^^ use of undeclared crate or module `fuel_merkle_test_helpers`
[INFO] [stdout] 
[INFO] [stdout] 
[INFO] [stdout] error[E0432]: unresolved import `fuel_merkle_test_helpers`
[INFO] [stdout]   --> src/binary/verify.rs:84:9
[INFO] [stdout]    |
[INFO] [stdout] 84 |     use fuel_merkle_test_helpers::TEST_DATA;
[INFO] [stdout]    |         ^^^^^^^^^^^^^^^^^^^^^^^^ use of undeclared crate or module `fuel_merkle_test_helpers`
[INFO] [stdout] 
[INFO] [stdout] 
[INFO] [stdout] error[E0432]: unresolved import `fuel_merkle_test_helpers`
[INFO] [stdout]   --> src/binary/in_memory.rs:73:9
[INFO] [stdout]    |
[INFO] [stdout] 73 |     use fuel_merkle_test_helpers::TEST_DATA;
[INFO] [stdout]    |         ^^^^^^^^^^^^^^^^^^^^^^^^ use of undeclared crate or module `fuel_merkle_test_helpers`
[INFO] [stdout] 
[INFO] [stdout] 
[INFO] [stdout] error[E0432]: unresolved import `fuel_merkle_test_helpers`
[INFO] [stdout]   --> src/binary/root_calculator.rs:80:9
[INFO] [stdout]    |
[INFO] [stdout] 80 |     use fuel_merkle_test_helpers::TEST_DATA;
[INFO] [stdout]    |         ^^^^^^^^^^^^^^^^^^^^^^^^ use of undeclared crate or module `fuel_merkle_test_helpers`
[INFO] [stdout] 
[INFO] [stdout] 
[INFO] [stdout] error[E0433]: failed to resolve: use of undeclared crate or module `fuel_merkle_test_helpers`
[INFO] [stdout]   --> src/tests/binary.rs:23:5
[INFO] [stdout]    |
[INFO] [stdout] 23 | use fuel_merkle_test_helpers::binary::MerkleTree as ReferenceMerkleTree;
[INFO] [stdout]    |     ^^^^^^^^^^^^^^^^^^^^^^^^ use of undeclared crate or module `fuel_merkle_test_helpers`
[INFO] [stdout] 
[INFO] [stdout] 
[INFO] [stdout] error[E0432]: unresolved import `fuel_merkle_test_helpers`
[INFO] [stdout]    --> src/sum/merkle_tree.rs:174:9
[INFO] [stdout]     |
[INFO] [stdout] 174 |     use fuel_merkle_test_helpers::TEST_DATA;
[INFO] [stdout]     |         ^^^^^^^^^^^^^^^^^^^^^^^^ use of undeclared crate or module `fuel_merkle_test_helpers`
[INFO] [stdout] 
[INFO] [stdout] 
[INFO] [stdout] error: aborting due to 6 previous errors
[INFO] [stdout] 
[INFO] [stdout] 
[INFO] [stdout] Some errors have detailed explanations: E0432, E0433.
[INFO] [stdout] 
[INFO] [stdout] For more information about an error, try `rustc --explain E0432`.
[INFO] [stdout] 
[INFO] [stderr] error: could not compile `fuel-merkle` (lib test) due to 7 previous errors
[INFO] running `Command { std: "docker" "inspect" "65da0b32a484e645c5a13f039da75ba78b86ff332c97cc649b170cdc8f83d6cd", kill_on_drop: false }`
[INFO] running `Command { std: "docker" "rm" "-f" "65da0b32a484e645c5a13f039da75ba78b86ff332c97cc649b170cdc8f83d6cd", kill_on_drop: false }`
[INFO] [stdout] 65da0b32a484e645c5a13f039da75ba78b86ff332c97cc649b170cdc8f83d6cd
