[INFO] fetching crate fuel-core-consensus-module 0.21.0...
[INFO] testing fuel-core-consensus-module-0.21.0 against 1.75.0 for beta-1.76-1
[INFO] extracting crate fuel-core-consensus-module 0.21.0 into /workspace/builds/worker-3-tc1/source
[INFO] validating manifest of crates.io crate fuel-core-consensus-module 0.21.0 on toolchain 1.75.0
[INFO] running `Command { std: CARGO_HOME="/workspace/cargo-home" RUSTUP_HOME="/workspace/rustup-home" "/workspace/cargo-home/bin/cargo" "+1.75.0" "metadata" "--manifest-path" "Cargo.toml" "--no-deps", kill_on_drop: false }`
[INFO] started tweaking crates.io crate fuel-core-consensus-module 0.21.0
[INFO] finished tweaking crates.io crate fuel-core-consensus-module 0.21.0
[INFO] tweaked toml for crates.io crate fuel-core-consensus-module 0.21.0 written to /workspace/builds/worker-3-tc1/source/Cargo.toml
[INFO] running `Command { std: CARGO_HOME="/workspace/cargo-home" RUSTUP_HOME="/workspace/rustup-home" "/workspace/cargo-home/bin/cargo" "+1.75.0" "generate-lockfile" "--manifest-path" "Cargo.toml", kill_on_drop: false }`
[INFO] [stderr]     Updating crates.io index
[INFO] running `Command { std: CARGO_HOME="/workspace/cargo-home" RUSTUP_HOME="/workspace/rustup-home" "/workspace/cargo-home/bin/cargo" "+1.75.0" "fetch" "--manifest-path" "Cargo.toml", kill_on_drop: false }`
[INFO] [stderr]  Downloading crates ...
[INFO] [stderr]   Downloaded fuel-core-metrics v0.21.0
[INFO] [stderr]   Downloaded fuel-core-storage v0.21.0
[INFO] [stderr]   Downloaded test-case v2.2.2
[INFO] [stderr]   Downloaded fuel-core-poa v0.21.0
[INFO] [stderr]   Downloaded prometheus-client v0.20.0
[INFO] [stderr]   Downloaded fuel-storage v0.43.2
[INFO] [stderr]   Downloaded test-case-macros v2.2.2
[INFO] [stderr]   Downloaded coins-bip32 v0.8.7
[INFO] [stderr]   Downloaded fuel-crypto v0.43.2
[INFO] [stderr]   Downloaded coins-bip39 v0.8.7
[INFO] [stderr]   Downloaded fuel-vm v0.43.2
[INFO] [stderr]   Downloaded secp256k1 v0.26.0
[INFO] [stderr]   Downloaded fuel-merkle v0.43.2
[INFO] [stderr]   Downloaded fuel-types v0.43.2
[INFO] [stderr]   Downloaded fuel-asm v0.43.2
[INFO] [stderr]   Downloaded fuel-tx v0.43.2
[INFO] [stderr]   Downloaded prometheus-client v0.18.1
[INFO] [stderr]   Downloaded prometheus-client-derive-encode v0.4.2
[INFO] [stderr]   Downloaded tai64 v4.0.0
[INFO] [stderr]   Downloaded fuel-core-chain-config v0.21.0
[INFO] [stderr]   Downloaded fuel-core-types v0.21.0
[INFO] [stderr]   Downloaded coins-core v0.8.7
[INFO] [stderr]   Downloaded fuel-derive v0.43.2
[INFO] [stderr]   Downloaded prometheus-client-derive-text-encode v0.3.0
[INFO] [stderr]   Downloaded fuel-core-services v0.21.0
[INFO] [stderr]   Downloaded ethnum v1.5.0
[INFO] running `Command { std: "docker" "create" "-v" "/var/lib/crater-agent-workspace/builds/worker-3-tc1/target:/opt/rustwide/target:rw,Z" "-v" "/var/lib/crater-agent-workspace/builds/worker-3-tc1/source:/opt/rustwide/workdir:ro,Z" "-v" "/var/lib/crater-agent-workspace/cargo-home:/opt/rustwide/cargo-home:ro,Z" "-v" "/var/lib/crater-agent-workspace/rustup-home:/opt/rustwide/rustup-home:ro,Z" "-e" "SOURCE_DIR=/opt/rustwide/workdir" "-e" "CARGO_TARGET_DIR=/opt/rustwide/target" "-e" "CARGO_HOME=/opt/rustwide/cargo-home" "-e" "RUSTUP_HOME=/opt/rustwide/rustup-home" "-w" "/opt/rustwide/workdir" "-m" "1610612736" "--user" "0:0" "--network" "none" "ghcr.io/rust-lang/crates-build-env/linux@sha256:2788e3201cd34a07e3172128adcd8b3090168a8e3bcc40d7c032b9dda1df7d1c" "/opt/rustwide/cargo-home/bin/cargo" "+1.75.0" "metadata" "--no-deps" "--format-version=1", kill_on_drop: false }`
[INFO] [stdout] eb8a541e193335e6403b702c28632fd58b3e35783d80caaede6ba6a31d40aa4f
[INFO] running `Command { std: "docker" "start" "-a" "eb8a541e193335e6403b702c28632fd58b3e35783d80caaede6ba6a31d40aa4f", kill_on_drop: false }`
[INFO] running `Command { std: "docker" "inspect" "eb8a541e193335e6403b702c28632fd58b3e35783d80caaede6ba6a31d40aa4f", kill_on_drop: false }`
[INFO] running `Command { std: "docker" "rm" "-f" "eb8a541e193335e6403b702c28632fd58b3e35783d80caaede6ba6a31d40aa4f", kill_on_drop: false }`
[INFO] [stdout] eb8a541e193335e6403b702c28632fd58b3e35783d80caaede6ba6a31d40aa4f
[INFO] running `Command { std: "docker" "create" "-v" "/var/lib/crater-agent-workspace/builds/worker-3-tc1/target:/opt/rustwide/target:rw,Z" "-v" "/var/lib/crater-agent-workspace/builds/worker-3-tc1/source:/opt/rustwide/workdir:ro,Z" "-v" "/var/lib/crater-agent-workspace/cargo-home:/opt/rustwide/cargo-home:ro,Z" "-v" "/var/lib/crater-agent-workspace/rustup-home:/opt/rustwide/rustup-home:ro,Z" "-e" "SOURCE_DIR=/opt/rustwide/workdir" "-e" "CARGO_TARGET_DIR=/opt/rustwide/target" "-e" "CARGO_INCREMENTAL=0" "-e" "RUST_BACKTRACE=full" "-e" "RUSTFLAGS=--cap-lints=warn" "-e" "RUSTDOCFLAGS=--cap-lints=warn" "-e" "CARGO_HOME=/opt/rustwide/cargo-home" "-e" "RUSTUP_HOME=/opt/rustwide/rustup-home" "-w" "/opt/rustwide/workdir" "-m" "1610612736" "--user" "0:0" "--network" "none" "ghcr.io/rust-lang/crates-build-env/linux@sha256:2788e3201cd34a07e3172128adcd8b3090168a8e3bcc40d7c032b9dda1df7d1c" "/opt/rustwide/cargo-home/bin/cargo" "+1.75.0" "build" "--frozen" "--message-format=json", kill_on_drop: false }`
[INFO] [stdout] 8b8654e8c44d311dd27a6c290bf0a2e70b72dedb6c5b83ed688b78b0bc12cb01
[INFO] running `Command { std: "docker" "start" "-a" "8b8654e8c44d311dd27a6c290bf0a2e70b72dedb6c5b83ed688b78b0bc12cb01", kill_on_drop: false }`
[INFO] [stderr]    Compiling const-oid v0.9.6
[INFO] [stderr]    Compiling subtle v2.5.0
[INFO] [stderr]    Compiling serde v1.0.194
[INFO] [stderr]    Compiling generic-array v0.14.7
[INFO] [stderr]    Compiling base16ct v0.2.0
[INFO] [stderr]    Compiling libc v0.2.151
[INFO] [stderr]    Compiling syn v2.0.48
[INFO] [stderr]    Compiling syn v1.0.109
[INFO] [stderr]    Compiling futures-channel v0.3.30
[INFO] [stderr]    Compiling ahash v0.8.7
[INFO] [stderr]    Compiling platforms v3.3.0
[INFO] [stderr]    Compiling serde_json v1.0.111
[INFO] [stderr]    Compiling radium v0.7.0
[INFO] [stderr]    Compiling bech32 v0.9.1
[INFO] [stderr]    Compiling tap v1.0.1
[INFO] [stderr]    Compiling socket2 v0.5.5
[INFO] [stderr]    Compiling wyz v0.5.1
[INFO] [stderr]    Compiling ff v0.13.0
[INFO] [stderr]    Compiling mio v0.8.10
[INFO] [stderr]    Compiling signal-hook-registry v1.4.1
[INFO] [stderr]    Compiling funty v2.0.0
[INFO] [stderr]    Compiling crunchy v0.2.2
[INFO] [stderr]    Compiling group v0.13.0
[INFO] [stderr]    Compiling curve25519-dalek v4.1.1
[INFO] [stderr]    Compiling http v0.2.11
[INFO] [stderr]    Compiling libm v0.2.8
[INFO] [stderr]    Compiling fuel-storage v0.43.2
[INFO] [stderr]    Compiling fixed-hash v0.8.0
[INFO] [stderr]    Compiling try-lock v0.2.5
[INFO] [stderr]    Compiling heapless v0.7.17
[INFO] [stderr]    Compiling want v0.3.1
[INFO] [stderr]    Compiling hashbrown v0.13.2
[INFO] [stderr]    Compiling prometheus-client v0.20.0
[INFO] [stderr]    Compiling ethnum v1.5.0
[INFO] [stderr]    Compiling dtoa v1.0.9
[INFO] [stderr]    Compiling http-range-header v0.3.1
[INFO] [stderr]    Compiling hash32 v0.2.1
[INFO] [stderr]    Compiling bitvec v1.0.1
[INFO] [stderr]    Compiling cc v1.0.83
[INFO] [stderr]    Compiling spin v0.9.8
[INFO] [stderr]    Compiling matchit v0.5.0
[INFO] [stderr]    Compiling cobs v0.2.3
[INFO] [stderr]    Compiling embedded-io v0.4.0
[INFO] [stderr]    Compiling http-body v0.4.6
[INFO] [stderr]    Compiling secp256k1-sys v0.8.1
[INFO] [stderr]    Compiling darling_core v0.13.4
[INFO] [stderr]    Compiling synstructure v0.13.0
[INFO] [stderr]    Compiling strum_macros v0.24.3
[INFO] [stderr]    Compiling derive_more v0.99.17
[INFO] [stderr]    Compiling derivative v2.2.0
[INFO] [stderr]    Compiling prometheus-client-derive-text-encode v0.3.0
[INFO] [stderr]    Compiling zeroize_derive v1.4.2
[INFO] [stderr]    Compiling serde_derive v1.0.194
[INFO] [stderr]    Compiling futures-macro v0.3.30
[INFO] [stderr]    Compiling thiserror-impl v1.0.56
[INFO] [stderr]    Compiling tokio-macros v2.2.0
[INFO] [stderr]    Compiling tracing-attributes v0.1.27
[INFO] [stderr]    Compiling curve25519-dalek-derive v0.1.1
[INFO] [stderr]    Compiling fuel-derive v0.43.2
[INFO] [stderr]    Compiling async-trait v0.1.77
[INFO] [stderr]    Compiling pin-project-internal v1.1.3
[INFO] [stderr]    Compiling prometheus-client-derive-encode v0.4.2
[INFO] [stderr]    Compiling secp256k1 v0.26.0
[INFO] [stderr]    Compiling prometheus-client v0.18.1
[INFO] [stderr]    Compiling tokio v1.35.1
[INFO] [stderr]    Compiling zeroize v1.7.0
[INFO] [stderr]    Compiling der v0.7.8
[INFO] [stderr]    Compiling futures-util v0.3.30
[INFO] [stderr]    Compiling secrecy v0.8.0
[INFO] [stderr]    Compiling darling_macro v0.13.4
[INFO] [stderr]    Compiling pin-project v1.1.3
[INFO] [stderr]    Compiling thiserror v1.0.56
[INFO] [stderr]    Compiling block-buffer v0.10.4
[INFO] [stderr]    Compiling crypto-common v0.1.6
[INFO] [stderr]    Compiling crypto-bigint v0.5.5
[INFO] [stderr]    Compiling spki v0.7.3
[INFO] [stderr]    Compiling sec1 v0.7.3
[INFO] [stderr]    Compiling digest v0.10.7
[INFO] [stderr]    Compiling strum v0.24.1
[INFO] [stderr]    Compiling tracing v0.1.40
[INFO] [stderr]    Compiling sha2 v0.10.8
[INFO] [stderr]    Compiling signature v2.2.0
[INFO] [stderr]    Compiling hmac v0.12.1
[INFO] [stderr]    Compiling pkcs8 v0.10.2
[INFO] [stderr]    Compiling ripemd v0.1.3
[INFO] [stderr]    Compiling sha3 v0.10.8
[INFO] [stderr]    Compiling ed25519 v2.2.3
[INFO] [stderr]    Compiling rfc6979 v0.4.0
[INFO] [stderr]    Compiling pbkdf2 v0.12.2
[INFO] [stderr]    Compiling darling v0.13.4
[INFO] [stderr]    Compiling bs58 v0.5.0
[INFO] [stderr]    Compiling serde_with_macros v1.5.2
[INFO] [stderr]    Compiling ed25519-dalek v2.1.0
[INFO] [stderr]    Compiling elliptic-curve v0.13.8
[INFO] [stderr]    Compiling ecdsa v0.16.9
[INFO] [stderr]    Compiling primeorder v0.13.6
[INFO] [stderr]    Compiling axum-core v0.2.9
[INFO] [stderr]    Compiling futures-executor v0.3.30
[INFO] [stderr]    Compiling futures v0.3.30
[INFO] [stderr]    Compiling k256 v0.13.2
[INFO] [stderr]    Compiling p256 v0.13.2
[INFO] [stderr]    Compiling tower v0.4.13
[INFO] [stderr]    Compiling hyper v0.14.28
[INFO] [stderr]    Compiling tokio-stream v0.1.14
[INFO] [stderr]    Compiling tower-http v0.3.5
[INFO] [stderr]    Compiling hex v0.4.3
[INFO] [stderr]    Compiling bitflags v2.4.1
[INFO] [stderr]    Compiling hashbrown v0.14.3
[INFO] [stderr]    Compiling tai64 v4.0.0
[INFO] [stderr]    Compiling serde_urlencoded v0.7.1
[INFO] [stderr]    Compiling serde_with v1.14.0
[INFO] [stderr]    Compiling coins-core v0.8.7
[INFO] [stderr]    Compiling fuel-types v0.43.2
[INFO] [stderr]    Compiling uint v0.9.5
[INFO] [stderr]    Compiling fuel-merkle v0.43.2
[INFO] [stderr]    Compiling primitive-types v0.12.2
[INFO] [stderr]    Compiling postcard v1.0.8
[INFO] [stderr]    Compiling coins-bip32 v0.8.7
[INFO] [stderr]    Compiling fuel-asm v0.43.2
[INFO] [stderr]    Compiling axum v0.5.17
[INFO] [stderr]    Compiling coins-bip39 v0.8.7
[INFO] [stderr]    Compiling fuel-crypto v0.43.2
[INFO] [stderr]    Compiling fuel-core-metrics v0.21.0
[INFO] [stderr]    Compiling fuel-tx v0.43.2
[INFO] [stderr]    Compiling fuel-core-services v0.21.0
[INFO] [stderr]    Compiling fuel-vm v0.43.2
[INFO] [stderr]    Compiling fuel-core-types v0.21.0
[INFO] [stderr]    Compiling fuel-core-storage v0.21.0
[INFO] [stderr]    Compiling fuel-core-chain-config v0.21.0
[INFO] [stderr]    Compiling fuel-core-poa v0.21.0
[INFO] [stderr]    Compiling fuel-core-consensus-module v0.21.0 (/opt/rustwide/workdir)
[INFO] [stderr]     Finished dev [unoptimized + debuginfo] target(s) in 25.03s
[INFO] running `Command { std: "docker" "inspect" "8b8654e8c44d311dd27a6c290bf0a2e70b72dedb6c5b83ed688b78b0bc12cb01", kill_on_drop: false }`
[INFO] running `Command { std: "docker" "rm" "-f" "8b8654e8c44d311dd27a6c290bf0a2e70b72dedb6c5b83ed688b78b0bc12cb01", kill_on_drop: false }`
[INFO] [stdout] 8b8654e8c44d311dd27a6c290bf0a2e70b72dedb6c5b83ed688b78b0bc12cb01
[INFO] running `Command { std: "docker" "create" "-v" "/var/lib/crater-agent-workspace/builds/worker-3-tc1/target:/opt/rustwide/target:rw,Z" "-v" "/var/lib/crater-agent-workspace/builds/worker-3-tc1/source:/opt/rustwide/workdir:ro,Z" "-v" "/var/lib/crater-agent-workspace/cargo-home:/opt/rustwide/cargo-home:ro,Z" "-v" "/var/lib/crater-agent-workspace/rustup-home:/opt/rustwide/rustup-home:ro,Z" "-e" "SOURCE_DIR=/opt/rustwide/workdir" "-e" "CARGO_TARGET_DIR=/opt/rustwide/target" "-e" "CARGO_INCREMENTAL=0" "-e" "RUST_BACKTRACE=full" "-e" "RUSTFLAGS=--cap-lints=warn" "-e" "RUSTDOCFLAGS=--cap-lints=warn" "-e" "CARGO_HOME=/opt/rustwide/cargo-home" "-e" "RUSTUP_HOME=/opt/rustwide/rustup-home" "-w" "/opt/rustwide/workdir" "-m" "1610612736" "--user" "0:0" "--network" "none" "ghcr.io/rust-lang/crates-build-env/linux@sha256:2788e3201cd34a07e3172128adcd8b3090168a8e3bcc40d7c032b9dda1df7d1c" "/opt/rustwide/cargo-home/bin/cargo" "+1.75.0" "test" "--frozen" "--no-run" "--message-format=json", kill_on_drop: false }`
[INFO] [stdout] 796d7dc3ebea94b034b346fd15c5173b65a9edd1bf9946002b0403f47d484b03
[INFO] running `Command { std: "docker" "start" "-a" "796d7dc3ebea94b034b346fd15c5173b65a9edd1bf9946002b0403f47d484b03", kill_on_drop: false }`
[INFO] [stderr]    Compiling proc-macro-error-attr v1.0.4
[INFO] [stderr]    Compiling proc-macro-error v1.0.4
[INFO] [stderr]    Compiling test-case-macros v2.2.2
[INFO] [stderr]    Compiling test-case v2.2.2
[INFO] [stderr]    Compiling fuel-core-consensus-module v0.21.0 (/opt/rustwide/workdir)
[INFO] [stdout] error[E0599]: no function or associated item named `default` found for struct `fuel_core_types::blockchain::header::BlockHeader` in the current scope
[INFO] [stdout]  --> src/block_verifier/tests.rs:6:34
[INFO] [stdout]   |
[INFO] [stdout] 6 |         let mut h = BlockHeader::default();
[INFO] [stdout]   |                                  ^^^^^^^ function or associated item not found in `BlockHeader`
[INFO] [stdout] 
[INFO] [stdout] 
[INFO] [stdout] error[E0599]: no function or associated item named `default` found for struct `fuel_core_types::blockchain::header::BlockHeader` in the current scope
[INFO] [stdout]   --> src/block_verifier/tests.rs:16:34
[INFO] [stdout]    |
[INFO] [stdout] 16 |         let mut h = BlockHeader::default();
[INFO] [stdout]    |                                  ^^^^^^^ function or associated item not found in `BlockHeader`
[INFO] [stdout] 
[INFO] [stdout] 
[INFO] [stdout] error[E0599]: no function or associated item named `default` found for struct `fuel_core_types::blockchain::header::BlockHeader` in the current scope
[INFO] [stdout]   --> src/block_verifier/tests.rs:26:34
[INFO] [stdout]    |
[INFO] [stdout] 26 |         let mut h = BlockHeader::default();
[INFO] [stdout]    |                                  ^^^^^^^ function or associated item not found in `BlockHeader`
[INFO] [stdout] 
[INFO] [stdout] 
[INFO] [stdout] error[E0599]: no function or associated item named `default` found for struct `fuel_core_types::blockchain::header::BlockHeader` in the current scope
[INFO] [stdout]   --> src/block_verifier/tests.rs:36:34
[INFO] [stdout]    |
[INFO] [stdout] 36 |         let mut h = BlockHeader::default();
[INFO] [stdout]    |                                  ^^^^^^^ function or associated item not found in `BlockHeader`
[INFO] [stdout] 
[INFO] [stdout] 
[INFO] [stdout] error[E0599]: no function or associated item named `default` found for struct `fuel_core_types::blockchain::header::BlockHeader` in the current scope
[INFO] [stdout]   --> src/block_verifier/tests.rs:46:34
[INFO] [stdout]    |
[INFO] [stdout] 46 |         let mut h = BlockHeader::default();
[INFO] [stdout]    |                                  ^^^^^^^ function or associated item not found in `BlockHeader`
[INFO] [stdout] 
[INFO] [stdout] 
[INFO] [stdout] error[E0599]: no function or associated item named `default` found for struct `fuel_core_types::blockchain::header::BlockHeader` in the current scope
[INFO] [stdout]   --> src/block_verifier/tests.rs:56:34
[INFO] [stdout]    |
[INFO] [stdout] 56 |         let mut h = BlockHeader::default();
[INFO] [stdout]    |                                  ^^^^^^^ function or associated item not found in `BlockHeader`
[INFO] [stdout] 
[INFO] [stdout] 
[INFO] [stdout] error: aborting due to 6 previous errors
[INFO] [stdout] 
[INFO] [stdout] 
[INFO] [stdout] For more information about this error, try `rustc --explain E0599`.
[INFO] [stdout] 
[INFO] [stderr] error: could not compile `fuel-core-consensus-module` (lib test) due to 7 previous errors
[INFO] running `Command { std: "docker" "inspect" "796d7dc3ebea94b034b346fd15c5173b65a9edd1bf9946002b0403f47d484b03", kill_on_drop: false }`
[INFO] running `Command { std: "docker" "rm" "-f" "796d7dc3ebea94b034b346fd15c5173b65a9edd1bf9946002b0403f47d484b03", kill_on_drop: false }`
[INFO] [stdout] 796d7dc3ebea94b034b346fd15c5173b65a9edd1bf9946002b0403f47d484b03
[INFO] testing fuel-core-consensus-module-0.21.0 against beta-2023-12-22 for beta-1.76-1
[INFO] extracting crate fuel-core-consensus-module 0.21.0 into /workspace/builds/worker-3-tc2/source
[INFO] validating manifest of crates.io crate fuel-core-consensus-module 0.21.0 on toolchain beta-2023-12-22
[INFO] running `Command { std: CARGO_HOME="/workspace/cargo-home" RUSTUP_HOME="/workspace/rustup-home" "/workspace/cargo-home/bin/cargo" "+beta-2023-12-22" "metadata" "--manifest-path" "Cargo.toml" "--no-deps", kill_on_drop: false }`
[INFO] started tweaking crates.io crate fuel-core-consensus-module 0.21.0
[INFO] finished tweaking crates.io crate fuel-core-consensus-module 0.21.0
[INFO] tweaked toml for crates.io crate fuel-core-consensus-module 0.21.0 written to /workspace/builds/worker-3-tc2/source/Cargo.toml
[INFO] running `Command { std: CARGO_HOME="/workspace/cargo-home" RUSTUP_HOME="/workspace/rustup-home" "/workspace/cargo-home/bin/cargo" "+beta-2023-12-22" "generate-lockfile" "--manifest-path" "Cargo.toml", kill_on_drop: false }`
[INFO] [stderr]     Updating crates.io index
[INFO] running `Command { std: CARGO_HOME="/workspace/cargo-home" RUSTUP_HOME="/workspace/rustup-home" "/workspace/cargo-home/bin/cargo" "+beta-2023-12-22" "fetch" "--manifest-path" "Cargo.toml", kill_on_drop: false }`
[INFO] running `Command { std: "docker" "create" "-v" "/var/lib/crater-agent-workspace/builds/worker-3-tc2/target:/opt/rustwide/target:rw,Z" "-v" "/var/lib/crater-agent-workspace/builds/worker-3-tc2/source:/opt/rustwide/workdir:ro,Z" "-v" "/var/lib/crater-agent-workspace/cargo-home:/opt/rustwide/cargo-home:ro,Z" "-v" "/var/lib/crater-agent-workspace/rustup-home:/opt/rustwide/rustup-home:ro,Z" "-e" "SOURCE_DIR=/opt/rustwide/workdir" "-e" "CARGO_TARGET_DIR=/opt/rustwide/target" "-e" "CARGO_HOME=/opt/rustwide/cargo-home" "-e" "RUSTUP_HOME=/opt/rustwide/rustup-home" "-w" "/opt/rustwide/workdir" "-m" "1610612736" "--user" "0:0" "--network" "none" "ghcr.io/rust-lang/crates-build-env/linux@sha256:2788e3201cd34a07e3172128adcd8b3090168a8e3bcc40d7c032b9dda1df7d1c" "/opt/rustwide/cargo-home/bin/cargo" "+beta-2023-12-22" "metadata" "--no-deps" "--format-version=1", kill_on_drop: false }`
[INFO] [stdout] c4e331ad0ecf68c3d0ea5d96e972a173a58aa84fe0ddf9c70e94a4fd0a0210ea
[INFO] running `Command { std: "docker" "start" "-a" "c4e331ad0ecf68c3d0ea5d96e972a173a58aa84fe0ddf9c70e94a4fd0a0210ea", kill_on_drop: false }`
[INFO] running `Command { std: "docker" "inspect" "c4e331ad0ecf68c3d0ea5d96e972a173a58aa84fe0ddf9c70e94a4fd0a0210ea", kill_on_drop: false }`
[INFO] running `Command { std: "docker" "rm" "-f" "c4e331ad0ecf68c3d0ea5d96e972a173a58aa84fe0ddf9c70e94a4fd0a0210ea", kill_on_drop: false }`
[INFO] [stdout] c4e331ad0ecf68c3d0ea5d96e972a173a58aa84fe0ddf9c70e94a4fd0a0210ea
[INFO] running `Command { std: "docker" "create" "-v" "/var/lib/crater-agent-workspace/builds/worker-3-tc2/target:/opt/rustwide/target:rw,Z" "-v" "/var/lib/crater-agent-workspace/builds/worker-3-tc2/source:/opt/rustwide/workdir:ro,Z" "-v" "/var/lib/crater-agent-workspace/cargo-home:/opt/rustwide/cargo-home:ro,Z" "-v" "/var/lib/crater-agent-workspace/rustup-home:/opt/rustwide/rustup-home:ro,Z" "-e" "SOURCE_DIR=/opt/rustwide/workdir" "-e" "CARGO_TARGET_DIR=/opt/rustwide/target" "-e" "CARGO_INCREMENTAL=0" "-e" "RUST_BACKTRACE=full" "-e" "RUSTFLAGS=--cap-lints=warn" "-e" "RUSTDOCFLAGS=--cap-lints=warn" "-e" "CARGO_HOME=/opt/rustwide/cargo-home" "-e" "RUSTUP_HOME=/opt/rustwide/rustup-home" "-w" "/opt/rustwide/workdir" "-m" "1610612736" "--user" "0:0" "--network" "none" "ghcr.io/rust-lang/crates-build-env/linux@sha256:2788e3201cd34a07e3172128adcd8b3090168a8e3bcc40d7c032b9dda1df7d1c" "/opt/rustwide/cargo-home/bin/cargo" "+beta-2023-12-22" "build" "--frozen" "--message-format=json", kill_on_drop: false }`
[INFO] [stdout] 2faa36af6774db93522c468b59038feea77f001dda1d69b3e9957b1ab4dca228
[INFO] running `Command { std: "docker" "start" "-a" "2faa36af6774db93522c468b59038feea77f001dda1d69b3e9957b1ab4dca228", kill_on_drop: false }`
[INFO] [stderr]    Compiling const-oid v0.9.6
[INFO] [stderr]    Compiling subtle v2.5.0
[INFO] [stderr]    Compiling serde v1.0.194
[INFO] [stderr]    Compiling generic-array v0.14.7
[INFO] [stderr]    Compiling base16ct v0.2.0
[INFO] [stderr]    Compiling libc v0.2.151
[INFO] [stderr]    Compiling syn v2.0.48
[INFO] [stderr]    Compiling syn v1.0.109
[INFO] [stderr]    Compiling futures-channel v0.3.30
[INFO] [stderr]    Compiling ahash v0.8.7
[INFO] [stderr]    Compiling platforms v3.3.0
[INFO] [stderr]    Compiling radium v0.7.0
[INFO] [stderr]    Compiling serde_json v1.0.111
[INFO] [stderr]    Compiling tap v1.0.1
[INFO] [stderr]    Compiling bech32 v0.9.1
[INFO] [stderr]    Compiling socket2 v0.5.5
[INFO] [stderr]    Compiling ff v0.13.0
[INFO] [stderr]    Compiling wyz v0.5.1
[INFO] [stderr]    Compiling mio v0.8.10
[INFO] [stderr]    Compiling signal-hook-registry v1.4.1
[INFO] [stderr]    Compiling crunchy v0.2.2
[INFO] [stderr]    Compiling group v0.13.0
[INFO] [stderr]    Compiling funty v2.0.0
[INFO] [stderr]    Compiling http v0.2.11
[INFO] [stderr]    Compiling curve25519-dalek v4.1.1
[INFO] [stderr]    Compiling libm v0.2.8
[INFO] [stderr]    Compiling fuel-storage v0.43.2
[INFO] [stderr]    Compiling fixed-hash v0.8.0
[INFO] [stderr]    Compiling try-lock v0.2.5
[INFO] [stderr]    Compiling heapless v0.7.17
[INFO] [stderr]    Compiling http-range-header v0.3.1
[INFO] [stderr]    Compiling want v0.3.1
[INFO] [stderr]    Compiling hashbrown v0.13.2
[INFO] [stderr]    Compiling prometheus-client v0.20.0
[INFO] [stderr]    Compiling ethnum v1.5.0
[INFO] [stderr]    Compiling dtoa v1.0.9
[INFO] [stderr]    Compiling hash32 v0.2.1
[INFO] [stderr]    Compiling spin v0.9.8
[INFO] [stderr]    Compiling matchit v0.5.0
[INFO] [stderr]    Compiling cc v1.0.83
[INFO] [stderr]    Compiling cobs v0.2.3
[INFO] [stderr]    Compiling embedded-io v0.4.0
[INFO] [stderr]    Compiling bitvec v1.0.1
[INFO] [stderr]    Compiling http-body v0.4.6
[INFO] [stderr]    Compiling secp256k1-sys v0.8.1
[INFO] [stderr]    Compiling darling_core v0.13.4
[INFO] [stderr]    Compiling synstructure v0.13.0
[INFO] [stderr]    Compiling strum_macros v0.24.3
[INFO] [stderr]    Compiling derive_more v0.99.17
[INFO] [stderr]    Compiling derivative v2.2.0
[INFO] [stderr]    Compiling prometheus-client-derive-text-encode v0.3.0
[INFO] [stderr]    Compiling zeroize_derive v1.4.2
[INFO] [stderr]    Compiling serde_derive v1.0.194
[INFO] [stderr]    Compiling thiserror-impl v1.0.56
[INFO] [stderr]    Compiling futures-macro v0.3.30
[INFO] [stderr]    Compiling tokio-macros v2.2.0
[INFO] [stderr]    Compiling tracing-attributes v0.1.27
[INFO] [stderr]    Compiling fuel-derive v0.43.2
[INFO] [stderr]    Compiling async-trait v0.1.77
[INFO] [stderr]    Compiling curve25519-dalek-derive v0.1.1
[INFO] [stderr]    Compiling pin-project-internal v1.1.3
[INFO] [stderr]    Compiling secp256k1 v0.26.0
[INFO] [stderr]    Compiling prometheus-client-derive-encode v0.4.2
[INFO] [stderr]    Compiling prometheus-client v0.18.1
[INFO] [stderr]    Compiling zeroize v1.7.0
[INFO] [stderr]    Compiling tokio v1.35.1
[INFO] [stderr]    Compiling der v0.7.8
[INFO] [stderr]    Compiling secrecy v0.8.0
[INFO] [stderr]    Compiling futures-util v0.3.30
[INFO] [stderr]    Compiling darling_macro v0.13.4
[INFO] [stderr]    Compiling pin-project v1.1.3
[INFO] [stderr]    Compiling crypto-common v0.1.6
[INFO] [stderr]    Compiling block-buffer v0.10.4
[INFO] [stderr]    Compiling crypto-bigint v0.5.5
[INFO] [stderr]    Compiling thiserror v1.0.56
[INFO] [stderr]    Compiling digest v0.10.7
[INFO] [stderr]    Compiling strum v0.24.1
[INFO] [stderr]    Compiling tracing v0.1.40
[INFO] [stderr]    Compiling sha2 v0.10.8
[INFO] [stderr]    Compiling hmac v0.12.1
[INFO] [stderr]    Compiling signature v2.2.0
[INFO] [stderr]    Compiling rfc6979 v0.4.0
[INFO] [stderr]    Compiling ripemd v0.1.3
[INFO] [stderr]    Compiling spki v0.7.3
[INFO] [stderr]    Compiling sec1 v0.7.3
[INFO] [stderr]    Compiling sha3 v0.10.8
[INFO] [stderr]    Compiling pkcs8 v0.10.2
[INFO] [stderr]    Compiling bs58 v0.5.0
[INFO] [stderr]    Compiling pbkdf2 v0.12.2
[INFO] [stderr]    Compiling ed25519 v2.2.3
[INFO] [stderr]    Compiling darling v0.13.4
[INFO] [stderr]    Compiling serde_with_macros v1.5.2
[INFO] [stderr]    Compiling ed25519-dalek v2.1.0
[INFO] [stderr]    Compiling elliptic-curve v0.13.8
[INFO] [stderr]    Compiling ecdsa v0.16.9
[INFO] [stderr]    Compiling primeorder v0.13.6
[INFO] [stderr]    Compiling k256 v0.13.2
[INFO] [stderr]    Compiling p256 v0.13.2
[INFO] [stderr]    Compiling axum-core v0.2.9
[INFO] [stderr]    Compiling futures-executor v0.3.30
[INFO] [stderr]    Compiling futures v0.3.30
[INFO] [stderr]    Compiling tower v0.4.13
[INFO] [stderr]    Compiling hyper v0.14.28
[INFO] [stderr]    Compiling tokio-stream v0.1.14
[INFO] [stderr]    Compiling hex v0.4.3
[INFO] [stderr]    Compiling bitflags v2.4.1
[INFO] [stderr]    Compiling hashbrown v0.14.3
[INFO] [stderr]    Compiling tai64 v4.0.0
[INFO] [stderr]    Compiling serde_urlencoded v0.7.1
[INFO] [stderr]    Compiling serde_with v1.14.0
[INFO] [stderr]    Compiling tower-http v0.3.5
[INFO] [stderr]    Compiling coins-core v0.8.7
[INFO] [stderr]    Compiling fuel-types v0.43.2
[INFO] [stderr]    Compiling uint v0.9.5
[INFO] [stderr]    Compiling fuel-merkle v0.43.2
[INFO] [stderr]    Compiling primitive-types v0.12.2
[INFO] [stderr]    Compiling coins-bip32 v0.8.7
[INFO] [stderr]    Compiling postcard v1.0.8
[INFO] [stderr]    Compiling fuel-asm v0.43.2
[INFO] [stderr]    Compiling coins-bip39 v0.8.7
[INFO] [stderr]    Compiling fuel-crypto v0.43.2
[INFO] [stderr]    Compiling axum v0.5.17
[INFO] [stderr]    Compiling fuel-tx v0.43.2
[INFO] [stderr]    Compiling fuel-core-metrics v0.21.0
[INFO] [stderr]    Compiling fuel-core-services v0.21.0
[INFO] [stderr]    Compiling fuel-vm v0.43.2
[INFO] [stderr]    Compiling fuel-core-types v0.21.0
[INFO] [stderr]    Compiling fuel-core-storage v0.21.0
[INFO] [stderr]    Compiling fuel-core-chain-config v0.21.0
[INFO] [stderr]    Compiling fuel-core-poa v0.21.0
[INFO] [stderr]    Compiling fuel-core-consensus-module v0.21.0 (/opt/rustwide/workdir)
[INFO] [stderr]     Finished dev [unoptimized + debuginfo] target(s) in 21.95s
[INFO] running `Command { std: "docker" "inspect" "2faa36af6774db93522c468b59038feea77f001dda1d69b3e9957b1ab4dca228", kill_on_drop: false }`
[INFO] running `Command { std: "docker" "rm" "-f" "2faa36af6774db93522c468b59038feea77f001dda1d69b3e9957b1ab4dca228", kill_on_drop: false }`
[INFO] [stdout] 2faa36af6774db93522c468b59038feea77f001dda1d69b3e9957b1ab4dca228
[INFO] running `Command { std: "docker" "create" "-v" "/var/lib/crater-agent-workspace/builds/worker-3-tc2/target:/opt/rustwide/target:rw,Z" "-v" "/var/lib/crater-agent-workspace/builds/worker-3-tc2/source:/opt/rustwide/workdir:ro,Z" "-v" "/var/lib/crater-agent-workspace/cargo-home:/opt/rustwide/cargo-home:ro,Z" "-v" "/var/lib/crater-agent-workspace/rustup-home:/opt/rustwide/rustup-home:ro,Z" "-e" "SOURCE_DIR=/opt/rustwide/workdir" "-e" "CARGO_TARGET_DIR=/opt/rustwide/target" "-e" "CARGO_INCREMENTAL=0" "-e" "RUST_BACKTRACE=full" "-e" "RUSTFLAGS=--cap-lints=warn" "-e" "RUSTDOCFLAGS=--cap-lints=warn" "-e" "CARGO_HOME=/opt/rustwide/cargo-home" "-e" "RUSTUP_HOME=/opt/rustwide/rustup-home" "-w" "/opt/rustwide/workdir" "-m" "1610612736" "--user" "0:0" "--network" "none" "ghcr.io/rust-lang/crates-build-env/linux@sha256:2788e3201cd34a07e3172128adcd8b3090168a8e3bcc40d7c032b9dda1df7d1c" "/opt/rustwide/cargo-home/bin/cargo" "+beta-2023-12-22" "test" "--frozen" "--no-run" "--message-format=json", kill_on_drop: false }`
[INFO] [stdout] 52da963bc730f655cb84d148f2a4cbbfc5a6f36c42042cddf2140ed84dc2aeb8
[INFO] running `Command { std: "docker" "start" "-a" "52da963bc730f655cb84d148f2a4cbbfc5a6f36c42042cddf2140ed84dc2aeb8", kill_on_drop: false }`
[INFO] [stderr]    Compiling proc-macro-error-attr v1.0.4
[INFO] [stderr]    Compiling proc-macro-error v1.0.4
[INFO] [stderr]    Compiling test-case-macros v2.2.2
[INFO] [stderr]    Compiling test-case v2.2.2
[INFO] [stderr]    Compiling fuel-core-consensus-module v0.21.0 (/opt/rustwide/workdir)
[INFO] [stdout] error[E0599]: no function or associated item named `default` found for struct `fuel_core_types::blockchain::header::BlockHeader` in the current scope
[INFO] [stdout]  --> src/block_verifier/tests.rs:6:34
[INFO] [stdout]   |
[INFO] [stdout] 6 |         let mut h = BlockHeader::default();
[INFO] [stdout]   |                                  ^^^^^^^ function or associated item not found in `BlockHeader`
[INFO] [stdout] 
[INFO] [stdout] 
[INFO] [stdout] error[E0599]: no function or associated item named `default` found for struct `fuel_core_types::blockchain::header::BlockHeader` in the current scope
[INFO] [stdout]   --> src/block_verifier/tests.rs:16:34
[INFO] [stdout]    |
[INFO] [stdout] 16 |         let mut h = BlockHeader::default();
[INFO] [stdout]    |                                  ^^^^^^^ function or associated item not found in `BlockHeader`
[INFO] [stdout] 
[INFO] [stdout] 
[INFO] [stdout] error[E0599]: no function or associated item named `default` found for struct `fuel_core_types::blockchain::header::BlockHeader` in the current scope
[INFO] [stdout]   --> src/block_verifier/tests.rs:26:34
[INFO] [stdout]    |
[INFO] [stdout] 26 |         let mut h = BlockHeader::default();
[INFO] [stdout]    |                                  ^^^^^^^ function or associated item not found in `BlockHeader`
[INFO] [stdout] 
[INFO] [stdout] 
[INFO] [stdout] error[E0599]: no function or associated item named `default` found for struct `fuel_core_types::blockchain::header::BlockHeader` in the current scope
[INFO] [stdout]   --> src/block_verifier/tests.rs:36:34
[INFO] [stdout]    |
[INFO] [stdout] 36 |         let mut h = BlockHeader::default();
[INFO] [stdout]    |                                  ^^^^^^^ function or associated item not found in `BlockHeader`
[INFO] [stdout] 
[INFO] [stdout] 
[INFO] [stdout] error[E0599]: no function or associated item named `default` found for struct `fuel_core_types::blockchain::header::BlockHeader` in the current scope
[INFO] [stdout]   --> src/block_verifier/tests.rs:46:34
[INFO] [stdout]    |
[INFO] [stdout] 46 |         let mut h = BlockHeader::default();
[INFO] [stdout]    |                                  ^^^^^^^ function or associated item not found in `BlockHeader`
[INFO] [stdout] 
[INFO] [stdout] 
[INFO] [stdout] error[E0599]: no function or associated item named `default` found for struct `fuel_core_types::blockchain::header::BlockHeader` in the current scope
[INFO] [stdout]   --> src/block_verifier/tests.rs:56:34
[INFO] [stdout]    |
[INFO] [stdout] 56 |         let mut h = BlockHeader::default();
[INFO] [stdout]    |                                  ^^^^^^^ function or associated item not found in `BlockHeader`
[INFO] [stdout] 
[INFO] [stdout] 
[INFO] [stdout] error: aborting due to 6 previous errors
[INFO] [stdout] 
[INFO] [stdout] 
[INFO] [stdout] For more information about this error, try `rustc --explain E0599`.
[INFO] [stdout] 
[INFO] [stderr] error: could not compile `fuel-core-consensus-module` (lib test) due to 7 previous errors
[INFO] running `Command { std: "docker" "inspect" "52da963bc730f655cb84d148f2a4cbbfc5a6f36c42042cddf2140ed84dc2aeb8", kill_on_drop: false }`
[INFO] running `Command { std: "docker" "rm" "-f" "52da963bc730f655cb84d148f2a4cbbfc5a6f36c42042cddf2140ed84dc2aeb8", kill_on_drop: false }`
[INFO] [stdout] 52da963bc730f655cb84d148f2a4cbbfc5a6f36c42042cddf2140ed84dc2aeb8
