[INFO] fetching crate fsfilter-rs 0.8.0...
[INFO] testing fsfilter-rs-0.8.0 against 1.75.0 for beta-1.76-1
[INFO] extracting crate fsfilter-rs 0.8.0 into /workspace/builds/worker-5-tc1/source
[INFO] validating manifest of crates.io crate fsfilter-rs 0.8.0 on toolchain 1.75.0
[INFO] running `Command { std: CARGO_HOME="/workspace/cargo-home" RUSTUP_HOME="/workspace/rustup-home" "/workspace/cargo-home/bin/cargo" "+1.75.0" "metadata" "--manifest-path" "Cargo.toml" "--no-deps", kill_on_drop: false }`
[INFO] removed /workspace/builds/worker-5-tc1/source/.cargo/config.toml
[INFO] started tweaking crates.io crate fsfilter-rs 0.8.0
[INFO] finished tweaking crates.io crate fsfilter-rs 0.8.0
[INFO] tweaked toml for crates.io crate fsfilter-rs 0.8.0 written to /workspace/builds/worker-5-tc1/source/Cargo.toml
[INFO] crate crates.io crate fsfilter-rs 0.8.0 already has a lockfile, it will not be regenerated
[INFO] running `Command { std: CARGO_HOME="/workspace/cargo-home" RUSTUP_HOME="/workspace/rustup-home" "/workspace/cargo-home/bin/cargo" "+1.75.0" "fetch" "--manifest-path" "Cargo.toml", kill_on_drop: false }`
[INFO] [stderr]     Updating crates.io index
[INFO] [stderr]  Downloading crates ...
[INFO] [stderr]   Downloaded sysinfo v0.28.2
[INFO] [stderr]   Downloaded wchar v0.11.0
[INFO] [stderr]   Downloaded wchar-impl v0.11.0
[INFO] running `Command { std: "docker" "create" "-v" "/var/lib/crater-agent-workspace/builds/worker-5-tc1/target:/opt/rustwide/target:rw,Z" "-v" "/var/lib/crater-agent-workspace/builds/worker-5-tc1/source:/opt/rustwide/workdir:ro,Z" "-v" "/var/lib/crater-agent-workspace/cargo-home:/opt/rustwide/cargo-home:ro,Z" "-v" "/var/lib/crater-agent-workspace/rustup-home:/opt/rustwide/rustup-home:ro,Z" "-e" "SOURCE_DIR=/opt/rustwide/workdir" "-e" "CARGO_TARGET_DIR=/opt/rustwide/target" "-e" "CARGO_HOME=/opt/rustwide/cargo-home" "-e" "RUSTUP_HOME=/opt/rustwide/rustup-home" "-w" "/opt/rustwide/workdir" "-m" "1610612736" "--user" "0:0" "--network" "none" "ghcr.io/rust-lang/crates-build-env/linux@sha256:2788e3201cd34a07e3172128adcd8b3090168a8e3bcc40d7c032b9dda1df7d1c" "/opt/rustwide/cargo-home/bin/cargo" "+1.75.0" "metadata" "--no-deps" "--format-version=1", kill_on_drop: false }`
[INFO] [stdout] 14f9f459b5d4994263def241eb8086c88050d76273d01fc08b3a98c575f0e8e9
[INFO] running `Command { std: "docker" "start" "-a" "14f9f459b5d4994263def241eb8086c88050d76273d01fc08b3a98c575f0e8e9", kill_on_drop: false }`
[INFO] running `Command { std: "docker" "inspect" "14f9f459b5d4994263def241eb8086c88050d76273d01fc08b3a98c575f0e8e9", kill_on_drop: false }`
[INFO] running `Command { std: "docker" "rm" "-f" "14f9f459b5d4994263def241eb8086c88050d76273d01fc08b3a98c575f0e8e9", kill_on_drop: false }`
[INFO] [stdout] 14f9f459b5d4994263def241eb8086c88050d76273d01fc08b3a98c575f0e8e9
[INFO] running `Command { std: "docker" "create" "-v" "/var/lib/crater-agent-workspace/builds/worker-5-tc1/target:/opt/rustwide/target:rw,Z" "-v" "/var/lib/crater-agent-workspace/builds/worker-5-tc1/source:/opt/rustwide/workdir:ro,Z" "-v" "/var/lib/crater-agent-workspace/cargo-home:/opt/rustwide/cargo-home:ro,Z" "-v" "/var/lib/crater-agent-workspace/rustup-home:/opt/rustwide/rustup-home:ro,Z" "-e" "SOURCE_DIR=/opt/rustwide/workdir" "-e" "CARGO_TARGET_DIR=/opt/rustwide/target" "-e" "CARGO_INCREMENTAL=0" "-e" "RUST_BACKTRACE=full" "-e" "RUSTFLAGS=--cap-lints=warn" "-e" "RUSTDOCFLAGS=--cap-lints=warn" "-e" "CARGO_HOME=/opt/rustwide/cargo-home" "-e" "RUSTUP_HOME=/opt/rustwide/rustup-home" "-w" "/opt/rustwide/workdir" "-m" "1610612736" "--user" "0:0" "--network" "none" "ghcr.io/rust-lang/crates-build-env/linux@sha256:2788e3201cd34a07e3172128adcd8b3090168a8e3bcc40d7c032b9dda1df7d1c" "/opt/rustwide/cargo-home/bin/cargo" "+1.75.0" "build" "--frozen" "--message-format=json", kill_on_drop: false }`
[INFO] [stdout] 2f507f917babcd691b5df550ca20f42a9fefd745bd90fa52ef3f7dda069e669e
[INFO] running `Command { std: "docker" "start" "-a" "2f507f917babcd691b5df550ca20f42a9fefd745bd90fa52ef3f7dda069e669e", kill_on_drop: false }`
[INFO] [stderr]    Compiling autocfg v1.1.0
[INFO] [stderr]    Compiling proc-macro2 v1.0.51
[INFO] [stderr]    Compiling crossbeam-utils v0.8.15
[INFO] [stderr]    Compiling quote v1.0.23
[INFO] [stderr]    Compiling unicode-ident v1.0.8
[INFO] [stderr]    Compiling syn v1.0.109
[INFO] [stderr]    Compiling cfg-if v1.0.0
[INFO] [stderr]    Compiling libc v0.2.139
[INFO] [stderr]    Compiling scopeguard v1.1.0
[INFO] [stderr]    Compiling rayon-core v1.11.0
[INFO] [stderr]    Compiling serde_derive v1.0.152
[INFO] [stderr]    Compiling serde v1.0.152
[INFO] [stderr]    Compiling wchar v0.11.0
[INFO] [stderr]    Compiling either v1.8.1
[INFO] [stderr]    Compiling once_cell v1.17.1
[INFO] [stderr]    Compiling windows-targets v0.42.1
[INFO] [stderr]    Compiling widestring v1.0.2
[INFO] [stderr]    Compiling windows v0.44.0
[INFO] [stderr]    Compiling memoffset v0.8.0
[INFO] [stderr]    Compiling crossbeam-epoch v0.9.14
[INFO] [stderr]    Compiling num-traits v0.2.15
[INFO] [stderr]    Compiling crossbeam-channel v0.5.7
[INFO] [stderr]    Compiling num_cpus v1.15.0
[INFO] [stderr]    Compiling crossbeam-deque v0.8.3
[INFO] [stderr]    Compiling rayon v1.7.0
[INFO] [stderr]    Compiling wchar-impl v0.11.0
[INFO] [stderr]    Compiling num-derive v0.3.3
[INFO] [stderr]    Compiling sysinfo v0.28.2
[INFO] [stderr]    Compiling fsfilter-rs v0.8.0 (/opt/rustwide/workdir)
[INFO] [stdout] error[E0308]: mismatched types
[INFO] [stdout]    --> src/driver_comm.rs:97:17
[INFO] [stdout]     |
[INFO] [stdout] 94  |             FilterSendMessage(
[INFO] [stdout]     |             ----------------- arguments to this function are incorrect
[INFO] [stdout] ...
[INFO] [stdout] 97  |                 mem::size_of::<DriverComMessage>() as c_ulong,
[INFO] [stdout]     |                 ^^^^^^^^^^^^^^^^^^^^^^^^^^^^^^^^^^^^^^^^^^^^^ expected `u32`, found `u64`
[INFO] [stdout]     |
[INFO] [stdout] note: function defined here
[INFO] [stdout]    --> /opt/rustwide/cargo-home/registry/src/index.crates.io-6f17d22bba15001f/windows-0.44.0/src/Windows/Win32/Storage/InstallableFileSystems/mod.rs:200:15
[INFO] [stdout]     |
[INFO] [stdout] 200 | pub unsafe fn FilterSendMessage<P0>(hport: P0, lpinbuffer: *const ::core::ffi::c_void, dwinbuffersize: u32, lpoutbuffer: ::core::option::...
[INFO] [stdout]     |               ^^^^^^^^^^^^^^^^^
[INFO] [stdout] help: you can convert a `u64` to a `u32` and panic if the converted value doesn't fit
[INFO] [stdout]     |
[INFO] [stdout] 97  |                 (mem::size_of::<DriverComMessage>() as c_ulong).try_into().unwrap(),
[INFO] [stdout]     |                 +                                             +++++++++++++++++++++
[INFO] [stdout] 
[INFO] [stdout] 
[INFO] [stdout] error[E0308]: mismatched types
[INFO] [stdout]    --> src/driver_comm.rs:150:17
[INFO] [stdout]     |
[INFO] [stdout] 147 |             FilterSendMessage(
[INFO] [stdout]     |             ----------------- arguments to this function are incorrect
[INFO] [stdout] ...
[INFO] [stdout] 150 |                 mem::size_of::<DriverComMessage>() as c_ulong,
[INFO] [stdout]     |                 ^^^^^^^^^^^^^^^^^^^^^^^^^^^^^^^^^^^^^^^^^^^^^ expected `u32`, found `u64`
[INFO] [stdout]     |
[INFO] [stdout] note: function defined here
[INFO] [stdout]    --> /opt/rustwide/cargo-home/registry/src/index.crates.io-6f17d22bba15001f/windows-0.44.0/src/Windows/Win32/Storage/InstallableFileSystems/mod.rs:200:15
[INFO] [stdout]     |
[INFO] [stdout] 200 | pub unsafe fn FilterSendMessage<P0>(hport: P0, lpinbuffer: *const ::core::ffi::c_void, dwinbuffersize: u32, lpoutbuffer: ::core::option::...
[INFO] [stdout]     |               ^^^^^^^^^^^^^^^^^
[INFO] [stdout] help: you can convert a `u64` to a `u32` and panic if the converted value doesn't fit
[INFO] [stdout]     |
[INFO] [stdout] 150 |                 (mem::size_of::<DriverComMessage>() as c_ulong).try_into().unwrap(),
[INFO] [stdout]     |                 +                                             +++++++++++++++++++++
[INFO] [stdout] 
[INFO] [stdout] 
[INFO] [stdout] error[E0308]: mismatched types
[INFO] [stdout]    --> src/driver_comm.rs:186:17
[INFO] [stdout]     |
[INFO] [stdout] 183 |             FilterSendMessage(
[INFO] [stdout]     |             ----------------- arguments to this function are incorrect
[INFO] [stdout] ...
[INFO] [stdout] 186 |                 mem::size_of::<DriverComMessage>() as c_ulong,
[INFO] [stdout]     |                 ^^^^^^^^^^^^^^^^^^^^^^^^^^^^^^^^^^^^^^^^^^^^^ expected `u32`, found `u64`
[INFO] [stdout]     |
[INFO] [stdout] note: function defined here
[INFO] [stdout]    --> /opt/rustwide/cargo-home/registry/src/index.crates.io-6f17d22bba15001f/windows-0.44.0/src/Windows/Win32/Storage/InstallableFileSystems/mod.rs:200:15
[INFO] [stdout]     |
[INFO] [stdout] 200 | pub unsafe fn FilterSendMessage<P0>(hport: P0, lpinbuffer: *const ::core::ffi::c_void, dwinbuffersize: u32, lpoutbuffer: ::core::option::...
[INFO] [stdout]     |               ^^^^^^^^^^^^^^^^^
[INFO] [stdout] help: you can convert a `u64` to a `u32` and panic if the converted value doesn't fit
[INFO] [stdout]     |
[INFO] [stdout] 186 |                 (mem::size_of::<DriverComMessage>() as c_ulong).try_into().unwrap(),
[INFO] [stdout]     |                 +                                             +++++++++++++++++++++
[INFO] [stdout] 
[INFO] [stdout] 
[INFO] [stdout] error[E0308]: mismatched types
[INFO] [stdout]    --> src/shared_def.rs:140:21
[INFO] [stdout]     |
[INFO] [stdout] 139 |                   String::from_utf16_lossy(
[INFO] [stdout]     |                   ------------------------ arguments to this function are incorrect
[INFO] [stdout] 140 | /                     &[
[INFO] [stdout] 141 | |                         &str_slice[..last_dot_index],
[INFO] [stdout] 142 | |                         &extension[..first_zero_index_ext],
[INFO] [stdout] 143 | |                     ]
[INFO] [stdout] 144 | |                     .concat(),
[INFO] [stdout]     | |_____________________________^ expected `&[u16]`, found `&Vec<i32>`
[INFO] [stdout]     |
[INFO] [stdout]     = note: expected reference `&[u16]`
[INFO] [stdout]                found reference `&Vec<i32>`
[INFO] [stdout] note: associated function defined here
[INFO] [stdout]    --> /rustc/82e1608dfa6e0b5569232559e3d385fea5a93112/library/alloc/src/string.rs:711:12
[INFO] [stdout] 
[INFO] [stdout] 
[INFO] [stdout] error[E0308]: mismatched types
[INFO] [stdout]    --> src/shared_def.rs:147:42
[INFO] [stdout]     |
[INFO] [stdout] 147 |                 String::from_utf16_lossy(&str_slice[..first_zero_index])
[INFO] [stdout]     |                 ------------------------ ^^^^^^^^^^^^^^^^^^^^^^^^^^^^^^ expected `&[u16]`, found `&[i32]`
[INFO] [stdout]     |                 |
[INFO] [stdout]     |                 arguments to this function are incorrect
[INFO] [stdout]     |
[INFO] [stdout]     = note: expected reference `&[u16]`
[INFO] [stdout]                found reference `&[i32]`
[INFO] [stdout] note: associated function defined here
[INFO] [stdout]    --> /rustc/82e1608dfa6e0b5569232559e3d385fea5a93112/library/alloc/src/string.rs:711:12
[INFO] [stdout] 
[INFO] [stdout] 
[INFO] [stdout] error[E0308]: mismatched types
[INFO] [stdout]    --> src/shared_def.rs:168:42
[INFO] [stdout]     |
[INFO] [stdout] 168 |                 String::from_utf16_lossy(&str_slice[..first_zero_index])
[INFO] [stdout]     |                 ------------------------ ^^^^^^^^^^^^^^^^^^^^^^^^^^^^^^ expected `&[u16]`, found `&[i32]`
[INFO] [stdout]     |                 |
[INFO] [stdout]     |                 arguments to this function are incorrect
[INFO] [stdout]     |
[INFO] [stdout]     = note: expected reference `&[u16]`
[INFO] [stdout]                found reference `&[i32]`
[INFO] [stdout] note: associated function defined here
[INFO] [stdout]    --> /rustc/82e1608dfa6e0b5569232559e3d385fea5a93112/library/alloc/src/string.rs:711:12
[INFO] [stdout] 
[INFO] [stdout] 
[INFO] [stdout] error[E0308]: mismatched types
[INFO] [stdout]     --> src/shared_def.rs:266:92
[INFO] [stdout]      |
[INFO] [stdout] 266  |             let r_handle = OpenProcess(PROCESS_QUERY_INFORMATION | PROCESS_VM_READ, false, pid);
[INFO] [stdout]      |                            ----------- arguments to this function are incorrect            ^^^ expected `u32`, found `u64`
[INFO] [stdout]      |
[INFO] [stdout] note: function defined here
[INFO] [stdout]     --> /opt/rustwide/cargo-home/registry/src/index.crates.io-6f17d22bba15001f/windows-0.44.0/src/Windows/Win32/System/Threading/mod.rs:1658:15
[INFO] [stdout]      |
[INFO] [stdout] 1658 | pub unsafe fn OpenProcess<P0>(dwdesiredaccess: PROCESS_ACCESS_RIGHTS, binherithandle: P0, dwprocessid: u32) -> ::windows::core::Result<su...
[INFO] [stdout]      |               ^^^^^^^^^^^
[INFO] [stdout] help: you can convert a `u64` to a `u32` and panic if the converted value doesn't fit
[INFO] [stdout]      |
[INFO] [stdout] 266  |             let r_handle = OpenProcess(PROCESS_QUERY_INFORMATION | PROCESS_VM_READ, false, pid.try_into().unwrap());
[INFO] [stdout]      |                                                                                               ++++++++++++++++++++
[INFO] [stdout] 
[INFO] [stdout] 
[INFO] [stdout] error: aborting due to 7 previous errors
[INFO] [stdout] 
[INFO] [stdout] 
[INFO] [stdout] For more information about this error, try `rustc --explain E0308`.
[INFO] [stdout] 
[INFO] [stderr] error: could not compile `fsfilter-rs` (lib) due to 8 previous errors
[INFO] [stderr] warning: build failed, waiting for other jobs to finish...
[INFO] running `Command { std: "docker" "inspect" "2f507f917babcd691b5df550ca20f42a9fefd745bd90fa52ef3f7dda069e669e", kill_on_drop: false }`
[INFO] running `Command { std: "docker" "rm" "-f" "2f507f917babcd691b5df550ca20f42a9fefd745bd90fa52ef3f7dda069e669e", kill_on_drop: false }`
[INFO] [stdout] 2f507f917babcd691b5df550ca20f42a9fefd745bd90fa52ef3f7dda069e669e
[INFO] testing fsfilter-rs-0.8.0 against beta-2023-12-22 for beta-1.76-1
[INFO] extracting crate fsfilter-rs 0.8.0 into /workspace/builds/worker-5-tc2/source
[INFO] validating manifest of crates.io crate fsfilter-rs 0.8.0 on toolchain beta-2023-12-22
[INFO] running `Command { std: CARGO_HOME="/workspace/cargo-home" RUSTUP_HOME="/workspace/rustup-home" "/workspace/cargo-home/bin/cargo" "+beta-2023-12-22" "metadata" "--manifest-path" "Cargo.toml" "--no-deps", kill_on_drop: false }`
[INFO] removed /workspace/builds/worker-5-tc2/source/.cargo/config.toml
[INFO] started tweaking crates.io crate fsfilter-rs 0.8.0
[INFO] finished tweaking crates.io crate fsfilter-rs 0.8.0
[INFO] tweaked toml for crates.io crate fsfilter-rs 0.8.0 written to /workspace/builds/worker-5-tc2/source/Cargo.toml
[INFO] crate crates.io crate fsfilter-rs 0.8.0 already has a lockfile, it will not be regenerated
[INFO] running `Command { std: CARGO_HOME="/workspace/cargo-home" RUSTUP_HOME="/workspace/rustup-home" "/workspace/cargo-home/bin/cargo" "+beta-2023-12-22" "fetch" "--manifest-path" "Cargo.toml", kill_on_drop: false }`
[INFO] running `Command { std: "docker" "create" "-v" "/var/lib/crater-agent-workspace/builds/worker-5-tc2/target:/opt/rustwide/target:rw,Z" "-v" "/var/lib/crater-agent-workspace/builds/worker-5-tc2/source:/opt/rustwide/workdir:ro,Z" "-v" "/var/lib/crater-agent-workspace/cargo-home:/opt/rustwide/cargo-home:ro,Z" "-v" "/var/lib/crater-agent-workspace/rustup-home:/opt/rustwide/rustup-home:ro,Z" "-e" "SOURCE_DIR=/opt/rustwide/workdir" "-e" "CARGO_TARGET_DIR=/opt/rustwide/target" "-e" "CARGO_HOME=/opt/rustwide/cargo-home" "-e" "RUSTUP_HOME=/opt/rustwide/rustup-home" "-w" "/opt/rustwide/workdir" "-m" "1610612736" "--user" "0:0" "--network" "none" "ghcr.io/rust-lang/crates-build-env/linux@sha256:2788e3201cd34a07e3172128adcd8b3090168a8e3bcc40d7c032b9dda1df7d1c" "/opt/rustwide/cargo-home/bin/cargo" "+beta-2023-12-22" "metadata" "--no-deps" "--format-version=1", kill_on_drop: false }`
[INFO] [stdout] 87c0b741ff810f7d7f38a154857260958af9987af6c31a4e09aa09a38b4a1d70
[INFO] running `Command { std: "docker" "start" "-a" "87c0b741ff810f7d7f38a154857260958af9987af6c31a4e09aa09a38b4a1d70", kill_on_drop: false }`
[INFO] running `Command { std: "docker" "inspect" "87c0b741ff810f7d7f38a154857260958af9987af6c31a4e09aa09a38b4a1d70", kill_on_drop: false }`
[INFO] running `Command { std: "docker" "rm" "-f" "87c0b741ff810f7d7f38a154857260958af9987af6c31a4e09aa09a38b4a1d70", kill_on_drop: false }`
[INFO] [stdout] 87c0b741ff810f7d7f38a154857260958af9987af6c31a4e09aa09a38b4a1d70
[INFO] running `Command { std: "docker" "create" "-v" "/var/lib/crater-agent-workspace/builds/worker-5-tc2/target:/opt/rustwide/target:rw,Z" "-v" "/var/lib/crater-agent-workspace/builds/worker-5-tc2/source:/opt/rustwide/workdir:ro,Z" "-v" "/var/lib/crater-agent-workspace/cargo-home:/opt/rustwide/cargo-home:ro,Z" "-v" "/var/lib/crater-agent-workspace/rustup-home:/opt/rustwide/rustup-home:ro,Z" "-e" "SOURCE_DIR=/opt/rustwide/workdir" "-e" "CARGO_TARGET_DIR=/opt/rustwide/target" "-e" "CARGO_INCREMENTAL=0" "-e" "RUST_BACKTRACE=full" "-e" "RUSTFLAGS=--cap-lints=warn" "-e" "RUSTDOCFLAGS=--cap-lints=warn" "-e" "CARGO_HOME=/opt/rustwide/cargo-home" "-e" "RUSTUP_HOME=/opt/rustwide/rustup-home" "-w" "/opt/rustwide/workdir" "-m" "1610612736" "--user" "0:0" "--network" "none" "ghcr.io/rust-lang/crates-build-env/linux@sha256:2788e3201cd34a07e3172128adcd8b3090168a8e3bcc40d7c032b9dda1df7d1c" "/opt/rustwide/cargo-home/bin/cargo" "+beta-2023-12-22" "build" "--frozen" "--message-format=json", kill_on_drop: false }`
[INFO] [stdout] 7073f58a012d68b3daf624a5a1dbb0a5049c84a36058b64f6388b06fcaa8a515
[INFO] running `Command { std: "docker" "start" "-a" "7073f58a012d68b3daf624a5a1dbb0a5049c84a36058b64f6388b06fcaa8a515", kill_on_drop: false }`
[INFO] [stderr]    Compiling autocfg v1.1.0
[INFO] [stderr]    Compiling proc-macro2 v1.0.51
[INFO] [stderr]    Compiling crossbeam-utils v0.8.15
[INFO] [stderr]    Compiling unicode-ident v1.0.8
[INFO] [stderr]    Compiling quote v1.0.23
[INFO] [stderr]    Compiling syn v1.0.109
[INFO] [stderr]    Compiling cfg-if v1.0.0
[INFO] [stderr]    Compiling libc v0.2.139
[INFO] [stderr]    Compiling scopeguard v1.1.0
[INFO] [stderr]    Compiling rayon-core v1.11.0
[INFO] [stderr]    Compiling serde_derive v1.0.152
[INFO] [stderr]    Compiling wchar v0.11.0
[INFO] [stderr]    Compiling either v1.8.1
[INFO] [stderr]    Compiling serde v1.0.152
[INFO] [stderr]    Compiling windows-targets v0.42.1
[INFO] [stderr]    Compiling once_cell v1.17.1
[INFO] [stderr]    Compiling widestring v1.0.2
[INFO] [stderr]    Compiling windows v0.44.0
[INFO] [stderr]    Compiling memoffset v0.8.0
[INFO] [stderr]    Compiling crossbeam-epoch v0.9.14
[INFO] [stderr]    Compiling num-traits v0.2.15
[INFO] [stderr]    Compiling crossbeam-channel v0.5.7
[INFO] [stderr]    Compiling num_cpus v1.15.0
[INFO] [stderr]    Compiling crossbeam-deque v0.8.3
[INFO] [stderr]    Compiling rayon v1.7.0
[INFO] [stderr]    Compiling wchar-impl v0.11.0
[INFO] [stderr]    Compiling num-derive v0.3.3
[INFO] [stderr]    Compiling sysinfo v0.28.2
[INFO] [stderr]    Compiling fsfilter-rs v0.8.0 (/opt/rustwide/workdir)
[INFO] [stdout] error[E0308]: mismatched types
[INFO] [stdout]    --> src/driver_comm.rs:97:17
[INFO] [stdout]     |
[INFO] [stdout] 94  |             FilterSendMessage(
[INFO] [stdout]     |             ----------------- arguments to this function are incorrect
[INFO] [stdout] ...
[INFO] [stdout] 97  |                 mem::size_of::<DriverComMessage>() as c_ulong,
[INFO] [stdout]     |                 ^^^^^^^^^^^^^^^^^^^^^^^^^^^^^^^^^^^^^^^^^^^^^ expected `u32`, found `u64`
[INFO] [stdout]     |
[INFO] [stdout] note: function defined here
[INFO] [stdout]    --> /opt/rustwide/cargo-home/registry/src/index.crates.io-6f17d22bba15001f/windows-0.44.0/src/Windows/Win32/Storage/InstallableFileSystems/mod.rs:200:15
[INFO] [stdout]     |
[INFO] [stdout] 200 | pub unsafe fn FilterSendMessage<P0>(hport: P0, lpinbuffer: *const ::core::ffi::c_void, dwinbuffersize: u32, lpoutbuffer: ::core::option::...
[INFO] [stdout]     |               ^^^^^^^^^^^^^^^^^
[INFO] [stdout] help: you can convert a `u64` to a `u32` and panic if the converted value doesn't fit
[INFO] [stdout]     |
[INFO] [stdout] 97  |                 (mem::size_of::<DriverComMessage>() as c_ulong).try_into().unwrap(),
[INFO] [stdout]     |                 +                                             +++++++++++++++++++++
[INFO] [stdout] 
[INFO] [stdout] 
[INFO] [stdout] error[E0308]: mismatched types
[INFO] [stdout]    --> src/driver_comm.rs:150:17
[INFO] [stdout]     |
[INFO] [stdout] 147 |             FilterSendMessage(
[INFO] [stdout]     |             ----------------- arguments to this function are incorrect
[INFO] [stdout] ...
[INFO] [stdout] 150 |                 mem::size_of::<DriverComMessage>() as c_ulong,
[INFO] [stdout]     |                 ^^^^^^^^^^^^^^^^^^^^^^^^^^^^^^^^^^^^^^^^^^^^^ expected `u32`, found `u64`
[INFO] [stdout]     |
[INFO] [stdout] note: function defined here
[INFO] [stdout]    --> /opt/rustwide/cargo-home/registry/src/index.crates.io-6f17d22bba15001f/windows-0.44.0/src/Windows/Win32/Storage/InstallableFileSystems/mod.rs:200:15
[INFO] [stdout]     |
[INFO] [stdout] 200 | pub unsafe fn FilterSendMessage<P0>(hport: P0, lpinbuffer: *const ::core::ffi::c_void, dwinbuffersize: u32, lpoutbuffer: ::core::option::...
[INFO] [stdout]     |               ^^^^^^^^^^^^^^^^^
[INFO] [stdout] help: you can convert a `u64` to a `u32` and panic if the converted value doesn't fit
[INFO] [stdout]     |
[INFO] [stdout] 150 |                 (mem::size_of::<DriverComMessage>() as c_ulong).try_into().unwrap(),
[INFO] [stdout]     |                 +                                             +++++++++++++++++++++
[INFO] [stdout] 
[INFO] [stdout] 
[INFO] [stdout] error[E0308]: mismatched types
[INFO] [stdout]    --> src/driver_comm.rs:186:17
[INFO] [stdout]     |
[INFO] [stdout] 183 |             FilterSendMessage(
[INFO] [stdout]     |             ----------------- arguments to this function are incorrect
[INFO] [stdout] ...
[INFO] [stdout] 186 |                 mem::size_of::<DriverComMessage>() as c_ulong,
[INFO] [stdout]     |                 ^^^^^^^^^^^^^^^^^^^^^^^^^^^^^^^^^^^^^^^^^^^^^ expected `u32`, found `u64`
[INFO] [stdout]     |
[INFO] [stdout] note: function defined here
[INFO] [stdout]    --> /opt/rustwide/cargo-home/registry/src/index.crates.io-6f17d22bba15001f/windows-0.44.0/src/Windows/Win32/Storage/InstallableFileSystems/mod.rs:200:15
[INFO] [stdout]     |
[INFO] [stdout] 200 | pub unsafe fn FilterSendMessage<P0>(hport: P0, lpinbuffer: *const ::core::ffi::c_void, dwinbuffersize: u32, lpoutbuffer: ::core::option::...
[INFO] [stdout]     |               ^^^^^^^^^^^^^^^^^
[INFO] [stdout] help: you can convert a `u64` to a `u32` and panic if the converted value doesn't fit
[INFO] [stdout]     |
[INFO] [stdout] 186 |                 (mem::size_of::<DriverComMessage>() as c_ulong).try_into().unwrap(),
[INFO] [stdout]     |                 +                                             +++++++++++++++++++++
[INFO] [stdout] 
[INFO] [stdout] 
[INFO] [stdout] error[E0308]: mismatched types
[INFO] [stdout]    --> src/shared_def.rs:140:21
[INFO] [stdout]     |
[INFO] [stdout] 139 |                   String::from_utf16_lossy(
[INFO] [stdout]     |                   ------------------------ arguments to this function are incorrect
[INFO] [stdout] 140 | /                     &[
[INFO] [stdout] 141 | |                         &str_slice[..last_dot_index],
[INFO] [stdout] 142 | |                         &extension[..first_zero_index_ext],
[INFO] [stdout] 143 | |                     ]
[INFO] [stdout] 144 | |                     .concat(),
[INFO] [stdout]     | |_____________________________^ expected `&[u16]`, found `&Vec<i32>`
[INFO] [stdout]     |
[INFO] [stdout]     = note: expected reference `&[u16]`
[INFO] [stdout]                found reference `&Vec<i32>`
[INFO] [stdout] note: associated function defined here
[INFO] [stdout]    --> /rustc/0e09125c6c3c2fd70d7de961bcf0e51575235fad/library/alloc/src/string.rs:711:12
[INFO] [stdout] 
[INFO] [stdout] 
[INFO] [stdout] error[E0308]: mismatched types
[INFO] [stdout]    --> src/shared_def.rs:147:42
[INFO] [stdout]     |
[INFO] [stdout] 147 |                 String::from_utf16_lossy(&str_slice[..first_zero_index])
[INFO] [stdout]     |                 ------------------------ ^^^^^^^^^^^^^^^^^^^^^^^^^^^^^^ expected `&[u16]`, found `&[i32]`
[INFO] [stdout]     |                 |
[INFO] [stdout]     |                 arguments to this function are incorrect
[INFO] [stdout]     |
[INFO] [stdout]     = note: expected reference `&[u16]`
[INFO] [stdout]                found reference `&[i32]`
[INFO] [stdout] note: associated function defined here
[INFO] [stdout]    --> /rustc/0e09125c6c3c2fd70d7de961bcf0e51575235fad/library/alloc/src/string.rs:711:12
[INFO] [stdout] 
[INFO] [stdout] 
[INFO] [stdout] error[E0308]: mismatched types
[INFO] [stdout]    --> src/shared_def.rs:168:42
[INFO] [stdout]     |
[INFO] [stdout] 168 |                 String::from_utf16_lossy(&str_slice[..first_zero_index])
[INFO] [stdout]     |                 ------------------------ ^^^^^^^^^^^^^^^^^^^^^^^^^^^^^^ expected `&[u16]`, found `&[i32]`
[INFO] [stdout]     |                 |
[INFO] [stdout]     |                 arguments to this function are incorrect
[INFO] [stdout]     |
[INFO] [stdout]     = note: expected reference `&[u16]`
[INFO] [stdout]                found reference `&[i32]`
[INFO] [stdout] note: associated function defined here
[INFO] [stdout]    --> /rustc/0e09125c6c3c2fd70d7de961bcf0e51575235fad/library/alloc/src/string.rs:711:12
[INFO] [stdout] 
[INFO] [stdout] 
[INFO] [stdout] error[E0308]: mismatched types
[INFO] [stdout]     --> src/shared_def.rs:266:92
[INFO] [stdout]      |
[INFO] [stdout] 266  |             let r_handle = OpenProcess(PROCESS_QUERY_INFORMATION | PROCESS_VM_READ, false, pid);
[INFO] [stdout]      |                            ----------- arguments to this function are incorrect            ^^^ expected `u32`, found `u64`
[INFO] [stdout]      |
[INFO] [stdout] note: function defined here
[INFO] [stdout]     --> /opt/rustwide/cargo-home/registry/src/index.crates.io-6f17d22bba15001f/windows-0.44.0/src/Windows/Win32/System/Threading/mod.rs:1658:15
[INFO] [stdout]      |
[INFO] [stdout] 1658 | pub unsafe fn OpenProcess<P0>(dwdesiredaccess: PROCESS_ACCESS_RIGHTS, binherithandle: P0, dwprocessid: u32) -> ::windows::core::Result<su...
[INFO] [stdout]      |               ^^^^^^^^^^^
[INFO] [stdout] help: you can convert a `u64` to a `u32` and panic if the converted value doesn't fit
[INFO] [stdout]      |
[INFO] [stdout] 266  |             let r_handle = OpenProcess(PROCESS_QUERY_INFORMATION | PROCESS_VM_READ, false, pid.try_into().unwrap());
[INFO] [stdout]      |                                                                                               ++++++++++++++++++++
[INFO] [stdout] 
[INFO] [stdout] 
[INFO] [stdout] error: aborting due to 7 previous errors
[INFO] [stdout] 
[INFO] [stdout] 
[INFO] [stdout] For more information about this error, try `rustc --explain E0308`.
[INFO] [stdout] 
[INFO] [stderr] error: could not compile `fsfilter-rs` (lib) due to 8 previous errors
[INFO] [stderr] warning: build failed, waiting for other jobs to finish...
[INFO] running `Command { std: "docker" "inspect" "7073f58a012d68b3daf624a5a1dbb0a5049c84a36058b64f6388b06fcaa8a515", kill_on_drop: false }`
[INFO] running `Command { std: "docker" "rm" "-f" "7073f58a012d68b3daf624a5a1dbb0a5049c84a36058b64f6388b06fcaa8a515", kill_on_drop: false }`
[INFO] [stdout] 7073f58a012d68b3daf624a5a1dbb0a5049c84a36058b64f6388b06fcaa8a515
