[INFO] fetching crate fs_plugin_rs 0.0.1-beta.4...
[INFO] testing fs_plugin_rs-0.0.1-beta.4 against 1.75.0 for beta-1.76-1
[INFO] extracting crate fs_plugin_rs 0.0.1-beta.4 into /workspace/builds/worker-6-tc1/source
[INFO] validating manifest of crates.io crate fs_plugin_rs 0.0.1-beta.4 on toolchain 1.75.0
[INFO] running `Command { std: CARGO_HOME="/workspace/cargo-home" RUSTUP_HOME="/workspace/rustup-home" "/workspace/cargo-home/bin/cargo" "+1.75.0" "metadata" "--manifest-path" "Cargo.toml" "--no-deps", kill_on_drop: false }`
[INFO] started tweaking crates.io crate fs_plugin_rs 0.0.1-beta.4
[INFO] finished tweaking crates.io crate fs_plugin_rs 0.0.1-beta.4
[INFO] tweaked toml for crates.io crate fs_plugin_rs 0.0.1-beta.4 written to /workspace/builds/worker-6-tc1/source/Cargo.toml
[INFO] running `Command { std: CARGO_HOME="/workspace/cargo-home" RUSTUP_HOME="/workspace/rustup-home" "/workspace/cargo-home/bin/cargo" "+1.75.0" "generate-lockfile" "--manifest-path" "Cargo.toml", kill_on_drop: false }`
[INFO] [stderr]     Updating crates.io index
[INFO] running `Command { std: CARGO_HOME="/workspace/cargo-home" RUSTUP_HOME="/workspace/rustup-home" "/workspace/cargo-home/bin/cargo" "+1.75.0" "fetch" "--manifest-path" "Cargo.toml", kill_on_drop: false }`
[INFO] [stderr]  Downloading crates ...
[INFO] [stderr]   Downloaded polywrap_schemafy_lib v0.1.0
[INFO] [stderr]   Downloaded wasmer v4.2.5
[INFO] [stderr]   Downloaded rmpv v1.0.1
[INFO] [stderr]   Downloaded snafu-derive v0.6.10
[INFO] [stderr]   Downloaded wasmer-compiler-cranelift v4.2.5
[INFO] [stderr]   Downloaded snafu v0.6.10
[INFO] [stderr]   Downloaded fraction v0.12.2
[INFO] [stderr]   Downloaded polywrap_schemafy v0.1.1
[INFO] [stderr]   Downloaded iso8601 v0.5.1
[INFO] [stderr]   Downloaded jsonschema v0.16.1
[INFO] [stderr]   Downloaded fancy-regex v0.10.0
[INFO] [stderr]   Downloaded self_cell v1.0.3
[INFO] [stderr]   Downloaded wasmer-compiler v4.2.5
[INFO] [stderr]   Downloaded wast v64.0.0
[INFO] [stderr]   Downloaded polywrap_core_macros v0.1.11
[INFO] [stderr]   Downloaded polywrap_core v0.1.11
[INFO] [stderr]   Downloaded polywrap_plugin_implementor v0.1.11
[INFO] [stderr]   Downloaded polywrap_uri v0.1.11
[INFO] [stderr]   Downloaded schemafy_core v0.6.0
[INFO] [stderr]   Downloaded rm_rf v0.6.2
[INFO] [stderr]   Downloaded polywrap_plugin v0.1.11
[INFO] [stderr]   Downloaded polywrap-jsonref v0.1.0
[INFO] [stderr]   Downloaded wrap_manifest_schemas v0.1.11
[INFO] [stderr]   Downloaded polywrap_msgpack_serde v0.0.2
[INFO] [stderr]   Downloaded serde-wasm-bindgen v0.4.5
[INFO] [stderr]   Downloaded shared-buffer v0.1.4
[INFO] [stderr]   Downloaded wasmer-derive v4.2.5
[INFO] [stderr]   Downloaded wasmer-types v4.2.5
[INFO] [stderr]   Downloaded wasmer-vm v4.2.5
[INFO] [stderr]   Downloaded wasm-encoder v0.32.0
[INFO] [stderr]   Downloaded wat v1.0.71
[INFO] [stderr]   Downloaded polywrap_resolvers v0.1.11
[INFO] [stderr]   Downloaded polywrap_msgpack v0.1.6-beta.7
[INFO] [stderr]   Downloaded polywrap_client_builder v0.1.11
[INFO] [stderr]   Downloaded polywrap_wasm v0.1.11
[INFO] [stderr]   Downloaded polywrap_client v0.1.11
[INFO] [stderr]   Downloaded polywrap_resolver_extensions v0.1.11
[INFO] running `Command { std: "docker" "create" "-v" "/var/lib/crater-agent-workspace/builds/worker-6-tc1/target:/opt/rustwide/target:rw,Z" "-v" "/var/lib/crater-agent-workspace/builds/worker-6-tc1/source:/opt/rustwide/workdir:ro,Z" "-v" "/var/lib/crater-agent-workspace/cargo-home:/opt/rustwide/cargo-home:ro,Z" "-v" "/var/lib/crater-agent-workspace/rustup-home:/opt/rustwide/rustup-home:ro,Z" "-e" "SOURCE_DIR=/opt/rustwide/workdir" "-e" "CARGO_TARGET_DIR=/opt/rustwide/target" "-e" "CARGO_HOME=/opt/rustwide/cargo-home" "-e" "RUSTUP_HOME=/opt/rustwide/rustup-home" "-w" "/opt/rustwide/workdir" "-m" "1610612736" "--user" "0:0" "--network" "none" "ghcr.io/rust-lang/crates-build-env/linux@sha256:2788e3201cd34a07e3172128adcd8b3090168a8e3bcc40d7c032b9dda1df7d1c" "/opt/rustwide/cargo-home/bin/cargo" "+1.75.0" "metadata" "--no-deps" "--format-version=1", kill_on_drop: false }`
[INFO] [stdout] fa2010fbfbb2180f7105ccdc99c502ceb3bd3cb68b964e30ae5de3ac534aa0f6
[INFO] running `Command { std: "docker" "start" "-a" "fa2010fbfbb2180f7105ccdc99c502ceb3bd3cb68b964e30ae5de3ac534aa0f6", kill_on_drop: false }`
[INFO] running `Command { std: "docker" "inspect" "fa2010fbfbb2180f7105ccdc99c502ceb3bd3cb68b964e30ae5de3ac534aa0f6", kill_on_drop: false }`
[INFO] running `Command { std: "docker" "rm" "-f" "fa2010fbfbb2180f7105ccdc99c502ceb3bd3cb68b964e30ae5de3ac534aa0f6", kill_on_drop: false }`
[INFO] [stdout] fa2010fbfbb2180f7105ccdc99c502ceb3bd3cb68b964e30ae5de3ac534aa0f6
[INFO] running `Command { std: "docker" "create" "-v" "/var/lib/crater-agent-workspace/builds/worker-6-tc1/target:/opt/rustwide/target:rw,Z" "-v" "/var/lib/crater-agent-workspace/builds/worker-6-tc1/source:/opt/rustwide/workdir:ro,Z" "-v" "/var/lib/crater-agent-workspace/cargo-home:/opt/rustwide/cargo-home:ro,Z" "-v" "/var/lib/crater-agent-workspace/rustup-home:/opt/rustwide/rustup-home:ro,Z" "-e" "SOURCE_DIR=/opt/rustwide/workdir" "-e" "CARGO_TARGET_DIR=/opt/rustwide/target" "-e" "CARGO_INCREMENTAL=0" "-e" "RUST_BACKTRACE=full" "-e" "RUSTFLAGS=--cap-lints=warn" "-e" "RUSTDOCFLAGS=--cap-lints=warn" "-e" "CARGO_HOME=/opt/rustwide/cargo-home" "-e" "RUSTUP_HOME=/opt/rustwide/rustup-home" "-w" "/opt/rustwide/workdir" "-m" "1610612736" "--user" "0:0" "--network" "none" "ghcr.io/rust-lang/crates-build-env/linux@sha256:2788e3201cd34a07e3172128adcd8b3090168a8e3bcc40d7c032b9dda1df7d1c" "/opt/rustwide/cargo-home/bin/cargo" "+1.75.0" "build" "--frozen" "--message-format=json", kill_on_drop: false }`
[INFO] [stdout] ab8fa5b3892c98e2e7ee40934446f689221c2ce37b09652566bfa9d8bcc86e02
[INFO] running `Command { std: "docker" "start" "-a" "ab8fa5b3892c98e2e7ee40934446f689221c2ce37b09652566bfa9d8bcc86e02", kill_on_drop: false }`
[INFO] [stderr]    Compiling serde v1.0.194
[INFO] [stderr]    Compiling serde_json v1.0.111
[INFO] [stderr]    Compiling itoa v1.0.10
[INFO] [stderr]    Compiling ryu v1.0.16
[INFO] [stderr]    Compiling num-traits v0.2.17
[INFO] [stderr]    Compiling num-integer v0.1.45
[INFO] [stderr]    Compiling syn v1.0.109
[INFO] [stderr]    Compiling thiserror v1.0.56
[INFO] [stderr]    Compiling num-bigint v0.4.4
[INFO] [stderr]    Compiling untrusted v0.9.0
[INFO] [stderr]    Compiling spin v0.9.8
[INFO] [stderr]    Compiling num-iter v0.1.43
[INFO] [stderr]    Compiling syn v2.0.48
[INFO] [stderr]    Compiling cc v1.0.83
[INFO] [stderr]    Compiling getrandom v0.2.11
[INFO] [stderr]    Compiling num-rational v0.4.1
[INFO] [stderr]    Compiling ucd-trie v0.1.6
[INFO] [stderr]    Compiling unicode-bidi v0.3.14
[INFO] [stderr]    Compiling byteorder v1.5.0
[INFO] [stderr]    Compiling crc32fast v1.3.2
[INFO] [stderr]    Compiling fnv v1.0.7
[INFO] [stderr]    Compiling Inflector v0.11.4
[INFO] [stderr]    Compiling lock_api v0.4.11
[INFO] [stderr]    Compiling uriparse v0.6.4
[INFO] [stderr]    Compiling version_check v0.9.4
[INFO] [stderr]    Compiling rustls v0.21.10
[INFO] [stderr]    Compiling parking_lot_core v0.9.9
[INFO] [stderr]    Compiling adler v1.0.2
[INFO] [stderr]    Compiling doc-comment v0.3.3
[INFO] [stderr]    Compiling idna v0.5.0
[INFO] [stderr]    Compiling miniz_oxide v0.7.1
[INFO] [stderr]    Compiling time-core v0.1.2
[INFO] [stderr]    Compiling bit-vec v0.6.3
[INFO] [stderr]    Compiling ahash v0.8.7
[INFO] [stderr]    Compiling powerfmt v0.2.0
[INFO] [stderr]    Compiling smallvec v1.11.2
[INFO] [stderr]    Compiling scopeguard v1.2.0
[INFO] [stderr]    Compiling minimal-lexical v0.2.1
[INFO] [stderr]    Compiling anyhow v1.0.79
[INFO] [stderr]    Compiling deranged v0.3.11
[INFO] [stderr]    Compiling bit-set v0.5.3
[INFO] [stderr]    Compiling nom v7.1.3
[INFO] [stderr]    Compiling time-macros v0.2.16
[INFO] [stderr]    Compiling url v2.5.0
[INFO] [stderr]    Compiling webpki-roots v0.25.3
[INFO] [stderr]    Compiling paste v1.0.14
[INFO] [stderr]    Compiling flate2 v1.0.28
[INFO] [stderr]    Compiling zerocopy v0.7.32
[INFO] [stderr]    Compiling semver v1.0.21
[INFO] [stderr]    Compiling parking_lot v0.12.1
[INFO] [stderr]    Compiling ring v0.17.7
[INFO] [stderr]    Compiling fancy-regex v0.10.0
[INFO] [stderr]    Compiling base64 v0.13.1
[INFO] [stderr]    Compiling uuid v1.6.1
[INFO] [stderr]    Compiling bytecount v0.6.7
[INFO] [stderr]    Compiling num-complex v0.4.4
[INFO] [stderr]    Compiling num-cmp v0.1.0
[INFO] [stderr]    Compiling psm v0.1.21
[INFO] [stderr]    Compiling stacker v0.1.15
[INFO] [stderr]    Compiling rm_rf v0.6.2
[INFO] [stderr]    Compiling rmp v0.8.12
[INFO] [stderr]    Compiling time v0.3.31
[INFO] [stderr]    Compiling serde_derive v1.0.194
[INFO] [stderr]    Compiling thiserror-impl v1.0.56
[INFO] [stderr]    Compiling serde_repr v0.1.18
[INFO] [stderr]    Compiling iso8601 v0.5.1
[INFO] [stderr]    Compiling pest v2.7.6
[INFO] [stderr]    Compiling snafu-derive v0.6.10
[INFO] [stderr]    Compiling pest_meta v2.7.6
[INFO] [stderr]    Compiling pest_generator v2.7.6
[INFO] [stderr]    Compiling snafu v0.6.10
[INFO] [stderr]    Compiling pest_derive v2.7.6
[INFO] [stderr]    Compiling sct v0.7.1
[INFO] [stderr]    Compiling rustls-webpki v0.101.7
[INFO] [stderr]    Compiling serde_bytes v0.11.14
[INFO] [stderr]    Compiling polywrap_uri v0.1.11
[INFO] [stderr]    Compiling rmp-serde v1.1.2
[INFO] [stderr]    Compiling rmpv v1.0.1
[INFO] [stderr]    Compiling polywrap_core_macros v0.1.11
[INFO] [stderr]    Compiling schemafy_core v0.6.0
[INFO] [stderr]    Compiling handlebars v4.5.0
[INFO] [stderr]    Compiling polywrap_msgpack v0.1.6-beta.7
[INFO] [stderr]    Compiling polywrap_schemafy_lib v0.1.0
[INFO] [stderr]    Compiling ureq v2.9.1
[INFO] [stderr]    Compiling bigdecimal v0.3.1
[INFO] [stderr]    Compiling polywrap_msgpack_serde v0.0.2
[INFO] [stderr]    Compiling polywrap-jsonref v0.1.0
[INFO] [stderr]    Compiling num v0.4.1
[INFO] [stderr]    Compiling fraction v0.12.2
[INFO] [stderr]    Compiling polywrap_schemafy v0.1.1
[INFO] [stderr]    Compiling jsonschema v0.16.1
[INFO] [stderr]    Compiling wrap_manifest_schemas v0.1.11
[INFO] [stderr]    Compiling polywrap_core v0.1.11
[INFO] [stderr]    Compiling polywrap_plugin_implementor v0.1.11
[INFO] [stderr]    Compiling polywrap_plugin v0.1.11
[INFO] [stderr]    Compiling fs_plugin_rs v0.0.1-beta.4 (/opt/rustwide/workdir)
[INFO] [stdout] error[E0433]: failed to resolve: use of undeclared crate or module `polywrap_msgpack_serde`
[INFO] [stdout]   --> src/lib.rs:15:1
[INFO] [stdout]    |
[INFO] [stdout] 15 | #[plugin_impl]
[INFO] [stdout]    | ^^^^^^^^^^^^^^ use of undeclared crate or module `polywrap_msgpack_serde`
[INFO] [stdout]    |
[INFO] [stdout]    = note: this error originates in the attribute macro `plugin_impl` (in Nightly builds, run with -Z macro-backtrace for more info)
[INFO] [stdout] help: there is a crate or module with a similar name
[INFO] [stdout]    |
[INFO] [stdout] 15 | polywrap_msgpack
[INFO] [stdout]    |
[INFO] [stdout] help: consider importing this crate
[INFO] [stdout]    |
[INFO] [stdout] 1  + use polywrap_plugin::polywrap_msgpack_serde;
[INFO] [stdout]    |
[INFO] [stdout] 
[INFO] [stdout] 
[INFO] [stdout] warning: unused import: `JSON`
[INFO] [stdout]  --> src/lib.rs:5:69
[INFO] [stdout]   |
[INFO] [stdout] 5 | use polywrap_plugin::{error::PluginError, implementor::plugin_impl, JSON};
[INFO] [stdout]   |                                                                     ^^^^
[INFO] [stdout]   |
[INFO] [stdout]   = note: `#[warn(unused_imports)]` on by default
[INFO] [stdout] 
[INFO] [stdout] 
[INFO] [stdout] error[E0599]: no variant named `SubinvocationError` found for enum `polywrap_plugin::PluginError`
[INFO] [stdout]    --> src/wrap/types.rs:120:35
[INFO] [stdout]     |
[INFO] [stdout] 120 |         .map_err(|e| PluginError::SubinvocationError {
[INFO] [stdout]     |                                   ^^^^^^^^^^^^^^^^^^ help: there is a variant with a similar name: `InvocationError`
[INFO] [stdout] 
[INFO] [stdout] 
[INFO] [stdout] error[E0277]: `?` couldn't convert the error to `polywrap_plugin::PluginError`
[INFO] [stdout]    --> src/wrap/types.rs:127:37
[INFO] [stdout]     |
[INFO] [stdout] 127 |         Ok(decode(result.as_slice())?)
[INFO] [stdout]     |                                     ^ the trait `From<polywrap_msgpack::error::MsgpackError>` is not implemented for `polywrap_plugin::PluginError`
[INFO] [stdout]     |
[INFO] [stdout]     = note: the question mark operation (`?`) implicitly performs a conversion on the error value using the `From` trait
[INFO] [stdout]     = help: the following other types implement trait `From<T>`:
[INFO] [stdout]               <polywrap_plugin::PluginError as From<polywrap_plugin::serde_json::Error>>
[INFO] [stdout]               <polywrap_plugin::PluginError as From<polywrap_plugin::polywrap_msgpack_serde::Error>>
[INFO] [stdout]     = note: required for `Result<Vec<u8>, polywrap_plugin::PluginError>` to implement `FromResidual<Result<Infallible, polywrap_msgpack::error::MsgpackError>>`
[INFO] [stdout] 
[INFO] [stdout] 
[INFO] [stdout] error[E0599]: no variant named `SubinvocationError` found for enum `polywrap_plugin::PluginError`
[INFO] [stdout]    --> src/wrap/types.rs:142:35
[INFO] [stdout]     |
[INFO] [stdout] 142 |         .map_err(|e| PluginError::SubinvocationError {
[INFO] [stdout]     |                                   ^^^^^^^^^^^^^^^^^^ help: there is a variant with a similar name: `InvocationError`
[INFO] [stdout] 
[INFO] [stdout] 
[INFO] [stdout] error[E0277]: `?` couldn't convert the error to `polywrap_plugin::PluginError`
[INFO] [stdout]    --> src/wrap/types.rs:149:37
[INFO] [stdout]     |
[INFO] [stdout] 149 |         Ok(decode(result.as_slice())?)
[INFO] [stdout]     |                                     ^ the trait `From<polywrap_msgpack::error::MsgpackError>` is not implemented for `polywrap_plugin::PluginError`
[INFO] [stdout]     |
[INFO] [stdout]     = note: the question mark operation (`?`) implicitly performs a conversion on the error value using the `From` trait
[INFO] [stdout]     = help: the following other types implement trait `From<T>`:
[INFO] [stdout]               <polywrap_plugin::PluginError as From<polywrap_plugin::serde_json::Error>>
[INFO] [stdout]               <polywrap_plugin::PluginError as From<polywrap_plugin::polywrap_msgpack_serde::Error>>
[INFO] [stdout]     = note: required for `Result<std::string::String, polywrap_plugin::PluginError>` to implement `FromResidual<Result<Infallible, polywrap_msgpack::error::MsgpackError>>`
[INFO] [stdout] 
[INFO] [stdout] 
[INFO] [stdout] error[E0599]: no variant named `SubinvocationError` found for enum `polywrap_plugin::PluginError`
[INFO] [stdout]    --> src/wrap/types.rs:164:35
[INFO] [stdout]     |
[INFO] [stdout] 164 |         .map_err(|e| PluginError::SubinvocationError {
[INFO] [stdout]     |                                   ^^^^^^^^^^^^^^^^^^ help: there is a variant with a similar name: `InvocationError`
[INFO] [stdout] 
[INFO] [stdout] 
[INFO] [stdout] error[E0277]: `?` couldn't convert the error to `polywrap_plugin::PluginError`
[INFO] [stdout]    --> src/wrap/types.rs:171:37
[INFO] [stdout]     |
[INFO] [stdout] 171 |         Ok(decode(result.as_slice())?)
[INFO] [stdout]     |                                     ^ the trait `From<polywrap_msgpack::error::MsgpackError>` is not implemented for `polywrap_plugin::PluginError`
[INFO] [stdout]     |
[INFO] [stdout]     = note: the question mark operation (`?`) implicitly performs a conversion on the error value using the `From` trait
[INFO] [stdout]     = help: the following other types implement trait `From<T>`:
[INFO] [stdout]               <polywrap_plugin::PluginError as From<polywrap_plugin::serde_json::Error>>
[INFO] [stdout]               <polywrap_plugin::PluginError as From<polywrap_plugin::polywrap_msgpack_serde::Error>>
[INFO] [stdout]     = note: required for `Result<bool, polywrap_plugin::PluginError>` to implement `FromResidual<Result<Infallible, polywrap_msgpack::error::MsgpackError>>`
[INFO] [stdout] 
[INFO] [stdout] 
[INFO] [stdout] error[E0599]: no variant named `SubinvocationError` found for enum `polywrap_plugin::PluginError`
[INFO] [stdout]    --> src/wrap/types.rs:186:35
[INFO] [stdout]     |
[INFO] [stdout] 186 |         .map_err(|e| PluginError::SubinvocationError {
[INFO] [stdout]     |                                   ^^^^^^^^^^^^^^^^^^ help: there is a variant with a similar name: `InvocationError`
[INFO] [stdout] 
[INFO] [stdout] 
[INFO] [stdout] error[E0277]: `?` couldn't convert the error to `polywrap_plugin::PluginError`
[INFO] [stdout]    --> src/wrap/types.rs:193:42
[INFO] [stdout]     |
[INFO] [stdout] 193 |         Ok(Some(decode(result.as_slice())?))
[INFO] [stdout]     |                                          ^ the trait `From<polywrap_msgpack::error::MsgpackError>` is not implemented for `polywrap_plugin::PluginError`
[INFO] [stdout]     |
[INFO] [stdout]     = note: the question mark operation (`?`) implicitly performs a conversion on the error value using the `From` trait
[INFO] [stdout]     = help: the following other types implement trait `From<T>`:
[INFO] [stdout]               <polywrap_plugin::PluginError as From<polywrap_plugin::serde_json::Error>>
[INFO] [stdout]               <polywrap_plugin::PluginError as From<polywrap_plugin::polywrap_msgpack_serde::Error>>
[INFO] [stdout]     = note: required for `Result<std::option::Option<bool>, polywrap_plugin::PluginError>` to implement `FromResidual<Result<Infallible, polywrap_msgpack::error::MsgpackError>>`
[INFO] [stdout] 
[INFO] [stdout] 
[INFO] [stdout] error[E0599]: no variant named `SubinvocationError` found for enum `polywrap_plugin::PluginError`
[INFO] [stdout]    --> src/wrap/types.rs:208:35
[INFO] [stdout]     |
[INFO] [stdout] 208 |         .map_err(|e| PluginError::SubinvocationError {
[INFO] [stdout]     |                                   ^^^^^^^^^^^^^^^^^^ help: there is a variant with a similar name: `InvocationError`
[INFO] [stdout] 
[INFO] [stdout] 
[INFO] [stdout] error[E0277]: `?` couldn't convert the error to `polywrap_plugin::PluginError`
[INFO] [stdout]    --> src/wrap/types.rs:215:42
[INFO] [stdout]     |
[INFO] [stdout] 215 |         Ok(Some(decode(result.as_slice())?))
[INFO] [stdout]     |                                          ^ the trait `From<polywrap_msgpack::error::MsgpackError>` is not implemented for `polywrap_plugin::PluginError`
[INFO] [stdout]     |
[INFO] [stdout]     = note: the question mark operation (`?`) implicitly performs a conversion on the error value using the `From` trait
[INFO] [stdout]     = help: the following other types implement trait `From<T>`:
[INFO] [stdout]               <polywrap_plugin::PluginError as From<polywrap_plugin::serde_json::Error>>
[INFO] [stdout]               <polywrap_plugin::PluginError as From<polywrap_plugin::polywrap_msgpack_serde::Error>>
[INFO] [stdout]     = note: required for `Result<std::option::Option<bool>, polywrap_plugin::PluginError>` to implement `FromResidual<Result<Infallible, polywrap_msgpack::error::MsgpackError>>`
[INFO] [stdout] 
[INFO] [stdout] 
[INFO] [stdout] error[E0599]: no variant named `SubinvocationError` found for enum `polywrap_plugin::PluginError`
[INFO] [stdout]    --> src/wrap/types.rs:230:35
[INFO] [stdout]     |
[INFO] [stdout] 230 |         .map_err(|e| PluginError::SubinvocationError {
[INFO] [stdout]     |                                   ^^^^^^^^^^^^^^^^^^ help: there is a variant with a similar name: `InvocationError`
[INFO] [stdout] 
[INFO] [stdout] 
[INFO] [stdout] error[E0277]: `?` couldn't convert the error to `polywrap_plugin::PluginError`
[INFO] [stdout]    --> src/wrap/types.rs:237:42
[INFO] [stdout]     |
[INFO] [stdout] 237 |         Ok(Some(decode(result.as_slice())?))
[INFO] [stdout]     |                                          ^ the trait `From<polywrap_msgpack::error::MsgpackError>` is not implemented for `polywrap_plugin::PluginError`
[INFO] [stdout]     |
[INFO] [stdout]     = note: the question mark operation (`?`) implicitly performs a conversion on the error value using the `From` trait
[INFO] [stdout]     = help: the following other types implement trait `From<T>`:
[INFO] [stdout]               <polywrap_plugin::PluginError as From<polywrap_plugin::serde_json::Error>>
[INFO] [stdout]               <polywrap_plugin::PluginError as From<polywrap_plugin::polywrap_msgpack_serde::Error>>
[INFO] [stdout]     = note: required for `Result<std::option::Option<bool>, polywrap_plugin::PluginError>` to implement `FromResidual<Result<Infallible, polywrap_msgpack::error::MsgpackError>>`
[INFO] [stdout] 
[INFO] [stdout] 
[INFO] [stdout] error[E0599]: no variant named `SubinvocationError` found for enum `polywrap_plugin::PluginError`
[INFO] [stdout]    --> src/wrap/types.rs:252:35
[INFO] [stdout]     |
[INFO] [stdout] 252 |         .map_err(|e| PluginError::SubinvocationError {
[INFO] [stdout]     |                                   ^^^^^^^^^^^^^^^^^^ help: there is a variant with a similar name: `InvocationError`
[INFO] [stdout] 
[INFO] [stdout] 
[INFO] [stdout] error[E0277]: `?` couldn't convert the error to `polywrap_plugin::PluginError`
[INFO] [stdout]    --> src/wrap/types.rs:259:42
[INFO] [stdout]     |
[INFO] [stdout] 259 |         Ok(Some(decode(result.as_slice())?))
[INFO] [stdout]     |                                          ^ the trait `From<polywrap_msgpack::error::MsgpackError>` is not implemented for `polywrap_plugin::PluginError`
[INFO] [stdout]     |
[INFO] [stdout]     = note: the question mark operation (`?`) implicitly performs a conversion on the error value using the `From` trait
[INFO] [stdout]     = help: the following other types implement trait `From<T>`:
[INFO] [stdout]               <polywrap_plugin::PluginError as From<polywrap_plugin::serde_json::Error>>
[INFO] [stdout]               <polywrap_plugin::PluginError as From<polywrap_plugin::polywrap_msgpack_serde::Error>>
[INFO] [stdout]     = note: required for `Result<std::option::Option<bool>, polywrap_plugin::PluginError>` to implement `FromResidual<Result<Infallible, polywrap_msgpack::error::MsgpackError>>`
[INFO] [stdout] 
[INFO] [stdout] 
[INFO] [stdout] error[E0599]: no variant or associated item named `ModuleError` found for enum `polywrap_plugin::PluginError` in the current scope
[INFO] [stdout]   --> src/lib.rs:22:55
[INFO] [stdout]    |
[INFO] [stdout] 22 |         fs::read(&args.path).map_err(|e| PluginError::ModuleError(e.to_string()))
[INFO] [stdout]    |                                                       ^^^^^^^^^^^ variant or associated item not found in `PluginError`
[INFO] [stdout] 
[INFO] [stdout] 
[INFO] [stdout] error[E0599]: no variant or associated item named `ModuleError` found for enum `polywrap_plugin::PluginError` in the current scope
[INFO] [stdout]   --> src/lib.rs:31:65
[INFO] [stdout]    |
[INFO] [stdout] 31 |         fs::read_to_string(&args.path).map_err(|e| PluginError::ModuleError(e.to_string()))
[INFO] [stdout]    |                                                                 ^^^^^^^^^^^ variant or associated item not found in `PluginError`
[INFO] [stdout] 
[INFO] [stdout] 
[INFO] [stdout] error: aborting due to 17 previous errors; 1 warning emitted
[INFO] [stdout] 
[INFO] [stdout] 
[INFO] [stdout] Some errors have detailed explanations: E0277, E0433, E0599.
[INFO] [stdout] 
[INFO] [stdout] For more information about an error, try `rustc --explain E0277`.
[INFO] [stdout] 
[INFO] [stderr] error: could not compile `fs_plugin_rs` (lib) due to 18 previous errors; 1 warning emitted
[INFO] running `Command { std: "docker" "inspect" "ab8fa5b3892c98e2e7ee40934446f689221c2ce37b09652566bfa9d8bcc86e02", kill_on_drop: false }`
[INFO] running `Command { std: "docker" "rm" "-f" "ab8fa5b3892c98e2e7ee40934446f689221c2ce37b09652566bfa9d8bcc86e02", kill_on_drop: false }`
[INFO] [stdout] ab8fa5b3892c98e2e7ee40934446f689221c2ce37b09652566bfa9d8bcc86e02
