[INFO] fetching crate fs-flatten 0.0.0...
[INFO] testing fs-flatten-0.0.0 against 1.75.0 for beta-1.76-1
[INFO] extracting crate fs-flatten 0.0.0 into /workspace/builds/worker-6-tc1/source
[INFO] validating manifest of crates.io crate fs-flatten 0.0.0 on toolchain 1.75.0
[INFO] running `Command { std: CARGO_HOME="/workspace/cargo-home" RUSTUP_HOME="/workspace/rustup-home" "/workspace/cargo-home/bin/cargo" "+1.75.0" "metadata" "--manifest-path" "Cargo.toml" "--no-deps", kill_on_drop: false }`
[INFO] started tweaking crates.io crate fs-flatten 0.0.0
[INFO] finished tweaking crates.io crate fs-flatten 0.0.0
[INFO] tweaked toml for crates.io crate fs-flatten 0.0.0 written to /workspace/builds/worker-6-tc1/source/Cargo.toml
[INFO] running `Command { std: CARGO_HOME="/workspace/cargo-home" RUSTUP_HOME="/workspace/rustup-home" "/workspace/cargo-home/bin/cargo" "+1.75.0" "generate-lockfile" "--manifest-path" "Cargo.toml", kill_on_drop: false }`
[INFO] [stderr]     Updating crates.io index
[INFO] running `Command { std: CARGO_HOME="/workspace/cargo-home" RUSTUP_HOME="/workspace/rustup-home" "/workspace/cargo-home/bin/cargo" "+1.75.0" "fetch" "--manifest-path" "Cargo.toml", kill_on_drop: false }`
[INFO] [stderr]  Downloading crates ...
[INFO] [stderr]   Downloaded diagnostic-quick v0.3.6
[INFO] [stderr]   Downloaded diagnostic v0.5.10
[INFO] running `Command { std: "docker" "create" "-v" "/var/lib/crater-agent-workspace/builds/worker-6-tc1/target:/opt/rustwide/target:rw,Z" "-v" "/var/lib/crater-agent-workspace/builds/worker-6-tc1/source:/opt/rustwide/workdir:ro,Z" "-v" "/var/lib/crater-agent-workspace/cargo-home:/opt/rustwide/cargo-home:ro,Z" "-v" "/var/lib/crater-agent-workspace/rustup-home:/opt/rustwide/rustup-home:ro,Z" "-e" "SOURCE_DIR=/opt/rustwide/workdir" "-e" "CARGO_TARGET_DIR=/opt/rustwide/target" "-e" "CARGO_HOME=/opt/rustwide/cargo-home" "-e" "RUSTUP_HOME=/opt/rustwide/rustup-home" "-w" "/opt/rustwide/workdir" "-m" "1610612736" "--user" "0:0" "--network" "none" "ghcr.io/rust-lang/crates-build-env/linux@sha256:2788e3201cd34a07e3172128adcd8b3090168a8e3bcc40d7c032b9dda1df7d1c" "/opt/rustwide/cargo-home/bin/cargo" "+1.75.0" "metadata" "--no-deps" "--format-version=1", kill_on_drop: false }`
[INFO] [stdout] 49cfcf61361f743d6de3092530a77fa877ec2b268a809223367cbff3a6139cd9
[INFO] running `Command { std: "docker" "start" "-a" "49cfcf61361f743d6de3092530a77fa877ec2b268a809223367cbff3a6139cd9", kill_on_drop: false }`
[INFO] running `Command { std: "docker" "inspect" "49cfcf61361f743d6de3092530a77fa877ec2b268a809223367cbff3a6139cd9", kill_on_drop: false }`
[INFO] running `Command { std: "docker" "rm" "-f" "49cfcf61361f743d6de3092530a77fa877ec2b268a809223367cbff3a6139cd9", kill_on_drop: false }`
[INFO] [stdout] 49cfcf61361f743d6de3092530a77fa877ec2b268a809223367cbff3a6139cd9
[INFO] running `Command { std: "docker" "create" "-v" "/var/lib/crater-agent-workspace/builds/worker-6-tc1/target:/opt/rustwide/target:rw,Z" "-v" "/var/lib/crater-agent-workspace/builds/worker-6-tc1/source:/opt/rustwide/workdir:ro,Z" "-v" "/var/lib/crater-agent-workspace/cargo-home:/opt/rustwide/cargo-home:ro,Z" "-v" "/var/lib/crater-agent-workspace/rustup-home:/opt/rustwide/rustup-home:ro,Z" "-e" "SOURCE_DIR=/opt/rustwide/workdir" "-e" "CARGO_TARGET_DIR=/opt/rustwide/target" "-e" "CARGO_INCREMENTAL=0" "-e" "RUST_BACKTRACE=full" "-e" "RUSTFLAGS=--cap-lints=warn" "-e" "RUSTDOCFLAGS=--cap-lints=warn" "-e" "CARGO_HOME=/opt/rustwide/cargo-home" "-e" "RUSTUP_HOME=/opt/rustwide/rustup-home" "-w" "/opt/rustwide/workdir" "-m" "1610612736" "--user" "0:0" "--network" "none" "ghcr.io/rust-lang/crates-build-env/linux@sha256:2788e3201cd34a07e3172128adcd8b3090168a8e3bcc40d7c032b9dda1df7d1c" "/opt/rustwide/cargo-home/bin/cargo" "+1.75.0" "build" "--frozen" "--message-format=json", kill_on_drop: false }`
[INFO] [stdout] 0b95821a65987e342b05021b8f682b9681afb2276371daa604978d7c2229f865
[INFO] running `Command { std: "docker" "start" "-a" "0b95821a65987e342b05021b8f682b9681afb2276371daa604978d7c2229f865", kill_on_drop: false }`
[INFO] [stderr]    Compiling memchr v2.7.1
[INFO] [stderr]    Compiling diagnostic v0.5.10
[INFO] [stderr]    Compiling walkdir v2.4.0
[INFO] [stderr]    Compiling aho-corasick v1.1.2
[INFO] [stderr]    Compiling bstr v1.9.0
[INFO] [stderr]    Compiling regex-automata v0.4.3
[INFO] [stderr]    Compiling globset v0.4.14
[INFO] [stderr]    Compiling diagnostic-quick v0.3.6
[INFO] [stdout] error[E0432]: unresolved imports `diagnostic::DiagnosticLevel`, `diagnostic::Span`, `diagnostic::TextStorage`, `diagnostic::Validation`
[INFO] [stdout]  --> /opt/rustwide/cargo-home/registry/src/index.crates.io-6f17d22bba15001f/diagnostic-quick-0.3.6/src/lib.rs:5:5
[INFO] [stdout]   |
[INFO] [stdout] 5 |     DiagnosticLevel, FileID, Span, TextStorage,
[INFO] [stdout]   |     ^^^^^^^^^^^^^^^          ^^^^  ^^^^^^^^^^^ no `TextStorage` in the root
[INFO] [stdout]   |     |                        |
[INFO] [stdout]   |     |                        no `Span` in the root
[INFO] [stdout]   |     no `DiagnosticLevel` in the root
[INFO] [stdout]   |     help: a similar name exists in the module: `Diagnostic`
[INFO] [stdout] 6 |     Validation::{Failure, Success},
[INFO] [stdout]   |     ^^^^^^^^^^ could not find `Validation` in `diagnostic`
[INFO] [stdout] 
[INFO] [stdout] 
[INFO] [stdout] error[E0433]: failed to resolve: could not find `term` in `diagnostic`
[INFO] [stdout]  --> /opt/rustwide/cargo-home/registry/src/index.crates.io-6f17d22bba15001f/diagnostic-quick-0.3.6/src/errors/mod.rs:8:5
[INFO] [stdout]   |
[INFO] [stdout] 8 |     term::{
[INFO] [stdout]   |     ^^^^ could not find `term` in `diagnostic`
[INFO] [stdout] 
[INFO] [stdout] 
[INFO] [stdout] error[E0432]: unresolved imports `diagnostic::term`, `diagnostic::DiagnosticLevel`, `diagnostic::Span`, `diagnostic::TextStorage`
[INFO] [stdout]   --> /opt/rustwide/cargo-home/registry/src/index.crates.io-6f17d22bba15001f/diagnostic-quick-0.3.6/src/errors/mod.rs:8:5
[INFO] [stdout]    |
[INFO] [stdout] 8  |     term::{
[INFO] [stdout]    |     ^^^^ could not find `term` in `diagnostic`
[INFO] [stdout] ...
[INFO] [stdout] 13 |     DiagnosticLevel, FileID, Span, TextStorage,
[INFO] [stdout]    |     ^^^^^^^^^^^^^^^          ^^^^  ^^^^^^^^^^^ no `TextStorage` in the root
[INFO] [stdout]    |     |                        |
[INFO] [stdout]    |     |                        no `Span` in the root
[INFO] [stdout]    |     no `DiagnosticLevel` in the root
[INFO] [stdout]    |     help: a similar name exists in the module: `Diagnostic`
[INFO] [stdout]    |
[INFO] [stdout]    = help: consider importing this unresolved item through its public re-export instead:
[INFO] [stdout]            crate::DiagnosticLevel
[INFO] [stdout]    = help: consider importing this unresolved item through its public re-export instead:
[INFO] [stdout]            crate::Span
[INFO] [stdout]    = help: consider importing this unresolved item through its public re-export instead:
[INFO] [stdout]            crate::TextStorage
[INFO] [stdout] 
[INFO] [stdout] 
[INFO] [stdout] error[E0432]: unresolved import `diagnostic::DiagnosticError`
[INFO] [stdout]  --> /opt/rustwide/cargo-home/registry/src/index.crates.io-6f17d22bba15001f/diagnostic-quick-0.3.6/src/errors/display.rs:1:30
[INFO] [stdout]   |
[INFO] [stdout] 1 | use diagnostic::{Diagnostic, DiagnosticError};
[INFO] [stdout]   |                              ^^^^^^^^^^^^^^^
[INFO] [stdout]   |                              |
[INFO] [stdout]   |                              no `DiagnosticError` in the root
[INFO] [stdout]   |                              help: a similar name exists in the module: `Diagnostic`
[INFO] [stdout] 
[INFO] [stdout] 
[INFO] [stdout] error[E0432]: unresolved import `diagnostic::DiagnosticLevel`
[INFO] [stdout]  --> /opt/rustwide/cargo-home/registry/src/index.crates.io-6f17d22bba15001f/diagnostic-quick-0.3.6/src/errors/error_runtime.rs:3:5
[INFO] [stdout]   |
[INFO] [stdout] 3 | use diagnostic::DiagnosticLevel;
[INFO] [stdout]   |     ^^^^^^^^^^^^^^^^^^^^^^^^^^^ no `DiagnosticLevel` in the root
[INFO] [stdout]   |
[INFO] [stdout] help: a similar name exists in the module
[INFO] [stdout]   |
[INFO] [stdout] 3 | use diagnostic::Diagnostic;
[INFO] [stdout]   |                 ~~~~~~~~~~
[INFO] [stdout] help: consider importing this unresolved item through its public re-export instead
[INFO] [stdout]   |
[INFO] [stdout] 3 | use crate::DiagnosticLevel;
[INFO] [stdout]   |     ~~~~~~~~~~~~~~~~~~~~~~
[INFO] [stdout] 
[INFO] [stdout] 
[INFO] [stdout] error[E0432]: unresolved import `diagnostic::DiagnosticLevel`
[INFO] [stdout]  --> /opt/rustwide/cargo-home/registry/src/index.crates.io-6f17d22bba15001f/diagnostic-quick-0.3.6/src/errors/error_syntax.rs:7:5
[INFO] [stdout]   |
[INFO] [stdout] 7 | use diagnostic::DiagnosticLevel;
[INFO] [stdout]   |     ^^^^^^^^^^^^^^^^^^^^^^^^^^^ no `DiagnosticLevel` in the root
[INFO] [stdout]   |
[INFO] [stdout] help: a similar name exists in the module
[INFO] [stdout]   |
[INFO] [stdout] 7 | use diagnostic::Diagnostic;
[INFO] [stdout]   |                 ~~~~~~~~~~
[INFO] [stdout] help: consider importing this unresolved item through its public re-export instead
[INFO] [stdout]   |
[INFO] [stdout] 7 | use crate::DiagnosticLevel;
[INFO] [stdout]   |     ~~~~~~~~~~~~~~~~~~~~~~
[INFO] [stdout] 
[INFO] [stdout] 
[INFO] [stdout] error[E0412]: cannot find type `Validation` in crate `diagnostic`
[INFO] [stdout]   --> /opt/rustwide/cargo-home/registry/src/index.crates.io-6f17d22bba15001f/diagnostic-quick-0.3.6/src/errors/mod.rs:23:38
[INFO] [stdout]    |
[INFO] [stdout] 23 | pub type Validation<T> = diagnostic::Validation<T, QError>;
[INFO] [stdout]    |                                      ^^^^^^^^^^ not found in `diagnostic`
[INFO] [stdout]    |
[INFO] [stdout] help: consider importing this type alias through its public re-export
[INFO] [stdout]    |
[INFO] [stdout] 1  + use crate::Validation;
[INFO] [stdout]    |
[INFO] [stdout] help: if you import `Validation`, refer to it directly
[INFO] [stdout]    |
[INFO] [stdout] 23 - pub type Validation<T> = diagnostic::Validation<T, QError>;
[INFO] [stdout] 23 + pub type Validation<T> = Validation<T, QError>;
[INFO] [stdout]    |
[INFO] [stdout] 
[INFO] [stdout] 
[INFO] [stdout] error: aborting due to 7 previous errors
[INFO] [stdout] 
[INFO] [stdout] 
[INFO] [stdout] Some errors have detailed explanations: E0412, E0432, E0433.
[INFO] [stdout] 
[INFO] [stdout] For more information about an error, try `rustc --explain E0412`.
[INFO] [stdout] 
[INFO] [stderr] error: could not compile `diagnostic-quick` (lib) due to 8 previous errors
[INFO] [stderr] warning: build failed, waiting for other jobs to finish...
[INFO] running `Command { std: "docker" "inspect" "0b95821a65987e342b05021b8f682b9681afb2276371daa604978d7c2229f865", kill_on_drop: false }`
[INFO] running `Command { std: "docker" "rm" "-f" "0b95821a65987e342b05021b8f682b9681afb2276371daa604978d7c2229f865", kill_on_drop: false }`
[INFO] [stdout] 0b95821a65987e342b05021b8f682b9681afb2276371daa604978d7c2229f865
[INFO] testing fs-flatten-0.0.0 against beta-2023-12-22 for beta-1.76-1
[INFO] extracting crate fs-flatten 0.0.0 into /workspace/builds/worker-6-tc2/source
[INFO] validating manifest of crates.io crate fs-flatten 0.0.0 on toolchain beta-2023-12-22
[INFO] running `Command { std: CARGO_HOME="/workspace/cargo-home" RUSTUP_HOME="/workspace/rustup-home" "/workspace/cargo-home/bin/cargo" "+beta-2023-12-22" "metadata" "--manifest-path" "Cargo.toml" "--no-deps", kill_on_drop: false }`
[INFO] started tweaking crates.io crate fs-flatten 0.0.0
[INFO] finished tweaking crates.io crate fs-flatten 0.0.0
[INFO] tweaked toml for crates.io crate fs-flatten 0.0.0 written to /workspace/builds/worker-6-tc2/source/Cargo.toml
[INFO] running `Command { std: CARGO_HOME="/workspace/cargo-home" RUSTUP_HOME="/workspace/rustup-home" "/workspace/cargo-home/bin/cargo" "+beta-2023-12-22" "generate-lockfile" "--manifest-path" "Cargo.toml", kill_on_drop: false }`
[INFO] [stderr]     Updating crates.io index
[INFO] running `Command { std: CARGO_HOME="/workspace/cargo-home" RUSTUP_HOME="/workspace/rustup-home" "/workspace/cargo-home/bin/cargo" "+beta-2023-12-22" "fetch" "--manifest-path" "Cargo.toml", kill_on_drop: false }`
[INFO] running `Command { std: "docker" "create" "-v" "/var/lib/crater-agent-workspace/builds/worker-6-tc2/target:/opt/rustwide/target:rw,Z" "-v" "/var/lib/crater-agent-workspace/builds/worker-6-tc2/source:/opt/rustwide/workdir:ro,Z" "-v" "/var/lib/crater-agent-workspace/cargo-home:/opt/rustwide/cargo-home:ro,Z" "-v" "/var/lib/crater-agent-workspace/rustup-home:/opt/rustwide/rustup-home:ro,Z" "-e" "SOURCE_DIR=/opt/rustwide/workdir" "-e" "CARGO_TARGET_DIR=/opt/rustwide/target" "-e" "CARGO_HOME=/opt/rustwide/cargo-home" "-e" "RUSTUP_HOME=/opt/rustwide/rustup-home" "-w" "/opt/rustwide/workdir" "-m" "1610612736" "--user" "0:0" "--network" "none" "ghcr.io/rust-lang/crates-build-env/linux@sha256:2788e3201cd34a07e3172128adcd8b3090168a8e3bcc40d7c032b9dda1df7d1c" "/opt/rustwide/cargo-home/bin/cargo" "+beta-2023-12-22" "metadata" "--no-deps" "--format-version=1", kill_on_drop: false }`
[INFO] [stdout] 1817fea0c2b4f65fb1c4ba2d1f275dc91d5ebae72796fe0ad795152d619b6056
[INFO] running `Command { std: "docker" "start" "-a" "1817fea0c2b4f65fb1c4ba2d1f275dc91d5ebae72796fe0ad795152d619b6056", kill_on_drop: false }`
[INFO] running `Command { std: "docker" "inspect" "1817fea0c2b4f65fb1c4ba2d1f275dc91d5ebae72796fe0ad795152d619b6056", kill_on_drop: false }`
[INFO] running `Command { std: "docker" "rm" "-f" "1817fea0c2b4f65fb1c4ba2d1f275dc91d5ebae72796fe0ad795152d619b6056", kill_on_drop: false }`
[INFO] [stdout] 1817fea0c2b4f65fb1c4ba2d1f275dc91d5ebae72796fe0ad795152d619b6056
[INFO] running `Command { std: "docker" "create" "-v" "/var/lib/crater-agent-workspace/builds/worker-6-tc2/target:/opt/rustwide/target:rw,Z" "-v" "/var/lib/crater-agent-workspace/builds/worker-6-tc2/source:/opt/rustwide/workdir:ro,Z" "-v" "/var/lib/crater-agent-workspace/cargo-home:/opt/rustwide/cargo-home:ro,Z" "-v" "/var/lib/crater-agent-workspace/rustup-home:/opt/rustwide/rustup-home:ro,Z" "-e" "SOURCE_DIR=/opt/rustwide/workdir" "-e" "CARGO_TARGET_DIR=/opt/rustwide/target" "-e" "CARGO_INCREMENTAL=0" "-e" "RUST_BACKTRACE=full" "-e" "RUSTFLAGS=--cap-lints=warn" "-e" "RUSTDOCFLAGS=--cap-lints=warn" "-e" "CARGO_HOME=/opt/rustwide/cargo-home" "-e" "RUSTUP_HOME=/opt/rustwide/rustup-home" "-w" "/opt/rustwide/workdir" "-m" "1610612736" "--user" "0:0" "--network" "none" "ghcr.io/rust-lang/crates-build-env/linux@sha256:2788e3201cd34a07e3172128adcd8b3090168a8e3bcc40d7c032b9dda1df7d1c" "/opt/rustwide/cargo-home/bin/cargo" "+beta-2023-12-22" "build" "--frozen" "--message-format=json", kill_on_drop: false }`
[INFO] [stdout] 5bd554842a5ed9764fcfecc1b876f8162027a95dd5f6ed4a7e23b8975e5585c7
[INFO] running `Command { std: "docker" "start" "-a" "5bd554842a5ed9764fcfecc1b876f8162027a95dd5f6ed4a7e23b8975e5585c7", kill_on_drop: false }`
[INFO] [stderr]    Compiling memchr v2.7.1
[INFO] [stderr]    Compiling diagnostic v0.5.10
[INFO] [stderr]    Compiling walkdir v2.4.0
[INFO] [stderr]    Compiling aho-corasick v1.1.2
[INFO] [stderr]    Compiling bstr v1.9.0
[INFO] [stderr]    Compiling regex-automata v0.4.3
[INFO] [stderr]    Compiling globset v0.4.14
[INFO] [stderr]    Compiling diagnostic-quick v0.3.6
[INFO] [stdout] error[E0432]: unresolved imports `diagnostic::DiagnosticLevel`, `diagnostic::Span`, `diagnostic::TextStorage`, `diagnostic::Validation`
[INFO] [stdout]  --> /opt/rustwide/cargo-home/registry/src/index.crates.io-6f17d22bba15001f/diagnostic-quick-0.3.6/src/lib.rs:5:5
[INFO] [stdout]   |
[INFO] [stdout] 5 |     DiagnosticLevel, FileID, Span, TextStorage,
[INFO] [stdout]   |     ^^^^^^^^^^^^^^^          ^^^^  ^^^^^^^^^^^ no `TextStorage` in the root
[INFO] [stdout]   |     |                        |
[INFO] [stdout]   |     |                        no `Span` in the root
[INFO] [stdout]   |     no `DiagnosticLevel` in the root
[INFO] [stdout]   |     help: a similar name exists in the module: `Diagnostic`
[INFO] [stdout] 6 |     Validation::{Failure, Success},
[INFO] [stdout]   |     ^^^^^^^^^^ could not find `Validation` in `diagnostic`
[INFO] [stdout] 
[INFO] [stdout] 
[INFO] [stdout] error[E0433]: failed to resolve: could not find `term` in `diagnostic`
[INFO] [stdout]  --> /opt/rustwide/cargo-home/registry/src/index.crates.io-6f17d22bba15001f/diagnostic-quick-0.3.6/src/errors/mod.rs:8:5
[INFO] [stdout]   |
[INFO] [stdout] 8 |     term::{
[INFO] [stdout]   |     ^^^^ could not find `term` in `diagnostic`
[INFO] [stdout] 
[INFO] [stdout] 
[INFO] [stdout] error[E0432]: unresolved imports `diagnostic::term`, `diagnostic::DiagnosticLevel`, `diagnostic::Span`, `diagnostic::TextStorage`
[INFO] [stdout]   --> /opt/rustwide/cargo-home/registry/src/index.crates.io-6f17d22bba15001f/diagnostic-quick-0.3.6/src/errors/mod.rs:8:5
[INFO] [stdout]    |
[INFO] [stdout] 8  |     term::{
[INFO] [stdout]    |     ^^^^ could not find `term` in `diagnostic`
[INFO] [stdout] ...
[INFO] [stdout] 13 |     DiagnosticLevel, FileID, Span, TextStorage,
[INFO] [stdout]    |     ^^^^^^^^^^^^^^^          ^^^^  ^^^^^^^^^^^ no `TextStorage` in the root
[INFO] [stdout]    |     |                        |
[INFO] [stdout]    |     |                        no `Span` in the root
[INFO] [stdout]    |     no `DiagnosticLevel` in the root
[INFO] [stdout]    |     help: a similar name exists in the module: `Diagnostic`
[INFO] [stdout]    |
[INFO] [stdout]    = help: consider importing this unresolved item through its public re-export instead:
[INFO] [stdout]            crate::DiagnosticLevel
[INFO] [stdout]    = help: consider importing this unresolved item through its public re-export instead:
[INFO] [stdout]            crate::Span
[INFO] [stdout]    = help: consider importing this unresolved item through its public re-export instead:
[INFO] [stdout]            crate::TextStorage
[INFO] [stdout] 
[INFO] [stdout] 
[INFO] [stdout] error[E0432]: unresolved import `diagnostic::DiagnosticError`
[INFO] [stdout]  --> /opt/rustwide/cargo-home/registry/src/index.crates.io-6f17d22bba15001f/diagnostic-quick-0.3.6/src/errors/display.rs:1:30
[INFO] [stdout]   |
[INFO] [stdout] 1 | use diagnostic::{Diagnostic, DiagnosticError};
[INFO] [stdout]   |                              ^^^^^^^^^^^^^^^
[INFO] [stdout]   |                              |
[INFO] [stdout]   |                              no `DiagnosticError` in the root
[INFO] [stdout]   |                              help: a similar name exists in the module: `Diagnostic`
[INFO] [stdout] 
[INFO] [stdout] 
[INFO] [stdout] error[E0432]: unresolved import `diagnostic::DiagnosticLevel`
[INFO] [stdout]  --> /opt/rustwide/cargo-home/registry/src/index.crates.io-6f17d22bba15001f/diagnostic-quick-0.3.6/src/errors/error_runtime.rs:3:5
[INFO] [stdout]   |
[INFO] [stdout] 3 | use diagnostic::DiagnosticLevel;
[INFO] [stdout]   |     ^^^^^^^^^^^^^^^^^^^^^^^^^^^ no `DiagnosticLevel` in the root
[INFO] [stdout]   |
[INFO] [stdout] help: a similar name exists in the module
[INFO] [stdout]   |
[INFO] [stdout] 3 | use diagnostic::Diagnostic;
[INFO] [stdout]   |                 ~~~~~~~~~~
[INFO] [stdout] help: consider importing this unresolved item through its public re-export instead
[INFO] [stdout]   |
[INFO] [stdout] 3 | use crate::DiagnosticLevel;
[INFO] [stdout]   |     ~~~~~~~~~~~~~~~~~~~~~~
[INFO] [stdout] 
[INFO] [stdout] 
[INFO] [stdout] error[E0432]: unresolved import `diagnostic::DiagnosticLevel`
[INFO] [stdout]  --> /opt/rustwide/cargo-home/registry/src/index.crates.io-6f17d22bba15001f/diagnostic-quick-0.3.6/src/errors/error_syntax.rs:7:5
[INFO] [stdout]   |
[INFO] [stdout] 7 | use diagnostic::DiagnosticLevel;
[INFO] [stdout]   |     ^^^^^^^^^^^^^^^^^^^^^^^^^^^ no `DiagnosticLevel` in the root
[INFO] [stdout]   |
[INFO] [stdout] help: a similar name exists in the module
[INFO] [stdout]   |
[INFO] [stdout] 7 | use diagnostic::Diagnostic;
[INFO] [stdout]   |                 ~~~~~~~~~~
[INFO] [stdout] help: consider importing this unresolved item through its public re-export instead
[INFO] [stdout]   |
[INFO] [stdout] 7 | use crate::DiagnosticLevel;
[INFO] [stdout]   |     ~~~~~~~~~~~~~~~~~~~~~~
[INFO] [stdout] 
[INFO] [stdout] 
[INFO] [stdout] error[E0412]: cannot find type `Validation` in crate `diagnostic`
[INFO] [stdout]   --> /opt/rustwide/cargo-home/registry/src/index.crates.io-6f17d22bba15001f/diagnostic-quick-0.3.6/src/errors/mod.rs:23:38
[INFO] [stdout]    |
[INFO] [stdout] 23 | pub type Validation<T> = diagnostic::Validation<T, QError>;
[INFO] [stdout]    |                                      ^^^^^^^^^^ not found in `diagnostic`
[INFO] [stdout]    |
[INFO] [stdout] help: consider importing this type alias through its public re-export
[INFO] [stdout]    |
[INFO] [stdout] 1  + use crate::Validation;
[INFO] [stdout]    |
[INFO] [stdout] help: if you import `Validation`, refer to it directly
[INFO] [stdout]    |
[INFO] [stdout] 23 - pub type Validation<T> = diagnostic::Validation<T, QError>;
[INFO] [stdout] 23 + pub type Validation<T> = Validation<T, QError>;
[INFO] [stdout]    |
[INFO] [stdout] 
[INFO] [stdout] 
[INFO] [stdout] error: aborting due to 7 previous errors
[INFO] [stdout] 
[INFO] [stdout] 
[INFO] [stdout] Some errors have detailed explanations: E0412, E0432, E0433.
[INFO] [stdout] 
[INFO] [stdout] For more information about an error, try `rustc --explain E0412`.
[INFO] [stdout] 
[INFO] [stderr] error: could not compile `diagnostic-quick` (lib) due to 8 previous errors
[INFO] [stderr] warning: build failed, waiting for other jobs to finish...
[INFO] running `Command { std: "docker" "inspect" "5bd554842a5ed9764fcfecc1b876f8162027a95dd5f6ed4a7e23b8975e5585c7", kill_on_drop: false }`
[INFO] running `Command { std: "docker" "rm" "-f" "5bd554842a5ed9764fcfecc1b876f8162027a95dd5f6ed4a7e23b8975e5585c7", kill_on_drop: false }`
[INFO] [stdout] 5bd554842a5ed9764fcfecc1b876f8162027a95dd5f6ed4a7e23b8975e5585c7
