[INFO] fetching crate frender 1.0.0-alpha.8...
[INFO] testing frender-1.0.0-alpha.8 against 1.75.0 for beta-1.76-1
[INFO] extracting crate frender 1.0.0-alpha.8 into /workspace/builds/worker-6-tc1/source
[INFO] validating manifest of crates.io crate frender 1.0.0-alpha.8 on toolchain 1.75.0
[INFO] running `Command { std: CARGO_HOME="/workspace/cargo-home" RUSTUP_HOME="/workspace/rustup-home" "/workspace/cargo-home/bin/cargo" "+1.75.0" "metadata" "--manifest-path" "Cargo.toml" "--no-deps", kill_on_drop: false }`
[INFO] started tweaking crates.io crate frender 1.0.0-alpha.8
[INFO] finished tweaking crates.io crate frender 1.0.0-alpha.8
[INFO] tweaked toml for crates.io crate frender 1.0.0-alpha.8 written to /workspace/builds/worker-6-tc1/source/Cargo.toml
[INFO] running `Command { std: CARGO_HOME="/workspace/cargo-home" RUSTUP_HOME="/workspace/rustup-home" "/workspace/cargo-home/bin/cargo" "+1.75.0" "generate-lockfile" "--manifest-path" "Cargo.toml", kill_on_drop: false }`
[INFO] [stderr]     Updating crates.io index
[INFO] running `Command { std: CARGO_HOME="/workspace/cargo-home" RUSTUP_HOME="/workspace/rustup-home" "/workspace/cargo-home/bin/cargo" "+1.75.0" "fetch" "--manifest-path" "Cargo.toml", kill_on_drop: false }`
[INFO] [stderr]  Downloading crates ...
[INFO] [stderr]   Downloaded react-sys v1.0.0-alpha.23
[INFO] [stderr]   Downloaded frender-macros v1.0.0-alpha.8
[INFO] [stderr]   Downloaded forgotten v1.2.0
[INFO] [stderr]   Downloaded react-html v1.0.0-alpha.8
[INFO] [stderr]   Downloaded convert-js v1.0.0-alpha.15
[INFO] [stderr]   Downloaded convert-js-macros v1.0.0-alpha.15
[INFO] [stderr]   Downloaded react-rs v1.0.0-alpha.8
[INFO] running `Command { std: "docker" "create" "-v" "/var/lib/crater-agent-workspace/builds/worker-6-tc1/target:/opt/rustwide/target:rw,Z" "-v" "/var/lib/crater-agent-workspace/builds/worker-6-tc1/source:/opt/rustwide/workdir:ro,Z" "-v" "/var/lib/crater-agent-workspace/cargo-home:/opt/rustwide/cargo-home:ro,Z" "-v" "/var/lib/crater-agent-workspace/rustup-home:/opt/rustwide/rustup-home:ro,Z" "-e" "SOURCE_DIR=/opt/rustwide/workdir" "-e" "CARGO_TARGET_DIR=/opt/rustwide/target" "-e" "CARGO_HOME=/opt/rustwide/cargo-home" "-e" "RUSTUP_HOME=/opt/rustwide/rustup-home" "-w" "/opt/rustwide/workdir" "-m" "1610612736" "--user" "0:0" "--network" "none" "ghcr.io/rust-lang/crates-build-env/linux@sha256:2788e3201cd34a07e3172128adcd8b3090168a8e3bcc40d7c032b9dda1df7d1c" "/opt/rustwide/cargo-home/bin/cargo" "+1.75.0" "metadata" "--no-deps" "--format-version=1", kill_on_drop: false }`
[INFO] [stdout] a4136816f156880dd39454216237b44fbf49a04802465a3a284aa4d9309d8e70
[INFO] running `Command { std: "docker" "start" "-a" "a4136816f156880dd39454216237b44fbf49a04802465a3a284aa4d9309d8e70", kill_on_drop: false }`
[INFO] running `Command { std: "docker" "inspect" "a4136816f156880dd39454216237b44fbf49a04802465a3a284aa4d9309d8e70", kill_on_drop: false }`
[INFO] running `Command { std: "docker" "rm" "-f" "a4136816f156880dd39454216237b44fbf49a04802465a3a284aa4d9309d8e70", kill_on_drop: false }`
[INFO] [stdout] a4136816f156880dd39454216237b44fbf49a04802465a3a284aa4d9309d8e70
[INFO] running `Command { std: "docker" "create" "-v" "/var/lib/crater-agent-workspace/builds/worker-6-tc1/target:/opt/rustwide/target:rw,Z" "-v" "/var/lib/crater-agent-workspace/builds/worker-6-tc1/source:/opt/rustwide/workdir:ro,Z" "-v" "/var/lib/crater-agent-workspace/cargo-home:/opt/rustwide/cargo-home:ro,Z" "-v" "/var/lib/crater-agent-workspace/rustup-home:/opt/rustwide/rustup-home:ro,Z" "-e" "SOURCE_DIR=/opt/rustwide/workdir" "-e" "CARGO_TARGET_DIR=/opt/rustwide/target" "-e" "CARGO_INCREMENTAL=0" "-e" "RUST_BACKTRACE=full" "-e" "RUSTFLAGS=--cap-lints=warn" "-e" "RUSTDOCFLAGS=--cap-lints=warn" "-e" "CARGO_HOME=/opt/rustwide/cargo-home" "-e" "RUSTUP_HOME=/opt/rustwide/rustup-home" "-w" "/opt/rustwide/workdir" "-m" "1610612736" "--user" "0:0" "--network" "none" "ghcr.io/rust-lang/crates-build-env/linux@sha256:2788e3201cd34a07e3172128adcd8b3090168a8e3bcc40d7c032b9dda1df7d1c" "/opt/rustwide/cargo-home/bin/cargo" "+1.75.0" "build" "--frozen" "--message-format=json", kill_on_drop: false }`
[INFO] [stdout] d7ddb28c43504f38b060ea2c48179f3eae5f3780608ec8d4e60721769ad6f394
[INFO] running `Command { std: "docker" "start" "-a" "d7ddb28c43504f38b060ea2c48179f3eae5f3780608ec8d4e60721769ad6f394", kill_on_drop: false }`
[INFO] [stderr]    Compiling wasm-bindgen-shared v0.2.89
[INFO] [stderr]    Compiling bumpalo v3.14.0
[INFO] [stderr]    Compiling log v0.4.20
[INFO] [stderr]    Compiling fnv v1.0.7
[INFO] [stderr]    Compiling wasm-bindgen v0.2.89
[INFO] [stderr]    Compiling memchr v2.7.1
[INFO] [stderr]    Compiling regex-syntax v0.8.2
[INFO] [stderr]    Compiling itertools v0.8.2
[INFO] [stderr]    Compiling darling_core v0.13.4
[INFO] [stderr]    Compiling bitflags v1.3.2
[INFO] [stderr]    Compiling lazy_static v1.4.0
[INFO] [stderr]    Compiling forgotten v1.2.0
[INFO] [stderr]    Compiling wasm-bindgen-backend v0.2.89
[INFO] [stderr]    Compiling aho-corasick v1.1.2
[INFO] [stderr]    Compiling shrinkwraprs v0.3.0
[INFO] [stderr]    Compiling wasm-bindgen-macro-support v0.2.89
[INFO] [stderr]    Compiling regex-automata v0.4.3
[INFO] [stderr]    Compiling darling_macro v0.13.4
[INFO] [stderr]    Compiling wasm-bindgen-macro v0.2.89
[INFO] [stderr]    Compiling darling v0.13.4
[INFO] [stderr]    Compiling convert-js-macros v1.0.0-alpha.15
[INFO] [stderr]    Compiling js-sys v0.3.66
[INFO] [stderr]    Compiling regex v1.10.2
[INFO] [stderr]    Compiling frender-macros v1.0.0-alpha.8
[INFO] [stderr]    Compiling web-sys v0.3.66
[INFO] [stderr]    Compiling convert-js v1.0.0-alpha.15
[INFO] [stderr]    Compiling react-sys v1.0.0-alpha.23
[INFO] [stderr]    Compiling react-rs v1.0.0-alpha.8
[INFO] [stdout] error[E0133]: call to unsafe function is unsafe and requires unsafe function or block
[INFO] [stdout]   --> /opt/rustwide/cargo-home/registry/src/index.crates.io-6f17d22bba15001f/react-rs-1.0.0-alpha.8/src/use_effect.rs:58:5
[INFO] [stdout]    |
[INFO] [stdout] 58 |     react_sys::use_effect_on_each_render(effect);
[INFO] [stdout]    |     ^^^^^^^^^^^^^^^^^^^^^^^^^^^^^^^^^^^^^^^^^^^^ call to unsafe function
[INFO] [stdout]    |
[INFO] [stdout]    = note: consult the function's documentation for information on how to avoid undefined behavior
[INFO] [stdout] 
[INFO] [stdout] 
[INFO] [stdout] error[E0133]: call to unsafe function is unsafe and requires unsafe function or block
[INFO] [stdout]   --> /opt/rustwide/cargo-home/registry/src/index.crates.io-6f17d22bba15001f/react-rs-1.0.0-alpha.8/src/use_effect.rs:75:5
[INFO] [stdout]    |
[INFO] [stdout] 75 |     react_sys::use_effect(effect_js, js_sys::Array::new());
[INFO] [stdout]    |     ^^^^^^^^^^^^^^^^^^^^^^^^^^^^^^^^^^^^^^^^^^^^^^^^^^^^^^ call to unsafe function
[INFO] [stdout]    |
[INFO] [stdout]    = note: consult the function's documentation for information on how to avoid undefined behavior
[INFO] [stdout] 
[INFO] [stdout] 
[INFO] [stdout] error[E0133]: call to unsafe function is unsafe and requires unsafe function or block
[INFO] [stdout]    --> /opt/rustwide/cargo-home/registry/src/index.crates.io-6f17d22bba15001f/react-rs-1.0.0-alpha.8/src/use_effect.rs:119:5
[INFO] [stdout]     |
[INFO] [stdout] 119 |     react_sys::use_effect(effect, dep_arr);
[INFO] [stdout]     |     ^^^^^^^^^^^^^^^^^^^^^^^^^^^^^^^^^^^^^^ call to unsafe function
[INFO] [stdout]     |
[INFO] [stdout]     = note: consult the function's documentation for information on how to avoid undefined behavior
[INFO] [stdout] 
[INFO] [stdout] 
[INFO] [stdout] error: aborting due to 3 previous errors
[INFO] [stdout] 
[INFO] [stdout] 
[INFO] [stdout] For more information about this error, try `rustc --explain E0133`.
[INFO] [stdout] 
[INFO] [stderr] error: could not compile `react-rs` (lib) due to 4 previous errors
[INFO] running `Command { std: "docker" "inspect" "d7ddb28c43504f38b060ea2c48179f3eae5f3780608ec8d4e60721769ad6f394", kill_on_drop: false }`
[INFO] running `Command { std: "docker" "rm" "-f" "d7ddb28c43504f38b060ea2c48179f3eae5f3780608ec8d4e60721769ad6f394", kill_on_drop: false }`
[INFO] [stdout] d7ddb28c43504f38b060ea2c48179f3eae5f3780608ec8d4e60721769ad6f394
[INFO] testing frender-1.0.0-alpha.8 against beta-2023-12-22 for beta-1.76-1
[INFO] extracting crate frender 1.0.0-alpha.8 into /workspace/builds/worker-6-tc2/source
[INFO] validating manifest of crates.io crate frender 1.0.0-alpha.8 on toolchain beta-2023-12-22
[INFO] running `Command { std: CARGO_HOME="/workspace/cargo-home" RUSTUP_HOME="/workspace/rustup-home" "/workspace/cargo-home/bin/cargo" "+beta-2023-12-22" "metadata" "--manifest-path" "Cargo.toml" "--no-deps", kill_on_drop: false }`
[INFO] started tweaking crates.io crate frender 1.0.0-alpha.8
[INFO] finished tweaking crates.io crate frender 1.0.0-alpha.8
[INFO] tweaked toml for crates.io crate frender 1.0.0-alpha.8 written to /workspace/builds/worker-6-tc2/source/Cargo.toml
[INFO] running `Command { std: CARGO_HOME="/workspace/cargo-home" RUSTUP_HOME="/workspace/rustup-home" "/workspace/cargo-home/bin/cargo" "+beta-2023-12-22" "generate-lockfile" "--manifest-path" "Cargo.toml", kill_on_drop: false }`
[INFO] [stderr]     Updating crates.io index
[INFO] running `Command { std: CARGO_HOME="/workspace/cargo-home" RUSTUP_HOME="/workspace/rustup-home" "/workspace/cargo-home/bin/cargo" "+beta-2023-12-22" "fetch" "--manifest-path" "Cargo.toml", kill_on_drop: false }`
[INFO] running `Command { std: "docker" "create" "-v" "/var/lib/crater-agent-workspace/builds/worker-6-tc2/target:/opt/rustwide/target:rw,Z" "-v" "/var/lib/crater-agent-workspace/builds/worker-6-tc2/source:/opt/rustwide/workdir:ro,Z" "-v" "/var/lib/crater-agent-workspace/cargo-home:/opt/rustwide/cargo-home:ro,Z" "-v" "/var/lib/crater-agent-workspace/rustup-home:/opt/rustwide/rustup-home:ro,Z" "-e" "SOURCE_DIR=/opt/rustwide/workdir" "-e" "CARGO_TARGET_DIR=/opt/rustwide/target" "-e" "CARGO_HOME=/opt/rustwide/cargo-home" "-e" "RUSTUP_HOME=/opt/rustwide/rustup-home" "-w" "/opt/rustwide/workdir" "-m" "1610612736" "--user" "0:0" "--network" "none" "ghcr.io/rust-lang/crates-build-env/linux@sha256:2788e3201cd34a07e3172128adcd8b3090168a8e3bcc40d7c032b9dda1df7d1c" "/opt/rustwide/cargo-home/bin/cargo" "+beta-2023-12-22" "metadata" "--no-deps" "--format-version=1", kill_on_drop: false }`
[INFO] [stdout] b6604d315a09a28339abfa75423f36eb6d5e1507bd1c8b38af1c19fa8c6e1e94
[INFO] running `Command { std: "docker" "start" "-a" "b6604d315a09a28339abfa75423f36eb6d5e1507bd1c8b38af1c19fa8c6e1e94", kill_on_drop: false }`
[INFO] running `Command { std: "docker" "inspect" "b6604d315a09a28339abfa75423f36eb6d5e1507bd1c8b38af1c19fa8c6e1e94", kill_on_drop: false }`
[INFO] running `Command { std: "docker" "rm" "-f" "b6604d315a09a28339abfa75423f36eb6d5e1507bd1c8b38af1c19fa8c6e1e94", kill_on_drop: false }`
[INFO] [stdout] b6604d315a09a28339abfa75423f36eb6d5e1507bd1c8b38af1c19fa8c6e1e94
[INFO] running `Command { std: "docker" "create" "-v" "/var/lib/crater-agent-workspace/builds/worker-6-tc2/target:/opt/rustwide/target:rw,Z" "-v" "/var/lib/crater-agent-workspace/builds/worker-6-tc2/source:/opt/rustwide/workdir:ro,Z" "-v" "/var/lib/crater-agent-workspace/cargo-home:/opt/rustwide/cargo-home:ro,Z" "-v" "/var/lib/crater-agent-workspace/rustup-home:/opt/rustwide/rustup-home:ro,Z" "-e" "SOURCE_DIR=/opt/rustwide/workdir" "-e" "CARGO_TARGET_DIR=/opt/rustwide/target" "-e" "CARGO_INCREMENTAL=0" "-e" "RUST_BACKTRACE=full" "-e" "RUSTFLAGS=--cap-lints=warn" "-e" "RUSTDOCFLAGS=--cap-lints=warn" "-e" "CARGO_HOME=/opt/rustwide/cargo-home" "-e" "RUSTUP_HOME=/opt/rustwide/rustup-home" "-w" "/opt/rustwide/workdir" "-m" "1610612736" "--user" "0:0" "--network" "none" "ghcr.io/rust-lang/crates-build-env/linux@sha256:2788e3201cd34a07e3172128adcd8b3090168a8e3bcc40d7c032b9dda1df7d1c" "/opt/rustwide/cargo-home/bin/cargo" "+beta-2023-12-22" "build" "--frozen" "--message-format=json", kill_on_drop: false }`
[INFO] [stdout] e13906991cf58170a2f3eed22bbeda74850f2333c0494f4e9a7da711d66bdc81
[INFO] running `Command { std: "docker" "start" "-a" "e13906991cf58170a2f3eed22bbeda74850f2333c0494f4e9a7da711d66bdc81", kill_on_drop: false }`
[INFO] [stderr]    Compiling wasm-bindgen-shared v0.2.89
[INFO] [stderr]    Compiling bumpalo v3.14.0
[INFO] [stderr]    Compiling log v0.4.20
[INFO] [stderr]    Compiling wasm-bindgen v0.2.89
[INFO] [stderr]    Compiling fnv v1.0.7
[INFO] [stderr]    Compiling memchr v2.7.1
[INFO] [stderr]    Compiling regex-syntax v0.8.2
[INFO] [stderr]    Compiling itertools v0.8.2
[INFO] [stderr]    Compiling darling_core v0.13.4
[INFO] [stderr]    Compiling bitflags v1.3.2
[INFO] [stderr]    Compiling lazy_static v1.4.0
[INFO] [stderr]    Compiling forgotten v1.2.0
[INFO] [stderr]    Compiling aho-corasick v1.1.2
[INFO] [stderr]    Compiling wasm-bindgen-backend v0.2.89
[INFO] [stderr]    Compiling shrinkwraprs v0.3.0
[INFO] [stderr]    Compiling wasm-bindgen-macro-support v0.2.89
[INFO] [stderr]    Compiling darling_macro v0.13.4
[INFO] [stderr]    Compiling regex-automata v0.4.3
[INFO] [stderr]    Compiling wasm-bindgen-macro v0.2.89
[INFO] [stderr]    Compiling darling v0.13.4
[INFO] [stderr]    Compiling convert-js-macros v1.0.0-alpha.15
[INFO] [stderr]    Compiling js-sys v0.3.66
[INFO] [stderr]    Compiling regex v1.10.2
[INFO] [stderr]    Compiling frender-macros v1.0.0-alpha.8
[INFO] [stderr]    Compiling web-sys v0.3.66
[INFO] [stderr]    Compiling convert-js v1.0.0-alpha.15
[INFO] [stderr]    Compiling react-sys v1.0.0-alpha.23
[INFO] [stderr]    Compiling react-rs v1.0.0-alpha.8
[INFO] [stdout] error[E0133]: call to unsafe function is unsafe and requires unsafe function or block
[INFO] [stdout]   --> /opt/rustwide/cargo-home/registry/src/index.crates.io-6f17d22bba15001f/react-rs-1.0.0-alpha.8/src/use_effect.rs:58:5
[INFO] [stdout]    |
[INFO] [stdout] 58 |     react_sys::use_effect_on_each_render(effect);
[INFO] [stdout]    |     ^^^^^^^^^^^^^^^^^^^^^^^^^^^^^^^^^^^^^^^^^^^^ call to unsafe function
[INFO] [stdout]    |
[INFO] [stdout]    = note: consult the function's documentation for information on how to avoid undefined behavior
[INFO] [stdout] 
[INFO] [stdout] 
[INFO] [stdout] error[E0133]: call to unsafe function is unsafe and requires unsafe function or block
[INFO] [stdout]   --> /opt/rustwide/cargo-home/registry/src/index.crates.io-6f17d22bba15001f/react-rs-1.0.0-alpha.8/src/use_effect.rs:75:5
[INFO] [stdout]    |
[INFO] [stdout] 75 |     react_sys::use_effect(effect_js, js_sys::Array::new());
[INFO] [stdout]    |     ^^^^^^^^^^^^^^^^^^^^^^^^^^^^^^^^^^^^^^^^^^^^^^^^^^^^^^ call to unsafe function
[INFO] [stdout]    |
[INFO] [stdout]    = note: consult the function's documentation for information on how to avoid undefined behavior
[INFO] [stdout] 
[INFO] [stdout] 
[INFO] [stdout] error[E0133]: call to unsafe function is unsafe and requires unsafe function or block
[INFO] [stdout]    --> /opt/rustwide/cargo-home/registry/src/index.crates.io-6f17d22bba15001f/react-rs-1.0.0-alpha.8/src/use_effect.rs:119:5
[INFO] [stdout]     |
[INFO] [stdout] 119 |     react_sys::use_effect(effect, dep_arr);
[INFO] [stdout]     |     ^^^^^^^^^^^^^^^^^^^^^^^^^^^^^^^^^^^^^^ call to unsafe function
[INFO] [stdout]     |
[INFO] [stdout]     = note: consult the function's documentation for information on how to avoid undefined behavior
[INFO] [stdout] 
[INFO] [stdout] 
[INFO] [stdout] error: aborting due to 3 previous errors
[INFO] [stdout] 
[INFO] [stdout] 
[INFO] [stdout] For more information about this error, try `rustc --explain E0133`.
[INFO] [stdout] 
[INFO] [stderr] error: could not compile `react-rs` (lib) due to 4 previous errors
[INFO] running `Command { std: "docker" "inspect" "e13906991cf58170a2f3eed22bbeda74850f2333c0494f4e9a7da711d66bdc81", kill_on_drop: false }`
[INFO] running `Command { std: "docker" "rm" "-f" "e13906991cf58170a2f3eed22bbeda74850f2333c0494f4e9a7da711d66bdc81", kill_on_drop: false }`
[INFO] [stdout] e13906991cf58170a2f3eed22bbeda74850f2333c0494f4e9a7da711d66bdc81
