[INFO] fetching crate framed_aio 0.1.1...
[INFO] testing framed_aio-0.1.1 against 1.75.0 for beta-1.76-1
[INFO] extracting crate framed_aio 0.1.1 into /workspace/builds/worker-7-tc1/source
[INFO] validating manifest of crates.io crate framed_aio 0.1.1 on toolchain 1.75.0
[INFO] running `Command { std: CARGO_HOME="/workspace/cargo-home" RUSTUP_HOME="/workspace/rustup-home" "/workspace/cargo-home/bin/cargo" "+1.75.0" "metadata" "--manifest-path" "Cargo.toml" "--no-deps", kill_on_drop: false }`
[INFO] started tweaking crates.io crate framed_aio 0.1.1
[INFO] finished tweaking crates.io crate framed_aio 0.1.1
[INFO] tweaked toml for crates.io crate framed_aio 0.1.1 written to /workspace/builds/worker-7-tc1/source/Cargo.toml
[INFO] crate crates.io crate framed_aio 0.1.1 already has a lockfile, it will not be regenerated
[INFO] running `Command { std: CARGO_HOME="/workspace/cargo-home" RUSTUP_HOME="/workspace/rustup-home" "/workspace/cargo-home/bin/cargo" "+1.75.0" "fetch" "--manifest-path" "Cargo.toml", kill_on_drop: false }`
[INFO] [stderr]  Downloading crates ...
[INFO] [stderr]   Downloaded thiserror-impl v1.0.34
[INFO] [stderr]   Downloaded thiserror v1.0.34
[INFO] [stderr]   Downloaded anyhow v1.0.64
[INFO] [stderr]   Downloaded tokio v1.21.0
[INFO] running `Command { std: "docker" "create" "-v" "/var/lib/crater-agent-workspace/builds/worker-7-tc1/target:/opt/rustwide/target:rw,Z" "-v" "/var/lib/crater-agent-workspace/builds/worker-7-tc1/source:/opt/rustwide/workdir:ro,Z" "-v" "/var/lib/crater-agent-workspace/cargo-home:/opt/rustwide/cargo-home:ro,Z" "-v" "/var/lib/crater-agent-workspace/rustup-home:/opt/rustwide/rustup-home:ro,Z" "-e" "SOURCE_DIR=/opt/rustwide/workdir" "-e" "CARGO_TARGET_DIR=/opt/rustwide/target" "-e" "CARGO_HOME=/opt/rustwide/cargo-home" "-e" "RUSTUP_HOME=/opt/rustwide/rustup-home" "-w" "/opt/rustwide/workdir" "-m" "1610612736" "--user" "0:0" "--network" "none" "ghcr.io/rust-lang/crates-build-env/linux@sha256:2788e3201cd34a07e3172128adcd8b3090168a8e3bcc40d7c032b9dda1df7d1c" "/opt/rustwide/cargo-home/bin/cargo" "+1.75.0" "metadata" "--no-deps" "--format-version=1", kill_on_drop: false }`
[INFO] [stdout] 06577f2b854b6e98e63403563f147ba4f675864b58ec3f314d3f2974ff35de9e
[INFO] running `Command { std: "docker" "start" "-a" "06577f2b854b6e98e63403563f147ba4f675864b58ec3f314d3f2974ff35de9e", kill_on_drop: false }`
[INFO] running `Command { std: "docker" "inspect" "06577f2b854b6e98e63403563f147ba4f675864b58ec3f314d3f2974ff35de9e", kill_on_drop: false }`
[INFO] running `Command { std: "docker" "rm" "-f" "06577f2b854b6e98e63403563f147ba4f675864b58ec3f314d3f2974ff35de9e", kill_on_drop: false }`
[INFO] [stdout] 06577f2b854b6e98e63403563f147ba4f675864b58ec3f314d3f2974ff35de9e
[INFO] running `Command { std: "docker" "create" "-v" "/var/lib/crater-agent-workspace/builds/worker-7-tc1/target:/opt/rustwide/target:rw,Z" "-v" "/var/lib/crater-agent-workspace/builds/worker-7-tc1/source:/opt/rustwide/workdir:ro,Z" "-v" "/var/lib/crater-agent-workspace/cargo-home:/opt/rustwide/cargo-home:ro,Z" "-v" "/var/lib/crater-agent-workspace/rustup-home:/opt/rustwide/rustup-home:ro,Z" "-e" "SOURCE_DIR=/opt/rustwide/workdir" "-e" "CARGO_TARGET_DIR=/opt/rustwide/target" "-e" "CARGO_INCREMENTAL=0" "-e" "RUST_BACKTRACE=full" "-e" "RUSTFLAGS=--cap-lints=warn" "-e" "RUSTDOCFLAGS=--cap-lints=warn" "-e" "CARGO_HOME=/opt/rustwide/cargo-home" "-e" "RUSTUP_HOME=/opt/rustwide/rustup-home" "-w" "/opt/rustwide/workdir" "-m" "1610612736" "--user" "0:0" "--network" "none" "ghcr.io/rust-lang/crates-build-env/linux@sha256:2788e3201cd34a07e3172128adcd8b3090168a8e3bcc40d7c032b9dda1df7d1c" "/opt/rustwide/cargo-home/bin/cargo" "+1.75.0" "build" "--frozen" "--message-format=json", kill_on_drop: false }`
[INFO] [stdout] e12e64bf4368e039243b285672d1e904af827126e9c2ebfd1dc1d902ad7840d3
[INFO] running `Command { std: "docker" "start" "-a" "e12e64bf4368e039243b285672d1e904af827126e9c2ebfd1dc1d902ad7840d3", kill_on_drop: false }`
[INFO] [stderr]    Compiling unicode-ident v1.0.3
[INFO] [stderr]    Compiling libc v0.2.132
[INFO] [stderr]    Compiling syn v1.0.99
[INFO] [stderr]    Compiling bytes v1.2.1
[INFO] [stderr]    Compiling tokio v1.21.0
[INFO] [stderr]    Compiling proc-macro2 v1.0.43
[INFO] [stderr]    Compiling quote v1.0.21
[INFO] [stderr]    Compiling socket2 v0.4.7
[INFO] [stderr]    Compiling thiserror-impl v1.0.34
[INFO] [stderr]    Compiling thiserror v1.0.34
[INFO] [stderr]    Compiling framed_aio v0.1.1 (/opt/rustwide/workdir)
[INFO] [stderr]     Finished dev [unoptimized + debuginfo] target(s) in 4.38s
[INFO] running `Command { std: "docker" "inspect" "e12e64bf4368e039243b285672d1e904af827126e9c2ebfd1dc1d902ad7840d3", kill_on_drop: false }`
[INFO] running `Command { std: "docker" "rm" "-f" "e12e64bf4368e039243b285672d1e904af827126e9c2ebfd1dc1d902ad7840d3", kill_on_drop: false }`
[INFO] [stdout] e12e64bf4368e039243b285672d1e904af827126e9c2ebfd1dc1d902ad7840d3
[INFO] running `Command { std: "docker" "create" "-v" "/var/lib/crater-agent-workspace/builds/worker-7-tc1/target:/opt/rustwide/target:rw,Z" "-v" "/var/lib/crater-agent-workspace/builds/worker-7-tc1/source:/opt/rustwide/workdir:ro,Z" "-v" "/var/lib/crater-agent-workspace/cargo-home:/opt/rustwide/cargo-home:ro,Z" "-v" "/var/lib/crater-agent-workspace/rustup-home:/opt/rustwide/rustup-home:ro,Z" "-e" "SOURCE_DIR=/opt/rustwide/workdir" "-e" "CARGO_TARGET_DIR=/opt/rustwide/target" "-e" "CARGO_INCREMENTAL=0" "-e" "RUST_BACKTRACE=full" "-e" "RUSTFLAGS=--cap-lints=warn" "-e" "RUSTDOCFLAGS=--cap-lints=warn" "-e" "CARGO_HOME=/opt/rustwide/cargo-home" "-e" "RUSTUP_HOME=/opt/rustwide/rustup-home" "-w" "/opt/rustwide/workdir" "-m" "1610612736" "--user" "0:0" "--network" "none" "ghcr.io/rust-lang/crates-build-env/linux@sha256:2788e3201cd34a07e3172128adcd8b3090168a8e3bcc40d7c032b9dda1df7d1c" "/opt/rustwide/cargo-home/bin/cargo" "+1.75.0" "test" "--frozen" "--no-run" "--message-format=json", kill_on_drop: false }`
[INFO] [stdout] 86a350a0c83c24fc1ff2e90808b2dc4faf9cd50b2165164e51e54dc7bb53e9c7
[INFO] running `Command { std: "docker" "start" "-a" "86a350a0c83c24fc1ff2e90808b2dc4faf9cd50b2165164e51e54dc7bb53e9c7", kill_on_drop: false }`
[INFO] [stderr]    Compiling syn v1.0.99
[INFO] [stderr]    Compiling lock_api v0.4.8
[INFO] [stderr]    Compiling parking_lot_core v0.9.3
[INFO] [stderr]    Compiling tokio v1.21.0
[INFO] [stderr]    Compiling serde_derive v1.0.144
[INFO] [stderr]    Compiling mio v0.8.4
[INFO] [stderr]    Compiling num_cpus v1.13.1
[INFO] [stderr]    Compiling signal-hook-registry v1.4.0
[INFO] [stderr]    Compiling anyhow v1.0.64
[INFO] [stderr]    Compiling once_cell v1.14.0
[INFO] [stderr]    Compiling serde v1.0.144
[INFO] [stderr]    Compiling parking_lot v0.12.1
[INFO] [stderr]    Compiling thiserror-impl v1.0.34
[INFO] [stderr]    Compiling tokio-macros v1.8.0
[INFO] [stderr]    Compiling thiserror v1.0.34
[INFO] [stderr]    Compiling framed_aio v0.1.1 (/opt/rustwide/workdir)
[INFO] [stdout] error[E0599]: no method named `read_frame_typed` found for struct `framed_aio::FramedReader` in the current scope
[INFO] [stdout]   --> examples/typed.rs:70:35
[INFO] [stdout]    |
[INFO] [stdout] 70 |         let msg: Message = reader.read_frame_typed().await?;
[INFO] [stdout]    |                                   ^^^^^^^^^^^^^^^^ help: there is a method with a similar name: `read_frame`
[INFO] [stdout] 
[INFO] [stdout] 
[INFO] [stdout] error[E0599]: no method named `write_frame_typed` found for struct `framed_aio::FramedWriter` in the current scope
[INFO] [stdout]   --> examples/typed.rs:41:10
[INFO] [stdout]    |
[INFO] [stdout] 40 | /     writer
[INFO] [stdout] 41 | |         .write_frame_typed(&Message::Person(Person {
[INFO] [stdout]    | |         -^^^^^^^^^^^^^^^^^ help: there is a method with a similar name: `write_frame`
[INFO] [stdout]    | |_________|
[INFO] [stdout]    | 
[INFO] [stdout] 
[INFO] [stdout] 
[INFO] [stdout] error[E0599]: no method named `write_frame_typed` found for struct `framed_aio::FramedWriter` in the current scope
[INFO] [stdout]   --> examples/typed.rs:47:10
[INFO] [stdout]    |
[INFO] [stdout] 46 | /     writer
[INFO] [stdout] 47 | |         .write_frame_typed(&Message::Person(Person {
[INFO] [stdout]    | |         -^^^^^^^^^^^^^^^^^ help: there is a method with a similar name: `write_frame`
[INFO] [stdout]    | |_________|
[INFO] [stdout]    | 
[INFO] [stdout] 
[INFO] [stdout] 
[INFO] [stdout] error[E0599]: no method named `write_frame_typed` found for struct `framed_aio::FramedWriter` in the current scope
[INFO] [stdout]   --> examples/typed.rs:54:12
[INFO] [stdout]    |
[INFO] [stdout] 54 |     writer.write_frame_typed(&Message::End).await?;
[INFO] [stdout]    |            ^^^^^^^^^^^^^^^^^ help: there is a method with a similar name: `write_frame`
[INFO] [stdout] 
[INFO] [stdout] 
[INFO] [stdout] error: aborting due to 4 previous errors
[INFO] [stdout] 
[INFO] [stdout] 
[INFO] [stdout] For more information about this error, try `rustc --explain E0599`.
[INFO] [stdout] 
[INFO] [stderr] error: could not compile `framed_aio` (example "typed") due to 5 previous errors
[INFO] [stderr] warning: build failed, waiting for other jobs to finish...
[INFO] running `Command { std: "docker" "inspect" "86a350a0c83c24fc1ff2e90808b2dc4faf9cd50b2165164e51e54dc7bb53e9c7", kill_on_drop: false }`
[INFO] running `Command { std: "docker" "rm" "-f" "86a350a0c83c24fc1ff2e90808b2dc4faf9cd50b2165164e51e54dc7bb53e9c7", kill_on_drop: false }`
[INFO] [stdout] 86a350a0c83c24fc1ff2e90808b2dc4faf9cd50b2165164e51e54dc7bb53e9c7
