[INFO] fetching crate for_each 0.3.0...
[INFO] testing for_each-0.3.0 against 1.75.0 for beta-1.76-1
[INFO] extracting crate for_each 0.3.0 into /workspace/builds/worker-2-tc1/source
[INFO] validating manifest of crates.io crate for_each 0.3.0 on toolchain 1.75.0
[INFO] running `Command { std: CARGO_HOME="/workspace/cargo-home" RUSTUP_HOME="/workspace/rustup-home" "/workspace/cargo-home/bin/cargo" "+1.75.0" "metadata" "--manifest-path" "Cargo.toml" "--no-deps", kill_on_drop: false }`
[INFO] started tweaking crates.io crate for_each 0.3.0
[INFO] finished tweaking crates.io crate for_each 0.3.0
[INFO] tweaked toml for crates.io crate for_each 0.3.0 written to /workspace/builds/worker-2-tc1/source/Cargo.toml
[INFO] crate crates.io crate for_each 0.3.0 already has a lockfile, it will not be regenerated
[INFO] running `Command { std: CARGO_HOME="/workspace/cargo-home" RUSTUP_HOME="/workspace/rustup-home" "/workspace/cargo-home/bin/cargo" "+1.75.0" "fetch" "--manifest-path" "Cargo.toml", kill_on_drop: false }`
[INFO] [stderr]     Updating crates.io index
[INFO] [stderr]  Downloading crates ...
[INFO] [stderr]   Downloaded structmeta v0.1.6
[INFO] [stderr]   Downloaded parse-display v0.5.5
[INFO] [stderr]   Downloaded test_tools v0.1.5
[INFO] [stderr]   Downloaded literally v0.1.3
[INFO] [stderr]   Downloaded woptions_meta v0.1.3
[INFO] [stderr]   Downloaded woptions v0.1.3
[INFO] [stderr]   Downloaded inspect_type v0.1.2
[INFO] [stderr]   Downloaded once_cell v1.12.1
[INFO] [stderr]   Downloaded basic-toml v0.1.4
[INFO] [stderr]   Downloaded mod_interface_runtime v0.1.1
[INFO] [stderr]   Downloaded mod_interface v0.1.16
[INFO] [stderr]   Downloaded impls_index_meta v0.1.1
[INFO] [stderr]   Downloaded derive_tools v0.1.5
[INFO] [stderr]   Downloaded meta_tools_min v0.2.13
[INFO] [stderr]   Downloaded iter_tools v0.1.4
[INFO] [stderr]   Downloaded winterval v0.1.5
[INFO] [stderr]   Downloaded former_meta v0.1.12
[INFO] [stderr]   Downloaded former v0.1.12
[INFO] [stderr]   Downloaded meta_tools v0.2.18
[INFO] [stderr]   Downloaded clone_dyn_meta v0.1.1
[INFO] [stderr]   Downloaded wtest_basic v0.1.14
[INFO] [stderr]   Downloaded mod_interface_meta v0.1.11
[INFO] [stderr]   Downloaded proc_macro_tools v0.1.17
[INFO] [stderr]   Downloaded typing_tools v0.1.5
[INFO] [stderr]   Downloaded data_type v0.1.9
[INFO] [stderr]   Downloaded pretty_assertions v1.2.1
[INFO] [stderr]   Downloaded diagnostics_tools v0.1.3
[INFO] [stderr]   Downloaded mem_tools v0.1.1
[INFO] [stderr]   Downloaded impls_index v0.1.3
[INFO] [stderr]   Downloaded clone_dyn v0.1.0
[INFO] [stderr]   Downloaded type_constructor v0.1.19
[INFO] [stderr]   Downloaded trybuild v1.0.85
[INFO] [stderr]   Downloaded woptions_runtime v0.1.3
[INFO] [stderr]   Downloaded implements v0.1.1
[INFO] [stderr]   Downloaded former_runtime v0.1.11
[INFO] [stderr]   Downloaded is_slice v0.1.1
[INFO] [stderr]   Downloaded dissimilar v1.0.7
[INFO] [stderr]   Downloaded for_each v0.1.3
[INFO] [stderr]   Downloaded structmeta-derive v0.1.6
[INFO] [stderr]   Downloaded parse-display-derive v0.5.5
[INFO] running `Command { std: "docker" "create" "-v" "/var/lib/crater-agent-workspace/builds/worker-2-tc1/target:/opt/rustwide/target:rw,Z" "-v" "/var/lib/crater-agent-workspace/builds/worker-2-tc1/source:/opt/rustwide/workdir:ro,Z" "-v" "/var/lib/crater-agent-workspace/cargo-home:/opt/rustwide/cargo-home:ro,Z" "-v" "/var/lib/crater-agent-workspace/rustup-home:/opt/rustwide/rustup-home:ro,Z" "-e" "SOURCE_DIR=/opt/rustwide/workdir" "-e" "CARGO_TARGET_DIR=/opt/rustwide/target" "-e" "CARGO_HOME=/opt/rustwide/cargo-home" "-e" "RUSTUP_HOME=/opt/rustwide/rustup-home" "-w" "/opt/rustwide/workdir" "-m" "1610612736" "--user" "0:0" "--network" "none" "ghcr.io/rust-lang/crates-build-env/linux@sha256:2788e3201cd34a07e3172128adcd8b3090168a8e3bcc40d7c032b9dda1df7d1c" "/opt/rustwide/cargo-home/bin/cargo" "+1.75.0" "metadata" "--no-deps" "--format-version=1", kill_on_drop: false }`
[INFO] [stdout] 7145f592d5584aa0c074d65f5e9313a5b5cc36e126e2fb5d823eff521677ff40
[INFO] running `Command { std: "docker" "start" "-a" "7145f592d5584aa0c074d65f5e9313a5b5cc36e126e2fb5d823eff521677ff40", kill_on_drop: false }`
[INFO] running `Command { std: "docker" "inspect" "7145f592d5584aa0c074d65f5e9313a5b5cc36e126e2fb5d823eff521677ff40", kill_on_drop: false }`
[INFO] running `Command { std: "docker" "rm" "-f" "7145f592d5584aa0c074d65f5e9313a5b5cc36e126e2fb5d823eff521677ff40", kill_on_drop: false }`
[INFO] [stdout] 7145f592d5584aa0c074d65f5e9313a5b5cc36e126e2fb5d823eff521677ff40
[INFO] running `Command { std: "docker" "create" "-v" "/var/lib/crater-agent-workspace/builds/worker-2-tc1/target:/opt/rustwide/target:rw,Z" "-v" "/var/lib/crater-agent-workspace/builds/worker-2-tc1/source:/opt/rustwide/workdir:ro,Z" "-v" "/var/lib/crater-agent-workspace/cargo-home:/opt/rustwide/cargo-home:ro,Z" "-v" "/var/lib/crater-agent-workspace/rustup-home:/opt/rustwide/rustup-home:ro,Z" "-e" "SOURCE_DIR=/opt/rustwide/workdir" "-e" "CARGO_TARGET_DIR=/opt/rustwide/target" "-e" "CARGO_INCREMENTAL=0" "-e" "RUST_BACKTRACE=full" "-e" "RUSTFLAGS=--cap-lints=warn" "-e" "RUSTDOCFLAGS=--cap-lints=warn" "-e" "CARGO_HOME=/opt/rustwide/cargo-home" "-e" "RUSTUP_HOME=/opt/rustwide/rustup-home" "-w" "/opt/rustwide/workdir" "-m" "1610612736" "--user" "0:0" "--network" "none" "ghcr.io/rust-lang/crates-build-env/linux@sha256:2788e3201cd34a07e3172128adcd8b3090168a8e3bcc40d7c032b9dda1df7d1c" "/opt/rustwide/cargo-home/bin/cargo" "+1.75.0" "build" "--frozen" "--message-format=json", kill_on_drop: false }`
[INFO] [stdout] c22ed29ca0b32f899eeb11768290cfe3bc225d2554abb8ea0c8440908f3cd7fe
[INFO] running `Command { std: "docker" "start" "-a" "c22ed29ca0b32f899eeb11768290cfe3bc225d2554abb8ea0c8440908f3cd7fe", kill_on_drop: false }`
[INFO] [stderr]    Compiling for_each v0.3.0 (/opt/rustwide/workdir)
[INFO] [stdout] warning: unused import: `protected::*`
[INFO] [stdout]    --> src/lib.rs:496:9
[INFO] [stdout]     |
[INFO] [stdout] 496 | pub use protected::*;
[INFO] [stdout]     |         ^^^^^^^^^^^^
[INFO] [stdout]     |
[INFO] [stdout]     = note: `#[warn(unused_imports)]` on by default
[INFO] [stdout] 
[INFO] [stdout] 
[INFO] [stdout] warning: 1 warning emitted
[INFO] [stdout] 
[INFO] [stdout] 
[INFO] [stderr]     Finished dev [unoptimized + debuginfo] target(s) in 0.12s
[INFO] running `Command { std: "docker" "inspect" "c22ed29ca0b32f899eeb11768290cfe3bc225d2554abb8ea0c8440908f3cd7fe", kill_on_drop: false }`
[INFO] running `Command { std: "docker" "rm" "-f" "c22ed29ca0b32f899eeb11768290cfe3bc225d2554abb8ea0c8440908f3cd7fe", kill_on_drop: false }`
[INFO] [stdout] c22ed29ca0b32f899eeb11768290cfe3bc225d2554abb8ea0c8440908f3cd7fe
[INFO] running `Command { std: "docker" "create" "-v" "/var/lib/crater-agent-workspace/builds/worker-2-tc1/target:/opt/rustwide/target:rw,Z" "-v" "/var/lib/crater-agent-workspace/builds/worker-2-tc1/source:/opt/rustwide/workdir:ro,Z" "-v" "/var/lib/crater-agent-workspace/cargo-home:/opt/rustwide/cargo-home:ro,Z" "-v" "/var/lib/crater-agent-workspace/rustup-home:/opt/rustwide/rustup-home:ro,Z" "-e" "SOURCE_DIR=/opt/rustwide/workdir" "-e" "CARGO_TARGET_DIR=/opt/rustwide/target" "-e" "CARGO_INCREMENTAL=0" "-e" "RUST_BACKTRACE=full" "-e" "RUSTFLAGS=--cap-lints=warn" "-e" "RUSTDOCFLAGS=--cap-lints=warn" "-e" "CARGO_HOME=/opt/rustwide/cargo-home" "-e" "RUSTUP_HOME=/opt/rustwide/rustup-home" "-w" "/opt/rustwide/workdir" "-m" "1610612736" "--user" "0:0" "--network" "none" "ghcr.io/rust-lang/crates-build-env/linux@sha256:2788e3201cd34a07e3172128adcd8b3090168a8e3bcc40d7c032b9dda1df7d1c" "/opt/rustwide/cargo-home/bin/cargo" "+1.75.0" "test" "--frozen" "--no-run" "--message-format=json", kill_on_drop: false }`
[INFO] [stdout] 4adc88645d72f13d96b2b10bea8990f7d9d41de1d720e0aae11e9c17f84b4601
[INFO] running `Command { std: "docker" "start" "-a" "4adc88645d72f13d96b2b10bea8990f7d9d41de1d720e0aae11e9c17f84b4601", kill_on_drop: false }`
[INFO] [stderr]    Compiling proc-macro2 v1.0.68
[INFO] [stderr]    Compiling syn v1.0.109
[INFO] [stderr]    Compiling type_constructor v0.1.19
[INFO] [stderr]    Compiling winterval v0.1.5
[INFO] [stderr]    Compiling memchr v2.6.4
[INFO] [stderr]    Compiling regex-syntax v0.7.5
[INFO] [stderr]    Compiling once_cell v1.12.1
[INFO] [stderr]    Compiling regex-syntax v0.6.29
[INFO] [stderr]    Compiling convert_case v0.4.0
[INFO] [stderr]    Compiling either v1.6.1
[INFO] [stderr]    Compiling itertools v0.10.5
[INFO] [stderr]    Compiling serde v1.0.188
[INFO] [stderr]    Compiling mod_interface_runtime v0.1.1
[INFO] [stderr]    Compiling literally v0.1.3
[INFO] [stderr]    Compiling for_each v0.1.3
[INFO] [stderr]    Compiling former_runtime v0.1.11
[INFO] [stderr]    Compiling aho-corasick v1.1.1
[INFO] [stderr]    Compiling serde_json v1.0.107
[INFO] [stderr]    Compiling convert_case v0.5.0
[INFO] [stderr]    Compiling num-traits v0.2.16
[INFO] [stderr]    Compiling quote v1.0.33
[INFO] [stderr]    Compiling iter_tools v0.1.4
[INFO] [stderr]    Compiling ansi_term v0.12.1
[INFO] [stderr]    Compiling anyhow v1.0.75
[INFO] [stderr]    Compiling syn v2.0.38
[INFO] [stderr]    Compiling trybuild v1.0.85
[INFO] [stderr]    Compiling diff v0.1.13
[INFO] [stderr]    Compiling pretty_assertions v1.2.1
[INFO] [stderr]    Compiling regex-automata v0.3.9
[INFO] [stderr]    Compiling dissimilar v1.0.7
[INFO] [stderr]    Compiling basic-toml v0.1.4
[INFO] [stderr]    Compiling termcolor v1.3.0
[INFO] [stderr]    Compiling is_slice v0.1.1
[INFO] [stderr]    Compiling inspect_type v0.1.2
[INFO] [stderr]    Compiling implements v0.1.1
[INFO] [stderr]    Compiling typing_tools v0.1.5
[INFO] [stderr]    Compiling data_type v0.1.9
[INFO] [stderr]    Compiling diagnostics_tools v0.1.3
[INFO] [stderr]    Compiling mem_tools v0.1.1
[INFO] [stdout] warning: unused import: `protected::*`
[INFO] [stdout]    --> src/lib.rs:496:9
[INFO] [stdout]     |
[INFO] [stdout] 496 | pub use protected::*;
[INFO] [stdout]     |         ^^^^^^^^^^^^
[INFO] [stdout]     |
[INFO] [stdout]     = note: `#[warn(unused_imports)]` on by default
[INFO] [stdout] 
[INFO] [stdout] 
[INFO] [stdout] warning: 1 warning emitted
[INFO] [stdout] 
[INFO] [stdout] 
[INFO] [stderr]    Compiling regex v1.9.6
[INFO] [stderr]    Compiling serde_derive v1.0.188
[INFO] [stderr]    Compiling proc_macro_tools v0.1.17
[INFO] [stderr]    Compiling structmeta-derive v0.1.6
[INFO] [stderr]    Compiling clone_dyn_meta v0.1.1
[INFO] [stderr]    Compiling derive_more v0.99.17
[INFO] [stderr]    Compiling impls_index_meta v0.1.1
[INFO] [stderr]    Compiling former_meta v0.1.12
[INFO] [stderr]    Compiling clone_dyn v0.1.0
[INFO] [stderr]    Compiling impls_index v0.1.3
[INFO] [stderr]    Compiling former v0.1.12
[INFO] [stderr]    Compiling woptions_runtime v0.1.3
[INFO] [stderr]    Compiling structmeta v0.1.6
[INFO] [stderr]    Compiling parse-display-derive v0.5.5
[INFO] [stderr]    Compiling parse-display v0.5.5
[INFO] [stderr]    Compiling derive_tools v0.1.5
[INFO] [stderr]    Compiling mod_interface_meta v0.1.11
[INFO] [stderr]    Compiling mod_interface v0.1.16
[INFO] [stderr]    Compiling meta_tools_min v0.2.13
[INFO] [stderr]    Compiling woptions_meta v0.1.3
[INFO] [stderr]    Compiling woptions v0.1.3
[INFO] [stderr]    Compiling meta_tools v0.2.18
[INFO] [stderr]    Compiling wtest_basic v0.1.14
[INFO] [stderr]    Compiling test_tools v0.1.5
[INFO] [stderr]    Compiling for_each v0.3.0 (/opt/rustwide/workdir)
[INFO] [stdout] warning: unused import: `protected::*`
[INFO] [stdout]    --> src/lib.rs:496:9
[INFO] [stdout]     |
[INFO] [stdout] 496 | pub use protected::*;
[INFO] [stdout]     |         ^^^^^^^^^^^^
[INFO] [stdout]     |
[INFO] [stdout]     = note: `#[warn(unused_imports)]` on by default
[INFO] [stdout] 
[INFO] [stdout] 
[INFO] [stdout] error[E0433]: failed to resolve: could not find `smoke_test` in the list of imported crates
[INFO] [stdout]  --> tests/smoke_test.rs:6:5
[INFO] [stdout]   |
[INFO] [stdout] 6 |   ::smoke_test::smoke_test_for_local_run();
[INFO] [stdout]   |     ^^^^^^^^^^ could not find `smoke_test` in the list of imported crates
[INFO] [stdout] 
[INFO] [stdout] 
[INFO] [stdout] error[E0433]: failed to resolve: could not find `smoke_test` in the list of imported crates
[INFO] [stdout]   --> tests/smoke_test.rs:13:5
[INFO] [stdout]    |
[INFO] [stdout] 13 |   ::smoke_test::smoke_test_for_published_run();
[INFO] [stdout]    |     ^^^^^^^^^^ could not find `smoke_test` in the list of imported crates
[INFO] [stdout] 
[INFO] [stdout] 
[INFO] [stdout] error: aborting due to 2 previous errors
[INFO] [stdout] 
[INFO] [stdout] 
[INFO] [stdout] For more information about this error, try `rustc --explain E0433`.
[INFO] [stdout] 
[INFO] [stderr] error: could not compile `for_each` (test "smoke_test") due to 3 previous errors
[INFO] [stderr] warning: build failed, waiting for other jobs to finish...
[INFO] [stdout] warning: 1 warning emitted
[INFO] [stdout] 
[INFO] [stdout] 
[INFO] running `Command { std: "docker" "inspect" "4adc88645d72f13d96b2b10bea8990f7d9d41de1d720e0aae11e9c17f84b4601", kill_on_drop: false }`
[INFO] running `Command { std: "docker" "rm" "-f" "4adc88645d72f13d96b2b10bea8990f7d9d41de1d720e0aae11e9c17f84b4601", kill_on_drop: false }`
[INFO] [stdout] 4adc88645d72f13d96b2b10bea8990f7d9d41de1d720e0aae11e9c17f84b4601
[INFO] testing for_each-0.3.0 against beta-2023-12-22 for beta-1.76-1
[INFO] extracting crate for_each 0.3.0 into /workspace/builds/worker-2-tc2/source
[INFO] validating manifest of crates.io crate for_each 0.3.0 on toolchain beta-2023-12-22
[INFO] running `Command { std: CARGO_HOME="/workspace/cargo-home" RUSTUP_HOME="/workspace/rustup-home" "/workspace/cargo-home/bin/cargo" "+beta-2023-12-22" "metadata" "--manifest-path" "Cargo.toml" "--no-deps", kill_on_drop: false }`
[INFO] started tweaking crates.io crate for_each 0.3.0
[INFO] finished tweaking crates.io crate for_each 0.3.0
[INFO] tweaked toml for crates.io crate for_each 0.3.0 written to /workspace/builds/worker-2-tc2/source/Cargo.toml
[INFO] crate crates.io crate for_each 0.3.0 already has a lockfile, it will not be regenerated
[INFO] running `Command { std: CARGO_HOME="/workspace/cargo-home" RUSTUP_HOME="/workspace/rustup-home" "/workspace/cargo-home/bin/cargo" "+beta-2023-12-22" "fetch" "--manifest-path" "Cargo.toml", kill_on_drop: false }`
[INFO] running `Command { std: "docker" "create" "-v" "/var/lib/crater-agent-workspace/builds/worker-2-tc2/target:/opt/rustwide/target:rw,Z" "-v" "/var/lib/crater-agent-workspace/builds/worker-2-tc2/source:/opt/rustwide/workdir:ro,Z" "-v" "/var/lib/crater-agent-workspace/cargo-home:/opt/rustwide/cargo-home:ro,Z" "-v" "/var/lib/crater-agent-workspace/rustup-home:/opt/rustwide/rustup-home:ro,Z" "-e" "SOURCE_DIR=/opt/rustwide/workdir" "-e" "CARGO_TARGET_DIR=/opt/rustwide/target" "-e" "CARGO_HOME=/opt/rustwide/cargo-home" "-e" "RUSTUP_HOME=/opt/rustwide/rustup-home" "-w" "/opt/rustwide/workdir" "-m" "1610612736" "--user" "0:0" "--network" "none" "ghcr.io/rust-lang/crates-build-env/linux@sha256:2788e3201cd34a07e3172128adcd8b3090168a8e3bcc40d7c032b9dda1df7d1c" "/opt/rustwide/cargo-home/bin/cargo" "+beta-2023-12-22" "metadata" "--no-deps" "--format-version=1", kill_on_drop: false }`
[INFO] [stdout] 9df4db311a3d7cfea07686cd0790b4aa91abbbf65ec975bddb2829215029c4d2
[INFO] running `Command { std: "docker" "start" "-a" "9df4db311a3d7cfea07686cd0790b4aa91abbbf65ec975bddb2829215029c4d2", kill_on_drop: false }`
[INFO] running `Command { std: "docker" "inspect" "9df4db311a3d7cfea07686cd0790b4aa91abbbf65ec975bddb2829215029c4d2", kill_on_drop: false }`
[INFO] running `Command { std: "docker" "rm" "-f" "9df4db311a3d7cfea07686cd0790b4aa91abbbf65ec975bddb2829215029c4d2", kill_on_drop: false }`
[INFO] [stdout] 9df4db311a3d7cfea07686cd0790b4aa91abbbf65ec975bddb2829215029c4d2
[INFO] running `Command { std: "docker" "create" "-v" "/var/lib/crater-agent-workspace/builds/worker-2-tc2/target:/opt/rustwide/target:rw,Z" "-v" "/var/lib/crater-agent-workspace/builds/worker-2-tc2/source:/opt/rustwide/workdir:ro,Z" "-v" "/var/lib/crater-agent-workspace/cargo-home:/opt/rustwide/cargo-home:ro,Z" "-v" "/var/lib/crater-agent-workspace/rustup-home:/opt/rustwide/rustup-home:ro,Z" "-e" "SOURCE_DIR=/opt/rustwide/workdir" "-e" "CARGO_TARGET_DIR=/opt/rustwide/target" "-e" "CARGO_INCREMENTAL=0" "-e" "RUST_BACKTRACE=full" "-e" "RUSTFLAGS=--cap-lints=warn" "-e" "RUSTDOCFLAGS=--cap-lints=warn" "-e" "CARGO_HOME=/opt/rustwide/cargo-home" "-e" "RUSTUP_HOME=/opt/rustwide/rustup-home" "-w" "/opt/rustwide/workdir" "-m" "1610612736" "--user" "0:0" "--network" "none" "ghcr.io/rust-lang/crates-build-env/linux@sha256:2788e3201cd34a07e3172128adcd8b3090168a8e3bcc40d7c032b9dda1df7d1c" "/opt/rustwide/cargo-home/bin/cargo" "+beta-2023-12-22" "build" "--frozen" "--message-format=json", kill_on_drop: false }`
[INFO] [stdout] 29784368f3c267360650a1451c4c19375cf9c72d223541a3027664d339b142ac
[INFO] running `Command { std: "docker" "start" "-a" "29784368f3c267360650a1451c4c19375cf9c72d223541a3027664d339b142ac", kill_on_drop: false }`
[INFO] [stderr]    Compiling for_each v0.3.0 (/opt/rustwide/workdir)
[INFO] [stdout] warning: unused import: `protected::*`
[INFO] [stdout]    --> src/lib.rs:496:9
[INFO] [stdout]     |
[INFO] [stdout] 496 | pub use protected::*;
[INFO] [stdout]     |         ^^^^^^^^^^^^
[INFO] [stdout]     |
[INFO] [stdout]     = note: `#[warn(unused_imports)]` on by default
[INFO] [stdout] 
[INFO] [stdout] 
[INFO] [stdout] warning: 1 warning emitted
[INFO] [stdout] 
[INFO] [stdout] 
[INFO] [stderr]     Finished dev [unoptimized + debuginfo] target(s) in 0.12s
[INFO] running `Command { std: "docker" "inspect" "29784368f3c267360650a1451c4c19375cf9c72d223541a3027664d339b142ac", kill_on_drop: false }`
[INFO] running `Command { std: "docker" "rm" "-f" "29784368f3c267360650a1451c4c19375cf9c72d223541a3027664d339b142ac", kill_on_drop: false }`
[INFO] [stdout] 29784368f3c267360650a1451c4c19375cf9c72d223541a3027664d339b142ac
[INFO] running `Command { std: "docker" "create" "-v" "/var/lib/crater-agent-workspace/builds/worker-2-tc2/target:/opt/rustwide/target:rw,Z" "-v" "/var/lib/crater-agent-workspace/builds/worker-2-tc2/source:/opt/rustwide/workdir:ro,Z" "-v" "/var/lib/crater-agent-workspace/cargo-home:/opt/rustwide/cargo-home:ro,Z" "-v" "/var/lib/crater-agent-workspace/rustup-home:/opt/rustwide/rustup-home:ro,Z" "-e" "SOURCE_DIR=/opt/rustwide/workdir" "-e" "CARGO_TARGET_DIR=/opt/rustwide/target" "-e" "CARGO_INCREMENTAL=0" "-e" "RUST_BACKTRACE=full" "-e" "RUSTFLAGS=--cap-lints=warn" "-e" "RUSTDOCFLAGS=--cap-lints=warn" "-e" "CARGO_HOME=/opt/rustwide/cargo-home" "-e" "RUSTUP_HOME=/opt/rustwide/rustup-home" "-w" "/opt/rustwide/workdir" "-m" "1610612736" "--user" "0:0" "--network" "none" "ghcr.io/rust-lang/crates-build-env/linux@sha256:2788e3201cd34a07e3172128adcd8b3090168a8e3bcc40d7c032b9dda1df7d1c" "/opt/rustwide/cargo-home/bin/cargo" "+beta-2023-12-22" "test" "--frozen" "--no-run" "--message-format=json", kill_on_drop: false }`
[INFO] [stdout] e31b47f03cded8cab1555a980a710cac66896493fe9bb59ccec74d59cd97a9a7
[INFO] running `Command { std: "docker" "start" "-a" "e31b47f03cded8cab1555a980a710cac66896493fe9bb59ccec74d59cd97a9a7", kill_on_drop: false }`
[INFO] [stderr]    Compiling proc-macro2 v1.0.68
[INFO] [stderr]    Compiling syn v1.0.109
[INFO] [stderr]    Compiling type_constructor v0.1.19
[INFO] [stderr]    Compiling winterval v0.1.5
[INFO] [stderr]    Compiling memchr v2.6.4
[INFO] [stderr]    Compiling regex-syntax v0.7.5
[INFO] [stderr]    Compiling once_cell v1.12.1
[INFO] [stderr]    Compiling regex-syntax v0.6.29
[INFO] [stderr]    Compiling convert_case v0.4.0
[INFO] [stderr]    Compiling either v1.6.1
[INFO] [stderr]    Compiling itertools v0.10.5
[INFO] [stderr]    Compiling serde v1.0.188
[INFO] [stderr]    Compiling mod_interface_runtime v0.1.1
[INFO] [stderr]    Compiling literally v0.1.3
[INFO] [stderr]    Compiling former_runtime v0.1.11
[INFO] [stderr]    Compiling for_each v0.1.3
[INFO] [stderr]    Compiling convert_case v0.5.0
[INFO] [stderr]    Compiling serde_json v1.0.107
[INFO] [stderr]    Compiling aho-corasick v1.1.1
[INFO] [stderr]    Compiling num-traits v0.2.16
[INFO] [stderr]    Compiling ansi_term v0.12.1
[INFO] [stderr]    Compiling quote v1.0.33
[INFO] [stderr]    Compiling trybuild v1.0.85
[INFO] [stderr]    Compiling diff v0.1.13
[INFO] [stderr]    Compiling syn v2.0.38
[INFO] [stderr]    Compiling iter_tools v0.1.4
[INFO] [stderr]    Compiling anyhow v1.0.75
[INFO] [stderr]    Compiling pretty_assertions v1.2.1
[INFO] [stderr]    Compiling regex-automata v0.3.9
[INFO] [stderr]    Compiling dissimilar v1.0.7
[INFO] [stderr]    Compiling implements v0.1.1
[INFO] [stderr]    Compiling termcolor v1.3.0
[INFO] [stderr]    Compiling inspect_type v0.1.2
[INFO] [stderr]    Compiling is_slice v0.1.1
[INFO] [stderr]    Compiling typing_tools v0.1.5
[INFO] [stderr]    Compiling data_type v0.1.9
[INFO] [stderr]    Compiling diagnostics_tools v0.1.3
[INFO] [stderr]    Compiling mem_tools v0.1.1
[INFO] [stdout] warning: unused import: `protected::*`
[INFO] [stdout]    --> src/lib.rs:496:9
[INFO] [stdout]     |
[INFO] [stdout] 496 | pub use protected::*;
[INFO] [stdout]     |         ^^^^^^^^^^^^
[INFO] [stdout]     |
[INFO] [stdout]     = note: `#[warn(unused_imports)]` on by default
[INFO] [stdout] 
[INFO] [stdout] 
[INFO] [stdout] warning: 1 warning emitted
[INFO] [stdout] 
[INFO] [stdout] 
[INFO] [stderr]    Compiling serde_derive v1.0.188
[INFO] [stderr]    Compiling basic-toml v0.1.4
[INFO] [stderr]    Compiling regex v1.9.6
[INFO] [stderr]    Compiling proc_macro_tools v0.1.17
[INFO] [stderr]    Compiling structmeta-derive v0.1.6
[INFO] [stderr]    Compiling clone_dyn_meta v0.1.1
[INFO] [stderr]    Compiling derive_more v0.99.17
[INFO] [stderr]    Compiling impls_index_meta v0.1.1
[INFO] [stderr]    Compiling former_meta v0.1.12
[INFO] [stderr]    Compiling clone_dyn v0.1.0
[INFO] [stderr]    Compiling impls_index v0.1.3
[INFO] [stderr]    Compiling former v0.1.12
[INFO] [stderr]    Compiling woptions_runtime v0.1.3
[INFO] [stderr]    Compiling structmeta v0.1.6
[INFO] [stderr]    Compiling parse-display-derive v0.5.5
[INFO] [stderr]    Compiling parse-display v0.5.5
[INFO] [stderr]    Compiling derive_tools v0.1.5
[INFO] [stderr]    Compiling mod_interface_meta v0.1.11
[INFO] [stderr]    Compiling mod_interface v0.1.16
[INFO] [stderr]    Compiling meta_tools_min v0.2.13
[INFO] [stderr]    Compiling woptions_meta v0.1.3
[INFO] [stderr]    Compiling woptions v0.1.3
[INFO] [stderr]    Compiling meta_tools v0.2.18
[INFO] [stderr]    Compiling wtest_basic v0.1.14
[INFO] [stderr]    Compiling test_tools v0.1.5
[INFO] [stderr]    Compiling for_each v0.3.0 (/opt/rustwide/workdir)
[INFO] [stdout] warning: unused import: `protected::*`
[INFO] [stdout]    --> src/lib.rs:496:9
[INFO] [stdout]     |
[INFO] [stdout] 496 | pub use protected::*;
[INFO] [stdout]     |         ^^^^^^^^^^^^
[INFO] [stdout]     |
[INFO] [stdout]     = note: `#[warn(unused_imports)]` on by default
[INFO] [stdout] 
[INFO] [stdout] 
[INFO] [stdout] error[E0433]: failed to resolve: could not find `smoke_test` in the list of imported crates
[INFO] [stdout]  --> tests/smoke_test.rs:6:5
[INFO] [stdout]   |
[INFO] [stdout] 6 |   ::smoke_test::smoke_test_for_local_run();
[INFO] [stdout]   |     ^^^^^^^^^^ could not find `smoke_test` in the list of imported crates
[INFO] [stdout] 
[INFO] [stdout] 
[INFO] [stdout] error[E0433]: failed to resolve: could not find `smoke_test` in the list of imported crates
[INFO] [stdout]   --> tests/smoke_test.rs:13:5
[INFO] [stdout]    |
[INFO] [stdout] 13 |   ::smoke_test::smoke_test_for_published_run();
[INFO] [stdout]    |     ^^^^^^^^^^ could not find `smoke_test` in the list of imported crates
[INFO] [stdout] 
[INFO] [stdout] 
[INFO] [stdout] error: aborting due to 2 previous errors
[INFO] [stdout] 
[INFO] [stdout] 
[INFO] [stdout] For more information about this error, try `rustc --explain E0433`.
[INFO] [stdout] 
[INFO] [stderr] error: could not compile `for_each` (test "smoke_test") due to 3 previous errors
[INFO] [stderr] warning: build failed, waiting for other jobs to finish...
[INFO] [stdout] warning: 1 warning emitted
[INFO] [stdout] 
[INFO] [stdout] 
[INFO] running `Command { std: "docker" "inspect" "e31b47f03cded8cab1555a980a710cac66896493fe9bb59ccec74d59cd97a9a7", kill_on_drop: false }`
[INFO] running `Command { std: "docker" "rm" "-f" "e31b47f03cded8cab1555a980a710cac66896493fe9bb59ccec74d59cd97a9a7", kill_on_drop: false }`
[INFO] [stdout] e31b47f03cded8cab1555a980a710cac66896493fe9bb59ccec74d59cd97a9a7
