[INFO] fetching crate flyway-sql-changelog 0.3.0...
[INFO] testing flyway-sql-changelog-0.3.0 against 1.75.0 for beta-1.76-1
[INFO] extracting crate flyway-sql-changelog 0.3.0 into /workspace/builds/worker-5-tc1/source
[INFO] validating manifest of crates.io crate flyway-sql-changelog 0.3.0 on toolchain 1.75.0
[INFO] running `Command { std: CARGO_HOME="/workspace/cargo-home" RUSTUP_HOME="/workspace/rustup-home" "/workspace/cargo-home/bin/cargo" "+1.75.0" "metadata" "--manifest-path" "Cargo.toml" "--no-deps", kill_on_drop: false }`
[INFO] started tweaking crates.io crate flyway-sql-changelog 0.3.0
[INFO] finished tweaking crates.io crate flyway-sql-changelog 0.3.0
[INFO] tweaked toml for crates.io crate flyway-sql-changelog 0.3.0 written to /workspace/builds/worker-5-tc1/source/Cargo.toml
[INFO] running `Command { std: CARGO_HOME="/workspace/cargo-home" RUSTUP_HOME="/workspace/rustup-home" "/workspace/cargo-home/bin/cargo" "+1.75.0" "generate-lockfile" "--manifest-path" "Cargo.toml", kill_on_drop: false }`
[INFO] [stderr]     Updating crates.io index
[INFO] running `Command { std: CARGO_HOME="/workspace/cargo-home" RUSTUP_HOME="/workspace/rustup-home" "/workspace/cargo-home/bin/cargo" "+1.75.0" "fetch" "--manifest-path" "Cargo.toml", kill_on_drop: false }`
[INFO] running `Command { std: "docker" "create" "-v" "/var/lib/crater-agent-workspace/builds/worker-5-tc1/target:/opt/rustwide/target:rw,Z" "-v" "/var/lib/crater-agent-workspace/builds/worker-5-tc1/source:/opt/rustwide/workdir:ro,Z" "-v" "/var/lib/crater-agent-workspace/cargo-home:/opt/rustwide/cargo-home:ro,Z" "-v" "/var/lib/crater-agent-workspace/rustup-home:/opt/rustwide/rustup-home:ro,Z" "-e" "SOURCE_DIR=/opt/rustwide/workdir" "-e" "CARGO_TARGET_DIR=/opt/rustwide/target" "-e" "CARGO_HOME=/opt/rustwide/cargo-home" "-e" "RUSTUP_HOME=/opt/rustwide/rustup-home" "-w" "/opt/rustwide/workdir" "-m" "1610612736" "--user" "0:0" "--network" "none" "ghcr.io/rust-lang/crates-build-env/linux@sha256:2788e3201cd34a07e3172128adcd8b3090168a8e3bcc40d7c032b9dda1df7d1c" "/opt/rustwide/cargo-home/bin/cargo" "+1.75.0" "metadata" "--no-deps" "--format-version=1", kill_on_drop: false }`
[INFO] [stdout] 5a5710480dc01939ae8470a4fb5dfa06f186fcea847d2509fd5531b7ef8ed390
[INFO] running `Command { std: "docker" "start" "-a" "5a5710480dc01939ae8470a4fb5dfa06f186fcea847d2509fd5531b7ef8ed390", kill_on_drop: false }`
[INFO] running `Command { std: "docker" "inspect" "5a5710480dc01939ae8470a4fb5dfa06f186fcea847d2509fd5531b7ef8ed390", kill_on_drop: false }`
[INFO] running `Command { std: "docker" "rm" "-f" "5a5710480dc01939ae8470a4fb5dfa06f186fcea847d2509fd5531b7ef8ed390", kill_on_drop: false }`
[INFO] [stdout] 5a5710480dc01939ae8470a4fb5dfa06f186fcea847d2509fd5531b7ef8ed390
[INFO] running `Command { std: "docker" "create" "-v" "/var/lib/crater-agent-workspace/builds/worker-5-tc1/target:/opt/rustwide/target:rw,Z" "-v" "/var/lib/crater-agent-workspace/builds/worker-5-tc1/source:/opt/rustwide/workdir:ro,Z" "-v" "/var/lib/crater-agent-workspace/cargo-home:/opt/rustwide/cargo-home:ro,Z" "-v" "/var/lib/crater-agent-workspace/rustup-home:/opt/rustwide/rustup-home:ro,Z" "-e" "SOURCE_DIR=/opt/rustwide/workdir" "-e" "CARGO_TARGET_DIR=/opt/rustwide/target" "-e" "CARGO_INCREMENTAL=0" "-e" "RUST_BACKTRACE=full" "-e" "RUSTFLAGS=--cap-lints=warn" "-e" "RUSTDOCFLAGS=--cap-lints=warn" "-e" "CARGO_HOME=/opt/rustwide/cargo-home" "-e" "RUSTUP_HOME=/opt/rustwide/rustup-home" "-w" "/opt/rustwide/workdir" "-m" "1610612736" "--user" "0:0" "--network" "none" "ghcr.io/rust-lang/crates-build-env/linux@sha256:2788e3201cd34a07e3172128adcd8b3090168a8e3bcc40d7c032b9dda1df7d1c" "/opt/rustwide/cargo-home/bin/cargo" "+1.75.0" "build" "--frozen" "--message-format=json", kill_on_drop: false }`
[INFO] [stdout] 986323c9b429ee2c6bcc0d4e4b824aefded31865064c48997754b7acbbbaa9f7
[INFO] running `Command { std: "docker" "start" "-a" "986323c9b429ee2c6bcc0d4e4b824aefded31865064c48997754b7acbbbaa9f7", kill_on_drop: false }`
[INFO] [stderr]    Compiling unsafe-libyaml v0.2.10
[INFO] [stderr]    Compiling siphasher v0.3.11
[INFO] [stderr]    Compiling syn v2.0.48
[INFO] [stderr]    Compiling serde_derive v1.0.194
[INFO] [stderr]    Compiling serde v1.0.194
[INFO] [stderr]    Compiling serde_yaml v0.9.30
[INFO] [stderr]    Compiling flyway-sql-changelog v0.3.0 (/opt/rustwide/workdir)
[INFO] [stdout] warning: variable does not need to be mutable
[INFO] [stdout]    --> src/lib.rs:189:13
[INFO] [stdout]     |
[INFO] [stdout] 189 |         let mut name="".to_string();
[INFO] [stdout]     |             ----^^^^
[INFO] [stdout]     |             |
[INFO] [stdout]     |             help: remove this `mut`
[INFO] [stdout]     |
[INFO] [stdout]     = note: `#[warn(unused_mut)]` on by default
[INFO] [stdout] 
[INFO] [stdout] 
[INFO] [stdout] warning: 1 warning emitted
[INFO] [stdout] 
[INFO] [stdout] 
[INFO] [stderr]     Finished dev [unoptimized + debuginfo] target(s) in 7.77s
[INFO] running `Command { std: "docker" "inspect" "986323c9b429ee2c6bcc0d4e4b824aefded31865064c48997754b7acbbbaa9f7", kill_on_drop: false }`
[INFO] running `Command { std: "docker" "rm" "-f" "986323c9b429ee2c6bcc0d4e4b824aefded31865064c48997754b7acbbbaa9f7", kill_on_drop: false }`
[INFO] [stdout] 986323c9b429ee2c6bcc0d4e4b824aefded31865064c48997754b7acbbbaa9f7
[INFO] running `Command { std: "docker" "create" "-v" "/var/lib/crater-agent-workspace/builds/worker-5-tc1/target:/opt/rustwide/target:rw,Z" "-v" "/var/lib/crater-agent-workspace/builds/worker-5-tc1/source:/opt/rustwide/workdir:ro,Z" "-v" "/var/lib/crater-agent-workspace/cargo-home:/opt/rustwide/cargo-home:ro,Z" "-v" "/var/lib/crater-agent-workspace/rustup-home:/opt/rustwide/rustup-home:ro,Z" "-e" "SOURCE_DIR=/opt/rustwide/workdir" "-e" "CARGO_TARGET_DIR=/opt/rustwide/target" "-e" "CARGO_INCREMENTAL=0" "-e" "RUST_BACKTRACE=full" "-e" "RUSTFLAGS=--cap-lints=warn" "-e" "RUSTDOCFLAGS=--cap-lints=warn" "-e" "CARGO_HOME=/opt/rustwide/cargo-home" "-e" "RUSTUP_HOME=/opt/rustwide/rustup-home" "-w" "/opt/rustwide/workdir" "-m" "1610612736" "--user" "0:0" "--network" "none" "ghcr.io/rust-lang/crates-build-env/linux@sha256:2788e3201cd34a07e3172128adcd8b3090168a8e3bcc40d7c032b9dda1df7d1c" "/opt/rustwide/cargo-home/bin/cargo" "+1.75.0" "test" "--frozen" "--no-run" "--message-format=json", kill_on_drop: false }`
[INFO] [stdout] 3ea9ec7deec5a77dc831749fcf2940c93c4766e50bbc22c1d5674d1b4edf9662
[INFO] running `Command { std: "docker" "start" "-a" "3ea9ec7deec5a77dc831749fcf2940c93c4766e50bbc22c1d5674d1b4edf9662", kill_on_drop: false }`
[INFO] [stdout] warning: variable does not need to be mutable
[INFO] [stdout]    --> src/lib.rs:189:13
[INFO] [stdout]     |
[INFO] [stdout] 189 |         let mut name="".to_string();
[INFO] [stdout]     |             ----^^^^
[INFO] [stdout]     |             |
[INFO] [stdout]     |             help: remove this `mut`
[INFO] [stdout]     |
[INFO] [stdout]     = note: `#[warn(unused_mut)]` on by default
[INFO] [stdout] 
[INFO] [stdout] 
[INFO] [stdout] warning: 1 warning emitted
[INFO] [stdout] 
[INFO] [stdout] 
[INFO] [stderr]    Compiling flyway-sql-changelog v0.3.0 (/opt/rustwide/workdir)
[INFO] [stdout] error[E0308]: mismatched types
[INFO] [stdout]    --> src/lib.rs:586:47
[INFO] [stdout]     |
[INFO] [stdout] 586 |                 assert_eq!(changelog.version, "V1");
[INFO] [stdout]     |                                               ^^^^ expected `u64`, found `&str`
[INFO] [stdout] 
[INFO] [stdout] 
[INFO] [stdout] error[E0308]: mismatched types
[INFO] [stdout]    --> src/lib.rs:602:47
[INFO] [stdout]     |
[INFO] [stdout] 602 |                 assert_eq!(changelog.version, "V2");
[INFO] [stdout]     |                                               ^^^^ expected `u64`, found `&str`
[INFO] [stdout] 
[INFO] [stdout] 
[INFO] [stdout] error: aborting due to 2 previous errors
[INFO] [stdout] 
[INFO] [stdout] 
[INFO] [stdout] For more information about this error, try `rustc --explain E0308`.
[INFO] [stdout] 
[INFO] [stderr] error: could not compile `flyway-sql-changelog` (lib test) due to 3 previous errors
[INFO] running `Command { std: "docker" "inspect" "3ea9ec7deec5a77dc831749fcf2940c93c4766e50bbc22c1d5674d1b4edf9662", kill_on_drop: false }`
[INFO] running `Command { std: "docker" "rm" "-f" "3ea9ec7deec5a77dc831749fcf2940c93c4766e50bbc22c1d5674d1b4edf9662", kill_on_drop: false }`
[INFO] [stdout] 3ea9ec7deec5a77dc831749fcf2940c93c4766e50bbc22c1d5674d1b4edf9662
[INFO] testing flyway-sql-changelog-0.3.0 against beta-2023-12-22 for beta-1.76-1
[INFO] extracting crate flyway-sql-changelog 0.3.0 into /workspace/builds/worker-5-tc2/source
[INFO] validating manifest of crates.io crate flyway-sql-changelog 0.3.0 on toolchain beta-2023-12-22
[INFO] running `Command { std: CARGO_HOME="/workspace/cargo-home" RUSTUP_HOME="/workspace/rustup-home" "/workspace/cargo-home/bin/cargo" "+beta-2023-12-22" "metadata" "--manifest-path" "Cargo.toml" "--no-deps", kill_on_drop: false }`
[INFO] started tweaking crates.io crate flyway-sql-changelog 0.3.0
[INFO] finished tweaking crates.io crate flyway-sql-changelog 0.3.0
[INFO] tweaked toml for crates.io crate flyway-sql-changelog 0.3.0 written to /workspace/builds/worker-5-tc2/source/Cargo.toml
[INFO] running `Command { std: CARGO_HOME="/workspace/cargo-home" RUSTUP_HOME="/workspace/rustup-home" "/workspace/cargo-home/bin/cargo" "+beta-2023-12-22" "generate-lockfile" "--manifest-path" "Cargo.toml", kill_on_drop: false }`
[INFO] [stderr]     Updating crates.io index
[INFO] running `Command { std: CARGO_HOME="/workspace/cargo-home" RUSTUP_HOME="/workspace/rustup-home" "/workspace/cargo-home/bin/cargo" "+beta-2023-12-22" "fetch" "--manifest-path" "Cargo.toml", kill_on_drop: false }`
[INFO] running `Command { std: "docker" "create" "-v" "/var/lib/crater-agent-workspace/builds/worker-5-tc2/target:/opt/rustwide/target:rw,Z" "-v" "/var/lib/crater-agent-workspace/builds/worker-5-tc2/source:/opt/rustwide/workdir:ro,Z" "-v" "/var/lib/crater-agent-workspace/cargo-home:/opt/rustwide/cargo-home:ro,Z" "-v" "/var/lib/crater-agent-workspace/rustup-home:/opt/rustwide/rustup-home:ro,Z" "-e" "SOURCE_DIR=/opt/rustwide/workdir" "-e" "CARGO_TARGET_DIR=/opt/rustwide/target" "-e" "CARGO_HOME=/opt/rustwide/cargo-home" "-e" "RUSTUP_HOME=/opt/rustwide/rustup-home" "-w" "/opt/rustwide/workdir" "-m" "1610612736" "--user" "0:0" "--network" "none" "ghcr.io/rust-lang/crates-build-env/linux@sha256:2788e3201cd34a07e3172128adcd8b3090168a8e3bcc40d7c032b9dda1df7d1c" "/opt/rustwide/cargo-home/bin/cargo" "+beta-2023-12-22" "metadata" "--no-deps" "--format-version=1", kill_on_drop: false }`
[INFO] [stdout] 73815e953e72849d0a22bf869a6f0afc6e429411d4150a05b138ef1911b47f1a
[INFO] running `Command { std: "docker" "start" "-a" "73815e953e72849d0a22bf869a6f0afc6e429411d4150a05b138ef1911b47f1a", kill_on_drop: false }`
[INFO] running `Command { std: "docker" "inspect" "73815e953e72849d0a22bf869a6f0afc6e429411d4150a05b138ef1911b47f1a", kill_on_drop: false }`
[INFO] running `Command { std: "docker" "rm" "-f" "73815e953e72849d0a22bf869a6f0afc6e429411d4150a05b138ef1911b47f1a", kill_on_drop: false }`
[INFO] [stdout] 73815e953e72849d0a22bf869a6f0afc6e429411d4150a05b138ef1911b47f1a
[INFO] running `Command { std: "docker" "create" "-v" "/var/lib/crater-agent-workspace/builds/worker-5-tc2/target:/opt/rustwide/target:rw,Z" "-v" "/var/lib/crater-agent-workspace/builds/worker-5-tc2/source:/opt/rustwide/workdir:ro,Z" "-v" "/var/lib/crater-agent-workspace/cargo-home:/opt/rustwide/cargo-home:ro,Z" "-v" "/var/lib/crater-agent-workspace/rustup-home:/opt/rustwide/rustup-home:ro,Z" "-e" "SOURCE_DIR=/opt/rustwide/workdir" "-e" "CARGO_TARGET_DIR=/opt/rustwide/target" "-e" "CARGO_INCREMENTAL=0" "-e" "RUST_BACKTRACE=full" "-e" "RUSTFLAGS=--cap-lints=warn" "-e" "RUSTDOCFLAGS=--cap-lints=warn" "-e" "CARGO_HOME=/opt/rustwide/cargo-home" "-e" "RUSTUP_HOME=/opt/rustwide/rustup-home" "-w" "/opt/rustwide/workdir" "-m" "1610612736" "--user" "0:0" "--network" "none" "ghcr.io/rust-lang/crates-build-env/linux@sha256:2788e3201cd34a07e3172128adcd8b3090168a8e3bcc40d7c032b9dda1df7d1c" "/opt/rustwide/cargo-home/bin/cargo" "+beta-2023-12-22" "build" "--frozen" "--message-format=json", kill_on_drop: false }`
[INFO] [stdout] e748d49de3525d4ebe7dd03041d3a54bad72a4f875a6e68b541ac94c9bcd4365
[INFO] running `Command { std: "docker" "start" "-a" "e748d49de3525d4ebe7dd03041d3a54bad72a4f875a6e68b541ac94c9bcd4365", kill_on_drop: false }`
[INFO] [stderr]    Compiling unsafe-libyaml v0.2.10
[INFO] [stderr]    Compiling siphasher v0.3.11
[INFO] [stderr]    Compiling syn v2.0.48
[INFO] [stderr]    Compiling serde_derive v1.0.194
[INFO] [stderr]    Compiling serde v1.0.194
[INFO] [stderr]    Compiling serde_yaml v0.9.30
[INFO] [stderr]    Compiling flyway-sql-changelog v0.3.0 (/opt/rustwide/workdir)
[INFO] [stdout] warning: variable does not need to be mutable
[INFO] [stdout]    --> src/lib.rs:189:13
[INFO] [stdout]     |
[INFO] [stdout] 189 |         let mut name="".to_string();
[INFO] [stdout]     |             ----^^^^
[INFO] [stdout]     |             |
[INFO] [stdout]     |             help: remove this `mut`
[INFO] [stdout]     |
[INFO] [stdout]     = note: `#[warn(unused_mut)]` on by default
[INFO] [stdout] 
[INFO] [stdout] 
[INFO] [stdout] warning: 1 warning emitted
[INFO] [stdout] 
[INFO] [stdout] 
[INFO] [stderr]     Finished dev [unoptimized + debuginfo] target(s) in 9.22s
[INFO] running `Command { std: "docker" "inspect" "e748d49de3525d4ebe7dd03041d3a54bad72a4f875a6e68b541ac94c9bcd4365", kill_on_drop: false }`
[INFO] running `Command { std: "docker" "rm" "-f" "e748d49de3525d4ebe7dd03041d3a54bad72a4f875a6e68b541ac94c9bcd4365", kill_on_drop: false }`
[INFO] [stdout] e748d49de3525d4ebe7dd03041d3a54bad72a4f875a6e68b541ac94c9bcd4365
[INFO] running `Command { std: "docker" "create" "-v" "/var/lib/crater-agent-workspace/builds/worker-5-tc2/target:/opt/rustwide/target:rw,Z" "-v" "/var/lib/crater-agent-workspace/builds/worker-5-tc2/source:/opt/rustwide/workdir:ro,Z" "-v" "/var/lib/crater-agent-workspace/cargo-home:/opt/rustwide/cargo-home:ro,Z" "-v" "/var/lib/crater-agent-workspace/rustup-home:/opt/rustwide/rustup-home:ro,Z" "-e" "SOURCE_DIR=/opt/rustwide/workdir" "-e" "CARGO_TARGET_DIR=/opt/rustwide/target" "-e" "CARGO_INCREMENTAL=0" "-e" "RUST_BACKTRACE=full" "-e" "RUSTFLAGS=--cap-lints=warn" "-e" "RUSTDOCFLAGS=--cap-lints=warn" "-e" "CARGO_HOME=/opt/rustwide/cargo-home" "-e" "RUSTUP_HOME=/opt/rustwide/rustup-home" "-w" "/opt/rustwide/workdir" "-m" "1610612736" "--user" "0:0" "--network" "none" "ghcr.io/rust-lang/crates-build-env/linux@sha256:2788e3201cd34a07e3172128adcd8b3090168a8e3bcc40d7c032b9dda1df7d1c" "/opt/rustwide/cargo-home/bin/cargo" "+beta-2023-12-22" "test" "--frozen" "--no-run" "--message-format=json", kill_on_drop: false }`
[INFO] [stdout] d01ca70a744eb2328005f7caabdb5e2c7509cb8ef3124b2e082d304a776d3ca7
[INFO] running `Command { std: "docker" "start" "-a" "d01ca70a744eb2328005f7caabdb5e2c7509cb8ef3124b2e082d304a776d3ca7", kill_on_drop: false }`
[INFO] [stdout] warning: variable does not need to be mutable
[INFO] [stdout]    --> src/lib.rs:189:13
[INFO] [stdout]     |
[INFO] [stdout] 189 |         let mut name="".to_string();
[INFO] [stdout]     |             ----^^^^
[INFO] [stdout]     |             |
[INFO] [stdout]     |             help: remove this `mut`
[INFO] [stdout]     |
[INFO] [stdout]     = note: `#[warn(unused_mut)]` on by default
[INFO] [stdout] 
[INFO] [stdout] 
[INFO] [stdout] warning: 1 warning emitted
[INFO] [stdout] 
[INFO] [stdout] 
[INFO] [stderr]    Compiling flyway-sql-changelog v0.3.0 (/opt/rustwide/workdir)
[INFO] [stdout] error[E0308]: mismatched types
[INFO] [stdout]    --> src/lib.rs:586:47
[INFO] [stdout]     |
[INFO] [stdout] 586 |                 assert_eq!(changelog.version, "V1");
[INFO] [stdout]     |                                               ^^^^ expected `u64`, found `&str`
[INFO] [stdout] 
[INFO] [stdout] 
[INFO] [stdout] error[E0308]: mismatched types
[INFO] [stdout]    --> src/lib.rs:602:47
[INFO] [stdout]     |
[INFO] [stdout] 602 |                 assert_eq!(changelog.version, "V2");
[INFO] [stdout]     |                                               ^^^^ expected `u64`, found `&str`
[INFO] [stdout] 
[INFO] [stdout] 
[INFO] [stdout] error: aborting due to 2 previous errors
[INFO] [stdout] 
[INFO] [stdout] 
[INFO] [stdout] For more information about this error, try `rustc --explain E0308`.
[INFO] [stdout] 
[INFO] [stderr] error: could not compile `flyway-sql-changelog` (lib test) due to 3 previous errors
[INFO] running `Command { std: "docker" "inspect" "d01ca70a744eb2328005f7caabdb5e2c7509cb8ef3124b2e082d304a776d3ca7", kill_on_drop: false }`
[INFO] running `Command { std: "docker" "rm" "-f" "d01ca70a744eb2328005f7caabdb5e2c7509cb8ef3124b2e082d304a776d3ca7", kill_on_drop: false }`
[INFO] [stdout] d01ca70a744eb2328005f7caabdb5e2c7509cb8ef3124b2e082d304a776d3ca7
