[INFO] fetching crate fluvio-smartstream 0.4.0...
[INFO] testing fluvio-smartstream-0.4.0 against 1.75.0 for beta-1.76-1
[INFO] extracting crate fluvio-smartstream 0.4.0 into /workspace/builds/worker-7-tc1/source
[INFO] validating manifest of crates.io crate fluvio-smartstream 0.4.0 on toolchain 1.75.0
[INFO] running `Command { std: CARGO_HOME="/workspace/cargo-home" RUSTUP_HOME="/workspace/rustup-home" "/workspace/cargo-home/bin/cargo" "+1.75.0" "metadata" "--manifest-path" "Cargo.toml" "--no-deps", kill_on_drop: false }`
[INFO] started tweaking crates.io crate fluvio-smartstream 0.4.0
[INFO] finished tweaking crates.io crate fluvio-smartstream 0.4.0
[INFO] tweaked toml for crates.io crate fluvio-smartstream 0.4.0 written to /workspace/builds/worker-7-tc1/source/Cargo.toml
[INFO] running `Command { std: CARGO_HOME="/workspace/cargo-home" RUSTUP_HOME="/workspace/rustup-home" "/workspace/cargo-home/bin/cargo" "+1.75.0" "generate-lockfile" "--manifest-path" "Cargo.toml", kill_on_drop: false }`
[INFO] [stderr]     Updating crates.io index
[INFO] running `Command { std: CARGO_HOME="/workspace/cargo-home" RUSTUP_HOME="/workspace/rustup-home" "/workspace/cargo-home/bin/cargo" "+1.75.0" "fetch" "--manifest-path" "Cargo.toml", kill_on_drop: false }`
[INFO] [stderr]  Downloading crates ...
[INFO] [stderr]   Downloaded flv-util v0.5.2
[INFO] [stderr]   Downloaded fluvio-future v0.3.18
[INFO] [stderr]   Downloaded fluvio-types v0.2.7
[INFO] [stderr]   Downloaded content_inspector v0.2.4
[INFO] [stderr]   Downloaded fluvio-protocol-derive v0.3.2
[INFO] [stderr]   Downloaded fluvio-wasm-timer v0.2.5
[INFO] [stderr]   Downloaded fluvio-dataplane-protocol v0.8.0
[INFO] [stderr]   Downloaded fluvio-smartstream-derive v0.4.0
[INFO] [stderr]   Downloaded fluvio-protocol v0.6.3
[INFO] [stderr]   Downloaded fluvio-spu-schema v0.8.6
[INFO] running `Command { std: "docker" "create" "-v" "/var/lib/crater-agent-workspace/builds/worker-7-tc1/target:/opt/rustwide/target:rw,Z" "-v" "/var/lib/crater-agent-workspace/builds/worker-7-tc1/source:/opt/rustwide/workdir:ro,Z" "-v" "/var/lib/crater-agent-workspace/cargo-home:/opt/rustwide/cargo-home:ro,Z" "-v" "/var/lib/crater-agent-workspace/rustup-home:/opt/rustwide/rustup-home:ro,Z" "-e" "SOURCE_DIR=/opt/rustwide/workdir" "-e" "CARGO_TARGET_DIR=/opt/rustwide/target" "-e" "CARGO_HOME=/opt/rustwide/cargo-home" "-e" "RUSTUP_HOME=/opt/rustwide/rustup-home" "-w" "/opt/rustwide/workdir" "-m" "1610612736" "--user" "0:0" "--network" "none" "ghcr.io/rust-lang/crates-build-env/linux@sha256:2788e3201cd34a07e3172128adcd8b3090168a8e3bcc40d7c032b9dda1df7d1c" "/opt/rustwide/cargo-home/bin/cargo" "+1.75.0" "metadata" "--no-deps" "--format-version=1", kill_on_drop: false }`
[INFO] [stdout] 735962d8cfc64a64a3ebaee6433b3424a47511af3134601f0692ae74ce6d02eb
[INFO] running `Command { std: "docker" "start" "-a" "735962d8cfc64a64a3ebaee6433b3424a47511af3134601f0692ae74ce6d02eb", kill_on_drop: false }`
[INFO] running `Command { std: "docker" "inspect" "735962d8cfc64a64a3ebaee6433b3424a47511af3134601f0692ae74ce6d02eb", kill_on_drop: false }`
[INFO] running `Command { std: "docker" "rm" "-f" "735962d8cfc64a64a3ebaee6433b3424a47511af3134601f0692ae74ce6d02eb", kill_on_drop: false }`
[INFO] [stdout] 735962d8cfc64a64a3ebaee6433b3424a47511af3134601f0692ae74ce6d02eb
[INFO] running `Command { std: "docker" "create" "-v" "/var/lib/crater-agent-workspace/builds/worker-7-tc1/target:/opt/rustwide/target:rw,Z" "-v" "/var/lib/crater-agent-workspace/builds/worker-7-tc1/source:/opt/rustwide/workdir:ro,Z" "-v" "/var/lib/crater-agent-workspace/cargo-home:/opt/rustwide/cargo-home:ro,Z" "-v" "/var/lib/crater-agent-workspace/rustup-home:/opt/rustwide/rustup-home:ro,Z" "-e" "SOURCE_DIR=/opt/rustwide/workdir" "-e" "CARGO_TARGET_DIR=/opt/rustwide/target" "-e" "CARGO_INCREMENTAL=0" "-e" "RUST_BACKTRACE=full" "-e" "RUSTFLAGS=--cap-lints=warn" "-e" "RUSTDOCFLAGS=--cap-lints=warn" "-e" "CARGO_HOME=/opt/rustwide/cargo-home" "-e" "RUSTUP_HOME=/opt/rustwide/rustup-home" "-w" "/opt/rustwide/workdir" "-m" "1610612736" "--user" "0:0" "--network" "none" "ghcr.io/rust-lang/crates-build-env/linux@sha256:2788e3201cd34a07e3172128adcd8b3090168a8e3bcc40d7c032b9dda1df7d1c" "/opt/rustwide/cargo-home/bin/cargo" "+1.75.0" "build" "--frozen" "--message-format=json", kill_on_drop: false }`
[INFO] [stdout] 68cc45e6debdf578608731f26725cee3c81a13a5657c9f0e6e339990b2f61408
[INFO] running `Command { std: "docker" "start" "-a" "68cc45e6debdf578608731f26725cee3c81a13a5657c9f0e6e339990b2f61408", kill_on_drop: false }`
[INFO] [stderr]    Compiling tracing-core v0.1.32
[INFO] [stderr]    Compiling semver v1.0.21
[INFO] [stderr]    Compiling log v0.4.20
[INFO] [stderr]    Compiling crc32fast v1.3.2
[INFO] [stderr]    Compiling eyre v0.6.11
[INFO] [stderr]    Compiling syn v2.0.48
[INFO] [stderr]    Compiling indenter v0.3.3
[INFO] [stderr]    Compiling memchr v2.7.1
[INFO] [stderr]    Compiling bytes v1.5.0
[INFO] [stderr]    Compiling adler v1.0.2
[INFO] [stderr]    Compiling rustc_version v0.4.0
[INFO] [stderr]    Compiling miniz_oxide v0.7.1
[INFO] [stderr]    Compiling static_assertions v1.1.0
[INFO] [stderr]    Compiling content_inspector v0.2.4
[INFO] [stderr]    Compiling crc32c v0.6.4
[INFO] [stderr]    Compiling fluvio-smartstream-derive v0.4.0
[INFO] [stderr]    Compiling flate2 v1.0.28
[INFO] [stderr]    Compiling tracing-attributes v0.1.27
[INFO] [stderr]    Compiling thiserror-impl v1.0.56
[INFO] [stderr]    Compiling pin-project-internal v1.1.3
[INFO] [stderr]    Compiling futures-macro v0.3.30
[INFO] [stderr]    Compiling serde_derive v1.0.194
[INFO] [stderr]    Compiling futures-util v0.3.30
[INFO] [stderr]    Compiling thiserror v1.0.56
[INFO] [stderr]    Compiling pin-project v1.1.3
[INFO] [stderr]    Compiling tracing v0.1.40
[INFO] [stderr]    Compiling fluvio-future v0.3.18
[INFO] [stderr]    Compiling tracing-futures v0.2.5
[INFO] [stderr]    Compiling flv-util v0.5.2
[INFO] [stderr]    Compiling fluvio-protocol-derive v0.3.2
[INFO] [stderr]    Compiling fluvio-types v0.2.7
[INFO] [stderr]    Compiling serde v1.0.194
[INFO] [stderr]    Compiling fluvio-protocol v0.6.3
[INFO] [stderr]    Compiling fluvio-dataplane-protocol v0.8.0
[INFO] [stderr]    Compiling fluvio-spu-schema v0.8.6
[INFO] [stderr]    Compiling fluvio-smartstream v0.4.0 (/opt/rustwide/workdir)
[INFO] [stderr]     Finished dev [unoptimized + debuginfo] target(s) in 12.79s
[INFO] running `Command { std: "docker" "inspect" "68cc45e6debdf578608731f26725cee3c81a13a5657c9f0e6e339990b2f61408", kill_on_drop: false }`
[INFO] running `Command { std: "docker" "rm" "-f" "68cc45e6debdf578608731f26725cee3c81a13a5657c9f0e6e339990b2f61408", kill_on_drop: false }`
[INFO] [stdout] 68cc45e6debdf578608731f26725cee3c81a13a5657c9f0e6e339990b2f61408
[INFO] running `Command { std: "docker" "create" "-v" "/var/lib/crater-agent-workspace/builds/worker-7-tc1/target:/opt/rustwide/target:rw,Z" "-v" "/var/lib/crater-agent-workspace/builds/worker-7-tc1/source:/opt/rustwide/workdir:ro,Z" "-v" "/var/lib/crater-agent-workspace/cargo-home:/opt/rustwide/cargo-home:ro,Z" "-v" "/var/lib/crater-agent-workspace/rustup-home:/opt/rustwide/rustup-home:ro,Z" "-e" "SOURCE_DIR=/opt/rustwide/workdir" "-e" "CARGO_TARGET_DIR=/opt/rustwide/target" "-e" "CARGO_INCREMENTAL=0" "-e" "RUST_BACKTRACE=full" "-e" "RUSTFLAGS=--cap-lints=warn" "-e" "RUSTDOCFLAGS=--cap-lints=warn" "-e" "CARGO_HOME=/opt/rustwide/cargo-home" "-e" "RUSTUP_HOME=/opt/rustwide/rustup-home" "-w" "/opt/rustwide/workdir" "-m" "1610612736" "--user" "0:0" "--network" "none" "ghcr.io/rust-lang/crates-build-env/linux@sha256:2788e3201cd34a07e3172128adcd8b3090168a8e3bcc40d7c032b9dda1df7d1c" "/opt/rustwide/cargo-home/bin/cargo" "+1.75.0" "test" "--frozen" "--no-run" "--message-format=json", kill_on_drop: false }`
[INFO] [stdout] f75ff48a554dd813f68284e30fee90357cac704a86c1da557b69baaa593c37c9
[INFO] running `Command { std: "docker" "start" "-a" "f75ff48a554dd813f68284e30fee90357cac704a86c1da557b69baaa593c37c9", kill_on_drop: false }`
[INFO] [stderr]    Compiling fluvio-smartstream v0.4.0 (/opt/rustwide/workdir)
[INFO] [stdout] error[E0433]: failed to resolve: use of undeclared crate or module `fluvio_smartmodule`
[INFO] [stdout]  --> tests/opt.rs:2:5
[INFO] [stdout]   |
[INFO] [stdout] 2 | use fluvio_smartmodule::dataplane::smartmodule::SmartModuleExtraParams;
[INFO] [stdout]   |     ^^^^^^^^^^^^^^^^^^ use of undeclared crate or module `fluvio_smartmodule`
[INFO] [stdout]   |
[INFO] [stdout] help: there is a crate or module with a similar name
[INFO] [stdout]   |
[INFO] [stdout] 2 | use fluvio_smartstream::dataplane::smartmodule::SmartModuleExtraParams;
[INFO] [stdout]   |     ~~~~~~~~~~~~~~~~~~
[INFO] [stdout] 
[INFO] [stdout] 
[INFO] [stdout] error[E0432]: unresolved import `fluvio_smartmodule`
[INFO] [stdout]  --> tests/opt.rs:1:5
[INFO] [stdout]   |
[INFO] [stdout] 1 | use fluvio_smartmodule::SmartOpt;
[INFO] [stdout]   |     ^^^^^^^^^^^^^^^^^^ use of undeclared crate or module `fluvio_smartmodule`
[INFO] [stdout]   |
[INFO] [stdout] help: there is a crate or module with a similar name
[INFO] [stdout]   |
[INFO] [stdout] 1 | use fluvio_smartstream::SmartOpt;
[INFO] [stdout]   |     ~~~~~~~~~~~~~~~~~~
[INFO] [stdout] 
[INFO] [stdout] 
[INFO] [stdout] error: cannot determine resolution for the derive macro `SmartOpt`
[INFO] [stdout]  --> tests/opt.rs:6:19
[INFO] [stdout]   |
[INFO] [stdout] 6 | #[derive(Default, SmartOpt, PartialEq, Debug)]
[INFO] [stdout]   |                   ^^^^^^^^
[INFO] [stdout]   |
[INFO] [stdout]   = note: import resolution is stuck, try simplifying macro imports
[INFO] [stdout] 
[INFO] [stdout] 
[INFO] [stdout] error[E0433]: failed to resolve: use of undeclared crate or module `trybuild`
[INFO] [stdout]  --> tests/parse.rs:3:13
[INFO] [stdout]   |
[INFO] [stdout] 3 |     let t = trybuild::TestCases::check_only();
[INFO] [stdout]   |             ^^^^^^^^ use of undeclared crate or module `trybuild`
[INFO] [stdout] 
[INFO] [stdout] 
[INFO] [stdout] warning: unused import: `std::convert::TryInto`
[INFO] [stdout]  --> tests/opt.rs:4:5
[INFO] [stdout]   |
[INFO] [stdout] 4 | use std::convert::TryInto;
[INFO] [stdout]   |     ^^^^^^^^^^^^^^^^^^^^^
[INFO] [stdout]   |
[INFO] [stdout]   = note: `#[warn(unused_imports)]` on by default
[INFO] [stdout] 
[INFO] [stdout] 
[INFO] [stdout] error: aborting due to 3 previous errors; 1 warning emitted
[INFO] [stdout] 
[INFO] [stdout] 
[INFO] [stdout] Some errors have detailed explanations: E0432, E0433.
[INFO] [stdout] 
[INFO] [stdout] For more information about an error, try `rustc --explain E0432`.
[INFO] [stdout] 
[INFO] [stderr] error: could not compile `fluvio-smartstream` (test "opt") due to 4 previous errors; 1 warning emitted
[INFO] [stderr] warning: build failed, waiting for other jobs to finish...
[INFO] [stdout] error: aborting due to previous error
[INFO] [stdout] 
[INFO] [stdout] 
[INFO] [stdout] For more information about this error, try `rustc --explain E0433`.
[INFO] [stdout] 
[INFO] [stderr] error: could not compile `fluvio-smartstream` (test "parse") due to 2 previous errors
[INFO] running `Command { std: "docker" "inspect" "f75ff48a554dd813f68284e30fee90357cac704a86c1da557b69baaa593c37c9", kill_on_drop: false }`
[INFO] running `Command { std: "docker" "rm" "-f" "f75ff48a554dd813f68284e30fee90357cac704a86c1da557b69baaa593c37c9", kill_on_drop: false }`
[INFO] [stdout] f75ff48a554dd813f68284e30fee90357cac704a86c1da557b69baaa593c37c9
