[INFO] fetching crate fluvio-dataplane-protocol 0.11.6...
[INFO] testing fluvio-dataplane-protocol-0.11.6 against 1.75.0 for beta-1.76-1
[INFO] extracting crate fluvio-dataplane-protocol 0.11.6 into /workspace/builds/worker-6-tc1/source
[INFO] validating manifest of crates.io crate fluvio-dataplane-protocol 0.11.6 on toolchain 1.75.0
[INFO] running `Command { std: CARGO_HOME="/workspace/cargo-home" RUSTUP_HOME="/workspace/rustup-home" "/workspace/cargo-home/bin/cargo" "+1.75.0" "metadata" "--manifest-path" "Cargo.toml" "--no-deps", kill_on_drop: false }`
[INFO] started tweaking crates.io crate fluvio-dataplane-protocol 0.11.6
[INFO] finished tweaking crates.io crate fluvio-dataplane-protocol 0.11.6
[INFO] tweaked toml for crates.io crate fluvio-dataplane-protocol 0.11.6 written to /workspace/builds/worker-6-tc1/source/Cargo.toml
[INFO] running `Command { std: CARGO_HOME="/workspace/cargo-home" RUSTUP_HOME="/workspace/rustup-home" "/workspace/cargo-home/bin/cargo" "+1.75.0" "generate-lockfile" "--manifest-path" "Cargo.toml", kill_on_drop: false }`
[INFO] [stderr]     Updating crates.io index
[INFO] running `Command { std: CARGO_HOME="/workspace/cargo-home" RUSTUP_HOME="/workspace/rustup-home" "/workspace/cargo-home/bin/cargo" "+1.75.0" "fetch" "--manifest-path" "Cargo.toml", kill_on_drop: false }`
[INFO] [stderr]  Downloading crates ...
[INFO] [stderr]   Downloaded flv-util v0.5.2
[INFO] [stderr]   Downloaded fluvio-wasm-timer v0.2.5
[INFO] [stderr]   Downloaded lz4_flex v0.10.0
[INFO] [stderr]   Downloaded fluvio-future v0.4.5
[INFO] [stderr]   Downloaded fluvio-test-derive v0.1.1
[INFO] [stderr]   Downloaded fluvio-protocol-derive v0.4.5
[INFO] [stderr]   Downloaded fluvio-compression v0.2.5
[INFO] [stderr]   Downloaded fluvio-types v0.3.9
[INFO] [stderr]   Downloaded fluvio-protocol v0.7.9
[INFO] running `Command { std: "docker" "create" "-v" "/var/lib/crater-agent-workspace/builds/worker-6-tc1/target:/opt/rustwide/target:rw,Z" "-v" "/var/lib/crater-agent-workspace/builds/worker-6-tc1/source:/opt/rustwide/workdir:ro,Z" "-v" "/var/lib/crater-agent-workspace/cargo-home:/opt/rustwide/cargo-home:ro,Z" "-v" "/var/lib/crater-agent-workspace/rustup-home:/opt/rustwide/rustup-home:ro,Z" "-e" "SOURCE_DIR=/opt/rustwide/workdir" "-e" "CARGO_TARGET_DIR=/opt/rustwide/target" "-e" "CARGO_HOME=/opt/rustwide/cargo-home" "-e" "RUSTUP_HOME=/opt/rustwide/rustup-home" "-w" "/opt/rustwide/workdir" "-m" "1610612736" "--user" "0:0" "--network" "none" "ghcr.io/rust-lang/crates-build-env/linux@sha256:2788e3201cd34a07e3172128adcd8b3090168a8e3bcc40d7c032b9dda1df7d1c" "/opt/rustwide/cargo-home/bin/cargo" "+1.75.0" "metadata" "--no-deps" "--format-version=1", kill_on_drop: false }`
[INFO] [stdout] 197a3751d8a62e1d0bf714e7b59f395672c7b8d5711c3162ba1a82ee3ae13312
[INFO] running `Command { std: "docker" "start" "-a" "197a3751d8a62e1d0bf714e7b59f395672c7b8d5711c3162ba1a82ee3ae13312", kill_on_drop: false }`
[INFO] running `Command { std: "docker" "inspect" "197a3751d8a62e1d0bf714e7b59f395672c7b8d5711c3162ba1a82ee3ae13312", kill_on_drop: false }`
[INFO] running `Command { std: "docker" "rm" "-f" "197a3751d8a62e1d0bf714e7b59f395672c7b8d5711c3162ba1a82ee3ae13312", kill_on_drop: false }`
[INFO] [stdout] 197a3751d8a62e1d0bf714e7b59f395672c7b8d5711c3162ba1a82ee3ae13312
[INFO] running `Command { std: "docker" "create" "-v" "/var/lib/crater-agent-workspace/builds/worker-6-tc1/target:/opt/rustwide/target:rw,Z" "-v" "/var/lib/crater-agent-workspace/builds/worker-6-tc1/source:/opt/rustwide/workdir:ro,Z" "-v" "/var/lib/crater-agent-workspace/cargo-home:/opt/rustwide/cargo-home:ro,Z" "-v" "/var/lib/crater-agent-workspace/rustup-home:/opt/rustwide/rustup-home:ro,Z" "-e" "SOURCE_DIR=/opt/rustwide/workdir" "-e" "CARGO_TARGET_DIR=/opt/rustwide/target" "-e" "CARGO_INCREMENTAL=0" "-e" "RUST_BACKTRACE=full" "-e" "RUSTFLAGS=--cap-lints=warn" "-e" "RUSTDOCFLAGS=--cap-lints=warn" "-e" "CARGO_HOME=/opt/rustwide/cargo-home" "-e" "RUSTUP_HOME=/opt/rustwide/rustup-home" "-w" "/opt/rustwide/workdir" "-m" "1610612736" "--user" "0:0" "--network" "none" "ghcr.io/rust-lang/crates-build-env/linux@sha256:2788e3201cd34a07e3172128adcd8b3090168a8e3bcc40d7c032b9dda1df7d1c" "/opt/rustwide/cargo-home/bin/cargo" "+1.75.0" "build" "--frozen" "--message-format=json", kill_on_drop: false }`
[INFO] [stdout] decaabf47a1a10806794f3be3d107735ca78ad231e401aa3511c90670516c114
[INFO] running `Command { std: "docker" "start" "-a" "decaabf47a1a10806794f3be3d107735ca78ad231e401aa3511c90670516c114", kill_on_drop: false }`
[INFO] [stderr]    Compiling semver v1.0.21
[INFO] [stderr]    Compiling syn v1.0.109
[INFO] [stderr]    Compiling crc32fast v1.3.2
[INFO] [stderr]    Compiling snap v1.1.1
[INFO] [stderr]    Compiling serde v1.0.194
[INFO] [stderr]    Compiling twox-hash v1.6.3
[INFO] [stderr]    Compiling miniz_oxide v0.7.1
[INFO] [stderr]    Compiling eyre v0.6.11
[INFO] [stderr]    Compiling indenter v0.3.3
[INFO] [stderr]    Compiling content_inspector v0.2.4
[INFO] [stderr]    Compiling syn v2.0.48
[INFO] [stderr]    Compiling lz4_flex v0.10.0
[INFO] [stderr]    Compiling flate2 v1.0.28
[INFO] [stderr]    Compiling rustc_version v0.4.0
[INFO] [stderr]    Compiling crc32c v0.6.4
[INFO] [stderr]    Compiling tracing-attributes v0.1.27
[INFO] [stderr]    Compiling thiserror-impl v1.0.56
[INFO] [stderr]    Compiling serde_derive v1.0.194
[INFO] [stderr]    Compiling futures-macro v0.3.30
[INFO] [stderr]    Compiling futures-util v0.3.30
[INFO] [stderr]    Compiling thiserror v1.0.56
[INFO] [stderr]    Compiling tracing v0.1.40
[INFO] [stderr]    Compiling fluvio-future v0.4.5
[INFO] [stderr]    Compiling flv-util v0.5.2
[INFO] [stderr]    Compiling fluvio-types v0.3.9
[INFO] [stderr]    Compiling fluvio-protocol-derive v0.4.5
[INFO] [stderr]    Compiling fluvio-protocol v0.7.9
[INFO] [stderr]    Compiling fluvio-compression v0.2.5
[INFO] [stderr]    Compiling fluvio-dataplane-protocol v0.11.6 (/opt/rustwide/workdir)
[INFO] [stderr]     Finished dev [unoptimized + debuginfo] target(s) in 12.68s
[INFO] running `Command { std: "docker" "inspect" "decaabf47a1a10806794f3be3d107735ca78ad231e401aa3511c90670516c114", kill_on_drop: false }`
[INFO] running `Command { std: "docker" "rm" "-f" "decaabf47a1a10806794f3be3d107735ca78ad231e401aa3511c90670516c114", kill_on_drop: false }`
[INFO] [stdout] decaabf47a1a10806794f3be3d107735ca78ad231e401aa3511c90670516c114
[INFO] running `Command { std: "docker" "create" "-v" "/var/lib/crater-agent-workspace/builds/worker-6-tc1/target:/opt/rustwide/target:rw,Z" "-v" "/var/lib/crater-agent-workspace/builds/worker-6-tc1/source:/opt/rustwide/workdir:ro,Z" "-v" "/var/lib/crater-agent-workspace/cargo-home:/opt/rustwide/cargo-home:ro,Z" "-v" "/var/lib/crater-agent-workspace/rustup-home:/opt/rustwide/rustup-home:ro,Z" "-e" "SOURCE_DIR=/opt/rustwide/workdir" "-e" "CARGO_TARGET_DIR=/opt/rustwide/target" "-e" "CARGO_INCREMENTAL=0" "-e" "RUST_BACKTRACE=full" "-e" "RUSTFLAGS=--cap-lints=warn" "-e" "RUSTDOCFLAGS=--cap-lints=warn" "-e" "CARGO_HOME=/opt/rustwide/cargo-home" "-e" "RUSTUP_HOME=/opt/rustwide/rustup-home" "-w" "/opt/rustwide/workdir" "-m" "1610612736" "--user" "0:0" "--network" "none" "ghcr.io/rust-lang/crates-build-env/linux@sha256:2788e3201cd34a07e3172128adcd8b3090168a8e3bcc40d7c032b9dda1df7d1c" "/opt/rustwide/cargo-home/bin/cargo" "+1.75.0" "test" "--frozen" "--no-run" "--message-format=json", kill_on_drop: false }`
[INFO] [stdout] c607d6e120cc487a67b77766b7cde99d5f152811b8835b1f1b8a98ed6a001e6f
[INFO] running `Command { std: "docker" "start" "-a" "c607d6e120cc487a67b77766b7cde99d5f152811b8835b1f1b8a98ed6a001e6f", kill_on_drop: false }`
[INFO] [stderr]    Compiling crossbeam-utils v0.8.18
[INFO] [stderr]    Compiling parking v2.2.0
[INFO] [stderr]    Compiling futures-io v0.3.30
[INFO] [stderr]    Compiling fastrand v2.0.1
[INFO] [stderr]    Compiling value-bag v1.4.3
[INFO] [stderr]    Compiling rustix v0.38.28
[INFO] [stderr]    Compiling atomic-waker v1.1.2
[INFO] [stderr]    Compiling bitflags v2.4.1
[INFO] [stderr]    Compiling tracing-core v0.1.32
[INFO] [stderr]    Compiling event-listener v2.5.3
[INFO] [stderr]    Compiling async-task v4.7.0
[INFO] [stderr]    Compiling io-lifetimes v1.0.11
[INFO] [stderr]    Compiling linux-raw-sys v0.4.12
[INFO] [stderr]    Compiling polling v2.8.0
[INFO] [stderr]    Compiling waker-fn v1.1.1
[INFO] [stderr]    Compiling rustix v0.37.27
[INFO] [stderr]    Compiling fastrand v1.9.0
[INFO] [stderr]    Compiling async-io v1.13.0
[INFO] [stderr]    Compiling async-lock v2.8.0
[INFO] [stderr]    Compiling linux-raw-sys v0.3.8
[INFO] [stderr]    Compiling futures-lite v2.1.0
[INFO] [stderr]    Compiling log v0.4.20
[INFO] [stderr]    Compiling piper v0.2.1
[INFO] [stderr]    Compiling futures-lite v1.13.0
[INFO] [stderr]    Compiling regex-syntax v0.6.29
[INFO] [stderr]    Compiling regex-syntax v0.8.2
[INFO] [stderr]    Compiling socket2 v0.4.10
[INFO] [stderr]    Compiling async-fs v1.6.0
[INFO] [stderr]    Compiling overload v0.1.1
[INFO] [stderr]    Compiling tracing v0.1.40
[INFO] [stderr]    Compiling sharded-slab v0.1.7
[INFO] [stderr]    Compiling nu-ansi-term v0.46.0
[INFO] [stderr]    Compiling kv-log-macro v1.0.7
[INFO] [stderr]    Compiling concurrent-queue v2.4.0
[INFO] [stderr]    Compiling tracing-log v0.2.0
[INFO] [stderr]    Compiling pin-project-internal v1.1.3
[INFO] [stderr]    Compiling thread_local v1.1.7
[INFO] [stderr]    Compiling event-listener v4.0.2
[INFO] [stderr]    Compiling async-channel v1.9.0
[INFO] [stderr]    Compiling async-trait v0.1.77
[INFO] [stderr]    Compiling fluvio-test-derive v0.1.1
[INFO] [stderr]    Compiling fluvio-protocol-derive v0.4.5
[INFO] [stderr]    Compiling futures-util v0.3.30
[INFO] [stderr]    Compiling fluvio-types v0.3.9
[INFO] [stderr]    Compiling flv-util v0.5.2
[INFO] [stderr]    Compiling event-listener-strategy v0.4.0
[INFO] [stderr]    Compiling async-lock v3.2.0
[INFO] [stderr]    Compiling async-channel v2.1.1
[INFO] [stderr]    Compiling blocking v1.5.1
[INFO] [stderr]    Compiling async-executor v1.8.0
[INFO] [stderr]    Compiling regex-automata v0.4.3
[INFO] [stderr]    Compiling pin-project v1.1.3
[INFO] [stderr]    Compiling regex-automata v0.1.10
[INFO] [stderr]    Compiling fluvio-protocol v0.7.9
[INFO] [stderr]    Compiling matchers v0.1.0
[INFO] [stderr]    Compiling regex v1.10.2
[INFO] [stderr]    Compiling tracing-subscriber v0.3.18
[INFO] [stderr]    Compiling polling v3.3.1
[INFO] [stderr]    Compiling async-io v2.2.2
[INFO] [stderr]    Compiling async-global-executor v2.4.1
[INFO] [stderr]    Compiling async-std v1.12.0
[INFO] [stderr]    Compiling fluvio-future v0.4.5
[INFO] [stderr]    Compiling fluvio-dataplane-protocol v0.11.6 (/opt/rustwide/workdir)
[INFO] [stdout] error[E0432]: unresolved import `futures_util::io`
[INFO] [stdout]  --> tests/file_fetch.rs:6:19
[INFO] [stdout]   |
[INFO] [stdout] 6 | use futures_util::io::AsyncWriteExt;
[INFO] [stdout]   |                   ^^ could not find `io` in `futures_util`
[INFO] [stdout] 
[INFO] [stdout] 
[INFO] [stdout] error[E0432]: unresolved import `fluvio_future::net`
[INFO] [stdout]   --> tests/file_fetch.rs:13:20
[INFO] [stdout]    |
[INFO] [stdout] 13 | use fluvio_future::net::TcpListener;
[INFO] [stdout]    |                    ^^^ could not find `net` in `fluvio_future`
[INFO] [stdout] 
[INFO] [stdout] 
[INFO] [stdout] error[E0432]: unresolved imports `fluvio_dataplane_protocol::fetch::FileFetchResponse`, `fluvio_dataplane_protocol::fetch::FileFetchRequest`, `fluvio_dataplane_protocol::fetch::FilePartitionResponse`, `fluvio_dataplane_protocol::fetch::FileTopicResponse`
[INFO] [stdout]   --> tests/file_fetch.rs:19:26
[INFO] [stdout]    |
[INFO] [stdout] 19 |     DefaultFetchRequest, FileFetchResponse, FileFetchRequest, FilePartitionResponse,
[INFO] [stdout]    |                          ^^^^^^^^^^^^^^^^^  ^^^^^^^^^^^^^^^^  ^^^^^^^^^^^^^^^^^^^^^ no `FilePartitionResponse` in `fetch`
[INFO] [stdout]    |                          |                  |
[INFO] [stdout]    |                          |                  no `FileFetchRequest` in `fetch`
[INFO] [stdout]    |                          no `FileFetchResponse` in `fetch`
[INFO] [stdout] 20 |     FileTopicResponse,
[INFO] [stdout]    |     ^^^^^^^^^^^^^^^^^ no `FileTopicResponse` in `fetch`
[INFO] [stdout]    |
[INFO] [stdout] help: a similar name exists in the module
[INFO] [stdout]    |
[INFO] [stdout] 19 |     DefaultFetchRequest, FetchResponse, FileFetchRequest, FilePartitionResponse,
[INFO] [stdout]    |                          ~~~~~~~~~~~~~
[INFO] [stdout] help: a similar name exists in the module
[INFO] [stdout]    |
[INFO] [stdout] 19 |     DefaultFetchRequest, FileFetchResponse, FetchRequest, FilePartitionResponse,
[INFO] [stdout]    |                                             ~~~~~~~~~~~~
[INFO] [stdout] help: a similar name exists in the module
[INFO] [stdout]    |
[INFO] [stdout] 19 |     DefaultFetchRequest, FileFetchResponse, FileFetchRequest, FetchablePartitionResponse,
[INFO] [stdout]    |                                                               ~~~~~~~~~~~~~~~~~~~~~~~~~~
[INFO] [stdout] 
[INFO] [stdout] 
[INFO] [stdout] error[E0432]: unresolved import `fluvio_socket`
[INFO] [stdout]   --> tests/file_fetch.rs:22:5
[INFO] [stdout]    |
[INFO] [stdout] 22 | use fluvio_socket::SocketError;
[INFO] [stdout]    |     ^^^^^^^^^^^^^ use of undeclared crate or module `fluvio_socket`
[INFO] [stdout] 
[INFO] [stdout] 
[INFO] [stdout] error[E0432]: unresolved import `fluvio_socket`
[INFO] [stdout]   --> tests/file_fetch.rs:25:5
[INFO] [stdout]    |
[INFO] [stdout] 25 | use fluvio_socket::FluvioSocket;
[INFO] [stdout]    |     ^^^^^^^^^^^^^ use of undeclared crate or module `fluvio_socket`
[INFO] [stdout] 
[INFO] [stdout] 
[INFO] [stdout] warning: unused import: `Request`
[INFO] [stdout]   --> tests/file_fetch.rs:15:28
[INFO] [stdout]    |
[INFO] [stdout] 15 | use fluvio_protocol::api::{Request, ResponseMessage, RequestMessage};
[INFO] [stdout]    |                            ^^^^^^^
[INFO] [stdout]    |
[INFO] [stdout]    = note: `#[warn(unused_imports)]` on by default
[INFO] [stdout] 
[INFO] [stdout] 
[INFO] [stdout] error[E0599]: no method named `write_all` found for struct `fluvio_future::fs::File` in the current scope
[INFO] [stdout]   --> tests/file_fetch.rs:51:10
[INFO] [stdout]    |
[INFO] [stdout] 51 |     file.write_all(bytes.as_ref()).await?;
[INFO] [stdout]    |          ^^^^^^^^^ method not found in `File`
[INFO] [stdout]    |
[INFO] [stdout]    = help: items from traits can only be used if the trait is in scope
[INFO] [stdout] help: the following traits are implemented but not in scope; perhaps add a `use` for one of them:
[INFO] [stdout]    |
[INFO] [stdout] 1  + use async_std::io::write::WriteExt;
[INFO] [stdout]    |
[INFO] [stdout] 1  + use futures_lite::io::AsyncWriteExt;
[INFO] [stdout]    |
[INFO] [stdout] 1  + use futures_lite::io::AsyncWriteExt;
[INFO] [stdout]    |
[INFO] [stdout] 1  + use std::io::Write;
[INFO] [stdout]    |
[INFO] [stdout] 
[INFO] [stdout] 
[INFO] [stdout] warning: unused import: `futures_util::stream::StreamExt`
[INFO] [stdout]  --> tests/file_fetch.rs:8:5
[INFO] [stdout]   |
[INFO] [stdout] 8 | use futures_util::stream::StreamExt;
[INFO] [stdout]   |     ^^^^^^^^^^^^^^^^^^^^^^^^^^^^^^^
[INFO] [stdout] 
[INFO] [stdout] 
[INFO] [stdout] error: aborting due to 6 previous errors; 2 warnings emitted
[INFO] [stdout] 
[INFO] [stdout] 
[INFO] [stdout] Some errors have detailed explanations: E0432, E0599.
[INFO] [stdout] 
[INFO] [stdout] For more information about an error, try `rustc --explain E0432`.
[INFO] [stdout] 
[INFO] [stderr] error: could not compile `fluvio-dataplane-protocol` (test "file_fetch") due to 7 previous errors; 2 warnings emitted
[INFO] [stderr] warning: build failed, waiting for other jobs to finish...
[INFO] running `Command { std: "docker" "inspect" "c607d6e120cc487a67b77766b7cde99d5f152811b8835b1f1b8a98ed6a001e6f", kill_on_drop: false }`
[INFO] running `Command { std: "docker" "rm" "-f" "c607d6e120cc487a67b77766b7cde99d5f152811b8835b1f1b8a98ed6a001e6f", kill_on_drop: false }`
[INFO] [stdout] c607d6e120cc487a67b77766b7cde99d5f152811b8835b1f1b8a98ed6a001e6f
[INFO] testing fluvio-dataplane-protocol-0.11.6 against beta-2023-12-22 for beta-1.76-1
[INFO] extracting crate fluvio-dataplane-protocol 0.11.6 into /workspace/builds/worker-6-tc2/source
[INFO] validating manifest of crates.io crate fluvio-dataplane-protocol 0.11.6 on toolchain beta-2023-12-22
[INFO] running `Command { std: CARGO_HOME="/workspace/cargo-home" RUSTUP_HOME="/workspace/rustup-home" "/workspace/cargo-home/bin/cargo" "+beta-2023-12-22" "metadata" "--manifest-path" "Cargo.toml" "--no-deps", kill_on_drop: false }`
[INFO] started tweaking crates.io crate fluvio-dataplane-protocol 0.11.6
[INFO] finished tweaking crates.io crate fluvio-dataplane-protocol 0.11.6
[INFO] tweaked toml for crates.io crate fluvio-dataplane-protocol 0.11.6 written to /workspace/builds/worker-6-tc2/source/Cargo.toml
[INFO] running `Command { std: CARGO_HOME="/workspace/cargo-home" RUSTUP_HOME="/workspace/rustup-home" "/workspace/cargo-home/bin/cargo" "+beta-2023-12-22" "generate-lockfile" "--manifest-path" "Cargo.toml", kill_on_drop: false }`
[INFO] [stderr]     Updating crates.io index
[INFO] running `Command { std: CARGO_HOME="/workspace/cargo-home" RUSTUP_HOME="/workspace/rustup-home" "/workspace/cargo-home/bin/cargo" "+beta-2023-12-22" "fetch" "--manifest-path" "Cargo.toml", kill_on_drop: false }`
[INFO] running `Command { std: "docker" "create" "-v" "/var/lib/crater-agent-workspace/builds/worker-6-tc2/target:/opt/rustwide/target:rw,Z" "-v" "/var/lib/crater-agent-workspace/builds/worker-6-tc2/source:/opt/rustwide/workdir:ro,Z" "-v" "/var/lib/crater-agent-workspace/cargo-home:/opt/rustwide/cargo-home:ro,Z" "-v" "/var/lib/crater-agent-workspace/rustup-home:/opt/rustwide/rustup-home:ro,Z" "-e" "SOURCE_DIR=/opt/rustwide/workdir" "-e" "CARGO_TARGET_DIR=/opt/rustwide/target" "-e" "CARGO_HOME=/opt/rustwide/cargo-home" "-e" "RUSTUP_HOME=/opt/rustwide/rustup-home" "-w" "/opt/rustwide/workdir" "-m" "1610612736" "--user" "0:0" "--network" "none" "ghcr.io/rust-lang/crates-build-env/linux@sha256:2788e3201cd34a07e3172128adcd8b3090168a8e3bcc40d7c032b9dda1df7d1c" "/opt/rustwide/cargo-home/bin/cargo" "+beta-2023-12-22" "metadata" "--no-deps" "--format-version=1", kill_on_drop: false }`
[INFO] [stdout] 05df79e9bcf503c23b73342d5216b40e3217bae25dadee68b0d147c2e726613f
[INFO] running `Command { std: "docker" "start" "-a" "05df79e9bcf503c23b73342d5216b40e3217bae25dadee68b0d147c2e726613f", kill_on_drop: false }`
[INFO] running `Command { std: "docker" "inspect" "05df79e9bcf503c23b73342d5216b40e3217bae25dadee68b0d147c2e726613f", kill_on_drop: false }`
[INFO] running `Command { std: "docker" "rm" "-f" "05df79e9bcf503c23b73342d5216b40e3217bae25dadee68b0d147c2e726613f", kill_on_drop: false }`
[INFO] [stdout] 05df79e9bcf503c23b73342d5216b40e3217bae25dadee68b0d147c2e726613f
[INFO] running `Command { std: "docker" "create" "-v" "/var/lib/crater-agent-workspace/builds/worker-6-tc2/target:/opt/rustwide/target:rw,Z" "-v" "/var/lib/crater-agent-workspace/builds/worker-6-tc2/source:/opt/rustwide/workdir:ro,Z" "-v" "/var/lib/crater-agent-workspace/cargo-home:/opt/rustwide/cargo-home:ro,Z" "-v" "/var/lib/crater-agent-workspace/rustup-home:/opt/rustwide/rustup-home:ro,Z" "-e" "SOURCE_DIR=/opt/rustwide/workdir" "-e" "CARGO_TARGET_DIR=/opt/rustwide/target" "-e" "CARGO_INCREMENTAL=0" "-e" "RUST_BACKTRACE=full" "-e" "RUSTFLAGS=--cap-lints=warn" "-e" "RUSTDOCFLAGS=--cap-lints=warn" "-e" "CARGO_HOME=/opt/rustwide/cargo-home" "-e" "RUSTUP_HOME=/opt/rustwide/rustup-home" "-w" "/opt/rustwide/workdir" "-m" "1610612736" "--user" "0:0" "--network" "none" "ghcr.io/rust-lang/crates-build-env/linux@sha256:2788e3201cd34a07e3172128adcd8b3090168a8e3bcc40d7c032b9dda1df7d1c" "/opt/rustwide/cargo-home/bin/cargo" "+beta-2023-12-22" "build" "--frozen" "--message-format=json", kill_on_drop: false }`
[INFO] [stdout] 50052c913bb778b13eb8d9309523d584cad4ea0c8aa32aeac79427fba3439475
[INFO] running `Command { std: "docker" "start" "-a" "50052c913bb778b13eb8d9309523d584cad4ea0c8aa32aeac79427fba3439475", kill_on_drop: false }`
[INFO] [stderr]    Compiling semver v1.0.21
[INFO] [stderr]    Compiling syn v1.0.109
[INFO] [stderr]    Compiling crc32fast v1.3.2
[INFO] [stderr]    Compiling serde v1.0.194
[INFO] [stderr]    Compiling snap v1.1.1
[INFO] [stderr]    Compiling eyre v0.6.11
[INFO] [stderr]    Compiling twox-hash v1.6.3
[INFO] [stderr]    Compiling miniz_oxide v0.7.1
[INFO] [stderr]    Compiling indenter v0.3.3
[INFO] [stderr]    Compiling content_inspector v0.2.4
[INFO] [stderr]    Compiling syn v2.0.48
[INFO] [stderr]    Compiling lz4_flex v0.10.0
[INFO] [stderr]    Compiling flate2 v1.0.28
[INFO] [stderr]    Compiling rustc_version v0.4.0
[INFO] [stderr]    Compiling crc32c v0.6.4
[INFO] [stderr]    Compiling tracing-attributes v0.1.27
[INFO] [stderr]    Compiling thiserror-impl v1.0.56
[INFO] [stderr]    Compiling serde_derive v1.0.194
[INFO] [stderr]    Compiling futures-macro v0.3.30
[INFO] [stderr]    Compiling futures-util v0.3.30
[INFO] [stderr]    Compiling thiserror v1.0.56
[INFO] [stderr]    Compiling tracing v0.1.40
[INFO] [stderr]    Compiling fluvio-types v0.3.9
[INFO] [stderr]    Compiling fluvio-future v0.4.5
[INFO] [stderr]    Compiling flv-util v0.5.2
[INFO] [stderr]    Compiling fluvio-protocol-derive v0.4.5
[INFO] [stderr]    Compiling fluvio-protocol v0.7.9
[INFO] [stderr]    Compiling fluvio-compression v0.2.5
[INFO] [stderr]    Compiling fluvio-dataplane-protocol v0.11.6 (/opt/rustwide/workdir)
[INFO] [stderr]     Finished dev [unoptimized + debuginfo] target(s) in 9.24s
[INFO] running `Command { std: "docker" "inspect" "50052c913bb778b13eb8d9309523d584cad4ea0c8aa32aeac79427fba3439475", kill_on_drop: false }`
[INFO] running `Command { std: "docker" "rm" "-f" "50052c913bb778b13eb8d9309523d584cad4ea0c8aa32aeac79427fba3439475", kill_on_drop: false }`
[INFO] [stdout] 50052c913bb778b13eb8d9309523d584cad4ea0c8aa32aeac79427fba3439475
[INFO] running `Command { std: "docker" "create" "-v" "/var/lib/crater-agent-workspace/builds/worker-6-tc2/target:/opt/rustwide/target:rw,Z" "-v" "/var/lib/crater-agent-workspace/builds/worker-6-tc2/source:/opt/rustwide/workdir:ro,Z" "-v" "/var/lib/crater-agent-workspace/cargo-home:/opt/rustwide/cargo-home:ro,Z" "-v" "/var/lib/crater-agent-workspace/rustup-home:/opt/rustwide/rustup-home:ro,Z" "-e" "SOURCE_DIR=/opt/rustwide/workdir" "-e" "CARGO_TARGET_DIR=/opt/rustwide/target" "-e" "CARGO_INCREMENTAL=0" "-e" "RUST_BACKTRACE=full" "-e" "RUSTFLAGS=--cap-lints=warn" "-e" "RUSTDOCFLAGS=--cap-lints=warn" "-e" "CARGO_HOME=/opt/rustwide/cargo-home" "-e" "RUSTUP_HOME=/opt/rustwide/rustup-home" "-w" "/opt/rustwide/workdir" "-m" "1610612736" "--user" "0:0" "--network" "none" "ghcr.io/rust-lang/crates-build-env/linux@sha256:2788e3201cd34a07e3172128adcd8b3090168a8e3bcc40d7c032b9dda1df7d1c" "/opt/rustwide/cargo-home/bin/cargo" "+beta-2023-12-22" "test" "--frozen" "--no-run" "--message-format=json", kill_on_drop: false }`
[INFO] [stdout] 85ce5d77dfec500953a1220b132a840465494ae0f364264c49f24103763d4a81
[INFO] running `Command { std: "docker" "start" "-a" "85ce5d77dfec500953a1220b132a840465494ae0f364264c49f24103763d4a81", kill_on_drop: false }`
[INFO] [stderr]    Compiling crossbeam-utils v0.8.18
[INFO] [stderr]    Compiling parking v2.2.0
[INFO] [stderr]    Compiling futures-io v0.3.30
[INFO] [stderr]    Compiling fastrand v2.0.1
[INFO] [stderr]    Compiling value-bag v1.4.3
[INFO] [stderr]    Compiling rustix v0.38.28
[INFO] [stderr]    Compiling async-task v4.7.0
[INFO] [stderr]    Compiling linux-raw-sys v0.4.12
[INFO] [stderr]    Compiling tracing-core v0.1.32
[INFO] [stderr]    Compiling atomic-waker v1.1.2
[INFO] [stderr]    Compiling bitflags v2.4.1
[INFO] [stderr]    Compiling io-lifetimes v1.0.11
[INFO] [stderr]    Compiling event-listener v2.5.3
[INFO] [stderr]    Compiling polling v2.8.0
[INFO] [stderr]    Compiling fastrand v1.9.0
[INFO] [stderr]    Compiling rustix v0.37.27
[INFO] [stderr]    Compiling waker-fn v1.1.1
[INFO] [stderr]    Compiling async-lock v2.8.0
[INFO] [stderr]    Compiling async-io v1.13.0
[INFO] [stderr]    Compiling regex-syntax v0.6.29
[INFO] [stderr]    Compiling log v0.4.20
[INFO] [stderr]    Compiling futures-lite v2.1.0
[INFO] [stderr]    Compiling piper v0.2.1
[INFO] [stderr]    Compiling futures-lite v1.13.0
[INFO] [stderr]    Compiling regex-syntax v0.8.2
[INFO] [stderr]    Compiling linux-raw-sys v0.3.8
[INFO] [stderr]    Compiling socket2 v0.4.10
[INFO] [stderr]    Compiling tracing v0.1.40
[INFO] [stderr]    Compiling async-fs v1.6.0
[INFO] [stderr]    Compiling overload v0.1.1
[INFO] [stderr]    Compiling sharded-slab v0.1.7
[INFO] [stderr]    Compiling nu-ansi-term v0.46.0
[INFO] [stderr]    Compiling tracing-log v0.2.0
[INFO] [stderr]    Compiling kv-log-macro v1.0.7
[INFO] [stderr]    Compiling pin-project-internal v1.1.3
[INFO] [stderr]    Compiling thread_local v1.1.7
[INFO] [stderr]    Compiling concurrent-queue v2.4.0
[INFO] [stderr]    Compiling async-trait v0.1.77
[INFO] [stderr]    Compiling fluvio-test-derive v0.1.1
[INFO] [stderr]    Compiling event-listener v4.0.2
[INFO] [stderr]    Compiling async-channel v1.9.0
[INFO] [stderr]    Compiling futures-util v0.3.30
[INFO] [stderr]    Compiling fluvio-protocol-derive v0.4.5
[INFO] [stderr]    Compiling flv-util v0.5.2
[INFO] [stderr]    Compiling fluvio-types v0.3.9
[INFO] [stderr]    Compiling event-listener-strategy v0.4.0
[INFO] [stderr]    Compiling async-lock v3.2.0
[INFO] [stderr]    Compiling async-channel v2.1.1
[INFO] [stderr]    Compiling blocking v1.5.1
[INFO] [stderr]    Compiling async-executor v1.8.0
[INFO] [stderr]    Compiling regex-automata v0.4.3
[INFO] [stderr]    Compiling regex-automata v0.1.10
[INFO] [stderr]    Compiling pin-project v1.1.3
[INFO] [stderr]    Compiling fluvio-protocol v0.7.9
[INFO] [stderr]    Compiling matchers v0.1.0
[INFO] [stderr]    Compiling regex v1.10.2
[INFO] [stderr]    Compiling tracing-subscriber v0.3.18
[INFO] [stderr]    Compiling polling v3.3.1
[INFO] [stderr]    Compiling async-io v2.2.2
[INFO] [stderr]    Compiling async-global-executor v2.4.1
[INFO] [stderr]    Compiling async-std v1.12.0
[INFO] [stderr]    Compiling fluvio-future v0.4.5
[INFO] [stderr]    Compiling fluvio-dataplane-protocol v0.11.6 (/opt/rustwide/workdir)
[INFO] [stdout] error[E0432]: unresolved import `futures_util::io`
[INFO] [stdout]  --> tests/file_fetch.rs:6:19
[INFO] [stdout]   |
[INFO] [stdout] 6 | use futures_util::io::AsyncWriteExt;
[INFO] [stdout]   |                   ^^ could not find `io` in `futures_util`
[INFO] [stdout] 
[INFO] [stdout] 
[INFO] [stdout] error[E0432]: unresolved import `fluvio_future::net`
[INFO] [stdout]   --> tests/file_fetch.rs:13:20
[INFO] [stdout]    |
[INFO] [stdout] 13 | use fluvio_future::net::TcpListener;
[INFO] [stdout]    |                    ^^^ could not find `net` in `fluvio_future`
[INFO] [stdout] 
[INFO] [stdout] 
[INFO] [stdout] error[E0432]: unresolved imports `fluvio_dataplane_protocol::fetch::FileFetchResponse`, `fluvio_dataplane_protocol::fetch::FileFetchRequest`, `fluvio_dataplane_protocol::fetch::FilePartitionResponse`, `fluvio_dataplane_protocol::fetch::FileTopicResponse`
[INFO] [stdout]   --> tests/file_fetch.rs:19:26
[INFO] [stdout]    |
[INFO] [stdout] 19 |     DefaultFetchRequest, FileFetchResponse, FileFetchRequest, FilePartitionResponse,
[INFO] [stdout]    |                          ^^^^^^^^^^^^^^^^^  ^^^^^^^^^^^^^^^^  ^^^^^^^^^^^^^^^^^^^^^ no `FilePartitionResponse` in `fetch`
[INFO] [stdout]    |                          |                  |
[INFO] [stdout]    |                          |                  no `FileFetchRequest` in `fetch`
[INFO] [stdout]    |                          no `FileFetchResponse` in `fetch`
[INFO] [stdout] 20 |     FileTopicResponse,
[INFO] [stdout]    |     ^^^^^^^^^^^^^^^^^ no `FileTopicResponse` in `fetch`
[INFO] [stdout]    |
[INFO] [stdout] help: a similar name exists in the module
[INFO] [stdout]    |
[INFO] [stdout] 19 |     DefaultFetchRequest, FetchResponse, FileFetchRequest, FilePartitionResponse,
[INFO] [stdout]    |                          ~~~~~~~~~~~~~
[INFO] [stdout] help: a similar name exists in the module
[INFO] [stdout]    |
[INFO] [stdout] 19 |     DefaultFetchRequest, FileFetchResponse, FetchRequest, FilePartitionResponse,
[INFO] [stdout]    |                                             ~~~~~~~~~~~~
[INFO] [stdout] help: a similar name exists in the module
[INFO] [stdout]    |
[INFO] [stdout] 19 |     DefaultFetchRequest, FileFetchResponse, FileFetchRequest, FetchablePartitionResponse,
[INFO] [stdout]    |                                                               ~~~~~~~~~~~~~~~~~~~~~~~~~~
[INFO] [stdout] 
[INFO] [stdout] 
[INFO] [stdout] error[E0432]: unresolved import `fluvio_socket`
[INFO] [stdout]   --> tests/file_fetch.rs:22:5
[INFO] [stdout]    |
[INFO] [stdout] 22 | use fluvio_socket::SocketError;
[INFO] [stdout]    |     ^^^^^^^^^^^^^ use of undeclared crate or module `fluvio_socket`
[INFO] [stdout] 
[INFO] [stdout] 
[INFO] [stdout] error[E0432]: unresolved import `fluvio_socket`
[INFO] [stdout]   --> tests/file_fetch.rs:25:5
[INFO] [stdout]    |
[INFO] [stdout] 25 | use fluvio_socket::FluvioSocket;
[INFO] [stdout]    |     ^^^^^^^^^^^^^ use of undeclared crate or module `fluvio_socket`
[INFO] [stdout] 
[INFO] [stdout] 
[INFO] [stdout] warning: unused import: `Request`
[INFO] [stdout]   --> tests/file_fetch.rs:15:28
[INFO] [stdout]    |
[INFO] [stdout] 15 | use fluvio_protocol::api::{Request, ResponseMessage, RequestMessage};
[INFO] [stdout]    |                            ^^^^^^^
[INFO] [stdout]    |
[INFO] [stdout]    = note: `#[warn(unused_imports)]` on by default
[INFO] [stdout] 
[INFO] [stdout] 
[INFO] [stdout] error[E0599]: no method named `write_all` found for struct `fluvio_future::fs::File` in the current scope
[INFO] [stdout]   --> tests/file_fetch.rs:51:10
[INFO] [stdout]    |
[INFO] [stdout] 51 |     file.write_all(bytes.as_ref()).await?;
[INFO] [stdout]    |          ^^^^^^^^^ method not found in `File`
[INFO] [stdout]    |
[INFO] [stdout]    = help: items from traits can only be used if the trait is in scope
[INFO] [stdout] help: the following traits are implemented but not in scope; perhaps add a `use` for one of them:
[INFO] [stdout]    |
[INFO] [stdout] 1  + use async_std::io::write::WriteExt;
[INFO] [stdout]    |
[INFO] [stdout] 1  + use futures_lite::io::AsyncWriteExt;
[INFO] [stdout]    |
[INFO] [stdout] 1  + use futures_lite::io::AsyncWriteExt;
[INFO] [stdout]    |
[INFO] [stdout] 1  + use std::io::Write;
[INFO] [stdout]    |
[INFO] [stdout] 
[INFO] [stdout] 
[INFO] [stdout] warning: unused import: `futures_util::stream::StreamExt`
[INFO] [stdout]  --> tests/file_fetch.rs:8:5
[INFO] [stdout]   |
[INFO] [stdout] 8 | use futures_util::stream::StreamExt;
[INFO] [stdout]   |     ^^^^^^^^^^^^^^^^^^^^^^^^^^^^^^^
[INFO] [stdout] 
[INFO] [stdout] 
[INFO] [stdout] error: aborting due to 6 previous errors; 2 warnings emitted
[INFO] [stdout] 
[INFO] [stdout] 
[INFO] [stdout] Some errors have detailed explanations: E0432, E0599.
[INFO] [stdout] 
[INFO] [stdout] For more information about an error, try `rustc --explain E0432`.
[INFO] [stdout] 
[INFO] [stderr] error: could not compile `fluvio-dataplane-protocol` (test "file_fetch") due to 7 previous errors; 2 warnings emitted
[INFO] [stderr] warning: build failed, waiting for other jobs to finish...
[INFO] running `Command { std: "docker" "inspect" "85ce5d77dfec500953a1220b132a840465494ae0f364264c49f24103763d4a81", kill_on_drop: false }`
[INFO] running `Command { std: "docker" "rm" "-f" "85ce5d77dfec500953a1220b132a840465494ae0f364264c49f24103763d4a81", kill_on_drop: false }`
[INFO] [stdout] 85ce5d77dfec500953a1220b132a840465494ae0f364264c49f24103763d4a81
