[INFO] fetching crate flow-expression-parser 0.7.0...
[INFO] testing flow-expression-parser-0.7.0 against 1.75.0 for beta-1.76-1
[INFO] extracting crate flow-expression-parser 0.7.0 into /workspace/builds/worker-6-tc1/source
[INFO] validating manifest of crates.io crate flow-expression-parser 0.7.0 on toolchain 1.75.0
[INFO] running `Command { std: CARGO_HOME="/workspace/cargo-home" RUSTUP_HOME="/workspace/rustup-home" "/workspace/cargo-home/bin/cargo" "+1.75.0" "metadata" "--manifest-path" "Cargo.toml" "--no-deps", kill_on_drop: false }`
[INFO] started tweaking crates.io crate flow-expression-parser 0.7.0
[INFO] finished tweaking crates.io crate flow-expression-parser 0.7.0
[INFO] tweaked toml for crates.io crate flow-expression-parser 0.7.0 written to /workspace/builds/worker-6-tc1/source/Cargo.toml
[INFO] running `Command { std: CARGO_HOME="/workspace/cargo-home" RUSTUP_HOME="/workspace/rustup-home" "/workspace/cargo-home/bin/cargo" "+1.75.0" "generate-lockfile" "--manifest-path" "Cargo.toml", kill_on_drop: false }`
[INFO] [stderr]     Updating crates.io index
[INFO] running `Command { std: CARGO_HOME="/workspace/cargo-home" RUSTUP_HOME="/workspace/rustup-home" "/workspace/cargo-home/bin/cargo" "+1.75.0" "fetch" "--manifest-path" "Cargo.toml", kill_on_drop: false }`
[INFO] [stderr]  Downloading crates ...
[INFO] [stderr]   Downloaded opentelemetry v0.19.0
[INFO] [stderr]   Downloaded opentelemetry-proto v0.2.0
[INFO] [stderr]   Downloaded anymap2 v0.13.0
[INFO] [stderr]   Downloaded opentelemetry-otlp v0.12.0
[INFO] [stderr]   Downloaded loose-liquid v0.27.0
[INFO] [stderr]   Downloaded tracing-opentelemetry v0.19.0
[INFO] [stderr]   Downloaded opentelemetry_sdk v0.19.0
[INFO] [stderr]   Downloaded opentelemetry_api v0.19.0
[INFO] [stderr]   Downloaded loose-liquid-derive v0.27.0
[INFO] [stderr]   Downloaded loose-liquid-lib v0.27.0
[INFO] [stderr]   Downloaded loose-liquid-core v0.27.0
[INFO] [stderr]   Downloaded wick-logger v0.4.0
[INFO] [stderr]   Downloaded liquid-json v0.6.1
[INFO] [stderr]   Downloaded wick-test-logger v0.2.0
[INFO] [stderr]   Downloaded wick-xdg v0.4.0
[INFO] [stderr]   Downloaded seeded-random v0.6.0
[INFO] running `Command { std: "docker" "create" "-v" "/var/lib/crater-agent-workspace/builds/worker-6-tc1/target:/opt/rustwide/target:rw,Z" "-v" "/var/lib/crater-agent-workspace/builds/worker-6-tc1/source:/opt/rustwide/workdir:ro,Z" "-v" "/var/lib/crater-agent-workspace/cargo-home:/opt/rustwide/cargo-home:ro,Z" "-v" "/var/lib/crater-agent-workspace/rustup-home:/opt/rustwide/rustup-home:ro,Z" "-e" "SOURCE_DIR=/opt/rustwide/workdir" "-e" "CARGO_TARGET_DIR=/opt/rustwide/target" "-e" "CARGO_HOME=/opt/rustwide/cargo-home" "-e" "RUSTUP_HOME=/opt/rustwide/rustup-home" "-w" "/opt/rustwide/workdir" "-m" "1610612736" "--user" "0:0" "--network" "none" "ghcr.io/rust-lang/crates-build-env/linux@sha256:2788e3201cd34a07e3172128adcd8b3090168a8e3bcc40d7c032b9dda1df7d1c" "/opt/rustwide/cargo-home/bin/cargo" "+1.75.0" "metadata" "--no-deps" "--format-version=1", kill_on_drop: false }`
[INFO] [stdout] f5944427ca21af688542f68dfc995c75cdf05596f294cfb0852e09937705b25b
[INFO] running `Command { std: "docker" "start" "-a" "f5944427ca21af688542f68dfc995c75cdf05596f294cfb0852e09937705b25b", kill_on_drop: false }`
[INFO] running `Command { std: "docker" "inspect" "f5944427ca21af688542f68dfc995c75cdf05596f294cfb0852e09937705b25b", kill_on_drop: false }`
[INFO] running `Command { std: "docker" "rm" "-f" "f5944427ca21af688542f68dfc995c75cdf05596f294cfb0852e09937705b25b", kill_on_drop: false }`
[INFO] [stdout] f5944427ca21af688542f68dfc995c75cdf05596f294cfb0852e09937705b25b
[INFO] running `Command { std: "docker" "create" "-v" "/var/lib/crater-agent-workspace/builds/worker-6-tc1/target:/opt/rustwide/target:rw,Z" "-v" "/var/lib/crater-agent-workspace/builds/worker-6-tc1/source:/opt/rustwide/workdir:ro,Z" "-v" "/var/lib/crater-agent-workspace/cargo-home:/opt/rustwide/cargo-home:ro,Z" "-v" "/var/lib/crater-agent-workspace/rustup-home:/opt/rustwide/rustup-home:ro,Z" "-e" "SOURCE_DIR=/opt/rustwide/workdir" "-e" "CARGO_TARGET_DIR=/opt/rustwide/target" "-e" "CARGO_INCREMENTAL=0" "-e" "RUST_BACKTRACE=full" "-e" "RUSTFLAGS=--cap-lints=warn" "-e" "RUSTDOCFLAGS=--cap-lints=warn" "-e" "CARGO_HOME=/opt/rustwide/cargo-home" "-e" "RUSTUP_HOME=/opt/rustwide/rustup-home" "-w" "/opt/rustwide/workdir" "-m" "1610612736" "--user" "0:0" "--network" "none" "ghcr.io/rust-lang/crates-build-env/linux@sha256:2788e3201cd34a07e3172128adcd8b3090168a8e3bcc40d7c032b9dda1df7d1c" "/opt/rustwide/cargo-home/bin/cargo" "+1.75.0" "build" "--frozen" "--message-format=json", kill_on_drop: false }`
[INFO] [stdout] 55a2a73c203913ecad94f6b73129f7937086d2fc1e028ec31d7b57ba35f5dce2
[INFO] running `Command { std: "docker" "start" "-a" "55a2a73c203913ecad94f6b73129f7937086d2fc1e028ec31d7b57ba35f5dce2", kill_on_drop: false }`
[INFO] [stderr]    Compiling time-macros v0.2.16
[INFO] [stderr]    Compiling deranged v0.3.11
[INFO] [stderr]    Compiling anymap2 v0.13.0
[INFO] [stderr]    Compiling minimal-lexical v0.2.1
[INFO] [stderr]    Compiling uuid v1.6.1
[INFO] [stderr]    Compiling serde_derive v1.0.194
[INFO] [stderr]    Compiling loose-liquid-derive v0.27.0
[INFO] [stderr]    Compiling parking_lot v0.12.1
[INFO] [stderr]    Compiling pest v2.7.6
[INFO] [stderr]    Compiling rand v0.8.5
[INFO] [stderr]    Compiling nom v7.1.3
[INFO] [stderr]    Compiling seeded-random v0.6.0
[INFO] [stderr]    Compiling pest_meta v2.7.6
[INFO] [stderr]    Compiling time v0.3.31
[INFO] [stderr]    Compiling pest_generator v2.7.6
[INFO] [stderr]    Compiling pest_derive v2.7.6
[INFO] [stderr]    Compiling serde v1.0.194
[INFO] [stderr]    Compiling kstring v2.0.0
[INFO] [stderr]    Compiling serde_json v1.0.111
[INFO] [stderr]    Compiling loose-liquid-core v0.27.0
[INFO] [stderr]    Compiling loose-liquid-lib v0.27.0
[INFO] [stderr]    Compiling loose-liquid v0.27.0
[INFO] [stderr]    Compiling liquid-json v0.6.1
[INFO] [stderr]    Compiling flow-expression-parser v0.7.0 (/opt/rustwide/workdir)
[INFO] [stdout] warning: lint `private_in_public` has been removed: replaced with another group of lints, see RFC <https://rust-lang.github.io/rfcs/2145-type-privacy.html> for more information
[INFO] [stdout]   --> src/lib.rs:93:3
[INFO] [stdout]    |
[INFO] [stdout] 93 |   private_in_public,
[INFO] [stdout]    |   ^^^^^^^^^^^^^^^^^
[INFO] [stdout]    |
[INFO] [stdout]    = note: `#[warn(renamed_and_removed_lints)]` on by default
[INFO] [stdout] 
[INFO] [stdout] 
[INFO] [stdout] warning: 1 warning emitted
[INFO] [stdout] 
[INFO] [stdout] 
[INFO] [stderr]     Finished dev [unoptimized + debuginfo] target(s) in 7.11s
[INFO] running `Command { std: "docker" "inspect" "55a2a73c203913ecad94f6b73129f7937086d2fc1e028ec31d7b57ba35f5dce2", kill_on_drop: false }`
[INFO] running `Command { std: "docker" "rm" "-f" "55a2a73c203913ecad94f6b73129f7937086d2fc1e028ec31d7b57ba35f5dce2", kill_on_drop: false }`
[INFO] [stdout] 55a2a73c203913ecad94f6b73129f7937086d2fc1e028ec31d7b57ba35f5dce2
[INFO] running `Command { std: "docker" "create" "-v" "/var/lib/crater-agent-workspace/builds/worker-6-tc1/target:/opt/rustwide/target:rw,Z" "-v" "/var/lib/crater-agent-workspace/builds/worker-6-tc1/source:/opt/rustwide/workdir:ro,Z" "-v" "/var/lib/crater-agent-workspace/cargo-home:/opt/rustwide/cargo-home:ro,Z" "-v" "/var/lib/crater-agent-workspace/rustup-home:/opt/rustwide/rustup-home:ro,Z" "-e" "SOURCE_DIR=/opt/rustwide/workdir" "-e" "CARGO_TARGET_DIR=/opt/rustwide/target" "-e" "CARGO_INCREMENTAL=0" "-e" "RUST_BACKTRACE=full" "-e" "RUSTFLAGS=--cap-lints=warn" "-e" "RUSTDOCFLAGS=--cap-lints=warn" "-e" "CARGO_HOME=/opt/rustwide/cargo-home" "-e" "RUSTUP_HOME=/opt/rustwide/rustup-home" "-w" "/opt/rustwide/workdir" "-m" "1610612736" "--user" "0:0" "--network" "none" "ghcr.io/rust-lang/crates-build-env/linux@sha256:2788e3201cd34a07e3172128adcd8b3090168a8e3bcc40d7c032b9dda1df7d1c" "/opt/rustwide/cargo-home/bin/cargo" "+1.75.0" "test" "--frozen" "--no-run" "--message-format=json", kill_on_drop: false }`
[INFO] [stdout] 4ecb0856fe7cf6cc9d944ae514e112491702621e17f236879a9fa1f8d380f741
[INFO] running `Command { std: "docker" "start" "-a" "4ecb0856fe7cf6cc9d944ae514e112491702621e17f236879a9fa1f8d380f741", kill_on_drop: false }`
[INFO] [stderr]    Compiling indexmap v1.9.3
[INFO] [stderr]    Compiling futures-macro v0.3.30
[INFO] [stderr]    Compiling tokio-macros v2.2.0
[INFO] [stderr]    Compiling tracing-attributes v0.1.27
[INFO] [stderr]    Compiling crossbeam-utils v0.8.18
[INFO] [stderr]    Compiling serde v1.0.194
[INFO] [stderr]    Compiling time v0.3.31
[INFO] [stderr]    Compiling pin-project-internal v1.1.3
[INFO] [stderr]    Compiling pest v2.7.6
[INFO] [stderr]    Compiling either v1.9.0
[INFO] [stderr]    Compiling urlencoding v2.1.3
[INFO] [stderr]    Compiling darling_core v0.14.4
[INFO] [stderr]    Compiling proc-macro-error-attr v1.0.4
[INFO] [stderr]    Compiling dashmap v5.5.3
[INFO] [stderr]    Compiling regex-syntax v0.6.29
[INFO] [stderr]    Compiling proc-macro-error v1.0.4
[INFO] [stderr]    Compiling itertools v0.10.5
[INFO] [stderr]    Compiling async-stream-impl v0.3.5
[INFO] [stderr]    Compiling loose-liquid-derive v0.27.0
[INFO] [stderr]    Compiling rstest_macros v0.18.2
[INFO] [stderr]    Compiling crossbeam-channel v0.5.10
[INFO] [stderr]    Compiling tokio v1.35.1
[INFO] [stderr]    Compiling relative-path v1.9.2
[INFO] [stderr]    Compiling getset v0.1.2
[INFO] [stderr]    Compiling anyhow v1.0.79
[INFO] [stderr]    Compiling async-stream v0.3.5
[INFO] [stderr]    Compiling futures-util v0.3.30
[INFO] [stderr]    Compiling pest_meta v2.7.6
[INFO] [stderr]    Compiling prost-derive v0.11.9
[INFO] [stderr]    Compiling seeded-random v0.6.0
[INFO] [stderr]    Compiling pretty_assertions v1.4.0
[INFO] [stderr]    Compiling wick-test-logger v0.2.0
[INFO] [stderr]    Compiling pin-project v1.1.3
[INFO] [stderr]    Compiling regex-automata v0.1.10
[INFO] [stderr]    Compiling pest_generator v2.7.6
[INFO] [stderr]    Compiling tracing v0.1.40
[INFO] [stderr]    Compiling tracing-futures v0.2.5
[INFO] [stderr]    Compiling kstring v2.0.0
[INFO] [stderr]    Compiling serde_json v1.0.111
[INFO] [stderr]    Compiling wick-xdg v0.4.0
[INFO] [stderr]    Compiling darling_macro v0.14.4
[INFO] [stderr]    Compiling matchers v0.1.0
[INFO] [stderr]    Compiling tracing-subscriber v0.3.18
[INFO] [stderr]    Compiling pest_derive v2.7.6
[INFO] [stderr]    Compiling darling v0.14.4
[INFO] [stderr]    Compiling derive_builder_core v0.12.0
[INFO] [stderr]    Compiling prost v0.11.9
[INFO] [stderr]    Compiling loose-liquid-core v0.27.0
[INFO] [stderr]    Compiling tracing-appender v0.2.3
[INFO] [stderr]    Compiling futures-executor v0.3.30
[INFO] [stderr]    Compiling opentelemetry_api v0.19.0
[INFO] [stderr]    Compiling axum-core v0.3.4
[INFO] [stderr]    Compiling futures v0.3.30
[INFO] [stderr]    Compiling derive_builder_macro v0.12.0
[INFO] [stderr]    Compiling tokio-util v0.7.10
[INFO] [stderr]    Compiling tokio-stream v0.1.14
[INFO] [stderr]    Compiling tokio-io-timeout v1.2.0
[INFO] [stderr]    Compiling opentelemetry_sdk v0.19.0
[INFO] [stderr]    Compiling h2 v0.3.22
[INFO] [stderr]    Compiling tower v0.4.13
[INFO] [stderr]    Compiling derive_builder v0.12.0
[INFO] [stderr]    Compiling loose-liquid-lib v0.27.0
[INFO] [stderr]    Compiling rstest v0.18.2
[INFO] [stderr]    Compiling opentelemetry v0.19.0
[INFO] [stderr]    Compiling tracing-opentelemetry v0.19.0
[INFO] [stderr]    Compiling loose-liquid v0.27.0
[INFO] [stderr]    Compiling liquid-json v0.6.1
[INFO] [stderr]    Compiling flow-expression-parser v0.7.0 (/opt/rustwide/workdir)
[INFO] [stdout] warning: lint `private_in_public` has been removed: replaced with another group of lints, see RFC <https://rust-lang.github.io/rfcs/2145-type-privacy.html> for more information
[INFO] [stdout]   --> src/lib.rs:93:3
[INFO] [stdout]    |
[INFO] [stdout] 93 |   private_in_public,
[INFO] [stdout]    |   ^^^^^^^^^^^^^^^^^
[INFO] [stdout]    |
[INFO] [stdout]    = note: `#[warn(renamed_and_removed_lints)]` on by default
[INFO] [stdout] 
[INFO] [stdout] 
[INFO] [stderr]    Compiling hyper v0.14.28
[INFO] [stdout] warning: 1 warning emitted
[INFO] [stdout] 
[INFO] [stdout] 
[INFO] [stderr]    Compiling axum v0.6.20
[INFO] [stderr]    Compiling hyper-timeout v0.4.1
[INFO] [stderr]    Compiling tonic v0.8.3
[INFO] [stderr]    Compiling opentelemetry-proto v0.2.0
[INFO] [stderr]    Compiling opentelemetry-otlp v0.12.0
[INFO] [stderr]    Compiling wick-logger v0.4.0
[INFO] [stdout] warning: lint `private_in_public` has been removed: replaced with another group of lints, see RFC <https://rust-lang.github.io/rfcs/2145-type-privacy.html> for more information
[INFO] [stdout]   --> src/lib.rs:93:3
[INFO] [stdout]    |
[INFO] [stdout] 93 |   private_in_public,
[INFO] [stdout]    |   ^^^^^^^^^^^^^^^^^
[INFO] [stdout]    |
[INFO] [stdout]    = note: `#[warn(renamed_and_removed_lints)]` on by default
[INFO] [stdout] 
[INFO] [stdout] 
[INFO] [stdout] error[E0277]: the trait bound `nom::Err<nom::error::Error<&str>>: StdError` is not satisfied
[INFO] [stdout]    --> src/parse/v1.rs:239:33
[INFO] [stdout]     |
[INFO] [stdout] 239 |     let (i, t) = instance(input)?;
[INFO] [stdout]     |                                 ^ the trait `StdError` is not implemented for `nom::Err<nom::error::Error<&str>>`
[INFO] [stdout]     |
[INFO] [stdout]     = help: the following other types implement trait `FromResidual<R>`:
[INFO] [stdout]               <std::result::Result<T, F> as FromResidual<Yeet<E>>>
[INFO] [stdout]               <std::result::Result<T, F> as FromResidual<std::result::Result<Infallible, E>>>
[INFO] [stdout]     = note: required for `anyhow::Error` to implement `From<nom::Err<nom::error::Error<&str>>>`
[INFO] [stdout]     = note: required for `std::result::Result<(), anyhow::Error>` to implement `FromResidual<std::result::Result<Infallible, nom::Err<nom::error::Error<&str>>>>`
[INFO] [stdout] 
[INFO] [stdout] 
[INFO] [stdout] error[E0277]: the trait bound `nom::Err<nom::error::Error<&str>>: StdError` is not satisfied
[INFO] [stdout]    --> src/parse/v1.rs:258:39
[INFO] [stdout]     |
[INFO] [stdout] 258 |     let (i, t) = operation_path(input)?;
[INFO] [stdout]     |                                       ^ the trait `StdError` is not implemented for `nom::Err<nom::error::Error<&str>>`
[INFO] [stdout]     |
[INFO] [stdout]     = help: the following other types implement trait `FromResidual<R>`:
[INFO] [stdout]               <std::result::Result<T, F> as FromResidual<Yeet<E>>>
[INFO] [stdout]               <std::result::Result<T, F> as FromResidual<std::result::Result<Infallible, E>>>
[INFO] [stdout]     = note: required for `anyhow::Error` to implement `From<nom::Err<nom::error::Error<&str>>>`
[INFO] [stdout]     = note: required for `std::result::Result<(), anyhow::Error>` to implement `FromResidual<std::result::Result<Infallible, nom::Err<nom::error::Error<&str>>>>`
[INFO] [stdout] 
[INFO] [stdout] 
[INFO] [stdout] error[E0277]: the trait bound `nom::Err<nom::error::Error<&str>>: StdError` is not satisfied
[INFO] [stdout]    --> src/parse/v1.rs:275:53
[INFO] [stdout]     |
[INFO] [stdout] 275 |     let (i, t) = connection_target_expression(input)?;
[INFO] [stdout]     |                                                     ^ the trait `StdError` is not implemented for `nom::Err<nom::error::Error<&str>>`
[INFO] [stdout]     |
[INFO] [stdout]     = help: the following other types implement trait `FromResidual<R>`:
[INFO] [stdout]               <std::result::Result<T, F> as FromResidual<Yeet<E>>>
[INFO] [stdout]               <std::result::Result<T, F> as FromResidual<std::result::Result<Infallible, E>>>
[INFO] [stdout]     = note: required for `anyhow::Error` to implement `From<nom::Err<nom::error::Error<&str>>>`
[INFO] [stdout]     = note: required for `std::result::Result<(), anyhow::Error>` to implement `FromResidual<std::result::Result<Infallible, nom::Err<nom::error::Error<&str>>>>`
[INFO] [stdout] 
[INFO] [stdout] 
[INFO] [stdout] error[E0277]: the trait bound `nom::Err<nom::error::Error<&str>>: StdError` is not satisfied
[INFO] [stdout]    --> src/parse/v1.rs:287:43
[INFO] [stdout]     |
[INFO] [stdout] 287 |     let (i, actual) = instance_port(input)?;
[INFO] [stdout]     |                                           ^ the trait `StdError` is not implemented for `nom::Err<nom::error::Error<&str>>`
[INFO] [stdout]     |
[INFO] [stdout]     = help: the following other types implement trait `FromResidual<R>`:
[INFO] [stdout]               <std::result::Result<T, F> as FromResidual<Yeet<E>>>
[INFO] [stdout]               <std::result::Result<T, F> as FromResidual<std::result::Result<Infallible, E>>>
[INFO] [stdout]     = note: required for `anyhow::Error` to implement `From<nom::Err<nom::error::Error<&str>>>`
[INFO] [stdout]     = note: required for `std::result::Result<(), anyhow::Error>` to implement `FromResidual<std::result::Result<Infallible, nom::Err<nom::error::Error<&str>>>>`
[INFO] [stdout] 
[INFO] [stdout] 
[INFO] [stdout] error[E0277]: the trait bound `nom::Err<nom::error::Error<&str>>: StdError` is not satisfied
[INFO] [stdout]    --> src/parse/v1.rs:308:55
[INFO] [stdout]     |
[INFO] [stdout] 308 |     let (i, t) = connection_expression_sequence(input)?;
[INFO] [stdout]     |                                                       ^ the trait `StdError` is not implemented for `nom::Err<nom::error::Error<&str>>`
[INFO] [stdout]     |
[INFO] [stdout]     = help: the following other types implement trait `FromResidual<R>`:
[INFO] [stdout]               <std::result::Result<T, F> as FromResidual<Yeet<E>>>
[INFO] [stdout]               <std::result::Result<T, F> as FromResidual<std::result::Result<Infallible, E>>>
[INFO] [stdout]     = note: required for `anyhow::Error` to implement `From<nom::Err<nom::error::Error<&str>>>`
[INFO] [stdout]     = note: required for `std::result::Result<(), anyhow::Error>` to implement `FromResidual<std::result::Result<Infallible, nom::Err<nom::error::Error<&str>>>>`
[INFO] [stdout] 
[INFO] [stdout] 
[INFO] [stdout] error[E0277]: the trait bound `nom::Err<nom::error::Error<&str>>: StdError` is not satisfied
[INFO] [stdout]    --> src/parse/v1.rs:417:47
[INFO] [stdout]     |
[INFO] [stdout] 417 |       let (t, actual) = flow_expression(input)?;
[INFO] [stdout]     |                                               ^ the trait `StdError` is not implemented for `nom::Err<nom::error::Error<&str>>`
[INFO] [stdout]     |
[INFO] [stdout]     = help: the following other types implement trait `FromResidual<R>`:
[INFO] [stdout]               <std::result::Result<T, F> as FromResidual<Yeet<E>>>
[INFO] [stdout]               <std::result::Result<T, F> as FromResidual<std::result::Result<Infallible, E>>>
[INFO] [stdout]     = note: required for `anyhow::Error` to implement `From<nom::Err<nom::error::Error<&str>>>`
[INFO] [stdout]     = note: required for `std::result::Result<(), anyhow::Error>` to implement `FromResidual<std::result::Result<Infallible, nom::Err<nom::error::Error<&str>>>>`
[INFO] [stdout] 
[INFO] [stdout] 
[INFO] [stdout] error: aborting due to 6 previous errors; 1 warning emitted
[INFO] [stdout] 
[INFO] [stdout] 
[INFO] [stdout] For more information about this error, try `rustc --explain E0277`.
[INFO] [stdout] 
[INFO] [stderr] error: could not compile `flow-expression-parser` (lib test) due to 7 previous errors; 1 warning emitted
[INFO] running `Command { std: "docker" "inspect" "4ecb0856fe7cf6cc9d944ae514e112491702621e17f236879a9fa1f8d380f741", kill_on_drop: false }`
[INFO] running `Command { std: "docker" "rm" "-f" "4ecb0856fe7cf6cc9d944ae514e112491702621e17f236879a9fa1f8d380f741", kill_on_drop: false }`
[INFO] [stdout] 4ecb0856fe7cf6cc9d944ae514e112491702621e17f236879a9fa1f8d380f741
