[INFO] fetching crate flat_spatial 0.6.0...
[INFO] testing flat_spatial-0.6.0 against 1.75.0 for beta-1.76-1
[INFO] extracting crate flat_spatial 0.6.0 into /workspace/builds/worker-6-tc1/source
[INFO] validating manifest of crates.io crate flat_spatial 0.6.0 on toolchain 1.75.0
[INFO] running `Command { std: CARGO_HOME="/workspace/cargo-home" RUSTUP_HOME="/workspace/rustup-home" "/workspace/cargo-home/bin/cargo" "+1.75.0" "metadata" "--manifest-path" "Cargo.toml" "--no-deps", kill_on_drop: false }`
[INFO] started tweaking crates.io crate flat_spatial 0.6.0
[INFO] removed 0 missing examples
[INFO] finished tweaking crates.io crate flat_spatial 0.6.0
[INFO] tweaked toml for crates.io crate flat_spatial 0.6.0 written to /workspace/builds/worker-6-tc1/source/Cargo.toml
[INFO] crate crates.io crate flat_spatial 0.6.0 already has a lockfile, it will not be regenerated
[INFO] running `Command { std: CARGO_HOME="/workspace/cargo-home" RUSTUP_HOME="/workspace/rustup-home" "/workspace/cargo-home/bin/cargo" "+1.75.0" "fetch" "--manifest-path" "Cargo.toml", kill_on_drop: false }`
[INFO] [stderr]     Updating crates.io index
[INFO] [stderr]  Downloading crates ...
[INFO] [stderr]   Downloaded atomic-polyfill v0.1.11
[INFO] [stderr]   Downloaded heapless v0.7.16
[INFO] [stderr]   Downloaded matrixmultiply v0.3.7
[INFO] [stderr]   Downloaded parry2d v0.13.5
[INFO] [stderr]   Downloaded optional v0.5.0
[INFO] [stderr]   Downloaded wide v0.7.11
[INFO] [stderr]   Downloaded rstar v0.9.3
[INFO] [stderr]   Downloaded spade v2.2.0
[INFO] [stderr]   Downloaded kdbush v0.2.0
[INFO] [stderr]   Downloaded slotmapd v1.0.9
[INFO] running `Command { std: "docker" "create" "-v" "/var/lib/crater-agent-workspace/builds/worker-6-tc1/target:/opt/rustwide/target:rw,Z" "-v" "/var/lib/crater-agent-workspace/builds/worker-6-tc1/source:/opt/rustwide/workdir:ro,Z" "-v" "/var/lib/crater-agent-workspace/cargo-home:/opt/rustwide/cargo-home:ro,Z" "-v" "/var/lib/crater-agent-workspace/rustup-home:/opt/rustwide/rustup-home:ro,Z" "-e" "SOURCE_DIR=/opt/rustwide/workdir" "-e" "CARGO_TARGET_DIR=/opt/rustwide/target" "-e" "CARGO_HOME=/opt/rustwide/cargo-home" "-e" "RUSTUP_HOME=/opt/rustwide/rustup-home" "-w" "/opt/rustwide/workdir" "-m" "1610612736" "--user" "0:0" "--network" "none" "ghcr.io/rust-lang/crates-build-env/linux@sha256:2788e3201cd34a07e3172128adcd8b3090168a8e3bcc40d7c032b9dda1df7d1c" "/opt/rustwide/cargo-home/bin/cargo" "+1.75.0" "metadata" "--no-deps" "--format-version=1", kill_on_drop: false }`
[INFO] [stdout] 8bdd609efd0768248753cdbb459f7ee049940c9ea9741d330040265487495098
[INFO] running `Command { std: "docker" "start" "-a" "8bdd609efd0768248753cdbb459f7ee049940c9ea9741d330040265487495098", kill_on_drop: false }`
[INFO] running `Command { std: "docker" "inspect" "8bdd609efd0768248753cdbb459f7ee049940c9ea9741d330040265487495098", kill_on_drop: false }`
[INFO] running `Command { std: "docker" "rm" "-f" "8bdd609efd0768248753cdbb459f7ee049940c9ea9741d330040265487495098", kill_on_drop: false }`
[INFO] [stdout] 8bdd609efd0768248753cdbb459f7ee049940c9ea9741d330040265487495098
[INFO] running `Command { std: "docker" "create" "-v" "/var/lib/crater-agent-workspace/builds/worker-6-tc1/target:/opt/rustwide/target:rw,Z" "-v" "/var/lib/crater-agent-workspace/builds/worker-6-tc1/source:/opt/rustwide/workdir:ro,Z" "-v" "/var/lib/crater-agent-workspace/cargo-home:/opt/rustwide/cargo-home:ro,Z" "-v" "/var/lib/crater-agent-workspace/rustup-home:/opt/rustwide/rustup-home:ro,Z" "-e" "SOURCE_DIR=/opt/rustwide/workdir" "-e" "CARGO_TARGET_DIR=/opt/rustwide/target" "-e" "CARGO_INCREMENTAL=0" "-e" "RUST_BACKTRACE=full" "-e" "RUSTFLAGS=--cap-lints=warn" "-e" "RUSTDOCFLAGS=--cap-lints=warn" "-e" "CARGO_HOME=/opt/rustwide/cargo-home" "-e" "RUSTUP_HOME=/opt/rustwide/rustup-home" "-w" "/opt/rustwide/workdir" "-m" "1610612736" "--user" "0:0" "--network" "none" "ghcr.io/rust-lang/crates-build-env/linux@sha256:2788e3201cd34a07e3172128adcd8b3090168a8e3bcc40d7c032b9dda1df7d1c" "/opt/rustwide/cargo-home/bin/cargo" "+1.75.0" "build" "--frozen" "--message-format=json", kill_on_drop: false }`
[INFO] [stdout] fdc36d1678cea17f2fccd4efbc00ce861be29436a12ac56f406fd0a675214668
[INFO] running `Command { std: "docker" "start" "-a" "fdc36d1678cea17f2fccd4efbc00ce861be29436a12ac56f406fd0a675214668", kill_on_drop: false }`
[INFO] [stderr]    Compiling slotmapd v1.0.9
[INFO] [stderr]    Compiling flat_spatial v0.6.0 (/opt/rustwide/workdir)
[INFO] [stderr]     Finished dev [unoptimized + debuginfo] target(s) in 0.53s
[INFO] running `Command { std: "docker" "inspect" "fdc36d1678cea17f2fccd4efbc00ce861be29436a12ac56f406fd0a675214668", kill_on_drop: false }`
[INFO] running `Command { std: "docker" "rm" "-f" "fdc36d1678cea17f2fccd4efbc00ce861be29436a12ac56f406fd0a675214668", kill_on_drop: false }`
[INFO] [stdout] fdc36d1678cea17f2fccd4efbc00ce861be29436a12ac56f406fd0a675214668
[INFO] running `Command { std: "docker" "create" "-v" "/var/lib/crater-agent-workspace/builds/worker-6-tc1/target:/opt/rustwide/target:rw,Z" "-v" "/var/lib/crater-agent-workspace/builds/worker-6-tc1/source:/opt/rustwide/workdir:ro,Z" "-v" "/var/lib/crater-agent-workspace/cargo-home:/opt/rustwide/cargo-home:ro,Z" "-v" "/var/lib/crater-agent-workspace/rustup-home:/opt/rustwide/rustup-home:ro,Z" "-e" "SOURCE_DIR=/opt/rustwide/workdir" "-e" "CARGO_TARGET_DIR=/opt/rustwide/target" "-e" "CARGO_INCREMENTAL=0" "-e" "RUST_BACKTRACE=full" "-e" "RUSTFLAGS=--cap-lints=warn" "-e" "RUSTDOCFLAGS=--cap-lints=warn" "-e" "CARGO_HOME=/opt/rustwide/cargo-home" "-e" "RUSTUP_HOME=/opt/rustwide/rustup-home" "-w" "/opt/rustwide/workdir" "-m" "1610612736" "--user" "0:0" "--network" "none" "ghcr.io/rust-lang/crates-build-env/linux@sha256:2788e3201cd34a07e3172128adcd8b3090168a8e3bcc40d7c032b9dda1df7d1c" "/opt/rustwide/cargo-home/bin/cargo" "+1.75.0" "test" "--frozen" "--no-run" "--message-format=json", kill_on_drop: false }`
[INFO] [stdout] b984e4f5c1152ae79ff488350304d8a39b8b866d5fdfd329c99df45ceefcc6db
[INFO] running `Command { std: "docker" "start" "-a" "b984e4f5c1152ae79ff488350304d8a39b8b866d5fdfd329c99df45ceefcc6db", kill_on_drop: false }`
[INFO] [stderr]    Compiling libc v0.2.147
[INFO] [stderr]    Compiling crossbeam-utils v0.8.16
[INFO] [stderr]    Compiling memoffset v0.9.0
[INFO] [stderr]    Compiling semver v1.0.18
[INFO] [stderr]    Compiling serde v1.0.180
[INFO] [stderr]    Compiling libm v0.2.7
[INFO] [stderr]    Compiling num-traits v0.2.16
[INFO] [stderr]    Compiling crossbeam-epoch v0.9.15
[INFO] [stderr]    Compiling lock_api v0.4.10
[INFO] [stderr]    Compiling getrandom v0.1.16
[INFO] [stderr]    Compiling memchr v2.5.0
[INFO] [stderr]    Compiling rustc_version v0.4.0
[INFO] [stderr]    Compiling rayon-core v1.11.0
[INFO] [stderr]    Compiling ryu v1.0.15
[INFO] [stderr]    Compiling serde_json v1.0.104
[INFO] [stderr]    Compiling itoa v1.0.9
[INFO] [stderr]    Compiling either v1.9.0
[INFO] [stderr]    Compiling heapless v0.7.16
[INFO] [stderr]    Compiling num_cpus v1.16.0
[INFO] [stderr]    Compiling crossbeam-deque v0.8.3
[INFO] [stderr]    Compiling crossbeam-channel v0.5.8
[INFO] [stderr]    Compiling regex-syntax v0.7.4
[INFO] [stderr]    Compiling byteorder v1.4.3
[INFO] [stderr]    Compiling unicode-width v0.1.10
[INFO] [stderr]    Compiling plotters-backend v0.3.5
[INFO] [stderr]    Compiling hash32 v0.2.1
[INFO] [stderr]    Compiling textwrap v0.11.0
[INFO] [stderr]    Compiling spin v0.9.8
[INFO] [stderr]    Compiling csv-core v0.1.10
[INFO] [stderr]    Compiling plotters-svg v0.3.5
[INFO] [stderr]    Compiling rand_core v0.5.1
[INFO] [stderr]    Compiling itertools v0.10.5
[INFO] [stderr]    Compiling cast v0.3.0
[INFO] [stderr]    Compiling stable_deref_trait v1.2.0
[INFO] [stderr]    Compiling ppv-lite86 v0.2.17
[INFO] [stderr]    Compiling half v1.8.2
[INFO] [stderr]    Compiling same-file v1.0.6
[INFO] [stderr]    Compiling walkdir v2.3.3
[INFO] [stderr]    Compiling rand_chacha v0.2.2
[INFO] [stderr]    Compiling rayon v1.7.0
[INFO] [stderr]    Compiling regex-automata v0.3.4
[INFO] [stderr]    Compiling clap v2.34.0
[INFO] [stderr]    Compiling plotters v0.3.5
[INFO] [stderr]    Compiling serde_cbor v0.11.2
[INFO] [stderr]    Compiling csv v1.2.2
[INFO] [stderr]    Compiling tinytemplate v1.2.1
[INFO] [stderr]    Compiling regex v1.9.1
[INFO] [stderr]    Compiling criterion-plot v0.4.5
[INFO] [stderr]    Compiling atty v0.2.14
[INFO] [stderr]    Compiling oorandom v11.1.3
[INFO] [stderr]    Compiling smallvec v1.11.0
[INFO] [stderr]    Compiling serde_derive v1.0.180
[INFO] [stderr]    Compiling rand v0.7.3
[INFO] [stderr]    Compiling euclid v0.22.9
[INFO] [stderr]    Compiling rstar v0.9.3
[INFO] [stderr]    Compiling kdbush v0.2.0
[INFO] [stderr]    Compiling fastrand v1.9.0
[INFO] [stderr]    Compiling criterion v0.3.6
[INFO] [stderr]    Compiling flat_spatial v0.6.0 (/opt/rustwide/workdir)
[INFO] [stdout] error[E0277]: the trait bound `Rect<f32, ()>: AABB` is not satisfied
[INFO] [stdout]   --> examples/shapegrid.rs:13:33
[INFO] [stdout]    |
[INFO] [stdout] 13 | fn query_setup_shape(s: i32) -> AABBGrid<Data, Rect<f32, ()>> {
[INFO] [stdout]    |                                 ^^^^^^^^^^^^^^^^^^^^^^^^^^^^^ the trait `AABB` is not implemented for `Rect<f32, ()>`
[INFO] [stdout]    |
[INFO] [stdout] note: required by a bound in `AABBGrid`
[INFO] [stdout]   --> /opt/rustwide/workdir/src/aabbgrid.rs:60:34
[INFO] [stdout]    |
[INFO] [stdout] 60 | pub struct AABBGrid<O: Copy, AB: AABB> {
[INFO] [stdout]    |                                  ^^^^ required by this bound in `AABBGrid`
[INFO] [stdout] 
[INFO] [stdout] 
[INFO] [stdout] error[E0277]: the trait bound `Rect<f32, ()>: AABB` is not satisfied
[INFO] [stdout]   --> examples/shapegrid.rs:28:26
[INFO] [stdout]    |
[INFO] [stdout] 28 | fn query_5_shapegrid(g: &AABBGrid<Data, Rect<f32, ()>>, iter: u64) -> Duration {
[INFO] [stdout]    |                          ^^^^^^^^^^^^^^^^^^^^^^^^^^^^^ the trait `AABB` is not implemented for `Rect<f32, ()>`
[INFO] [stdout]    |
[INFO] [stdout] note: required by a bound in `AABBGrid`
[INFO] [stdout]   --> /opt/rustwide/workdir/src/aabbgrid.rs:60:34
[INFO] [stdout]    |
[INFO] [stdout] 60 | pub struct AABBGrid<O: Copy, AB: AABB> {
[INFO] [stdout]    |                                  ^^^^ required by this bound in `AABBGrid`
[INFO] [stdout] 
[INFO] [stdout] 
[INFO] [stdout] error: aborting due to 2 previous errors
[INFO] [stdout] 
[INFO] [stdout] 
[INFO] [stdout] For more information about this error, try `rustc --explain E0277`.
[INFO] [stdout] 
[INFO] [stderr] error: could not compile `flat_spatial` (example "shapegrid") due to 3 previous errors
[INFO] [stderr] warning: build failed, waiting for other jobs to finish...
[INFO] [stdout] warning: function `query` is never used
[INFO] [stdout]    --> examples/storage_bench.rs:168:4
[INFO] [stdout]     |
[INFO] [stdout] 168 | fn query(c: &mut Criterion) {
[INFO] [stdout]     |    ^^^^^
[INFO] [stdout]     |
[INFO] [stdout]     = note: `#[warn(dead_code)]` on by default
[INFO] [stdout] 
[INFO] [stdout] 
[INFO] [stdout] warning: function `maintain_kdtree_seq` is never used
[INFO] [stdout]    --> examples/storage_bench.rs:254:4
[INFO] [stdout]     |
[INFO] [stdout] 254 | fn maintain_kdtree_seq(iter: u64) -> Duration {
[INFO] [stdout]     |    ^^^^^^^^^^^^^^^^^^^
[INFO] [stdout] 
[INFO] [stdout] 
[INFO] [stdout] warning: function `maintain` is never used
[INFO] [stdout]    --> examples/storage_bench.rs:298:4
[INFO] [stdout]     |
[INFO] [stdout] 298 | fn maintain(c: &mut Criterion) {
[INFO] [stdout]     |    ^^^^^^^^
[INFO] [stdout] 
[INFO] [stdout] 
[INFO] [stdout] warning: 3 warnings emitted
[INFO] [stdout] 
[INFO] [stdout] 
[INFO] running `Command { std: "docker" "inspect" "b984e4f5c1152ae79ff488350304d8a39b8b866d5fdfd329c99df45ceefcc6db", kill_on_drop: false }`
[INFO] running `Command { std: "docker" "rm" "-f" "b984e4f5c1152ae79ff488350304d8a39b8b866d5fdfd329c99df45ceefcc6db", kill_on_drop: false }`
[INFO] [stdout] b984e4f5c1152ae79ff488350304d8a39b8b866d5fdfd329c99df45ceefcc6db
[INFO] testing flat_spatial-0.6.0 against beta-2023-12-22 for beta-1.76-1
[INFO] extracting crate flat_spatial 0.6.0 into /workspace/builds/worker-6-tc2/source
[INFO] validating manifest of crates.io crate flat_spatial 0.6.0 on toolchain beta-2023-12-22
[INFO] running `Command { std: CARGO_HOME="/workspace/cargo-home" RUSTUP_HOME="/workspace/rustup-home" "/workspace/cargo-home/bin/cargo" "+beta-2023-12-22" "metadata" "--manifest-path" "Cargo.toml" "--no-deps", kill_on_drop: false }`
[INFO] started tweaking crates.io crate flat_spatial 0.6.0
[INFO] removed 0 missing examples
[INFO] finished tweaking crates.io crate flat_spatial 0.6.0
[INFO] tweaked toml for crates.io crate flat_spatial 0.6.0 written to /workspace/builds/worker-6-tc2/source/Cargo.toml
[INFO] crate crates.io crate flat_spatial 0.6.0 already has a lockfile, it will not be regenerated
[INFO] running `Command { std: CARGO_HOME="/workspace/cargo-home" RUSTUP_HOME="/workspace/rustup-home" "/workspace/cargo-home/bin/cargo" "+beta-2023-12-22" "fetch" "--manifest-path" "Cargo.toml", kill_on_drop: false }`
[INFO] running `Command { std: "docker" "create" "-v" "/var/lib/crater-agent-workspace/builds/worker-6-tc2/target:/opt/rustwide/target:rw,Z" "-v" "/var/lib/crater-agent-workspace/builds/worker-6-tc2/source:/opt/rustwide/workdir:ro,Z" "-v" "/var/lib/crater-agent-workspace/cargo-home:/opt/rustwide/cargo-home:ro,Z" "-v" "/var/lib/crater-agent-workspace/rustup-home:/opt/rustwide/rustup-home:ro,Z" "-e" "SOURCE_DIR=/opt/rustwide/workdir" "-e" "CARGO_TARGET_DIR=/opt/rustwide/target" "-e" "CARGO_HOME=/opt/rustwide/cargo-home" "-e" "RUSTUP_HOME=/opt/rustwide/rustup-home" "-w" "/opt/rustwide/workdir" "-m" "1610612736" "--user" "0:0" "--network" "none" "ghcr.io/rust-lang/crates-build-env/linux@sha256:2788e3201cd34a07e3172128adcd8b3090168a8e3bcc40d7c032b9dda1df7d1c" "/opt/rustwide/cargo-home/bin/cargo" "+beta-2023-12-22" "metadata" "--no-deps" "--format-version=1", kill_on_drop: false }`
[INFO] [stdout] 759ce152269c8f2b5d705c761683d29be61155e57b55db6ca37c48e2b706c13d
[INFO] running `Command { std: "docker" "start" "-a" "759ce152269c8f2b5d705c761683d29be61155e57b55db6ca37c48e2b706c13d", kill_on_drop: false }`
[INFO] running `Command { std: "docker" "inspect" "759ce152269c8f2b5d705c761683d29be61155e57b55db6ca37c48e2b706c13d", kill_on_drop: false }`
[INFO] running `Command { std: "docker" "rm" "-f" "759ce152269c8f2b5d705c761683d29be61155e57b55db6ca37c48e2b706c13d", kill_on_drop: false }`
[INFO] [stdout] 759ce152269c8f2b5d705c761683d29be61155e57b55db6ca37c48e2b706c13d
[INFO] running `Command { std: "docker" "create" "-v" "/var/lib/crater-agent-workspace/builds/worker-6-tc2/target:/opt/rustwide/target:rw,Z" "-v" "/var/lib/crater-agent-workspace/builds/worker-6-tc2/source:/opt/rustwide/workdir:ro,Z" "-v" "/var/lib/crater-agent-workspace/cargo-home:/opt/rustwide/cargo-home:ro,Z" "-v" "/var/lib/crater-agent-workspace/rustup-home:/opt/rustwide/rustup-home:ro,Z" "-e" "SOURCE_DIR=/opt/rustwide/workdir" "-e" "CARGO_TARGET_DIR=/opt/rustwide/target" "-e" "CARGO_INCREMENTAL=0" "-e" "RUST_BACKTRACE=full" "-e" "RUSTFLAGS=--cap-lints=warn" "-e" "RUSTDOCFLAGS=--cap-lints=warn" "-e" "CARGO_HOME=/opt/rustwide/cargo-home" "-e" "RUSTUP_HOME=/opt/rustwide/rustup-home" "-w" "/opt/rustwide/workdir" "-m" "1610612736" "--user" "0:0" "--network" "none" "ghcr.io/rust-lang/crates-build-env/linux@sha256:2788e3201cd34a07e3172128adcd8b3090168a8e3bcc40d7c032b9dda1df7d1c" "/opt/rustwide/cargo-home/bin/cargo" "+beta-2023-12-22" "build" "--frozen" "--message-format=json", kill_on_drop: false }`
[INFO] [stdout] 1437bdec907ed90221387006b5bc4f266ecf72f961288870f36f3a9e844c7aa0
[INFO] running `Command { std: "docker" "start" "-a" "1437bdec907ed90221387006b5bc4f266ecf72f961288870f36f3a9e844c7aa0", kill_on_drop: false }`
[INFO] [stderr]    Compiling slotmapd v1.0.9
[INFO] [stderr]    Compiling flat_spatial v0.6.0 (/opt/rustwide/workdir)
[INFO] [stderr]     Finished dev [unoptimized + debuginfo] target(s) in 0.31s
[INFO] running `Command { std: "docker" "inspect" "1437bdec907ed90221387006b5bc4f266ecf72f961288870f36f3a9e844c7aa0", kill_on_drop: false }`
[INFO] running `Command { std: "docker" "rm" "-f" "1437bdec907ed90221387006b5bc4f266ecf72f961288870f36f3a9e844c7aa0", kill_on_drop: false }`
[INFO] [stdout] 1437bdec907ed90221387006b5bc4f266ecf72f961288870f36f3a9e844c7aa0
[INFO] running `Command { std: "docker" "create" "-v" "/var/lib/crater-agent-workspace/builds/worker-6-tc2/target:/opt/rustwide/target:rw,Z" "-v" "/var/lib/crater-agent-workspace/builds/worker-6-tc2/source:/opt/rustwide/workdir:ro,Z" "-v" "/var/lib/crater-agent-workspace/cargo-home:/opt/rustwide/cargo-home:ro,Z" "-v" "/var/lib/crater-agent-workspace/rustup-home:/opt/rustwide/rustup-home:ro,Z" "-e" "SOURCE_DIR=/opt/rustwide/workdir" "-e" "CARGO_TARGET_DIR=/opt/rustwide/target" "-e" "CARGO_INCREMENTAL=0" "-e" "RUST_BACKTRACE=full" "-e" "RUSTFLAGS=--cap-lints=warn" "-e" "RUSTDOCFLAGS=--cap-lints=warn" "-e" "CARGO_HOME=/opt/rustwide/cargo-home" "-e" "RUSTUP_HOME=/opt/rustwide/rustup-home" "-w" "/opt/rustwide/workdir" "-m" "1610612736" "--user" "0:0" "--network" "none" "ghcr.io/rust-lang/crates-build-env/linux@sha256:2788e3201cd34a07e3172128adcd8b3090168a8e3bcc40d7c032b9dda1df7d1c" "/opt/rustwide/cargo-home/bin/cargo" "+beta-2023-12-22" "test" "--frozen" "--no-run" "--message-format=json", kill_on_drop: false }`
[INFO] [stdout] cbef2ef79373bd6b899e95926cbc745837982798e8f22becb1e8e7081145e46c
[INFO] running `Command { std: "docker" "start" "-a" "cbef2ef79373bd6b899e95926cbc745837982798e8f22becb1e8e7081145e46c", kill_on_drop: false }`
[INFO] [stderr]    Compiling libc v0.2.147
[INFO] [stderr]    Compiling crossbeam-utils v0.8.16
[INFO] [stderr]    Compiling memoffset v0.9.0
[INFO] [stderr]    Compiling libm v0.2.7
[INFO] [stderr]    Compiling semver v1.0.18
[INFO] [stderr]    Compiling serde v1.0.180
[INFO] [stderr]    Compiling crossbeam-epoch v0.9.15
[INFO] [stderr]    Compiling num-traits v0.2.16
[INFO] [stderr]    Compiling lock_api v0.4.10
[INFO] [stderr]    Compiling memchr v2.5.0
[INFO] [stderr]    Compiling getrandom v0.1.16
[INFO] [stderr]    Compiling rustc_version v0.4.0
[INFO] [stderr]    Compiling ryu v1.0.15
[INFO] [stderr]    Compiling either v1.9.0
[INFO] [stderr]    Compiling serde_json v1.0.104
[INFO] [stderr]    Compiling rayon-core v1.11.0
[INFO] [stderr]    Compiling itoa v1.0.9
[INFO] [stderr]    Compiling crossbeam-deque v0.8.3
[INFO] [stderr]    Compiling num_cpus v1.16.0
[INFO] [stderr]    Compiling heapless v0.7.16
[INFO] [stderr]    Compiling crossbeam-channel v0.5.8
[INFO] [stderr]    Compiling regex-syntax v0.7.4
[INFO] [stderr]    Compiling plotters-backend v0.3.5
[INFO] [stderr]    Compiling byteorder v1.4.3
[INFO] [stderr]    Compiling unicode-width v0.1.10
[INFO] [stderr]    Compiling hash32 v0.2.1
[INFO] [stderr]    Compiling textwrap v0.11.0
[INFO] [stderr]    Compiling plotters-svg v0.3.5
[INFO] [stderr]    Compiling csv-core v0.1.10
[INFO] [stderr]    Compiling spin v0.9.8
[INFO] [stderr]    Compiling rand_core v0.5.1
[INFO] [stderr]    Compiling itertools v0.10.5
[INFO] [stderr]    Compiling cast v0.3.0
[INFO] [stderr]    Compiling same-file v1.0.6
[INFO] [stderr]    Compiling half v1.8.2
[INFO] [stderr]    Compiling stable_deref_trait v1.2.0
[INFO] [stderr]    Compiling ppv-lite86 v0.2.17
[INFO] [stderr]    Compiling clap v2.34.0
[INFO] [stderr]    Compiling walkdir v2.3.3
[INFO] [stderr]    Compiling rand_chacha v0.2.2
[INFO] [stderr]    Compiling regex-automata v0.3.4
[INFO] [stderr]    Compiling rayon v1.7.0
[INFO] [stderr]    Compiling plotters v0.3.5
[INFO] [stderr]    Compiling serde_cbor v0.11.2
[INFO] [stderr]    Compiling csv v1.2.2
[INFO] [stderr]    Compiling criterion-plot v0.4.5
[INFO] [stderr]    Compiling tinytemplate v1.2.1
[INFO] [stderr]    Compiling regex v1.9.1
[INFO] [stderr]    Compiling atty v0.2.14
[INFO] [stderr]    Compiling oorandom v11.1.3
[INFO] [stderr]    Compiling serde_derive v1.0.180
[INFO] [stderr]    Compiling smallvec v1.11.0
[INFO] [stderr]    Compiling rand v0.7.3
[INFO] [stderr]    Compiling euclid v0.22.9
[INFO] [stderr]    Compiling kdbush v0.2.0
[INFO] [stderr]    Compiling rstar v0.9.3
[INFO] [stderr]    Compiling fastrand v1.9.0
[INFO] [stderr]    Compiling criterion v0.3.6
[INFO] [stderr]    Compiling flat_spatial v0.6.0 (/opt/rustwide/workdir)
[INFO] [stdout] error[E0277]: the trait bound `Rect<f32, ()>: AABB` is not satisfied
[INFO] [stdout]   --> examples/shapegrid.rs:13:33
[INFO] [stdout]    |
[INFO] [stdout] 13 | fn query_setup_shape(s: i32) -> AABBGrid<Data, Rect<f32, ()>> {
[INFO] [stdout]    |                                 ^^^^^^^^^^^^^^^^^^^^^^^^^^^^^ the trait `AABB` is not implemented for `Rect<f32, ()>`
[INFO] [stdout]    |
[INFO] [stdout] note: required by a bound in `AABBGrid`
[INFO] [stdout]   --> /opt/rustwide/workdir/src/aabbgrid.rs:60:34
[INFO] [stdout]    |
[INFO] [stdout] 60 | pub struct AABBGrid<O: Copy, AB: AABB> {
[INFO] [stdout]    |                                  ^^^^ required by this bound in `AABBGrid`
[INFO] [stdout] 
[INFO] [stdout] 
[INFO] [stdout] error[E0277]: the trait bound `Rect<f32, ()>: AABB` is not satisfied
[INFO] [stdout]   --> examples/shapegrid.rs:28:26
[INFO] [stdout]    |
[INFO] [stdout] 28 | fn query_5_shapegrid(g: &AABBGrid<Data, Rect<f32, ()>>, iter: u64) -> Duration {
[INFO] [stdout]    |                          ^^^^^^^^^^^^^^^^^^^^^^^^^^^^^ the trait `AABB` is not implemented for `Rect<f32, ()>`
[INFO] [stdout]    |
[INFO] [stdout] note: required by a bound in `AABBGrid`
[INFO] [stdout]   --> /opt/rustwide/workdir/src/aabbgrid.rs:60:34
[INFO] [stdout]    |
[INFO] [stdout] 60 | pub struct AABBGrid<O: Copy, AB: AABB> {
[INFO] [stdout]    |                                  ^^^^ required by this bound in `AABBGrid`
[INFO] [stdout] 
[INFO] [stdout] 
[INFO] [stdout] error: aborting due to 2 previous errors
[INFO] [stdout] 
[INFO] [stdout] 
[INFO] [stdout] For more information about this error, try `rustc --explain E0277`.
[INFO] [stdout] 
[INFO] [stdout] warning: function `query` is never used
[INFO] [stdout]    --> examples/storage_bench.rs:168:4
[INFO] [stdout]     |
[INFO] [stdout] 168 | fn query(c: &mut Criterion) {
[INFO] [stdout]     |    ^^^^^
[INFO] [stdout]     |
[INFO] [stdout]     = note: `#[warn(dead_code)]` on by default
[INFO] [stdout] 
[INFO] [stdout] 
[INFO] [stderr] error: could not compile `flat_spatial` (example "shapegrid") due to 3 previous errors
[INFO] [stdout] warning: function `maintain_kdtree_seq` is never used
[INFO] [stdout]    --> examples/storage_bench.rs:254:4
[INFO] [stdout]     |
[INFO] [stdout] 254 | fn maintain_kdtree_seq(iter: u64) -> Duration {
[INFO] [stdout]     |    ^^^^^^^^^^^^^^^^^^^
[INFO] [stdout] 
[INFO] [stdout] 
[INFO] [stderr] warning: build failed, waiting for other jobs to finish...
[INFO] [stdout] warning: function `maintain` is never used
[INFO] [stdout]    --> examples/storage_bench.rs:298:4
[INFO] [stdout]     |
[INFO] [stdout] 298 | fn maintain(c: &mut Criterion) {
[INFO] [stdout]     |    ^^^^^^^^
[INFO] [stdout] 
[INFO] [stdout] 
[INFO] [stdout] warning: 3 warnings emitted
[INFO] [stdout] 
[INFO] [stdout] 
[INFO] running `Command { std: "docker" "inspect" "cbef2ef79373bd6b899e95926cbc745837982798e8f22becb1e8e7081145e46c", kill_on_drop: false }`
[INFO] running `Command { std: "docker" "rm" "-f" "cbef2ef79373bd6b899e95926cbc745837982798e8f22becb1e8e7081145e46c", kill_on_drop: false }`
[INFO] [stdout] cbef2ef79373bd6b899e95926cbc745837982798e8f22becb1e8e7081145e46c
