[INFO] fetching crate firebase-storage 0.1.0...
[INFO] testing firebase-storage-0.1.0 against 1.75.0 for beta-1.76-1
[INFO] extracting crate firebase-storage 0.1.0 into /workspace/builds/worker-7-tc1/source
[INFO] validating manifest of crates.io crate firebase-storage 0.1.0 on toolchain 1.75.0
[INFO] running `Command { std: CARGO_HOME="/workspace/cargo-home" RUSTUP_HOME="/workspace/rustup-home" "/workspace/cargo-home/bin/cargo" "+1.75.0" "metadata" "--manifest-path" "Cargo.toml" "--no-deps", kill_on_drop: false }`
[INFO] started tweaking crates.io crate firebase-storage 0.1.0
[INFO] finished tweaking crates.io crate firebase-storage 0.1.0
[INFO] tweaked toml for crates.io crate firebase-storage 0.1.0 written to /workspace/builds/worker-7-tc1/source/Cargo.toml
[INFO] running `Command { std: CARGO_HOME="/workspace/cargo-home" RUSTUP_HOME="/workspace/rustup-home" "/workspace/cargo-home/bin/cargo" "+1.75.0" "generate-lockfile" "--manifest-path" "Cargo.toml", kill_on_drop: false }`
[INFO] [stderr]     Updating crates.io index
[INFO] running `Command { std: CARGO_HOME="/workspace/cargo-home" RUSTUP_HOME="/workspace/rustup-home" "/workspace/cargo-home/bin/cargo" "+1.75.0" "fetch" "--manifest-path" "Cargo.toml", kill_on_drop: false }`
[INFO] [stderr]  Downloading crates ...
[INFO] [stderr]   Downloaded firebase-app-sdk v0.1.4
[INFO] [stderr]   Downloaded api-request-utils-rs v0.1.9
[INFO] running `Command { std: "docker" "create" "-v" "/var/lib/crater-agent-workspace/builds/worker-7-tc1/target:/opt/rustwide/target:rw,Z" "-v" "/var/lib/crater-agent-workspace/builds/worker-7-tc1/source:/opt/rustwide/workdir:ro,Z" "-v" "/var/lib/crater-agent-workspace/cargo-home:/opt/rustwide/cargo-home:ro,Z" "-v" "/var/lib/crater-agent-workspace/rustup-home:/opt/rustwide/rustup-home:ro,Z" "-e" "SOURCE_DIR=/opt/rustwide/workdir" "-e" "CARGO_TARGET_DIR=/opt/rustwide/target" "-e" "CARGO_HOME=/opt/rustwide/cargo-home" "-e" "RUSTUP_HOME=/opt/rustwide/rustup-home" "-w" "/opt/rustwide/workdir" "-m" "1610612736" "--user" "0:0" "--network" "none" "ghcr.io/rust-lang/crates-build-env/linux@sha256:2788e3201cd34a07e3172128adcd8b3090168a8e3bcc40d7c032b9dda1df7d1c" "/opt/rustwide/cargo-home/bin/cargo" "+1.75.0" "metadata" "--no-deps" "--format-version=1", kill_on_drop: false }`
[INFO] [stdout] ae8e91e4f85ba7f630504ce551e0a09ac44cc424e8ce30e541a4a3e086795c0a
[INFO] running `Command { std: "docker" "start" "-a" "ae8e91e4f85ba7f630504ce551e0a09ac44cc424e8ce30e541a4a3e086795c0a", kill_on_drop: false }`
[INFO] running `Command { std: "docker" "inspect" "ae8e91e4f85ba7f630504ce551e0a09ac44cc424e8ce30e541a4a3e086795c0a", kill_on_drop: false }`
[INFO] running `Command { std: "docker" "rm" "-f" "ae8e91e4f85ba7f630504ce551e0a09ac44cc424e8ce30e541a4a3e086795c0a", kill_on_drop: false }`
[INFO] [stdout] ae8e91e4f85ba7f630504ce551e0a09ac44cc424e8ce30e541a4a3e086795c0a
[INFO] running `Command { std: "docker" "create" "-v" "/var/lib/crater-agent-workspace/builds/worker-7-tc1/target:/opt/rustwide/target:rw,Z" "-v" "/var/lib/crater-agent-workspace/builds/worker-7-tc1/source:/opt/rustwide/workdir:ro,Z" "-v" "/var/lib/crater-agent-workspace/cargo-home:/opt/rustwide/cargo-home:ro,Z" "-v" "/var/lib/crater-agent-workspace/rustup-home:/opt/rustwide/rustup-home:ro,Z" "-e" "SOURCE_DIR=/opt/rustwide/workdir" "-e" "CARGO_TARGET_DIR=/opt/rustwide/target" "-e" "CARGO_INCREMENTAL=0" "-e" "RUST_BACKTRACE=full" "-e" "RUSTFLAGS=--cap-lints=warn" "-e" "RUSTDOCFLAGS=--cap-lints=warn" "-e" "CARGO_HOME=/opt/rustwide/cargo-home" "-e" "RUSTUP_HOME=/opt/rustwide/rustup-home" "-w" "/opt/rustwide/workdir" "-m" "1610612736" "--user" "0:0" "--network" "none" "ghcr.io/rust-lang/crates-build-env/linux@sha256:2788e3201cd34a07e3172128adcd8b3090168a8e3bcc40d7c032b9dda1df7d1c" "/opt/rustwide/cargo-home/bin/cargo" "+1.75.0" "build" "--frozen" "--message-format=json", kill_on_drop: false }`
[INFO] [stdout] afafbc1b1f6b77691c2f9bc737f714ec2aa2a547b0d499653c137d152ba5c46a
[INFO] running `Command { std: "docker" "start" "-a" "afafbc1b1f6b77691c2f9bc737f714ec2aa2a547b0d499653c137d152ba5c46a", kill_on_drop: false }`
[INFO] [stderr]    Compiling vcpkg v0.2.15
[INFO] [stderr]    Compiling fnv v1.0.7
[INFO] [stderr]    Compiling syn v2.0.48
[INFO] [stderr]    Compiling mio v0.8.10
[INFO] [stderr]    Compiling socket2 v0.5.5
[INFO] [stderr]    Compiling openssl v0.10.62
[INFO] [stderr]    Compiling foreign-types-shared v0.1.1
[INFO] [stderr]    Compiling tracing v0.1.40
[INFO] [stderr]    Compiling http v0.2.11
[INFO] [stderr]    Compiling foreign-types v0.3.2
[INFO] [stderr]    Compiling futures-task v0.3.30
[INFO] [stderr]    Compiling native-tls v0.2.11
[INFO] [stderr]    Compiling httparse v1.8.0
[INFO] [stderr]    Compiling bitflags v2.4.1
[INFO] [stderr]    Compiling hashbrown v0.14.3
[INFO] [stderr]    Compiling tokio v1.35.1
[INFO] [stderr]    Compiling futures-util v0.3.30
[INFO] [stderr]    Compiling openssl-probe v0.1.5
[INFO] [stderr]    Compiling try-lock v0.2.5
[INFO] [stderr]    Compiling openssl-sys v0.9.98
[INFO] [stderr]    Compiling want v0.3.1
[INFO] [stderr]    Compiling http-body v0.4.6
[INFO] [stderr]    Compiling indexmap v2.1.0
[INFO] [stderr]    Compiling futures-channel v0.3.30
[INFO] [stderr]    Compiling httpdate v1.0.3
[INFO] [stderr]    Compiling tower-service v0.3.2
[INFO] [stderr]    Compiling serde_json v1.0.111
[INFO] [stderr]    Compiling encoding_rs v0.8.33
[INFO] [stderr]    Compiling mime v0.3.17
[INFO] [stderr]    Compiling ipnet v2.9.0
[INFO] [stderr]    Compiling firebase-app-sdk v0.1.4
[INFO] [stderr]    Compiling openssl-macros v0.1.1
[INFO] [stderr]    Compiling serde_derive v1.0.194
[INFO] [stderr]    Compiling async-trait v0.1.77
[INFO] [stderr]    Compiling tokio-util v0.7.10
[INFO] [stderr]    Compiling h2 v0.3.22
[INFO] [stderr]    Compiling serde v1.0.194
[INFO] [stderr]    Compiling hyper v0.14.28
[INFO] [stderr]    Compiling tokio-native-tls v0.3.1
[INFO] [stderr]    Compiling serde_urlencoded v0.7.1
[INFO] [stderr]    Compiling hyper-tls v0.5.0
[INFO] [stderr]    Compiling reqwest v0.11.23
[INFO] [stderr]    Compiling api-request-utils-rs v0.1.9
[INFO] [stderr]    Compiling firebase-storage v0.1.0 (/opt/rustwide/workdir)
[INFO] [stdout] error[E0432]: unresolved imports `api_request_utils_rs::Client`, `api_request_utils_rs::RequestBuilder`, `api_request_utils_rs::StatusCode`
[INFO] [stdout]   --> src/lib.rs:42:5
[INFO] [stdout]    |
[INFO] [stdout] 42 |     Client,
[INFO] [stdout]    |     ^^^^^^ no `Client` in the root
[INFO] [stdout] ...
[INFO] [stdout] 45 |     RequestBuilder,
[INFO] [stdout]    |     ^^^^^^^^^^^^^^
[INFO] [stdout]    |     |
[INFO] [stdout]    |     no `RequestBuilder` in the root
[INFO] [stdout]    |     help: a similar name exists in the module: `RequestHandler`
[INFO] [stdout] 46 |     ParameterHashMap,
[INFO] [stdout] 47 |     StatusCode,
[INFO] [stdout]    |     ^^^^^^^^^^ no `StatusCode` in the root
[INFO] [stdout] 
[INFO] [stdout] 
[INFO] [stdout] error[E0438]: const `BASE_URL` is not a member of trait `RequestHandler`
[INFO] [stdout]   --> src/lib.rs:79:5
[INFO] [stdout]    |
[INFO] [stdout] 79 |     const BASE_URL: &'static str = "https://firebasestorage.googleapis.com/v1beta";
[INFO] [stdout]    |     ^^^^^^^^^^^^^^^^^^^^^^^^^^^^^^^^^^^^^^^^^^^^^^^^^^^^^^^^^^^^^^^^^^^^^^^^^^^^^^^ not a member of trait `RequestHandler`
[INFO] [stdout] 
[INFO] [stdout] 
[INFO] [stdout] error[E0107]: trait takes 0 lifetime arguments but 1 lifetime argument was supplied
[INFO] [stdout]    --> src/lib.rs:71:6
[INFO] [stdout]     |
[INFO] [stdout] 71  | impl RequestDefaults<'_> for Storage<'_> {
[INFO] [stdout]     |      ^^^^^^^^^^^^^^^---- help: remove these generics
[INFO] [stdout]     |      |
[INFO] [stdout]     |      expected 0 lifetime arguments
[INFO] [stdout]     |
[INFO] [stdout] note: trait defined here, with 0 lifetime parameters
[INFO] [stdout]    --> /opt/rustwide/cargo-home/registry/src/index.crates.io-6f17d22bba15001f/api-request-utils-rs-0.1.9/src/lib.rs:223:11
[INFO] [stdout]     |
[INFO] [stdout] 223 | pub trait RequestDefaults : RequestModifiers {
[INFO] [stdout]     |           ^^^^^^^^^^^^^^^
[INFO] [stdout] 
[INFO] [stdout] 
[INFO] [stdout] error[E0107]: trait takes 0 lifetime arguments but 1 lifetime argument was supplied
[INFO] [stdout]   --> src/lib.rs:78:6
[INFO] [stdout]    |
[INFO] [stdout] 78 | impl RequestHandler<'_> for Storage<'_> {
[INFO] [stdout]    |      ^^^^^^^^^^^^^^---- help: remove these generics
[INFO] [stdout]    |      |
[INFO] [stdout]    |      expected 0 lifetime arguments
[INFO] [stdout]    |
[INFO] [stdout] note: trait defined here, with 0 lifetime parameters
[INFO] [stdout]   --> /opt/rustwide/cargo-home/registry/src/index.crates.io-6f17d22bba15001f/api-request-utils-rs-0.1.9/src/lib.rs:28:11
[INFO] [stdout]    |
[INFO] [stdout] 28 | pub trait RequestHandler : RequestDefaults{
[INFO] [stdout]    |           ^^^^^^^^^^^^^^
[INFO] [stdout] 
[INFO] [stdout] 
[INFO] [stdout] error: aborting due to 4 previous errors
[INFO] [stdout] 
[INFO] [stdout] 
[INFO] [stdout] Some errors have detailed explanations: E0107, E0432, E0438.
[INFO] [stdout] 
[INFO] [stdout] For more information about an error, try `rustc --explain E0107`.
[INFO] [stdout] 
[INFO] [stderr] error: could not compile `firebase-storage` (lib) due to 5 previous errors
[INFO] [stderr] warning: build failed, waiting for other jobs to finish...
[INFO] running `Command { std: "docker" "inspect" "afafbc1b1f6b77691c2f9bc737f714ec2aa2a547b0d499653c137d152ba5c46a", kill_on_drop: false }`
[INFO] running `Command { std: "docker" "rm" "-f" "afafbc1b1f6b77691c2f9bc737f714ec2aa2a547b0d499653c137d152ba5c46a", kill_on_drop: false }`
[INFO] [stdout] afafbc1b1f6b77691c2f9bc737f714ec2aa2a547b0d499653c137d152ba5c46a
[INFO] testing firebase-storage-0.1.0 against beta-2023-12-22 for beta-1.76-1
[INFO] extracting crate firebase-storage 0.1.0 into /workspace/builds/worker-7-tc2/source
[INFO] validating manifest of crates.io crate firebase-storage 0.1.0 on toolchain beta-2023-12-22
[INFO] running `Command { std: CARGO_HOME="/workspace/cargo-home" RUSTUP_HOME="/workspace/rustup-home" "/workspace/cargo-home/bin/cargo" "+beta-2023-12-22" "metadata" "--manifest-path" "Cargo.toml" "--no-deps", kill_on_drop: false }`
[INFO] started tweaking crates.io crate firebase-storage 0.1.0
[INFO] finished tweaking crates.io crate firebase-storage 0.1.0
[INFO] tweaked toml for crates.io crate firebase-storage 0.1.0 written to /workspace/builds/worker-7-tc2/source/Cargo.toml
[INFO] running `Command { std: CARGO_HOME="/workspace/cargo-home" RUSTUP_HOME="/workspace/rustup-home" "/workspace/cargo-home/bin/cargo" "+beta-2023-12-22" "generate-lockfile" "--manifest-path" "Cargo.toml", kill_on_drop: false }`
[INFO] [stderr]     Updating crates.io index
[INFO] running `Command { std: CARGO_HOME="/workspace/cargo-home" RUSTUP_HOME="/workspace/rustup-home" "/workspace/cargo-home/bin/cargo" "+beta-2023-12-22" "fetch" "--manifest-path" "Cargo.toml", kill_on_drop: false }`
[INFO] running `Command { std: "docker" "create" "-v" "/var/lib/crater-agent-workspace/builds/worker-7-tc2/target:/opt/rustwide/target:rw,Z" "-v" "/var/lib/crater-agent-workspace/builds/worker-7-tc2/source:/opt/rustwide/workdir:ro,Z" "-v" "/var/lib/crater-agent-workspace/cargo-home:/opt/rustwide/cargo-home:ro,Z" "-v" "/var/lib/crater-agent-workspace/rustup-home:/opt/rustwide/rustup-home:ro,Z" "-e" "SOURCE_DIR=/opt/rustwide/workdir" "-e" "CARGO_TARGET_DIR=/opt/rustwide/target" "-e" "CARGO_HOME=/opt/rustwide/cargo-home" "-e" "RUSTUP_HOME=/opt/rustwide/rustup-home" "-w" "/opt/rustwide/workdir" "-m" "1610612736" "--user" "0:0" "--network" "none" "ghcr.io/rust-lang/crates-build-env/linux@sha256:2788e3201cd34a07e3172128adcd8b3090168a8e3bcc40d7c032b9dda1df7d1c" "/opt/rustwide/cargo-home/bin/cargo" "+beta-2023-12-22" "metadata" "--no-deps" "--format-version=1", kill_on_drop: false }`
[INFO] [stdout] 88b7d927a4fd2a37d412452959f7c3d582ffdec9c8653057878381489a117eaa
[INFO] running `Command { std: "docker" "start" "-a" "88b7d927a4fd2a37d412452959f7c3d582ffdec9c8653057878381489a117eaa", kill_on_drop: false }`
[INFO] running `Command { std: "docker" "inspect" "88b7d927a4fd2a37d412452959f7c3d582ffdec9c8653057878381489a117eaa", kill_on_drop: false }`
[INFO] running `Command { std: "docker" "rm" "-f" "88b7d927a4fd2a37d412452959f7c3d582ffdec9c8653057878381489a117eaa", kill_on_drop: false }`
[INFO] [stdout] 88b7d927a4fd2a37d412452959f7c3d582ffdec9c8653057878381489a117eaa
[INFO] running `Command { std: "docker" "create" "-v" "/var/lib/crater-agent-workspace/builds/worker-7-tc2/target:/opt/rustwide/target:rw,Z" "-v" "/var/lib/crater-agent-workspace/builds/worker-7-tc2/source:/opt/rustwide/workdir:ro,Z" "-v" "/var/lib/crater-agent-workspace/cargo-home:/opt/rustwide/cargo-home:ro,Z" "-v" "/var/lib/crater-agent-workspace/rustup-home:/opt/rustwide/rustup-home:ro,Z" "-e" "SOURCE_DIR=/opt/rustwide/workdir" "-e" "CARGO_TARGET_DIR=/opt/rustwide/target" "-e" "CARGO_INCREMENTAL=0" "-e" "RUST_BACKTRACE=full" "-e" "RUSTFLAGS=--cap-lints=warn" "-e" "RUSTDOCFLAGS=--cap-lints=warn" "-e" "CARGO_HOME=/opt/rustwide/cargo-home" "-e" "RUSTUP_HOME=/opt/rustwide/rustup-home" "-w" "/opt/rustwide/workdir" "-m" "1610612736" "--user" "0:0" "--network" "none" "ghcr.io/rust-lang/crates-build-env/linux@sha256:2788e3201cd34a07e3172128adcd8b3090168a8e3bcc40d7c032b9dda1df7d1c" "/opt/rustwide/cargo-home/bin/cargo" "+beta-2023-12-22" "build" "--frozen" "--message-format=json", kill_on_drop: false }`
[INFO] [stdout] ec34f0c3f6ad989b8fafb9813f913e4d5c2bd0f46feb41f34b7c567333a3e2ec
[INFO] running `Command { std: "docker" "start" "-a" "ec34f0c3f6ad989b8fafb9813f913e4d5c2bd0f46feb41f34b7c567333a3e2ec", kill_on_drop: false }`
[INFO] [stderr]    Compiling vcpkg v0.2.15
[INFO] [stderr]    Compiling fnv v1.0.7
[INFO] [stderr]    Compiling syn v2.0.48
[INFO] [stderr]    Compiling socket2 v0.5.5
[INFO] [stderr]    Compiling mio v0.8.10
[INFO] [stderr]    Compiling foreign-types-shared v0.1.1
[INFO] [stderr]    Compiling openssl v0.10.62
[INFO] [stderr]    Compiling tracing v0.1.40
[INFO] [stderr]    Compiling http v0.2.11
[INFO] [stderr]    Compiling foreign-types v0.3.2
[INFO] [stderr]    Compiling bitflags v2.4.1
[INFO] [stderr]    Compiling native-tls v0.2.11
[INFO] [stderr]    Compiling httparse v1.8.0
[INFO] [stderr]    Compiling hashbrown v0.14.3
[INFO] [stderr]    Compiling tokio v1.35.1
[INFO] [stderr]    Compiling futures-task v0.3.30
[INFO] [stderr]    Compiling futures-util v0.3.30
[INFO] [stderr]    Compiling openssl-probe v0.1.5
[INFO] [stderr]    Compiling try-lock v0.2.5
[INFO] [stderr]    Compiling want v0.3.1
[INFO] [stderr]    Compiling http-body v0.4.6
[INFO] [stderr]    Compiling openssl-sys v0.9.98
[INFO] [stderr]    Compiling indexmap v2.1.0
[INFO] [stderr]    Compiling futures-channel v0.3.30
[INFO] [stderr]    Compiling httpdate v1.0.3
[INFO] [stderr]    Compiling tower-service v0.3.2
[INFO] [stderr]    Compiling serde_json v1.0.111
[INFO] [stderr]    Compiling encoding_rs v0.8.33
[INFO] [stderr]    Compiling ipnet v2.9.0
[INFO] [stderr]    Compiling mime v0.3.17
[INFO] [stderr]    Compiling firebase-app-sdk v0.1.4
[INFO] [stderr]    Compiling openssl-macros v0.1.1
[INFO] [stderr]    Compiling serde_derive v1.0.194
[INFO] [stderr]    Compiling async-trait v0.1.77
[INFO] [stderr]    Compiling tokio-util v0.7.10
[INFO] [stderr]    Compiling h2 v0.3.22
[INFO] [stderr]    Compiling serde v1.0.194
[INFO] [stderr]    Compiling tokio-native-tls v0.3.1
[INFO] [stderr]    Compiling hyper v0.14.28
[INFO] [stderr]    Compiling serde_urlencoded v0.7.1
[INFO] [stderr]    Compiling hyper-tls v0.5.0
[INFO] [stderr]    Compiling reqwest v0.11.23
[INFO] [stderr]    Compiling api-request-utils-rs v0.1.9
[INFO] [stderr]    Compiling firebase-storage v0.1.0 (/opt/rustwide/workdir)
[INFO] [stdout] error[E0432]: unresolved imports `api_request_utils_rs::Client`, `api_request_utils_rs::RequestBuilder`, `api_request_utils_rs::StatusCode`
[INFO] [stdout]   --> src/lib.rs:42:5
[INFO] [stdout]    |
[INFO] [stdout] 42 |     Client,
[INFO] [stdout]    |     ^^^^^^ no `Client` in the root
[INFO] [stdout] ...
[INFO] [stdout] 45 |     RequestBuilder,
[INFO] [stdout]    |     ^^^^^^^^^^^^^^
[INFO] [stdout]    |     |
[INFO] [stdout]    |     no `RequestBuilder` in the root
[INFO] [stdout]    |     help: a similar name exists in the module: `RequestHandler`
[INFO] [stdout] 46 |     ParameterHashMap,
[INFO] [stdout] 47 |     StatusCode,
[INFO] [stdout]    |     ^^^^^^^^^^ no `StatusCode` in the root
[INFO] [stdout] 
[INFO] [stdout] 
[INFO] [stdout] error[E0438]: const `BASE_URL` is not a member of trait `RequestHandler`
[INFO] [stdout]   --> src/lib.rs:79:5
[INFO] [stdout]    |
[INFO] [stdout] 79 |     const BASE_URL: &'static str = "https://firebasestorage.googleapis.com/v1beta";
[INFO] [stdout]    |     ^^^^^^^^^^^^^^^^^^^^^^^^^^^^^^^^^^^^^^^^^^^^^^^^^^^^^^^^^^^^^^^^^^^^^^^^^^^^^^^ not a member of trait `RequestHandler`
[INFO] [stdout] 
[INFO] [stdout] 
[INFO] [stdout] error[E0107]: trait takes 0 lifetime arguments but 1 lifetime argument was supplied
[INFO] [stdout]    --> src/lib.rs:71:6
[INFO] [stdout]     |
[INFO] [stdout] 71  | impl RequestDefaults<'_> for Storage<'_> {
[INFO] [stdout]     |      ^^^^^^^^^^^^^^^---- help: remove these generics
[INFO] [stdout]     |      |
[INFO] [stdout]     |      expected 0 lifetime arguments
[INFO] [stdout]     |
[INFO] [stdout] note: trait defined here, with 0 lifetime parameters
[INFO] [stdout]    --> /opt/rustwide/cargo-home/registry/src/index.crates.io-6f17d22bba15001f/api-request-utils-rs-0.1.9/src/lib.rs:223:11
[INFO] [stdout]     |
[INFO] [stdout] 223 | pub trait RequestDefaults : RequestModifiers {
[INFO] [stdout]     |           ^^^^^^^^^^^^^^^
[INFO] [stdout] 
[INFO] [stdout] 
[INFO] [stdout] error[E0107]: trait takes 0 lifetime arguments but 1 lifetime argument was supplied
[INFO] [stdout]   --> src/lib.rs:78:6
[INFO] [stdout]    |
[INFO] [stdout] 78 | impl RequestHandler<'_> for Storage<'_> {
[INFO] [stdout]    |      ^^^^^^^^^^^^^^---- help: remove these generics
[INFO] [stdout]    |      |
[INFO] [stdout]    |      expected 0 lifetime arguments
[INFO] [stdout]    |
[INFO] [stdout] note: trait defined here, with 0 lifetime parameters
[INFO] [stdout]   --> /opt/rustwide/cargo-home/registry/src/index.crates.io-6f17d22bba15001f/api-request-utils-rs-0.1.9/src/lib.rs:28:11
[INFO] [stdout]    |
[INFO] [stdout] 28 | pub trait RequestHandler : RequestDefaults{
[INFO] [stdout]    |           ^^^^^^^^^^^^^^
[INFO] [stdout] 
[INFO] [stdout] 
[INFO] [stdout] error: aborting due to 4 previous errors
[INFO] [stdout] 
[INFO] [stdout] 
[INFO] [stdout] Some errors have detailed explanations: E0107, E0432, E0438.
[INFO] [stdout] 
[INFO] [stdout] For more information about an error, try `rustc --explain E0107`.
[INFO] [stdout] 
[INFO] [stderr] error: could not compile `firebase-storage` (lib) due to 5 previous errors
[INFO] [stderr] warning: build failed, waiting for other jobs to finish...
[INFO] running `Command { std: "docker" "inspect" "ec34f0c3f6ad989b8fafb9813f913e4d5c2bd0f46feb41f34b7c567333a3e2ec", kill_on_drop: false }`
[INFO] running `Command { std: "docker" "rm" "-f" "ec34f0c3f6ad989b8fafb9813f913e4d5c2bd0f46feb41f34b7c567333a3e2ec", kill_on_drop: false }`
[INFO] [stdout] ec34f0c3f6ad989b8fafb9813f913e4d5c2bd0f46feb41f34b7c567333a3e2ec
