[INFO] fetching crate findfile 0.2.8...
[INFO] testing findfile-0.2.8 against 1.75.0 for beta-1.76-1
[INFO] extracting crate findfile 0.2.8 into /workspace/builds/worker-5-tc1/source
[INFO] validating manifest of crates.io crate findfile 0.2.8 on toolchain 1.75.0
[INFO] running `Command { std: CARGO_HOME="/workspace/cargo-home" RUSTUP_HOME="/workspace/rustup-home" "/workspace/cargo-home/bin/cargo" "+1.75.0" "metadata" "--manifest-path" "Cargo.toml" "--no-deps", kill_on_drop: false }`
[INFO] started tweaking crates.io crate findfile 0.2.8
[INFO] finished tweaking crates.io crate findfile 0.2.8
[INFO] tweaked toml for crates.io crate findfile 0.2.8 written to /workspace/builds/worker-5-tc1/source/Cargo.toml
[INFO] crate crates.io crate findfile 0.2.8 already has a lockfile, it will not be regenerated
[INFO] running `Command { std: CARGO_HOME="/workspace/cargo-home" RUSTUP_HOME="/workspace/rustup-home" "/workspace/cargo-home/bin/cargo" "+1.75.0" "fetch" "--manifest-path" "Cargo.toml", kill_on_drop: false }`
[INFO] running `Command { std: "docker" "create" "-v" "/var/lib/crater-agent-workspace/builds/worker-5-tc1/target:/opt/rustwide/target:rw,Z" "-v" "/var/lib/crater-agent-workspace/builds/worker-5-tc1/source:/opt/rustwide/workdir:ro,Z" "-v" "/var/lib/crater-agent-workspace/cargo-home:/opt/rustwide/cargo-home:ro,Z" "-v" "/var/lib/crater-agent-workspace/rustup-home:/opt/rustwide/rustup-home:ro,Z" "-e" "SOURCE_DIR=/opt/rustwide/workdir" "-e" "CARGO_TARGET_DIR=/opt/rustwide/target" "-e" "CARGO_HOME=/opt/rustwide/cargo-home" "-e" "RUSTUP_HOME=/opt/rustwide/rustup-home" "-w" "/opt/rustwide/workdir" "-m" "1610612736" "--user" "0:0" "--network" "none" "ghcr.io/rust-lang/crates-build-env/linux@sha256:2788e3201cd34a07e3172128adcd8b3090168a8e3bcc40d7c032b9dda1df7d1c" "/opt/rustwide/cargo-home/bin/cargo" "+1.75.0" "metadata" "--no-deps" "--format-version=1", kill_on_drop: false }`
[INFO] [stdout] 6bfe8a66858aaecf26a0d6c6e0b2a7c4c61ff6bdde1c6d1293f54562f1fc1ed4
[INFO] running `Command { std: "docker" "start" "-a" "6bfe8a66858aaecf26a0d6c6e0b2a7c4c61ff6bdde1c6d1293f54562f1fc1ed4", kill_on_drop: false }`
[INFO] running `Command { std: "docker" "inspect" "6bfe8a66858aaecf26a0d6c6e0b2a7c4c61ff6bdde1c6d1293f54562f1fc1ed4", kill_on_drop: false }`
[INFO] running `Command { std: "docker" "rm" "-f" "6bfe8a66858aaecf26a0d6c6e0b2a7c4c61ff6bdde1c6d1293f54562f1fc1ed4", kill_on_drop: false }`
[INFO] [stdout] 6bfe8a66858aaecf26a0d6c6e0b2a7c4c61ff6bdde1c6d1293f54562f1fc1ed4
[INFO] running `Command { std: "docker" "create" "-v" "/var/lib/crater-agent-workspace/builds/worker-5-tc1/target:/opt/rustwide/target:rw,Z" "-v" "/var/lib/crater-agent-workspace/builds/worker-5-tc1/source:/opt/rustwide/workdir:ro,Z" "-v" "/var/lib/crater-agent-workspace/cargo-home:/opt/rustwide/cargo-home:ro,Z" "-v" "/var/lib/crater-agent-workspace/rustup-home:/opt/rustwide/rustup-home:ro,Z" "-e" "SOURCE_DIR=/opt/rustwide/workdir" "-e" "CARGO_TARGET_DIR=/opt/rustwide/target" "-e" "CARGO_INCREMENTAL=0" "-e" "RUST_BACKTRACE=full" "-e" "RUSTFLAGS=--cap-lints=warn" "-e" "RUSTDOCFLAGS=--cap-lints=warn" "-e" "CARGO_HOME=/opt/rustwide/cargo-home" "-e" "RUSTUP_HOME=/opt/rustwide/rustup-home" "-w" "/opt/rustwide/workdir" "-m" "1610612736" "--user" "0:0" "--network" "none" "ghcr.io/rust-lang/crates-build-env/linux@sha256:2788e3201cd34a07e3172128adcd8b3090168a8e3bcc40d7c032b9dda1df7d1c" "/opt/rustwide/cargo-home/bin/cargo" "+1.75.0" "build" "--frozen" "--message-format=json", kill_on_drop: false }`
[INFO] [stdout] b8971943ff6f58f367f5d7f0b47f0fcfaf760107a8d7cb6a956fa4dd06c42367
[INFO] running `Command { std: "docker" "start" "-a" "b8971943ff6f58f367f5d7f0b47f0fcfaf760107a8d7cb6a956fa4dd06c42367", kill_on_drop: false }`
[INFO] [stderr]    Compiling libc v0.2.146
[INFO] [stderr]    Compiling io-lifetimes v1.0.11
[INFO] [stderr]    Compiling rustix v0.37.20
[INFO] [stderr]    Compiling proc-macro2 v1.0.60
[INFO] [stderr]    Compiling linux-raw-sys v0.3.8
[INFO] [stderr]    Compiling memchr v2.5.0
[INFO] [stderr]    Compiling unicode-ident v1.0.9
[INFO] [stderr]    Compiling quote v1.0.28
[INFO] [stderr]    Compiling anstyle-parse v0.2.1
[INFO] [stderr]    Compiling anstyle v1.0.0
[INFO] [stderr]    Compiling bit-vec v0.6.3
[INFO] [stderr]    Compiling regex-syntax v0.7.2
[INFO] [stderr]    Compiling clap_lex v0.5.0
[INFO] [stderr]    Compiling bit-set v0.5.3
[INFO] [stderr]    Compiling home v0.5.5
[INFO] [stderr]    Compiling aho-corasick v1.0.2
[INFO] [stderr]    Compiling os_str_bytes v6.5.1
[INFO] [stderr]    Compiling syn v2.0.18
[INFO] [stderr]    Compiling atty v0.2.14
[INFO] [stderr]    Compiling num_cpus v1.15.0
[INFO] [stderr]    Compiling regex v1.8.4
[INFO] [stderr]    Compiling is-terminal v0.4.7
[INFO] [stderr]    Compiling terminal_size v0.2.6
[INFO] [stderr]    Compiling anstream v0.3.2
[INFO] [stderr]    Compiling fancy-regex v0.11.0
[INFO] [stderr]    Compiling clap_builder v4.3.4
[INFO] [stderr]    Compiling clap_derive v4.3.2
[INFO] [stderr]    Compiling clap v4.3.4
[INFO] [stderr]    Compiling findfile v0.2.8 (/opt/rustwide/workdir)
[INFO] [stderr]     Finished dev [unoptimized + debuginfo] target(s) in 17.36s
[INFO] running `Command { std: "docker" "inspect" "b8971943ff6f58f367f5d7f0b47f0fcfaf760107a8d7cb6a956fa4dd06c42367", kill_on_drop: false }`
[INFO] running `Command { std: "docker" "rm" "-f" "b8971943ff6f58f367f5d7f0b47f0fcfaf760107a8d7cb6a956fa4dd06c42367", kill_on_drop: false }`
[INFO] [stdout] b8971943ff6f58f367f5d7f0b47f0fcfaf760107a8d7cb6a956fa4dd06c42367
[INFO] running `Command { std: "docker" "create" "-v" "/var/lib/crater-agent-workspace/builds/worker-5-tc1/target:/opt/rustwide/target:rw,Z" "-v" "/var/lib/crater-agent-workspace/builds/worker-5-tc1/source:/opt/rustwide/workdir:ro,Z" "-v" "/var/lib/crater-agent-workspace/cargo-home:/opt/rustwide/cargo-home:ro,Z" "-v" "/var/lib/crater-agent-workspace/rustup-home:/opt/rustwide/rustup-home:ro,Z" "-e" "SOURCE_DIR=/opt/rustwide/workdir" "-e" "CARGO_TARGET_DIR=/opt/rustwide/target" "-e" "CARGO_INCREMENTAL=0" "-e" "RUST_BACKTRACE=full" "-e" "RUSTFLAGS=--cap-lints=warn" "-e" "RUSTDOCFLAGS=--cap-lints=warn" "-e" "CARGO_HOME=/opt/rustwide/cargo-home" "-e" "RUSTUP_HOME=/opt/rustwide/rustup-home" "-w" "/opt/rustwide/workdir" "-m" "1610612736" "--user" "0:0" "--network" "none" "ghcr.io/rust-lang/crates-build-env/linux@sha256:2788e3201cd34a07e3172128adcd8b3090168a8e3bcc40d7c032b9dda1df7d1c" "/opt/rustwide/cargo-home/bin/cargo" "+1.75.0" "test" "--frozen" "--no-run" "--message-format=json", kill_on_drop: false }`
[INFO] [stdout] c3fb012cafe119efa1ebffd2ed6e636906c16735ee6c74ddbb347337c9742ad4
[INFO] running `Command { std: "docker" "start" "-a" "c3fb012cafe119efa1ebffd2ed6e636906c16735ee6c74ddbb347337c9742ad4", kill_on_drop: false }`
[INFO] [stderr]    Compiling findfile v0.2.8 (/opt/rustwide/workdir)
[INFO] [stdout] error[E0061]: this function takes 2 arguments but 3 arguments were supplied
[INFO] [stdout]    --> src/filesize.rs:145:12
[INFO] [stdout]     |
[INFO] [stdout] 145 |             let _ = FileSize::new(x as f64, Suffix::KiloByte, None).unwrap().to_string();
[INFO] [stdout]     |                     ^^^^^^^^^^^^^                           ------
[INFO] [stdout]     |                                                             | |
[INFO] [stdout]     |                                                             | unexpected argument of type `Option<_>`
[INFO] [stdout]     |                                                             help: remove the extra argument
[INFO] [stdout]     |
[INFO] [stdout] note: associated function defined here
[INFO] [stdout]    --> src/filesize.rs:14:9
[INFO] [stdout]     |
[INFO] [stdout] 14  |     pub fn new(amount: f64, suffix: Suffix) -> Option<Self> {
[INFO] [stdout]     |            ^^^ -----------  --------------
[INFO] [stdout] 
[INFO] [stdout] 
[INFO] [stdout] error[E0061]: this function takes 2 arguments but 3 arguments were supplied
[INFO] [stdout]    --> src/filesize.rs:147:22
[INFO] [stdout]     |
[INFO] [stdout] 147 |         assert_eq!("12kB", FileSize::new(12.0, Suffix::KiloByte, None).unwrap().to_string());
[INFO] [stdout]     |                            ^^^^^^^^^^^^^                       ------
[INFO] [stdout]     |                                                                | |
[INFO] [stdout]     |                                                                | unexpected argument of type `Option<_>`
[INFO] [stdout]     |                                                                help: remove the extra argument
[INFO] [stdout]     |
[INFO] [stdout] note: associated function defined here
[INFO] [stdout]    --> src/filesize.rs:14:9
[INFO] [stdout]     |
[INFO] [stdout] 14  |     pub fn new(amount: f64, suffix: Suffix) -> Option<Self> {
[INFO] [stdout]     |            ^^^ -----------  --------------
[INFO] [stdout] 
[INFO] [stdout] 
[INFO] [stdout] error[E0061]: this function takes 2 arguments but 3 arguments were supplied
[INFO] [stdout]    --> src/filesize.rs:148:20
[INFO] [stdout]     |
[INFO] [stdout] 148 |         assert_eq!("1B", FileSize::new(1.0, Suffix::None, None).unwrap().to_string());
[INFO] [stdout]     |                          ^^^^^^^^^^^^^                  ------
[INFO] [stdout]     |                                                         | |
[INFO] [stdout]     |                                                         | unexpected argument of type `Option<_>`
[INFO] [stdout]     |                                                         help: remove the extra argument
[INFO] [stdout]     |
[INFO] [stdout] note: associated function defined here
[INFO] [stdout]    --> src/filesize.rs:14:9
[INFO] [stdout]     |
[INFO] [stdout] 14  |     pub fn new(amount: f64, suffix: Suffix) -> Option<Self> {
[INFO] [stdout]     |            ^^^ -----------  --------------
[INFO] [stdout] 
[INFO] [stdout] 
[INFO] [stdout] error: aborting due to 3 previous errors
[INFO] [stdout] 
[INFO] [stdout] 
[INFO] [stdout] For more information about this error, try `rustc --explain E0061`.
[INFO] [stdout] 
[INFO] [stderr] error: could not compile `findfile` (lib test) due to 4 previous errors
[INFO] running `Command { std: "docker" "inspect" "c3fb012cafe119efa1ebffd2ed6e636906c16735ee6c74ddbb347337c9742ad4", kill_on_drop: false }`
[INFO] running `Command { std: "docker" "rm" "-f" "c3fb012cafe119efa1ebffd2ed6e636906c16735ee6c74ddbb347337c9742ad4", kill_on_drop: false }`
[INFO] [stdout] c3fb012cafe119efa1ebffd2ed6e636906c16735ee6c74ddbb347337c9742ad4
[INFO] testing findfile-0.2.8 against beta-2023-12-22 for beta-1.76-1
[INFO] extracting crate findfile 0.2.8 into /workspace/builds/worker-5-tc2/source
[INFO] validating manifest of crates.io crate findfile 0.2.8 on toolchain beta-2023-12-22
[INFO] running `Command { std: CARGO_HOME="/workspace/cargo-home" RUSTUP_HOME="/workspace/rustup-home" "/workspace/cargo-home/bin/cargo" "+beta-2023-12-22" "metadata" "--manifest-path" "Cargo.toml" "--no-deps", kill_on_drop: false }`
[INFO] started tweaking crates.io crate findfile 0.2.8
[INFO] finished tweaking crates.io crate findfile 0.2.8
[INFO] tweaked toml for crates.io crate findfile 0.2.8 written to /workspace/builds/worker-5-tc2/source/Cargo.toml
[INFO] crate crates.io crate findfile 0.2.8 already has a lockfile, it will not be regenerated
[INFO] running `Command { std: CARGO_HOME="/workspace/cargo-home" RUSTUP_HOME="/workspace/rustup-home" "/workspace/cargo-home/bin/cargo" "+beta-2023-12-22" "fetch" "--manifest-path" "Cargo.toml", kill_on_drop: false }`
[INFO] running `Command { std: "docker" "create" "-v" "/var/lib/crater-agent-workspace/builds/worker-5-tc2/target:/opt/rustwide/target:rw,Z" "-v" "/var/lib/crater-agent-workspace/builds/worker-5-tc2/source:/opt/rustwide/workdir:ro,Z" "-v" "/var/lib/crater-agent-workspace/cargo-home:/opt/rustwide/cargo-home:ro,Z" "-v" "/var/lib/crater-agent-workspace/rustup-home:/opt/rustwide/rustup-home:ro,Z" "-e" "SOURCE_DIR=/opt/rustwide/workdir" "-e" "CARGO_TARGET_DIR=/opt/rustwide/target" "-e" "CARGO_HOME=/opt/rustwide/cargo-home" "-e" "RUSTUP_HOME=/opt/rustwide/rustup-home" "-w" "/opt/rustwide/workdir" "-m" "1610612736" "--user" "0:0" "--network" "none" "ghcr.io/rust-lang/crates-build-env/linux@sha256:2788e3201cd34a07e3172128adcd8b3090168a8e3bcc40d7c032b9dda1df7d1c" "/opt/rustwide/cargo-home/bin/cargo" "+beta-2023-12-22" "metadata" "--no-deps" "--format-version=1", kill_on_drop: false }`
[INFO] [stdout] 89be4b996ad56f43f499b952f7539a2d2e684f2699c9bbffc865a050a47b5272
[INFO] running `Command { std: "docker" "start" "-a" "89be4b996ad56f43f499b952f7539a2d2e684f2699c9bbffc865a050a47b5272", kill_on_drop: false }`
[INFO] running `Command { std: "docker" "inspect" "89be4b996ad56f43f499b952f7539a2d2e684f2699c9bbffc865a050a47b5272", kill_on_drop: false }`
[INFO] running `Command { std: "docker" "rm" "-f" "89be4b996ad56f43f499b952f7539a2d2e684f2699c9bbffc865a050a47b5272", kill_on_drop: false }`
[INFO] [stdout] 89be4b996ad56f43f499b952f7539a2d2e684f2699c9bbffc865a050a47b5272
[INFO] running `Command { std: "docker" "create" "-v" "/var/lib/crater-agent-workspace/builds/worker-5-tc2/target:/opt/rustwide/target:rw,Z" "-v" "/var/lib/crater-agent-workspace/builds/worker-5-tc2/source:/opt/rustwide/workdir:ro,Z" "-v" "/var/lib/crater-agent-workspace/cargo-home:/opt/rustwide/cargo-home:ro,Z" "-v" "/var/lib/crater-agent-workspace/rustup-home:/opt/rustwide/rustup-home:ro,Z" "-e" "SOURCE_DIR=/opt/rustwide/workdir" "-e" "CARGO_TARGET_DIR=/opt/rustwide/target" "-e" "CARGO_INCREMENTAL=0" "-e" "RUST_BACKTRACE=full" "-e" "RUSTFLAGS=--cap-lints=warn" "-e" "RUSTDOCFLAGS=--cap-lints=warn" "-e" "CARGO_HOME=/opt/rustwide/cargo-home" "-e" "RUSTUP_HOME=/opt/rustwide/rustup-home" "-w" "/opt/rustwide/workdir" "-m" "1610612736" "--user" "0:0" "--network" "none" "ghcr.io/rust-lang/crates-build-env/linux@sha256:2788e3201cd34a07e3172128adcd8b3090168a8e3bcc40d7c032b9dda1df7d1c" "/opt/rustwide/cargo-home/bin/cargo" "+beta-2023-12-22" "build" "--frozen" "--message-format=json", kill_on_drop: false }`
[INFO] [stdout] 1a1536725b80e84eb95c14743fe2373eca3e47656360c54678af4f22717b7c5f
[INFO] running `Command { std: "docker" "start" "-a" "1a1536725b80e84eb95c14743fe2373eca3e47656360c54678af4f22717b7c5f", kill_on_drop: false }`
[INFO] [stderr]    Compiling libc v0.2.146
[INFO] [stderr]    Compiling io-lifetimes v1.0.11
[INFO] [stderr]    Compiling rustix v0.37.20
[INFO] [stderr]    Compiling memchr v2.5.0
[INFO] [stderr]    Compiling linux-raw-sys v0.3.8
[INFO] [stderr]    Compiling proc-macro2 v1.0.60
[INFO] [stderr]    Compiling unicode-ident v1.0.9
[INFO] [stderr]    Compiling quote v1.0.28
[INFO] [stderr]    Compiling anstyle-parse v0.2.1
[INFO] [stderr]    Compiling anstyle v1.0.0
[INFO] [stderr]    Compiling clap_lex v0.5.0
[INFO] [stderr]    Compiling bit-vec v0.6.3
[INFO] [stderr]    Compiling regex-syntax v0.7.2
[INFO] [stderr]    Compiling home v0.5.5
[INFO] [stderr]    Compiling bit-set v0.5.3
[INFO] [stderr]    Compiling aho-corasick v1.0.2
[INFO] [stderr]    Compiling os_str_bytes v6.5.1
[INFO] [stderr]    Compiling syn v2.0.18
[INFO] [stderr]    Compiling num_cpus v1.15.0
[INFO] [stderr]    Compiling atty v0.2.14
[INFO] [stderr]    Compiling regex v1.8.4
[INFO] [stderr]    Compiling is-terminal v0.4.7
[INFO] [stderr]    Compiling terminal_size v0.2.6
[INFO] [stderr]    Compiling anstream v0.3.2
[INFO] [stderr]    Compiling fancy-regex v0.11.0
[INFO] [stderr]    Compiling clap_builder v4.3.4
[INFO] [stderr]    Compiling clap_derive v4.3.2
[INFO] [stderr]    Compiling clap v4.3.4
[INFO] [stderr]    Compiling findfile v0.2.8 (/opt/rustwide/workdir)
[INFO] [stderr]     Finished dev [unoptimized + debuginfo] target(s) in 15.61s
[INFO] running `Command { std: "docker" "inspect" "1a1536725b80e84eb95c14743fe2373eca3e47656360c54678af4f22717b7c5f", kill_on_drop: false }`
[INFO] running `Command { std: "docker" "rm" "-f" "1a1536725b80e84eb95c14743fe2373eca3e47656360c54678af4f22717b7c5f", kill_on_drop: false }`
[INFO] [stdout] 1a1536725b80e84eb95c14743fe2373eca3e47656360c54678af4f22717b7c5f
[INFO] running `Command { std: "docker" "create" "-v" "/var/lib/crater-agent-workspace/builds/worker-5-tc2/target:/opt/rustwide/target:rw,Z" "-v" "/var/lib/crater-agent-workspace/builds/worker-5-tc2/source:/opt/rustwide/workdir:ro,Z" "-v" "/var/lib/crater-agent-workspace/cargo-home:/opt/rustwide/cargo-home:ro,Z" "-v" "/var/lib/crater-agent-workspace/rustup-home:/opt/rustwide/rustup-home:ro,Z" "-e" "SOURCE_DIR=/opt/rustwide/workdir" "-e" "CARGO_TARGET_DIR=/opt/rustwide/target" "-e" "CARGO_INCREMENTAL=0" "-e" "RUST_BACKTRACE=full" "-e" "RUSTFLAGS=--cap-lints=warn" "-e" "RUSTDOCFLAGS=--cap-lints=warn" "-e" "CARGO_HOME=/opt/rustwide/cargo-home" "-e" "RUSTUP_HOME=/opt/rustwide/rustup-home" "-w" "/opt/rustwide/workdir" "-m" "1610612736" "--user" "0:0" "--network" "none" "ghcr.io/rust-lang/crates-build-env/linux@sha256:2788e3201cd34a07e3172128adcd8b3090168a8e3bcc40d7c032b9dda1df7d1c" "/opt/rustwide/cargo-home/bin/cargo" "+beta-2023-12-22" "test" "--frozen" "--no-run" "--message-format=json", kill_on_drop: false }`
[INFO] [stdout] b431515caac92efd2fc63ee864b4843fe08424406a49a6fb867a4f0eab787f1d
[INFO] running `Command { std: "docker" "start" "-a" "b431515caac92efd2fc63ee864b4843fe08424406a49a6fb867a4f0eab787f1d", kill_on_drop: false }`
[INFO] [stderr]    Compiling findfile v0.2.8 (/opt/rustwide/workdir)
[INFO] [stdout] error[E0061]: this function takes 2 arguments but 3 arguments were supplied
[INFO] [stdout]    --> src/filesize.rs:145:12
[INFO] [stdout]     |
[INFO] [stdout] 145 |             let _ = FileSize::new(x as f64, Suffix::KiloByte, None).unwrap().to_string();
[INFO] [stdout]     |                     ^^^^^^^^^^^^^                           ------
[INFO] [stdout]     |                                                             | |
[INFO] [stdout]     |                                                             | unexpected argument of type `Option<_>`
[INFO] [stdout]     |                                                             help: remove the extra argument
[INFO] [stdout]     |
[INFO] [stdout] note: associated function defined here
[INFO] [stdout]    --> src/filesize.rs:14:9
[INFO] [stdout]     |
[INFO] [stdout] 14  |     pub fn new(amount: f64, suffix: Suffix) -> Option<Self> {
[INFO] [stdout]     |            ^^^ -----------  --------------
[INFO] [stdout] 
[INFO] [stdout] 
[INFO] [stdout] error[E0061]: this function takes 2 arguments but 3 arguments were supplied
[INFO] [stdout]    --> src/filesize.rs:147:22
[INFO] [stdout]     |
[INFO] [stdout] 147 |         assert_eq!("12kB", FileSize::new(12.0, Suffix::KiloByte, None).unwrap().to_string());
[INFO] [stdout]     |                            ^^^^^^^^^^^^^                       ------
[INFO] [stdout]     |                                                                | |
[INFO] [stdout]     |                                                                | unexpected argument of type `Option<_>`
[INFO] [stdout]     |                                                                help: remove the extra argument
[INFO] [stdout]     |
[INFO] [stdout] note: associated function defined here
[INFO] [stdout]    --> src/filesize.rs:14:9
[INFO] [stdout]     |
[INFO] [stdout] 14  |     pub fn new(amount: f64, suffix: Suffix) -> Option<Self> {
[INFO] [stdout]     |            ^^^ -----------  --------------
[INFO] [stdout] 
[INFO] [stdout] 
[INFO] [stdout] error[E0061]: this function takes 2 arguments but 3 arguments were supplied
[INFO] [stdout]    --> src/filesize.rs:148:20
[INFO] [stdout]     |
[INFO] [stdout] 148 |         assert_eq!("1B", FileSize::new(1.0, Suffix::None, None).unwrap().to_string());
[INFO] [stdout]     |                          ^^^^^^^^^^^^^                  ------
[INFO] [stdout]     |                                                         | |
[INFO] [stdout]     |                                                         | unexpected argument of type `Option<_>`
[INFO] [stdout]     |                                                         help: remove the extra argument
[INFO] [stdout]     |
[INFO] [stdout] note: associated function defined here
[INFO] [stdout]    --> src/filesize.rs:14:9
[INFO] [stdout]     |
[INFO] [stdout] 14  |     pub fn new(amount: f64, suffix: Suffix) -> Option<Self> {
[INFO] [stdout]     |            ^^^ -----------  --------------
[INFO] [stdout] 
[INFO] [stdout] 
[INFO] [stdout] error: aborting due to 3 previous errors
[INFO] [stdout] 
[INFO] [stdout] 
[INFO] [stdout] For more information about this error, try `rustc --explain E0061`.
[INFO] [stdout] 
[INFO] [stderr] error: could not compile `findfile` (lib test) due to 4 previous errors
[INFO] running `Command { std: "docker" "inspect" "b431515caac92efd2fc63ee864b4843fe08424406a49a6fb867a4f0eab787f1d", kill_on_drop: false }`
[INFO] running `Command { std: "docker" "rm" "-f" "b431515caac92efd2fc63ee864b4843fe08424406a49a6fb867a4f0eab787f1d", kill_on_drop: false }`
[INFO] [stdout] b431515caac92efd2fc63ee864b4843fe08424406a49a6fb867a4f0eab787f1d
