[INFO] fetching crate finchers-template 0.1.1...
[INFO] testing finchers-template-0.1.1 against 1.75.0 for beta-1.76-1
[INFO] extracting crate finchers-template 0.1.1 into /workspace/builds/worker-5-tc1/source
[INFO] validating manifest of crates.io crate finchers-template 0.1.1 on toolchain 1.75.0
[INFO] running `Command { std: CARGO_HOME="/workspace/cargo-home" RUSTUP_HOME="/workspace/rustup-home" "/workspace/cargo-home/bin/cargo" "+1.75.0" "metadata" "--manifest-path" "Cargo.toml" "--no-deps", kill_on_drop: false }`
[INFO] started tweaking crates.io crate finchers-template 0.1.1
[INFO] finished tweaking crates.io crate finchers-template 0.1.1
[INFO] tweaked toml for crates.io crate finchers-template 0.1.1 written to /workspace/builds/worker-5-tc1/source/Cargo.toml
[INFO] running `Command { std: CARGO_HOME="/workspace/cargo-home" RUSTUP_HOME="/workspace/rustup-home" "/workspace/cargo-home/bin/cargo" "+1.75.0" "generate-lockfile" "--manifest-path" "Cargo.toml", kill_on_drop: false }`
[INFO] [stderr]     Updating crates.io index
[INFO] running `Command { std: CARGO_HOME="/workspace/cargo-home" RUSTUP_HOME="/workspace/rustup-home" "/workspace/cargo-home/bin/cargo" "+1.75.0" "fetch" "--manifest-path" "Cargo.toml", kill_on_drop: false }`
[INFO] [stderr]  Downloading crates ...
[INFO] [stderr]   Downloaded serde_qs v0.4.6
[INFO] [stderr]   Downloaded pretty_env_logger v0.2.5
[INFO] [stderr]   Downloaded slug v0.1.5
[INFO] [stderr]   Downloaded unic-char-property v0.7.0
[INFO] [stderr]   Downloaded horrorshow v0.6.6
[INFO] [stderr]   Downloaded unic-common v0.7.0
[INFO] [stderr]   Downloaded askama_derive v0.7.2
[INFO] [stderr]   Downloaded unic-ucd-version v0.7.0
[INFO] [stderr]   Downloaded askama_shared v0.7.2
[INFO] [stderr]   Downloaded askama v0.7.2
[INFO] [stderr]   Downloaded unic-char-range v0.7.0
[INFO] [stderr]   Downloaded handlebars v1.1.0
[INFO] [stderr]   Downloaded unic-ucd-segment v0.7.0
[INFO] [stderr]   Downloaded unic-segment v0.7.0
[INFO] [stderr]   Downloaded finchers v0.12.2
[INFO] [stderr]   Downloaded tera v0.11.20
[INFO] running `Command { std: "docker" "create" "-v" "/var/lib/crater-agent-workspace/builds/worker-5-tc1/target:/opt/rustwide/target:rw,Z" "-v" "/var/lib/crater-agent-workspace/builds/worker-5-tc1/source:/opt/rustwide/workdir:ro,Z" "-v" "/var/lib/crater-agent-workspace/cargo-home:/opt/rustwide/cargo-home:ro,Z" "-v" "/var/lib/crater-agent-workspace/rustup-home:/opt/rustwide/rustup-home:ro,Z" "-e" "SOURCE_DIR=/opt/rustwide/workdir" "-e" "CARGO_TARGET_DIR=/opt/rustwide/target" "-e" "CARGO_HOME=/opt/rustwide/cargo-home" "-e" "RUSTUP_HOME=/opt/rustwide/rustup-home" "-w" "/opt/rustwide/workdir" "-m" "1610612736" "--user" "0:0" "--network" "none" "ghcr.io/rust-lang/crates-build-env/linux@sha256:2788e3201cd34a07e3172128adcd8b3090168a8e3bcc40d7c032b9dda1df7d1c" "/opt/rustwide/cargo-home/bin/cargo" "+1.75.0" "metadata" "--no-deps" "--format-version=1", kill_on_drop: false }`
[INFO] [stdout] e365cc3fb8bbf3a2c9975fb241f0e99f5ec309ad9b9491b4826f35aa0bc1b8c3
[INFO] running `Command { std: "docker" "start" "-a" "e365cc3fb8bbf3a2c9975fb241f0e99f5ec309ad9b9491b4826f35aa0bc1b8c3", kill_on_drop: false }`
[INFO] running `Command { std: "docker" "inspect" "e365cc3fb8bbf3a2c9975fb241f0e99f5ec309ad9b9491b4826f35aa0bc1b8c3", kill_on_drop: false }`
[INFO] running `Command { std: "docker" "rm" "-f" "e365cc3fb8bbf3a2c9975fb241f0e99f5ec309ad9b9491b4826f35aa0bc1b8c3", kill_on_drop: false }`
[INFO] [stdout] e365cc3fb8bbf3a2c9975fb241f0e99f5ec309ad9b9491b4826f35aa0bc1b8c3
[INFO] running `Command { std: "docker" "create" "-v" "/var/lib/crater-agent-workspace/builds/worker-5-tc1/target:/opt/rustwide/target:rw,Z" "-v" "/var/lib/crater-agent-workspace/builds/worker-5-tc1/source:/opt/rustwide/workdir:ro,Z" "-v" "/var/lib/crater-agent-workspace/cargo-home:/opt/rustwide/cargo-home:ro,Z" "-v" "/var/lib/crater-agent-workspace/rustup-home:/opt/rustwide/rustup-home:ro,Z" "-e" "SOURCE_DIR=/opt/rustwide/workdir" "-e" "CARGO_TARGET_DIR=/opt/rustwide/target" "-e" "CARGO_INCREMENTAL=0" "-e" "RUST_BACKTRACE=full" "-e" "RUSTFLAGS=--cap-lints=warn" "-e" "RUSTDOCFLAGS=--cap-lints=warn" "-e" "CARGO_HOME=/opt/rustwide/cargo-home" "-e" "RUSTUP_HOME=/opt/rustwide/rustup-home" "-w" "/opt/rustwide/workdir" "-m" "1610612736" "--user" "0:0" "--network" "none" "ghcr.io/rust-lang/crates-build-env/linux@sha256:2788e3201cd34a07e3172128adcd8b3090168a8e3bcc40d7c032b9dda1df7d1c" "/opt/rustwide/cargo-home/bin/cargo" "+1.75.0" "build" "--frozen" "--message-format=json", kill_on_drop: false }`
[INFO] [stdout] 7ff325247731e1cf3a875bc4ae44c2c4ba87c4bb490f87e9d887b7d20f3757f6
[INFO] running `Command { std: "docker" "start" "-a" "7ff325247731e1cf3a875bc4ae44c2c4ba87c4bb490f87e9d887b7d20f3757f6", kill_on_drop: false }`
[INFO] [stderr]    Compiling cfg-if v0.1.10
[INFO] [stderr]    Compiling futures v0.1.31
[INFO] [stderr]    Compiling semver-parser v0.7.0
[INFO] [stderr]    Compiling maybe-uninit v2.0.0
[INFO] [stderr]    Compiling either v1.9.0
[INFO] [stderr]    Compiling memchr v2.7.1
[INFO] [stderr]    Compiling scopeguard v1.2.0
[INFO] [stderr]    Compiling version_check v0.9.4
[INFO] [stderr]    Compiling fnv v1.0.7
[INFO] [stderr]    Compiling crossbeam-utils v0.7.2
[INFO] [stderr]    Compiling slab v0.4.9
[INFO] [stderr]    Compiling memoffset v0.5.6
[INFO] [stderr]    Compiling crossbeam-epoch v0.8.2
[INFO] [stderr]    Compiling adler v1.0.2
[INFO] [stderr]    Compiling iovec v0.1.4
[INFO] [stderr]    Compiling syn v2.0.48
[INFO] [stderr]    Compiling num_cpus v1.16.0
[INFO] [stderr]    Compiling net2 v0.2.39
[INFO] [stderr]    Compiling lock_api v0.3.4
[INFO] [stderr]    Compiling cc v1.0.83
[INFO] [stderr]    Compiling semver v0.9.0
[INFO] [stderr]    Compiling bytes v0.4.12
[INFO] [stderr]    Compiling rustc_version v0.2.3
[INFO] [stderr]    Compiling gimli v0.28.1
[INFO] [stderr]    Compiling smallvec v0.6.14
[INFO] [stderr]    Compiling miniz_oxide v0.7.1
[INFO] [stderr]    Compiling unicase v2.7.0
[INFO] [stderr]    Compiling rustc-demangle v0.1.23
[INFO] [stderr]    Compiling tinyvec_macros v0.1.1
[INFO] [stderr]    Compiling syn v1.0.109
[INFO] [stderr]    Compiling mio v0.6.23
[INFO] [stderr]    Compiling parking_lot_core v0.6.3
[INFO] [stderr]    Compiling parking_lot v0.9.0
[INFO] [stderr]    Compiling serde v1.0.194
[INFO] [stderr]    Compiling tinyvec v1.6.0
[INFO] [stderr]    Compiling object v0.32.2
[INFO] [stderr]    Compiling error-chain v0.12.4
[INFO] [stderr]    Compiling indexmap v1.9.3
[INFO] [stderr]    Compiling itoa v0.4.8
[INFO] [stderr]    Compiling crossbeam-queue v0.2.3
[INFO] [stderr]    Compiling ucd-trie v0.1.6
[INFO] [stderr]    Compiling http v0.1.21
[INFO] [stderr]    Compiling crossbeam-deque v0.7.4
[INFO] [stderr]    Compiling mio-uds v0.6.8
[INFO] [stderr]    Compiling num-traits v0.2.17
[INFO] [stderr]    Compiling percent-encoding v1.0.1
[INFO] [stderr]    Compiling tokio-executor v0.1.10
[INFO] [stderr]    Compiling tokio-io v0.1.13
[INFO] [stderr]    Compiling tokio-sync v0.1.8
[INFO] [stderr]    Compiling tokio-threadpool v0.1.18
[INFO] [stderr]    Compiling unicode-normalization v0.1.22
[INFO] [stderr]    Compiling unicode-xid v0.2.4
[INFO] [stderr]    Compiling unic-common v0.7.0
[INFO] [stderr]    Compiling backtrace v0.3.69
[INFO] [stderr]    Compiling failure_derive v0.1.8
[INFO] [stderr]    Compiling unic-char-range v0.7.0
[INFO] [stderr]    Compiling hashbrown v0.12.3
[INFO] [stderr]    Compiling unicode-bidi v0.3.14
[INFO] [stderr]    Compiling matches v0.1.10
[INFO] [stderr]    Compiling tokio-reactor v0.1.12
[INFO] [stderr]    Compiling tokio-codec v0.1.2
[INFO] [stderr]    Compiling httparse v1.8.0
[INFO] [stderr]    Compiling unic-char-property v0.7.0
[INFO] [stderr]    Compiling unic-ucd-version v0.7.0
[INFO] [stderr]    Compiling tokio-fs v0.1.7
[INFO] [stderr]    Compiling mime_guess v2.0.4
[INFO] [stderr]    Compiling tokio-current-thread v0.1.7
[INFO] [stderr]    Compiling tokio-timer v0.2.13
[INFO] [stderr]    Compiling idna v0.1.5
[INFO] [stderr]    Compiling tokio-tcp v0.1.4
[INFO] [stderr]    Compiling tokio-udp v0.1.6
[INFO] [stderr]    Compiling tokio-uds v0.2.7
[INFO] [stderr]    Compiling tokio-buf v0.1.1
[INFO] [stderr]    Compiling aho-corasick v1.1.2
[INFO] [stderr]    Compiling addr2line v0.21.0
[INFO] [stderr]    Compiling hyper v0.12.36
[INFO] [stderr]    Compiling string v0.2.1
[INFO] [stderr]    Compiling time v0.1.45
[INFO] [stderr]    Compiling regex-syntax v0.8.2
[INFO] [stderr]    Compiling try-lock v0.2.5
[INFO] [stderr]    Compiling h2 v0.1.26
[INFO] [stderr]    Compiling http-body v0.1.0
[INFO] [stderr]    Compiling url v1.7.2
[INFO] [stderr]    Compiling want v0.2.0
[INFO] [stderr]    Compiling tokio v0.1.22
[INFO] [stderr]    Compiling unic-ucd-segment v0.7.0
[INFO] [stderr]    Compiling futures-cpupool v0.1.8
[INFO] [stderr]    Compiling deunicode v1.4.2
[INFO] [stderr]    Compiling synstructure v0.12.6
[INFO] [stderr]    Compiling mime v0.3.17
[INFO] [stderr]    Compiling data-encoding v2.5.0
[INFO] [stderr]    Compiling iana-time-zone v0.1.59
[INFO] [stderr]    Compiling percent-encoding v2.3.1
[INFO] [stderr]    Compiling chrono v0.4.31
[INFO] [stderr]    Compiling cookie v0.11.5
[INFO] [stderr]    Compiling unic-segment v0.7.0
[INFO] [stderr]    Compiling slug v0.1.5
[INFO] [stderr]    Compiling humansize v1.1.1
[INFO] [stderr]    Compiling bitflags v1.3.2
[INFO] [stderr]    Compiling glob v0.2.11
[INFO] [stderr]    Compiling thiserror-impl v1.0.56
[INFO] [stderr]    Compiling serde_derive v1.0.194
[INFO] [stderr]    Compiling regex-automata v0.4.3
[INFO] [stderr]    Compiling failure v0.1.8
[INFO] [stderr]    Compiling thiserror v1.0.56
[INFO] [stderr]    Compiling pest v2.7.6
[INFO] [stderr]    Compiling regex v1.10.2
[INFO] [stderr]    Compiling pest_meta v2.7.6
[INFO] [stderr]    Compiling pest_generator v2.7.6
[INFO] [stderr]    Compiling pest_derive v2.7.6
[INFO] [stderr]    Compiling serde_json v1.0.111
[INFO] [stderr]    Compiling serde_qs v0.4.6
[INFO] [stderr]    Compiling finchers v0.12.2
[INFO] [stderr]    Compiling tera v0.11.20
[INFO] [stderr]    Compiling finchers-template v0.1.1 (/opt/rustwide/workdir)
[INFO] [stdout] warning: use of deprecated function `mime_guess::guess_mime_type`: Use `from_path(path).first_or_octet_stream()` instead
[INFO] [stdout]   --> src/lib.rs:70:21
[INFO] [stdout]    |
[INFO] [stdout] 70 |     use mime_guess::guess_mime_type;
[INFO] [stdout]    |                     ^^^^^^^^^^^^^^^
[INFO] [stdout]    |
[INFO] [stdout]    = note: `#[warn(deprecated)]` on by default
[INFO] [stdout] 
[INFO] [stdout] 
[INFO] [stdout] warning: use of deprecated function `mime_guess::guess_mime_type`: Use `from_path(path).first_or_octet_stream()` instead
[INFO] [stdout]    --> src/lib.rs:158:53
[INFO] [stdout]     |
[INFO] [stdout] 158 |         let content_type = HeaderValue::from_shared(guess_mime_type(&*name).as_ref().into())
[INFO] [stdout]     |                                                     ^^^^^^^^^^^^^^^
[INFO] [stdout] 
[INFO] [stdout] 
[INFO] [stdout] warning: outlives requirements can be inferred
[INFO] [stdout]    --> src/lib.rs:293:52
[INFO] [stdout]     |
[INFO] [stdout] 293 |     pub struct TemplateFuture<'a, T: TemplateEngine + 'a, E: Endpoint<'a>> {
[INFO] [stdout]     |                                                    ^^^^^ help: remove this bound
[INFO] [stdout]     |
[INFO] [stdout] note: the lint level is defined here
[INFO] [stdout]    --> src/lib.rs:11:5
[INFO] [stdout]     |
[INFO] [stdout] 11  |     rust_2018_idioms,
[INFO] [stdout]     |     ^^^^^^^^^^^^^^^^
[INFO] [stdout]     = note: `#[warn(explicit_outlives_requirements)]` implied by `#[warn(rust_2018_idioms)]`
[INFO] [stdout] 
[INFO] [stdout] 
[INFO] [stdout] warning: 3 warnings emitted
[INFO] [stdout] 
[INFO] [stdout] 
[INFO] [stderr]     Finished dev [unoptimized + debuginfo] target(s) in 13.12s
[INFO] running `Command { std: "docker" "inspect" "7ff325247731e1cf3a875bc4ae44c2c4ba87c4bb490f87e9d887b7d20f3757f6", kill_on_drop: false }`
[INFO] running `Command { std: "docker" "rm" "-f" "7ff325247731e1cf3a875bc4ae44c2c4ba87c4bb490f87e9d887b7d20f3757f6", kill_on_drop: false }`
[INFO] [stdout] 7ff325247731e1cf3a875bc4ae44c2c4ba87c4bb490f87e9d887b7d20f3757f6
[INFO] running `Command { std: "docker" "create" "-v" "/var/lib/crater-agent-workspace/builds/worker-5-tc1/target:/opt/rustwide/target:rw,Z" "-v" "/var/lib/crater-agent-workspace/builds/worker-5-tc1/source:/opt/rustwide/workdir:ro,Z" "-v" "/var/lib/crater-agent-workspace/cargo-home:/opt/rustwide/cargo-home:ro,Z" "-v" "/var/lib/crater-agent-workspace/rustup-home:/opt/rustwide/rustup-home:ro,Z" "-e" "SOURCE_DIR=/opt/rustwide/workdir" "-e" "CARGO_TARGET_DIR=/opt/rustwide/target" "-e" "CARGO_INCREMENTAL=0" "-e" "RUST_BACKTRACE=full" "-e" "RUSTFLAGS=--cap-lints=warn" "-e" "RUSTDOCFLAGS=--cap-lints=warn" "-e" "CARGO_HOME=/opt/rustwide/cargo-home" "-e" "RUSTUP_HOME=/opt/rustwide/rustup-home" "-w" "/opt/rustwide/workdir" "-m" "1610612736" "--user" "0:0" "--network" "none" "ghcr.io/rust-lang/crates-build-env/linux@sha256:2788e3201cd34a07e3172128adcd8b3090168a8e3bcc40d7c032b9dda1df7d1c" "/opt/rustwide/cargo-home/bin/cargo" "+1.75.0" "test" "--frozen" "--no-run" "--message-format=json", kill_on_drop: false }`
[INFO] [stdout] 463df9f92b670ac93e38744d8b556fb393a6f9be0dbe228418f49bacd2a0f354
[INFO] running `Command { std: "docker" "start" "-a" "463df9f92b670ac93e38744d8b556fb393a6f9be0dbe228418f49bacd2a0f354", kill_on_drop: false }`
[INFO] [stderr]    Compiling quick-error v1.2.3
[INFO] [stderr]    Compiling atty v0.2.14
[INFO] [stderr]    Compiling ansi_term v0.11.0
[INFO] [stdout] warning: use of deprecated function `mime_guess::guess_mime_type`: Use `from_path(path).first_or_octet_stream()` instead
[INFO] [stdout]   --> src/lib.rs:70:21
[INFO] [stdout]    |
[INFO] [stdout] 70 |     use mime_guess::guess_mime_type;
[INFO] [stdout]    |                     ^^^^^^^^^^^^^^^
[INFO] [stdout]    |
[INFO] [stdout]    = note: `#[warn(deprecated)]` on by default
[INFO] [stdout] 
[INFO] [stdout] 
[INFO] [stdout] warning: use of deprecated function `mime_guess::guess_mime_type`: Use `from_path(path).first_or_octet_stream()` instead
[INFO] [stdout]    --> src/lib.rs:158:53
[INFO] [stdout]     |
[INFO] [stdout] 158 |         let content_type = HeaderValue::from_shared(guess_mime_type(&*name).as_ref().into())
[INFO] [stdout]     |                                                     ^^^^^^^^^^^^^^^
[INFO] [stdout] 
[INFO] [stdout] 
[INFO] [stdout] warning: outlives requirements can be inferred
[INFO] [stdout]    --> src/lib.rs:293:52
[INFO] [stdout]     |
[INFO] [stdout] 293 |     pub struct TemplateFuture<'a, T: TemplateEngine + 'a, E: Endpoint<'a>> {
[INFO] [stdout]     |                                                    ^^^^^ help: remove this bound
[INFO] [stdout]     |
[INFO] [stdout] note: the lint level is defined here
[INFO] [stdout]    --> src/lib.rs:11:5
[INFO] [stdout]     |
[INFO] [stdout] 11  |     rust_2018_idioms,
[INFO] [stdout]     |     ^^^^^^^^^^^^^^^^
[INFO] [stdout]     = note: `#[warn(explicit_outlives_requirements)]` implied by `#[warn(rust_2018_idioms)]`
[INFO] [stdout] 
[INFO] [stdout] 
[INFO] [stdout] warning: 3 warnings emitted
[INFO] [stdout] 
[INFO] [stdout] 
[INFO] [stderr]    Compiling humantime v1.3.0
[INFO] [stderr]    Compiling env_logger v0.5.13
[INFO] [stderr]    Compiling pretty_env_logger v0.2.5
[INFO] [stderr]    Compiling finchers-template v0.1.1 (/opt/rustwide/workdir)
[INFO] [stdout] error[E0601]: `main` function not found in crate `horrorshow`
[INFO] [stdout]   --> examples/horrorshow.rs:39:2
[INFO] [stdout]    |
[INFO] [stdout] 39 | }
[INFO] [stdout]    |  ^ consider adding a `main` function to `examples/horrorshow.rs`
[INFO] [stdout] 
[INFO] [stdout] 
[INFO] [stdout] error: aborting due to previous error
[INFO] [stdout] 
[INFO] [stdout] 
[INFO] [stdout] For more information about this error, try `rustc --explain E0601`.
[INFO] [stdout] 
[INFO] [stdout] error[E0601]: `main` function not found in crate `handlebars`
[INFO] [stdout]   --> examples/handlebars.rs:54:2
[INFO] [stdout]    |
[INFO] [stdout] 54 | }
[INFO] [stdout]    |  ^ consider adding a `main` function to `examples/handlebars.rs`
[INFO] [stdout] 
[INFO] [stdout] 
[INFO] [stdout] error: aborting due to previous error
[INFO] [stdout] 
[INFO] [stdout] 
[INFO] [stdout] For more information about this error, try `rustc --explain E0601`.
[INFO] [stdout] 
[INFO] [stderr] error: could not compile `finchers-template` (example "horrorshow") due to 2 previous errors
[INFO] [stderr] warning: build failed, waiting for other jobs to finish...
[INFO] [stderr] error: could not compile `finchers-template` (example "handlebars") due to 2 previous errors
[INFO] [stdout] warning: use of deprecated function `mime_guess::guess_mime_type`: Use `from_path(path).first_or_octet_stream()` instead
[INFO] [stdout]   --> src/lib.rs:70:21
[INFO] [stdout]    |
[INFO] [stdout] 70 |     use mime_guess::guess_mime_type;
[INFO] [stdout]    |                     ^^^^^^^^^^^^^^^
[INFO] [stdout]    |
[INFO] [stdout]    = note: `#[warn(deprecated)]` on by default
[INFO] [stdout] 
[INFO] [stdout] 
[INFO] [stdout] warning: use of deprecated function `mime_guess::guess_mime_type`: Use `from_path(path).first_or_octet_stream()` instead
[INFO] [stdout]    --> src/lib.rs:158:53
[INFO] [stdout]     |
[INFO] [stdout] 158 |         let content_type = HeaderValue::from_shared(guess_mime_type(&*name).as_ref().into())
[INFO] [stdout]     |                                                     ^^^^^^^^^^^^^^^
[INFO] [stdout] 
[INFO] [stdout] 
[INFO] [stdout] warning: outlives requirements can be inferred
[INFO] [stdout]    --> src/lib.rs:293:52
[INFO] [stdout]     |
[INFO] [stdout] 293 |     pub struct TemplateFuture<'a, T: TemplateEngine + 'a, E: Endpoint<'a>> {
[INFO] [stdout]     |                                                    ^^^^^ help: remove this bound
[INFO] [stdout]     |
[INFO] [stdout] note: the lint level is defined here
[INFO] [stdout]    --> src/lib.rs:11:5
[INFO] [stdout]     |
[INFO] [stdout] 11  |     rust_2018_idioms,
[INFO] [stdout]     |     ^^^^^^^^^^^^^^^^
[INFO] [stdout]     = note: `#[warn(explicit_outlives_requirements)]` implied by `#[warn(rust_2018_idioms)]`
[INFO] [stdout] 
[INFO] [stdout] 
[INFO] [stdout] warning: 3 warnings emitted
[INFO] [stdout] 
[INFO] [stdout] 
[INFO] running `Command { std: "docker" "inspect" "463df9f92b670ac93e38744d8b556fb393a6f9be0dbe228418f49bacd2a0f354", kill_on_drop: false }`
[INFO] running `Command { std: "docker" "rm" "-f" "463df9f92b670ac93e38744d8b556fb393a6f9be0dbe228418f49bacd2a0f354", kill_on_drop: false }`
[INFO] [stdout] 463df9f92b670ac93e38744d8b556fb393a6f9be0dbe228418f49bacd2a0f354
[INFO] testing finchers-template-0.1.1 against beta-2023-12-22 for beta-1.76-1
[INFO] extracting crate finchers-template 0.1.1 into /workspace/builds/worker-5-tc2/source
[INFO] validating manifest of crates.io crate finchers-template 0.1.1 on toolchain beta-2023-12-22
[INFO] running `Command { std: CARGO_HOME="/workspace/cargo-home" RUSTUP_HOME="/workspace/rustup-home" "/workspace/cargo-home/bin/cargo" "+beta-2023-12-22" "metadata" "--manifest-path" "Cargo.toml" "--no-deps", kill_on_drop: false }`
[INFO] started tweaking crates.io crate finchers-template 0.1.1
[INFO] finished tweaking crates.io crate finchers-template 0.1.1
[INFO] tweaked toml for crates.io crate finchers-template 0.1.1 written to /workspace/builds/worker-5-tc2/source/Cargo.toml
[INFO] running `Command { std: CARGO_HOME="/workspace/cargo-home" RUSTUP_HOME="/workspace/rustup-home" "/workspace/cargo-home/bin/cargo" "+beta-2023-12-22" "generate-lockfile" "--manifest-path" "Cargo.toml", kill_on_drop: false }`
[INFO] [stderr]     Blocking waiting for file lock on package cache
[INFO] [stderr]     Updating crates.io index
[INFO] running `Command { std: CARGO_HOME="/workspace/cargo-home" RUSTUP_HOME="/workspace/rustup-home" "/workspace/cargo-home/bin/cargo" "+beta-2023-12-22" "fetch" "--manifest-path" "Cargo.toml", kill_on_drop: false }`
[INFO] running `Command { std: "docker" "create" "-v" "/var/lib/crater-agent-workspace/builds/worker-5-tc2/target:/opt/rustwide/target:rw,Z" "-v" "/var/lib/crater-agent-workspace/builds/worker-5-tc2/source:/opt/rustwide/workdir:ro,Z" "-v" "/var/lib/crater-agent-workspace/cargo-home:/opt/rustwide/cargo-home:ro,Z" "-v" "/var/lib/crater-agent-workspace/rustup-home:/opt/rustwide/rustup-home:ro,Z" "-e" "SOURCE_DIR=/opt/rustwide/workdir" "-e" "CARGO_TARGET_DIR=/opt/rustwide/target" "-e" "CARGO_HOME=/opt/rustwide/cargo-home" "-e" "RUSTUP_HOME=/opt/rustwide/rustup-home" "-w" "/opt/rustwide/workdir" "-m" "1610612736" "--user" "0:0" "--network" "none" "ghcr.io/rust-lang/crates-build-env/linux@sha256:2788e3201cd34a07e3172128adcd8b3090168a8e3bcc40d7c032b9dda1df7d1c" "/opt/rustwide/cargo-home/bin/cargo" "+beta-2023-12-22" "metadata" "--no-deps" "--format-version=1", kill_on_drop: false }`
[INFO] [stdout] 75e39d70c735b61bcdae47324264ae818eb7c0b6443f4c3b9acddd257759a7dc
[INFO] running `Command { std: "docker" "start" "-a" "75e39d70c735b61bcdae47324264ae818eb7c0b6443f4c3b9acddd257759a7dc", kill_on_drop: false }`
[INFO] running `Command { std: "docker" "inspect" "75e39d70c735b61bcdae47324264ae818eb7c0b6443f4c3b9acddd257759a7dc", kill_on_drop: false }`
[INFO] running `Command { std: "docker" "rm" "-f" "75e39d70c735b61bcdae47324264ae818eb7c0b6443f4c3b9acddd257759a7dc", kill_on_drop: false }`
[INFO] [stdout] 75e39d70c735b61bcdae47324264ae818eb7c0b6443f4c3b9acddd257759a7dc
[INFO] running `Command { std: "docker" "create" "-v" "/var/lib/crater-agent-workspace/builds/worker-5-tc2/target:/opt/rustwide/target:rw,Z" "-v" "/var/lib/crater-agent-workspace/builds/worker-5-tc2/source:/opt/rustwide/workdir:ro,Z" "-v" "/var/lib/crater-agent-workspace/cargo-home:/opt/rustwide/cargo-home:ro,Z" "-v" "/var/lib/crater-agent-workspace/rustup-home:/opt/rustwide/rustup-home:ro,Z" "-e" "SOURCE_DIR=/opt/rustwide/workdir" "-e" "CARGO_TARGET_DIR=/opt/rustwide/target" "-e" "CARGO_INCREMENTAL=0" "-e" "RUST_BACKTRACE=full" "-e" "RUSTFLAGS=--cap-lints=warn" "-e" "RUSTDOCFLAGS=--cap-lints=warn" "-e" "CARGO_HOME=/opt/rustwide/cargo-home" "-e" "RUSTUP_HOME=/opt/rustwide/rustup-home" "-w" "/opt/rustwide/workdir" "-m" "1610612736" "--user" "0:0" "--network" "none" "ghcr.io/rust-lang/crates-build-env/linux@sha256:2788e3201cd34a07e3172128adcd8b3090168a8e3bcc40d7c032b9dda1df7d1c" "/opt/rustwide/cargo-home/bin/cargo" "+beta-2023-12-22" "build" "--frozen" "--message-format=json", kill_on_drop: false }`
[INFO] [stdout] c6b8ac6ca220dbb4cdcc424e495bb6b02fd44505e07829d09ada639e2eb6cff8
[INFO] running `Command { std: "docker" "start" "-a" "c6b8ac6ca220dbb4cdcc424e495bb6b02fd44505e07829d09ada639e2eb6cff8", kill_on_drop: false }`
[INFO] [stderr]    Compiling cfg-if v0.1.10
[INFO] [stderr]    Compiling futures v0.1.31
[INFO] [stderr]    Compiling maybe-uninit v2.0.0
[INFO] [stderr]    Compiling semver-parser v0.7.0
[INFO] [stderr]    Compiling either v1.9.0
[INFO] [stderr]    Compiling memchr v2.7.1
[INFO] [stderr]    Compiling scopeguard v1.2.0
[INFO] [stderr]    Compiling version_check v0.9.4
[INFO] [stderr]    Compiling fnv v1.0.7
[INFO] [stderr]    Compiling crossbeam-utils v0.7.2
[INFO] [stderr]    Compiling slab v0.4.9
[INFO] [stderr]    Compiling memoffset v0.5.6
[INFO] [stderr]    Compiling crossbeam-epoch v0.8.2
[INFO] [stderr]    Compiling iovec v0.1.4
[INFO] [stderr]    Compiling num_cpus v1.16.0
[INFO] [stderr]    Compiling syn v2.0.48
[INFO] [stderr]    Compiling net2 v0.2.39
[INFO] [stderr]    Compiling lock_api v0.3.4
[INFO] [stderr]    Compiling cc v1.0.83
[INFO] [stderr]    Compiling adler v1.0.2
[INFO] [stderr]    Compiling semver v0.9.0
[INFO] [stderr]    Compiling bytes v0.4.12
[INFO] [stderr]    Compiling gimli v0.28.1
[INFO] [stderr]    Compiling miniz_oxide v0.7.1
[INFO] [stderr]    Compiling tinyvec_macros v0.1.1
[INFO] [stderr]    Compiling unicase v2.7.0
[INFO] [stderr]    Compiling rustc_version v0.2.3
[INFO] [stderr]    Compiling smallvec v0.6.14
[INFO] [stderr]    Compiling syn v1.0.109
[INFO] [stderr]    Compiling mio v0.6.23
[INFO] [stderr]    Compiling rustc-demangle v0.1.23
[INFO] [stderr]    Compiling serde v1.0.194
[INFO] [stderr]    Compiling tinyvec v1.6.0
[INFO] [stderr]    Compiling object v0.32.2
[INFO] [stderr]    Compiling parking_lot_core v0.6.3
[INFO] [stderr]    Compiling parking_lot v0.9.0
[INFO] [stderr]    Compiling error-chain v0.12.4
[INFO] [stderr]    Compiling indexmap v1.9.3
[INFO] [stderr]    Compiling crossbeam-queue v0.2.3
[INFO] [stderr]    Compiling ucd-trie v0.1.6
[INFO] [stderr]    Compiling itoa v0.4.8
[INFO] [stderr]    Compiling crossbeam-deque v0.7.4
[INFO] [stderr]    Compiling http v0.1.21
[INFO] [stderr]    Compiling mio-uds v0.6.8
[INFO] [stderr]    Compiling num-traits v0.2.17
[INFO] [stderr]    Compiling unicode-xid v0.2.4
[INFO] [stderr]    Compiling httparse v1.8.0
[INFO] [stderr]    Compiling percent-encoding v1.0.1
[INFO] [stderr]    Compiling tokio-executor v0.1.10
[INFO] [stderr]    Compiling tokio-io v0.1.13
[INFO] [stderr]    Compiling tokio-sync v0.1.8
[INFO] [stderr]    Compiling unicode-normalization v0.1.22
[INFO] [stderr]    Compiling unicode-bidi v0.3.14
[INFO] [stderr]    Compiling tokio-threadpool v0.1.18
[INFO] [stderr]    Compiling hashbrown v0.12.3
[INFO] [stderr]    Compiling unic-common v0.7.0
[INFO] [stderr]    Compiling backtrace v0.3.69
[INFO] [stderr]    Compiling matches v0.1.10
[INFO] [stderr]    Compiling failure_derive v0.1.8
[INFO] [stderr]    Compiling unic-char-range v0.7.0
[INFO] [stderr]    Compiling unic-ucd-version v0.7.0
[INFO] [stderr]    Compiling tokio-timer v0.2.13
[INFO] [stderr]    Compiling tokio-current-thread v0.1.7
[INFO] [stderr]    Compiling unic-char-property v0.7.0
[INFO] [stderr]    Compiling tokio-reactor v0.1.12
[INFO] [stderr]    Compiling tokio-codec v0.1.2
[INFO] [stderr]    Compiling tokio-fs v0.1.7
[INFO] [stderr]    Compiling idna v0.1.5
[INFO] [stderr]    Compiling mime_guess v2.0.4
[INFO] [stderr]    Compiling tokio-buf v0.1.1
[INFO] [stderr]    Compiling tokio-udp v0.1.6
[INFO] [stderr]    Compiling tokio-uds v0.2.7
[INFO] [stderr]    Compiling tokio-tcp v0.1.4
[INFO] [stderr]    Compiling hyper v0.12.36
[INFO] [stderr]    Compiling aho-corasick v1.1.2
[INFO] [stderr]    Compiling string v0.2.1
[INFO] [stderr]    Compiling time v0.1.45
[INFO] [stderr]    Compiling try-lock v0.2.5
[INFO] [stderr]    Compiling regex-syntax v0.8.2
[INFO] [stderr]    Compiling url v1.7.2
[INFO] [stderr]    Compiling tokio v0.1.22
[INFO] [stderr]    Compiling addr2line v0.21.0
[INFO] [stderr]    Compiling want v0.2.0
[INFO] [stderr]    Compiling unic-ucd-segment v0.7.0
[INFO] [stderr]    Compiling http-body v0.1.0
[INFO] [stderr]    Compiling h2 v0.1.26
[INFO] [stderr]    Compiling futures-cpupool v0.1.8
[INFO] [stderr]    Compiling iana-time-zone v0.1.59
[INFO] [stderr]    Compiling deunicode v1.4.2
[INFO] [stderr]    Compiling data-encoding v2.5.0
[INFO] [stderr]    Compiling mime v0.3.17
[INFO] [stderr]    Compiling percent-encoding v2.3.1
[INFO] [stderr]    Compiling slug v0.1.5
[INFO] [stderr]    Compiling cookie v0.11.5
[INFO] [stderr]    Compiling unic-segment v0.7.0
[INFO] [stderr]    Compiling synstructure v0.12.6
[INFO] [stderr]    Compiling chrono v0.4.31
[INFO] [stderr]    Compiling bitflags v1.3.2
[INFO] [stderr]    Compiling humansize v1.1.1
[INFO] [stderr]    Compiling glob v0.2.11
[INFO] [stderr]    Compiling regex-automata v0.4.3
[INFO] [stderr]    Compiling thiserror-impl v1.0.56
[INFO] [stderr]    Compiling serde_derive v1.0.194
[INFO] [stderr]    Compiling failure v0.1.8
[INFO] [stderr]    Compiling thiserror v1.0.56
[INFO] [stderr]    Compiling pest v2.7.6
[INFO] [stderr]    Compiling regex v1.10.2
[INFO] [stderr]    Compiling pest_meta v2.7.6
[INFO] [stderr]    Compiling pest_generator v2.7.6
[INFO] [stderr]    Compiling pest_derive v2.7.6
[INFO] [stderr]    Compiling serde_json v1.0.111
[INFO] [stderr]    Compiling serde_qs v0.4.6
[INFO] [stderr]    Compiling finchers v0.12.2
[INFO] [stderr]    Compiling tera v0.11.20
[INFO] [stderr]    Compiling finchers-template v0.1.1 (/opt/rustwide/workdir)
[INFO] [stdout] warning: use of deprecated function `mime_guess::guess_mime_type`: Use `from_path(path).first_or_octet_stream()` instead
[INFO] [stdout]   --> src/lib.rs:70:21
[INFO] [stdout]    |
[INFO] [stdout] 70 |     use mime_guess::guess_mime_type;
[INFO] [stdout]    |                     ^^^^^^^^^^^^^^^
[INFO] [stdout]    |
[INFO] [stdout]    = note: `#[warn(deprecated)]` on by default
[INFO] [stdout] 
[INFO] [stdout] 
[INFO] [stdout] warning: use of deprecated function `mime_guess::guess_mime_type`: Use `from_path(path).first_or_octet_stream()` instead
[INFO] [stdout]    --> src/lib.rs:158:53
[INFO] [stdout]     |
[INFO] [stdout] 158 |         let content_type = HeaderValue::from_shared(guess_mime_type(&*name).as_ref().into())
[INFO] [stdout]     |                                                     ^^^^^^^^^^^^^^^
[INFO] [stdout] 
[INFO] [stdout] 
[INFO] [stdout] warning: outlives requirements can be inferred
[INFO] [stdout]    --> src/lib.rs:293:52
[INFO] [stdout]     |
[INFO] [stdout] 293 |     pub struct TemplateFuture<'a, T: TemplateEngine + 'a, E: Endpoint<'a>> {
[INFO] [stdout]     |                                                    ^^^^^ help: remove this bound
[INFO] [stdout]     |
[INFO] [stdout] note: the lint level is defined here
[INFO] [stdout]    --> src/lib.rs:11:5
[INFO] [stdout]     |
[INFO] [stdout] 11  |     rust_2018_idioms,
[INFO] [stdout]     |     ^^^^^^^^^^^^^^^^
[INFO] [stdout]     = note: `#[warn(explicit_outlives_requirements)]` implied by `#[warn(rust_2018_idioms)]`
[INFO] [stdout] 
[INFO] [stdout] 
[INFO] [stdout] warning: 3 warnings emitted
[INFO] [stdout] 
[INFO] [stdout] 
[INFO] [stderr]     Finished dev [unoptimized + debuginfo] target(s) in 13.65s
[INFO] running `Command { std: "docker" "inspect" "c6b8ac6ca220dbb4cdcc424e495bb6b02fd44505e07829d09ada639e2eb6cff8", kill_on_drop: false }`
[INFO] running `Command { std: "docker" "rm" "-f" "c6b8ac6ca220dbb4cdcc424e495bb6b02fd44505e07829d09ada639e2eb6cff8", kill_on_drop: false }`
[INFO] [stdout] c6b8ac6ca220dbb4cdcc424e495bb6b02fd44505e07829d09ada639e2eb6cff8
[INFO] running `Command { std: "docker" "create" "-v" "/var/lib/crater-agent-workspace/builds/worker-5-tc2/target:/opt/rustwide/target:rw,Z" "-v" "/var/lib/crater-agent-workspace/builds/worker-5-tc2/source:/opt/rustwide/workdir:ro,Z" "-v" "/var/lib/crater-agent-workspace/cargo-home:/opt/rustwide/cargo-home:ro,Z" "-v" "/var/lib/crater-agent-workspace/rustup-home:/opt/rustwide/rustup-home:ro,Z" "-e" "SOURCE_DIR=/opt/rustwide/workdir" "-e" "CARGO_TARGET_DIR=/opt/rustwide/target" "-e" "CARGO_INCREMENTAL=0" "-e" "RUST_BACKTRACE=full" "-e" "RUSTFLAGS=--cap-lints=warn" "-e" "RUSTDOCFLAGS=--cap-lints=warn" "-e" "CARGO_HOME=/opt/rustwide/cargo-home" "-e" "RUSTUP_HOME=/opt/rustwide/rustup-home" "-w" "/opt/rustwide/workdir" "-m" "1610612736" "--user" "0:0" "--network" "none" "ghcr.io/rust-lang/crates-build-env/linux@sha256:2788e3201cd34a07e3172128adcd8b3090168a8e3bcc40d7c032b9dda1df7d1c" "/opt/rustwide/cargo-home/bin/cargo" "+beta-2023-12-22" "test" "--frozen" "--no-run" "--message-format=json", kill_on_drop: false }`
[INFO] [stdout] 3b399d0c5bcec691a3e3caec0ca1f76c6b9b5a3e8609aba4ad59c15dfc79cf57
[INFO] running `Command { std: "docker" "start" "-a" "3b399d0c5bcec691a3e3caec0ca1f76c6b9b5a3e8609aba4ad59c15dfc79cf57", kill_on_drop: false }`
[INFO] [stderr]    Compiling quick-error v1.2.3
[INFO] [stderr]    Compiling atty v0.2.14
[INFO] [stderr]    Compiling ansi_term v0.11.0
[INFO] [stdout] warning: use of deprecated function `mime_guess::guess_mime_type`: Use `from_path(path).first_or_octet_stream()` instead
[INFO] [stdout]   --> src/lib.rs:70:21
[INFO] [stdout]    |
[INFO] [stdout] 70 |     use mime_guess::guess_mime_type;
[INFO] [stdout]    |                     ^^^^^^^^^^^^^^^
[INFO] [stdout]    |
[INFO] [stdout]    = note: `#[warn(deprecated)]` on by default
[INFO] [stdout] 
[INFO] [stdout] 
[INFO] [stdout] warning: use of deprecated function `mime_guess::guess_mime_type`: Use `from_path(path).first_or_octet_stream()` instead
[INFO] [stdout]    --> src/lib.rs:158:53
[INFO] [stdout]     |
[INFO] [stdout] 158 |         let content_type = HeaderValue::from_shared(guess_mime_type(&*name).as_ref().into())
[INFO] [stdout]     |                                                     ^^^^^^^^^^^^^^^
[INFO] [stdout] 
[INFO] [stdout] 
[INFO] [stdout] warning: outlives requirements can be inferred
[INFO] [stdout]    --> src/lib.rs:293:52
[INFO] [stdout]     |
[INFO] [stdout] 293 |     pub struct TemplateFuture<'a, T: TemplateEngine + 'a, E: Endpoint<'a>> {
[INFO] [stdout]     |                                                    ^^^^^ help: remove this bound
[INFO] [stdout]     |
[INFO] [stdout] note: the lint level is defined here
[INFO] [stdout]    --> src/lib.rs:11:5
[INFO] [stdout]     |
[INFO] [stdout] 11  |     rust_2018_idioms,
[INFO] [stdout]     |     ^^^^^^^^^^^^^^^^
[INFO] [stdout]     = note: `#[warn(explicit_outlives_requirements)]` implied by `#[warn(rust_2018_idioms)]`
[INFO] [stdout] 
[INFO] [stdout] 
[INFO] [stdout] warning: 3 warnings emitted
[INFO] [stdout] 
[INFO] [stdout] 
[INFO] [stderr]    Compiling humantime v1.3.0
[INFO] [stderr]    Compiling env_logger v0.5.13
[INFO] [stderr]    Compiling pretty_env_logger v0.2.5
[INFO] [stderr]    Compiling finchers-template v0.1.1 (/opt/rustwide/workdir)
[INFO] [stdout] error[E0601]: `main` function not found in crate `horrorshow`
[INFO] [stdout]   --> examples/horrorshow.rs:39:2
[INFO] [stdout]    |
[INFO] [stdout] 39 | }
[INFO] [stdout]    |  ^ consider adding a `main` function to `examples/horrorshow.rs`
[INFO] [stdout] 
[INFO] [stdout] 
[INFO] [stdout] error: aborting due to 1 previous error
[INFO] [stdout] 
[INFO] [stdout] 
[INFO] [stdout] For more information about this error, try `rustc --explain E0601`.
[INFO] [stdout] 
[INFO] [stdout] error[E0601]: `main` function not found in crate `handlebars`
[INFO] [stdout]   --> examples/handlebars.rs:54:2
[INFO] [stdout]    |
[INFO] [stdout] 54 | }
[INFO] [stdout]    |  ^ consider adding a `main` function to `examples/handlebars.rs`
[INFO] [stdout] 
[INFO] [stdout] 
[INFO] [stdout] error: aborting due to 1 previous error
[INFO] [stdout] 
[INFO] [stdout] 
[INFO] [stdout] For more information about this error, try `rustc --explain E0601`.
[INFO] [stdout] 
[INFO] [stderr] error: could not compile `finchers-template` (example "horrorshow") due to 2 previous errors
[INFO] [stderr] warning: build failed, waiting for other jobs to finish...
[INFO] [stderr] error: could not compile `finchers-template` (example "handlebars") due to 2 previous errors
[INFO] [stdout] warning: use of deprecated function `mime_guess::guess_mime_type`: Use `from_path(path).first_or_octet_stream()` instead
[INFO] [stdout]   --> src/lib.rs:70:21
[INFO] [stdout]    |
[INFO] [stdout] 70 |     use mime_guess::guess_mime_type;
[INFO] [stdout]    |                     ^^^^^^^^^^^^^^^
[INFO] [stdout]    |
[INFO] [stdout]    = note: `#[warn(deprecated)]` on by default
[INFO] [stdout] 
[INFO] [stdout] 
[INFO] [stdout] warning: use of deprecated function `mime_guess::guess_mime_type`: Use `from_path(path).first_or_octet_stream()` instead
[INFO] [stdout]    --> src/lib.rs:158:53
[INFO] [stdout]     |
[INFO] [stdout] 158 |         let content_type = HeaderValue::from_shared(guess_mime_type(&*name).as_ref().into())
[INFO] [stdout]     |                                                     ^^^^^^^^^^^^^^^
[INFO] [stdout] 
[INFO] [stdout] 
[INFO] [stdout] warning: outlives requirements can be inferred
[INFO] [stdout]    --> src/lib.rs:293:52
[INFO] [stdout]     |
[INFO] [stdout] 293 |     pub struct TemplateFuture<'a, T: TemplateEngine + 'a, E: Endpoint<'a>> {
[INFO] [stdout]     |                                                    ^^^^^ help: remove this bound
[INFO] [stdout]     |
[INFO] [stdout] note: the lint level is defined here
[INFO] [stdout]    --> src/lib.rs:11:5
[INFO] [stdout]     |
[INFO] [stdout] 11  |     rust_2018_idioms,
[INFO] [stdout]     |     ^^^^^^^^^^^^^^^^
[INFO] [stdout]     = note: `#[warn(explicit_outlives_requirements)]` implied by `#[warn(rust_2018_idioms)]`
[INFO] [stdout] 
[INFO] [stdout] 
[INFO] [stdout] warning: 3 warnings emitted
[INFO] [stdout] 
[INFO] [stdout] 
[INFO] running `Command { std: "docker" "inspect" "3b399d0c5bcec691a3e3caec0ca1f76c6b9b5a3e8609aba4ad59c15dfc79cf57", kill_on_drop: false }`
[INFO] running `Command { std: "docker" "rm" "-f" "3b399d0c5bcec691a3e3caec0ca1f76c6b9b5a3e8609aba4ad59c15dfc79cf57", kill_on_drop: false }`
[INFO] [stdout] 3b399d0c5bcec691a3e3caec0ca1f76c6b9b5a3e8609aba4ad59c15dfc79cf57
