[INFO] fetching crate filecoin-hashers 11.1.0...
[INFO] testing filecoin-hashers-11.1.0 against 1.75.0 for beta-1.76-1
[INFO] extracting crate filecoin-hashers 11.1.0 into /workspace/builds/worker-4-tc1/source
[INFO] validating manifest of crates.io crate filecoin-hashers 11.1.0 on toolchain 1.75.0
[INFO] running `Command { std: CARGO_HOME="/workspace/cargo-home" RUSTUP_HOME="/workspace/rustup-home" "/workspace/cargo-home/bin/cargo" "+1.75.0" "metadata" "--manifest-path" "Cargo.toml" "--no-deps", kill_on_drop: false }`
[INFO] started tweaking crates.io crate filecoin-hashers 11.1.0
[INFO] finished tweaking crates.io crate filecoin-hashers 11.1.0
[INFO] tweaked toml for crates.io crate filecoin-hashers 11.1.0 written to /workspace/builds/worker-4-tc1/source/Cargo.toml
[INFO] running `Command { std: CARGO_HOME="/workspace/cargo-home" RUSTUP_HOME="/workspace/rustup-home" "/workspace/cargo-home/bin/cargo" "+1.75.0" "generate-lockfile" "--manifest-path" "Cargo.toml", kill_on_drop: false }`
[INFO] [stderr]     Updating crates.io index
[INFO] running `Command { std: CARGO_HOME="/workspace/cargo-home" RUSTUP_HOME="/workspace/rustup-home" "/workspace/cargo-home/bin/cargo" "+1.75.0" "fetch" "--manifest-path" "Cargo.toml", kill_on_drop: false }`
[INFO] [stderr]  Downloading crates ...
[INFO] [stderr]   Downloaded trait-set v0.3.0
[INFO] [stderr]   Downloaded execute-command-macro-impl v0.1.10
[INFO] [stderr]   Downloaded execute-command-macro v0.1.9
[INFO] [stderr]   Downloaded execute-command-tokens v0.1.7
[INFO] [stderr]   Downloaded execute v0.2.13
[INFO] [stderr]   Downloaded bellpepper-core v0.2.1
[INFO] [stderr]   Downloaded pairing v0.23.0
[INFO] [stderr]   Downloaded blst v0.3.11
[INFO] [stderr]   Downloaded fil-rustacuda v0.1.4
[INFO] [stderr]   Downloaded opencl3 v0.9.5
[INFO] [stderr]   Downloaded cl3 v0.9.5
[INFO] [stderr]   Downloaded pasta_curves v0.5.1
[INFO] [stderr]   Downloaded neptune v11.0.0
[INFO] [stderr]   Downloaded blstrs v0.7.1
[INFO] [stderr]   Downloaded ec-gpu v0.2.0
[INFO] [stderr]   Downloaded generic-array v1.0.0
[INFO] [stderr]   Downloaded rust-gpu-tools v0.7.2
[INFO] [stderr]   Downloaded yastl v0.1.2
[INFO] [stderr]   Downloaded opencl-sys v0.2.8
[INFO] [stderr]   Downloaded ec-gpu-gen v0.6.0
[INFO] [stderr]   Downloaded cuda-driver-sys v0.3.0
[INFO] [stderr]   Downloaded temp-env v0.3.6
[INFO] [stderr]   Downloaded ec-gpu-gen v0.7.0
[INFO] [stderr]   Downloaded bellperson v0.26.0
[INFO] [stderr]   Downloaded positioned-io v0.3.3
[INFO] [stderr]   Downloaded merkletree v0.23.0
[INFO] [stderr]   Downloaded bellpepper v0.2.1
[INFO] running `Command { std: "docker" "create" "-v" "/var/lib/crater-agent-workspace/builds/worker-4-tc1/target:/opt/rustwide/target:rw,Z" "-v" "/var/lib/crater-agent-workspace/builds/worker-4-tc1/source:/opt/rustwide/workdir:ro,Z" "-v" "/var/lib/crater-agent-workspace/cargo-home:/opt/rustwide/cargo-home:ro,Z" "-v" "/var/lib/crater-agent-workspace/rustup-home:/opt/rustwide/rustup-home:ro,Z" "-e" "SOURCE_DIR=/opt/rustwide/workdir" "-e" "CARGO_TARGET_DIR=/opt/rustwide/target" "-e" "CARGO_HOME=/opt/rustwide/cargo-home" "-e" "RUSTUP_HOME=/opt/rustwide/rustup-home" "-w" "/opt/rustwide/workdir" "-m" "1610612736" "--user" "0:0" "--network" "none" "ghcr.io/rust-lang/crates-build-env/linux@sha256:2788e3201cd34a07e3172128adcd8b3090168a8e3bcc40d7c032b9dda1df7d1c" "/opt/rustwide/cargo-home/bin/cargo" "+1.75.0" "metadata" "--no-deps" "--format-version=1", kill_on_drop: false }`
[INFO] [stdout] 0e9274a6cb64de3b339839e9a04d264cb6b0bc8c6d24cdc72ccbbb6502f7830d
[INFO] running `Command { std: "docker" "start" "-a" "0e9274a6cb64de3b339839e9a04d264cb6b0bc8c6d24cdc72ccbbb6502f7830d", kill_on_drop: false }`
[INFO] running `Command { std: "docker" "inspect" "0e9274a6cb64de3b339839e9a04d264cb6b0bc8c6d24cdc72ccbbb6502f7830d", kill_on_drop: false }`
[INFO] running `Command { std: "docker" "rm" "-f" "0e9274a6cb64de3b339839e9a04d264cb6b0bc8c6d24cdc72ccbbb6502f7830d", kill_on_drop: false }`
[INFO] [stdout] 0e9274a6cb64de3b339839e9a04d264cb6b0bc8c6d24cdc72ccbbb6502f7830d
[INFO] running `Command { std: "docker" "create" "-v" "/var/lib/crater-agent-workspace/builds/worker-4-tc1/target:/opt/rustwide/target:rw,Z" "-v" "/var/lib/crater-agent-workspace/builds/worker-4-tc1/source:/opt/rustwide/workdir:ro,Z" "-v" "/var/lib/crater-agent-workspace/cargo-home:/opt/rustwide/cargo-home:ro,Z" "-v" "/var/lib/crater-agent-workspace/rustup-home:/opt/rustwide/rustup-home:ro,Z" "-e" "SOURCE_DIR=/opt/rustwide/workdir" "-e" "CARGO_TARGET_DIR=/opt/rustwide/target" "-e" "CARGO_INCREMENTAL=0" "-e" "RUST_BACKTRACE=full" "-e" "RUSTFLAGS=--cap-lints=warn" "-e" "RUSTDOCFLAGS=--cap-lints=warn" "-e" "CARGO_HOME=/opt/rustwide/cargo-home" "-e" "RUSTUP_HOME=/opt/rustwide/rustup-home" "-w" "/opt/rustwide/workdir" "-m" "1610612736" "--user" "0:0" "--network" "none" "ghcr.io/rust-lang/crates-build-env/linux@sha256:2788e3201cd34a07e3172128adcd8b3090168a8e3bcc40d7c032b9dda1df7d1c" "/opt/rustwide/cargo-home/bin/cargo" "+1.75.0" "build" "--frozen" "--message-format=json", kill_on_drop: false }`
[INFO] [stdout] 76526327e31cf0afc58b92b3b014c2d68aa811678a69fa737ddeda058ca59af8
[INFO] running `Command { std: "docker" "start" "-a" "76526327e31cf0afc58b92b3b014c2d68aa811678a69fa737ddeda058ca59af8", kill_on_drop: false }`
[INFO] [stderr]    Compiling libc v0.2.151
[INFO] [stderr]    Compiling typenum v1.17.0
[INFO] [stderr]    Compiling radium v0.7.0
[INFO] [stderr]    Compiling tap v1.0.1
[INFO] [stderr]    Compiling lock_api v0.4.11
[INFO] [stderr]    Compiling funty v2.0.0
[INFO] [stderr]    Compiling syn v2.0.48
[INFO] [stderr]    Compiling crossbeam-utils v0.8.18
[INFO] [stderr]    Compiling wyz v0.5.1
[INFO] [stderr]    Compiling subtle v2.5.0
[INFO] [stderr]    Compiling scopeguard v1.2.0
[INFO] [stderr]    Compiling parking_lot_core v0.9.9
[INFO] [stderr]    Compiling opencl-sys v0.2.8
[INFO] [stderr]    Compiling smallvec v1.11.2
[INFO] [stderr]    Compiling rayon-core v1.12.0
[INFO] [stderr]    Compiling either v1.9.0
[INFO] [stderr]    Compiling arrayref v0.3.7
[INFO] [stderr]    Compiling execute-command-tokens v0.1.7
[INFO] [stderr]    Compiling spin v0.9.8
[INFO] [stderr]    Compiling bitvec v1.0.1
[INFO] [stderr]    Compiling log v0.4.20
[INFO] [stderr]    Compiling crossbeam-epoch v0.9.17
[INFO] [stderr]    Compiling cpufeatures v0.2.12
[INFO] [stderr]    Compiling ec-gpu v0.2.0
[INFO] [stderr]    Compiling flume v0.10.14
[INFO] [stderr]    Compiling getrandom v0.2.11
[INFO] [stderr]    Compiling crossbeam-deque v0.8.4
[INFO] [stderr]    Compiling rand_core v0.6.4
[INFO] [stderr]    Compiling num_cpus v1.16.0
[INFO] [stderr]    Compiling rand_chacha v0.3.1
[INFO] [stderr]    Compiling rand_xorshift v0.3.0
[INFO] [stderr]    Compiling parking_lot v0.12.1
[INFO] [stderr]    Compiling generic-array v0.14.7
[INFO] [stderr]    Compiling cc v1.0.83
[INFO] [stderr]    Compiling rayon v1.8.0
[INFO] [stderr]    Compiling rand v0.8.5
[INFO] [stderr]    Compiling crypto-common v0.1.6
[INFO] [stderr]    Compiling block-buffer v0.10.4
[INFO] [stderr]    Compiling temp-env v0.3.6
[INFO] [stderr]    Compiling generic-array v1.0.0
[INFO] [stderr]    Compiling digest v0.10.7
[INFO] [stderr]    Compiling constant_time_eq v0.3.0
[INFO] [stderr]    Compiling home v0.5.9
[INFO] [stderr]    Compiling sha2 v0.10.8
[INFO] [stderr]    Compiling arrayvec v0.7.4
[INFO] [stderr]    Compiling threadpool v1.8.1
[INFO] [stderr]    Compiling yastl v0.1.2
[INFO] [stderr]    Compiling blst v0.3.11
[INFO] [stderr]    Compiling crossbeam-channel v0.5.10
[INFO] [stderr]    Compiling byte-slice-cast v1.2.2
[INFO] [stderr]    Compiling byteorder v1.5.0
[INFO] [stderr]    Compiling ec-gpu-gen v0.7.0
[INFO] [stderr]    Compiling ec-gpu-gen v0.6.0
[INFO] [stderr]    Compiling spin v0.5.2
[INFO] [stderr]    Compiling blake2s_simd v1.0.2
[INFO] [stderr]    Compiling lazy_static v1.4.0
[INFO] [stderr]    Compiling blake2b_simd v1.0.2
[INFO] [stderr]    Compiling syn v1.0.109
[INFO] [stderr]    Compiling rustix v0.38.28
[INFO] [stderr]    Compiling linux-raw-sys v0.4.12
[INFO] [stderr]    Compiling bitflags v2.4.1
[INFO] [stderr]    Compiling ff v0.13.0
[INFO] [stderr]    Compiling group v0.13.0
[INFO] [stderr]    Compiling pairing v0.23.0
[INFO] [stderr]    Compiling memmap2 v0.5.10
[INFO] [stderr]    Compiling arrayvec v0.5.2
[INFO] [stderr]    Compiling fastrand v2.0.1
[INFO] [stderr]    Compiling constant_time_eq v0.1.5
[INFO] [stderr]    Compiling positioned-io v0.3.3
[INFO] [stderr]    Compiling blake2s_simd v0.5.11
[INFO] [stderr]    Compiling fs2 v0.4.3
[INFO] [stderr]    Compiling itertools v0.8.2
[INFO] [stderr]    Compiling tempfile v3.9.0
[INFO] [stderr]    Compiling serde_derive v1.0.194
[INFO] [stderr]    Compiling thiserror-impl v1.0.56
[INFO] [stderr]    Compiling execute-command-macro-impl v0.1.10
[INFO] [stderr]    Compiling zeroize_derive v1.4.2
[INFO] [stderr]    Compiling trait-set v0.3.0
[INFO] [stderr]    Compiling execute-command-macro v0.1.9
[INFO] [stderr]    Compiling execute v0.2.13
[INFO] [stderr]    Compiling zeroize v1.7.0
[INFO] [stderr]    Compiling thiserror v1.0.56
[INFO] [stderr]    Compiling cl3 v0.9.5
[INFO] [stderr]    Compiling opencl3 v0.9.5
[INFO] [stderr]    Compiling serde v1.0.194
[INFO] [stderr]    Compiling hex v0.4.3
[INFO] [stderr]    Compiling blstrs v0.7.1
[INFO] [stderr]    Compiling bellpepper-core v0.2.1
[INFO] [stderr]    Compiling bincode v1.3.3
[INFO] [stderr]    Compiling merkletree v0.23.0
[INFO] [stderr]    Compiling rust-gpu-tools v0.7.2
[INFO] [stderr]    Compiling pasta_curves v0.5.1
[INFO] [stderr]    Compiling bellpepper v0.2.1
[INFO] [stderr]    Compiling bellperson v0.26.0
[INFO] [stderr]    Compiling neptune v11.0.0
[INFO] [stdout] error: linking with `cc` failed: exit status: 1
[INFO] [stdout]   |
[INFO] [stdout]   = note: LC_ALL="C" PATH="/opt/rustwide/rustup-home/toolchains/1.75.0-x86_64-unknown-linux-gnu/lib/rustlib/x86_64-unknown-linux-gnu/bin:/opt/rustwide/cargo-home/bin:/usr/local/sbin:/usr/local/bin:/usr/sbin:/usr/bin:/sbin:/bin" VSLANG="1033" "cc" "-m64" "/tmp/rustc4MuvXj/symbols.o" "/opt/rustwide/target/debug/build/bellperson-52241f5557df1478/build_script_build-52241f5557df1478.build_script_build.3c9bf0596068019c-cgu.0.rcgu.o" "/opt/rustwide/target/debug/build/bellperson-52241f5557df1478/build_script_build-52241f5557df1478.build_script_build.3c9bf0596068019c-cgu.1.rcgu.o" "/opt/rustwide/target/debug/build/bellperson-52241f5557df1478/build_script_build-52241f5557df1478.build_script_build.3c9bf0596068019c-cgu.2.rcgu.o" "/opt/rustwide/target/debug/build/bellperson-52241f5557df1478/build_script_build-52241f5557df1478.build_script_build.3c9bf0596068019c-cgu.3.rcgu.o" "/opt/rustwide/target/debug/build/bellperson-52241f5557df1478/build_script_build-52241f5557df1478.build_script_build.3c9bf0596068019c-cgu.4.rcgu.o" "/opt/rustwide/target/debug/build/bellperson-52241f5557df1478/build_script_build-52241f5557df1478.27ppfe1h8um8gve5.rcgu.o" "-Wl,--as-needed" "-L" "/opt/rustwide/target/debug/deps" "-L" "/opt/rustwide/target/debug/build/blst-e7242c13a7a5e7a5/out" "-L" "/opt/rustwide/rustup-home/toolchains/1.75.0-x86_64-unknown-linux-gnu/lib/rustlib/x86_64-unknown-linux-gnu/lib" "-Wl,-Bstatic" "/opt/rustwide/target/debug/deps/libec_gpu_gen-bee689727de71faf.rlib" "/opt/rustwide/target/debug/deps/libcrossbeam_channel-b32dc1781d1417ad.rlib" "/opt/rustwide/target/debug/deps/librayon-53dad4369efd59d7.rlib" "/opt/rustwide/target/debug/deps/librayon_core-8dd177d1d0894898.rlib" "/opt/rustwide/target/debug/deps/libcrossbeam_deque-a71826c26bd18f0b.rlib" "/opt/rustwide/target/debug/deps/libcrossbeam_epoch-810062665aa560cf.rlib" "/opt/rustwide/target/debug/deps/libcrossbeam_utils-69155c9edb6d0618.rlib" "/opt/rustwide/target/debug/deps/libeither-02329136bf214899.rlib" "/opt/rustwide/target/debug/deps/libyastl-ece08924674bfe3f.rlib" "/opt/rustwide/target/debug/deps/libflume-2ebeb931fdb045ca.rlib" "/opt/rustwide/target/debug/deps/libspin-fa87e957c741cab3.rlib" "/opt/rustwide/target/debug/deps/liblock_api-16bf78c190c2883a.rlib" "/opt/rustwide/target/debug/deps/libscopeguard-179e47dca4560991.rlib" "/opt/rustwide/target/debug/deps/librust_gpu_tools-0eb2b00d45c504ac.rlib" "/opt/rustwide/target/debug/deps/libhome-66b6aa76aee396d9.rlib" "/opt/rustwide/target/debug/deps/libhex-a664b3a0b7ef5965.rlib" "/opt/rustwide/target/debug/deps/libsha2-9895a04a622c0228.rlib" "/opt/rustwide/target/debug/deps/libcpufeatures-b8d9ed5bb45874e9.rlib" "/opt/rustwide/target/debug/deps/libdigest-27b4859b423e357a.rlib" "/opt/rustwide/target/debug/deps/libblock_buffer-dd5adeb2363ec1fc.rlib" "/opt/rustwide/target/debug/deps/libcrypto_common-3a287997870423c1.rlib" "/opt/rustwide/target/debug/deps/libgeneric_array-5cedfdaefdc7840a.rlib" "/opt/rustwide/target/debug/deps/libtypenum-4646265e57156898.rlib" "/opt/rustwide/target/debug/deps/libopencl3-921a4742fe264282.rlib" "/opt/rustwide/target/debug/deps/libcl3-0f3a4c8f043ea2e2.rlib" "/opt/rustwide/target/debug/deps/libthiserror-16e3d23f1ae0d627.rlib" "/opt/rustwide/target/debug/deps/libopencl_sys-b09edde093a55a08.rlib" "/opt/rustwide/target/debug/deps/libonce_cell-63be820ac0ed0954.rlib" "/opt/rustwide/target/debug/deps/liblog-4f472032e8cdd371.rlib" "/opt/rustwide/target/debug/deps/libblstrs-313f6fdbc50af968.rlib" "/opt/rustwide/target/debug/deps/libpairing-866e0c02fe1506d0.rlib" "/opt/rustwide/target/debug/deps/libserde-5c3de043305da7aa.rlib" "/opt/rustwide/target/debug/deps/libbyte_slice_cast-9e257444e5d21353.rlib" "/opt/rustwide/target/debug/deps/libgroup-472f7f31353ff592.rlib" "/opt/rustwide/target/debug/deps/librand_xorshift-7c512ce0a1694dbb.rlib" "/opt/rustwide/target/debug/deps/librand-6b1751f97fc780d8.rlib" "/opt/rustwide/target/debug/deps/librand_chacha-190d94af5566d2d7.rlib" "/opt/rustwide/target/debug/deps/libppv_lite86-9f808eb911999ef2.rlib" "/opt/rustwide/target/debug/deps/libec_gpu-6c7adc33c2184256.rlib" "/opt/rustwide/target/debug/deps/libff-99dee83d0c06ba37.rlib" "/opt/rustwide/target/debug/deps/librand_core-6b5cc83d202a6ca4.rlib" "/opt/rustwide/target/debug/deps/libgetrandom-6f8cebb06b407ea9.rlib" "/opt/rustwide/target/debug/deps/libcfg_if-61dc7a6799e72b18.rlib" "/opt/rustwide/target/debug/deps/libbitvec-0d493410bbb2a207.rlib" "/opt/rustwide/target/debug/deps/libwyz-3ab1106e6ae81bcb.rlib" "/opt/rustwide/target/debug/deps/libtap-2cc3bcce42dac99c.rlib" "/opt/rustwide/target/debug/deps/libradium-ebe0fb313fa4c01d.rlib" "/opt/rustwide/target/debug/deps/libfunty-b14902e4c1957add.rlib" "/opt/rustwide/target/debug/deps/libsubtle-add1bb7d312fdc8c.rlib" "/opt/rustwide/target/debug/deps/libblst-4b91c243111c0cdd.rlib" "/opt/rustwide/target/debug/deps/libthreadpool-c4ec96d1f5494ab6.rlib" "/opt/rustwide/target/debug/deps/libnum_cpus-d4708e9618b376f9.rlib" "/opt/rustwide/target/debug/deps/liblibc-4f34ddd04c373408.rlib" "/opt/rustwide/target/debug/deps/libzeroize-d56227c7b56604bf.rlib" "/opt/rustwide/rustup-home/toolchains/1.75.0-x86_64-unknown-linux-gnu/lib/rustlib/x86_64-unknown-linux-gnu/lib/libstd-90f6ddbf82de36ec.rlib" "/opt/rustwide/rustup-home/toolchains/1.75.0-x86_64-unknown-linux-gnu/lib/rustlib/x86_64-unknown-linux-gnu/lib/libpanic_unwind-480c41e9d4e1f677.rlib" "/opt/rustwide/rustup-home/toolchains/1.75.0-x86_64-unknown-linux-gnu/lib/rustlib/x86_64-unknown-linux-gnu/lib/libobject-db744c0ca03eed1d.rlib" "/opt/rustwide/rustup-home/toolchains/1.75.0-x86_64-unknown-linux-gnu/lib/rustlib/x86_64-unknown-linux-gnu/lib/libmemchr-8ba652dc7d4b285a.rlib" "/opt/rustwide/rustup-home/toolchains/1.75.0-x86_64-unknown-linux-gnu/lib/rustlib/x86_64-unknown-linux-gnu/lib/libaddr2line-d5f4520a9ebc0d58.rlib" "/opt/rustwide/rustup-home/toolchains/1.75.0-x86_64-unknown-linux-gnu/lib/rustlib/x86_64-unknown-linux-gnu/lib/libgimli-4ad84de58f0cb463.rlib" "/opt/rustwide/rustup-home/toolchains/1.75.0-x86_64-unknown-linux-gnu/lib/rustlib/x86_64-unknown-linux-gnu/lib/librustc_demangle-0d10aae2e0f38735.rlib" "/opt/rustwide/rustup-home/toolchains/1.75.0-x86_64-unknown-linux-gnu/lib/rustlib/x86_64-unknown-linux-gnu/lib/libstd_detect-0c17cff739e6745b.rlib" "/opt/rustwide/rustup-home/toolchains/1.75.0-x86_64-unknown-linux-gnu/lib/rustlib/x86_64-unknown-linux-gnu/lib/libhashbrown-b29e17139dde1aa8.rlib" "/opt/rustwide/rustup-home/toolchains/1.75.0-x86_64-unknown-linux-gnu/lib/rustlib/x86_64-unknown-linux-gnu/lib/librustc_std_workspace_alloc-1f975299829cc7bd.rlib" "/opt/rustwide/rustup-home/toolchains/1.75.0-x86_64-unknown-linux-gnu/lib/rustlib/x86_64-unknown-linux-gnu/lib/libminiz_oxide-86bae3bc3079f89b.rlib" "/opt/rustwide/rustup-home/toolchains/1.75.0-x86_64-unknown-linux-gnu/lib/rustlib/x86_64-unknown-linux-gnu/lib/libadler-321b82c30dffdf5f.rlib" "/opt/rustwide/rustup-home/toolchains/1.75.0-x86_64-unknown-linux-gnu/lib/rustlib/x86_64-unknown-linux-gnu/lib/libunwind-3dd8a6810a0bdfef.rlib" "/opt/rustwide/rustup-home/toolchains/1.75.0-x86_64-unknown-linux-gnu/lib/rustlib/x86_64-unknown-linux-gnu/lib/libcfg_if-eb39a61c0c879984.rlib" "/opt/rustwide/rustup-home/toolchains/1.75.0-x86_64-unknown-linux-gnu/lib/rustlib/x86_64-unknown-linux-gnu/lib/liblibc-aa769569f91c3548.rlib" "/opt/rustwide/rustup-home/toolchains/1.75.0-x86_64-unknown-linux-gnu/lib/rustlib/x86_64-unknown-linux-gnu/lib/liballoc-510a192a50a983ed.rlib" "/opt/rustwide/rustup-home/toolchains/1.75.0-x86_64-unknown-linux-gnu/lib/rustlib/x86_64-unknown-linux-gnu/lib/librustc_std_workspace_core-0577018320f99037.rlib" "/opt/rustwide/rustup-home/toolchains/1.75.0-x86_64-unknown-linux-gnu/lib/rustlib/x86_64-unknown-linux-gnu/lib/libcore-193cf992125ccd4c.rlib" "/opt/rustwide/rustup-home/toolchains/1.75.0-x86_64-unknown-linux-gnu/lib/rustlib/x86_64-unknown-linux-gnu/lib/libcompiler_builtins-8e138eaf26ebb4a8.rlib" "-Wl,-Bdynamic" "-lOpenCL" "-lOpenCL" "-lgcc_s" "-lutil" "-lrt" "-lpthread" "-lm" "-ldl" "-lc" "-Wl,--eh-frame-hdr" "-Wl,-z,noexecstack" "-L" "/opt/rustwide/rustup-home/toolchains/1.75.0-x86_64-unknown-linux-gnu/lib/rustlib/x86_64-unknown-linux-gnu/lib" "-o" "/opt/rustwide/target/debug/build/bellperson-52241f5557df1478/build_script_build-52241f5557df1478" "-Wl,--gc-sections" "-pie" "-Wl,-z,relro,-z,now" "-nodefaultlibs"
[INFO] [stdout]   = note: /usr/bin/ld: cannot find -lOpenCL: No such file or directory
[INFO] [stdout]           /usr/bin/ld: cannot find -lOpenCL: No such file or directory
[INFO] [stdout]           collect2: error: ld returned 1 exit status
[INFO] [stdout]           
[INFO] [stdout] 
[INFO] [stdout] 
[INFO] [stdout] error: aborting due to previous error
[INFO] [stdout] 
[INFO] [stdout] 
[INFO] [stderr] error: could not compile `bellperson` (build script) due to 2 previous errors
[INFO] [stderr] warning: build failed, waiting for other jobs to finish...
[INFO] [stdout] error: linking with `cc` failed: exit status: 1
[INFO] [stdout]   |
[INFO] [stdout]   = note: LC_ALL="C" PATH="/opt/rustwide/rustup-home/toolchains/1.75.0-x86_64-unknown-linux-gnu/lib/rustlib/x86_64-unknown-linux-gnu/bin:/opt/rustwide/cargo-home/bin:/usr/local/sbin:/usr/local/bin:/usr/sbin:/usr/bin:/sbin:/bin" VSLANG="1033" "cc" "-m64" "/tmp/rustcX4sVxi/symbols.o" "/opt/rustwide/target/debug/build/neptune-2332d758cecb91d8/build_script_build-2332d758cecb91d8.build_script_build.532950049eda6acb-cgu.0.rcgu.o" "/opt/rustwide/target/debug/build/neptune-2332d758cecb91d8/build_script_build-2332d758cecb91d8.build_script_build.532950049eda6acb-cgu.1.rcgu.o" "/opt/rustwide/target/debug/build/neptune-2332d758cecb91d8/build_script_build-2332d758cecb91d8.build_script_build.532950049eda6acb-cgu.2.rcgu.o" "/opt/rustwide/target/debug/build/neptune-2332d758cecb91d8/build_script_build-2332d758cecb91d8.build_script_build.532950049eda6acb-cgu.3.rcgu.o" "/opt/rustwide/target/debug/build/neptune-2332d758cecb91d8/build_script_build-2332d758cecb91d8.build_script_build.532950049eda6acb-cgu.4.rcgu.o" "/opt/rustwide/target/debug/build/neptune-2332d758cecb91d8/build_script_build-2332d758cecb91d8.3wvcn9e9vbnbge1u.rcgu.o" "-Wl,--as-needed" "-L" "/opt/rustwide/target/debug/deps" "-L" "/opt/rustwide/target/debug/build/blst-e7242c13a7a5e7a5/out" "-L" "/opt/rustwide/rustup-home/toolchains/1.75.0-x86_64-unknown-linux-gnu/lib/rustlib/x86_64-unknown-linux-gnu/lib" "-Wl,-Bstatic" "/opt/rustwide/target/debug/deps/libec_gpu_gen-c9c31432b469a662.rlib" "/opt/rustwide/target/debug/deps/libcrossbeam_channel-b32dc1781d1417ad.rlib" "/opt/rustwide/target/debug/deps/librayon-53dad4369efd59d7.rlib" "/opt/rustwide/target/debug/deps/librayon_core-8dd177d1d0894898.rlib" "/opt/rustwide/target/debug/deps/libcrossbeam_deque-a71826c26bd18f0b.rlib" "/opt/rustwide/target/debug/deps/libcrossbeam_epoch-810062665aa560cf.rlib" "/opt/rustwide/target/debug/deps/libcrossbeam_utils-69155c9edb6d0618.rlib" "/opt/rustwide/target/debug/deps/libeither-02329136bf214899.rlib" "/opt/rustwide/target/debug/deps/libyastl-ece08924674bfe3f.rlib" "/opt/rustwide/target/debug/deps/libflume-2ebeb931fdb045ca.rlib" "/opt/rustwide/target/debug/deps/libspin-fa87e957c741cab3.rlib" "/opt/rustwide/target/debug/deps/liblock_api-16bf78c190c2883a.rlib" "/opt/rustwide/target/debug/deps/libscopeguard-179e47dca4560991.rlib" "/opt/rustwide/target/debug/deps/librust_gpu_tools-0eb2b00d45c504ac.rlib" "/opt/rustwide/target/debug/deps/libhome-66b6aa76aee396d9.rlib" "/opt/rustwide/target/debug/deps/libhex-a664b3a0b7ef5965.rlib" "/opt/rustwide/target/debug/deps/libsha2-9895a04a622c0228.rlib" "/opt/rustwide/target/debug/deps/libcpufeatures-b8d9ed5bb45874e9.rlib" "/opt/rustwide/target/debug/deps/libdigest-27b4859b423e357a.rlib" "/opt/rustwide/target/debug/deps/libblock_buffer-dd5adeb2363ec1fc.rlib" "/opt/rustwide/target/debug/deps/libcrypto_common-3a287997870423c1.rlib" "/opt/rustwide/target/debug/deps/libgeneric_array-5cedfdaefdc7840a.rlib" "/opt/rustwide/target/debug/deps/libtypenum-4646265e57156898.rlib" "/opt/rustwide/target/debug/deps/libopencl3-921a4742fe264282.rlib" "/opt/rustwide/target/debug/deps/libcl3-0f3a4c8f043ea2e2.rlib" "/opt/rustwide/target/debug/deps/libthiserror-16e3d23f1ae0d627.rlib" "/opt/rustwide/target/debug/deps/libopencl_sys-b09edde093a55a08.rlib" "/opt/rustwide/target/debug/deps/libonce_cell-63be820ac0ed0954.rlib" "/opt/rustwide/target/debug/deps/liblog-4f472032e8cdd371.rlib" "/opt/rustwide/target/debug/deps/libblstrs-313f6fdbc50af968.rlib" "/opt/rustwide/target/debug/deps/libpairing-866e0c02fe1506d0.rlib" "/opt/rustwide/target/debug/deps/libserde-5c3de043305da7aa.rlib" "/opt/rustwide/target/debug/deps/libbyte_slice_cast-9e257444e5d21353.rlib" "/opt/rustwide/target/debug/deps/libgroup-472f7f31353ff592.rlib" "/opt/rustwide/target/debug/deps/librand_xorshift-7c512ce0a1694dbb.rlib" "/opt/rustwide/target/debug/deps/librand-6b1751f97fc780d8.rlib" "/opt/rustwide/target/debug/deps/librand_chacha-190d94af5566d2d7.rlib" "/opt/rustwide/target/debug/deps/libppv_lite86-9f808eb911999ef2.rlib" "/opt/rustwide/target/debug/deps/libec_gpu-6c7adc33c2184256.rlib" "/opt/rustwide/target/debug/deps/libff-99dee83d0c06ba37.rlib" "/opt/rustwide/target/debug/deps/librand_core-6b5cc83d202a6ca4.rlib" "/opt/rustwide/target/debug/deps/libgetrandom-6f8cebb06b407ea9.rlib" "/opt/rustwide/target/debug/deps/libcfg_if-61dc7a6799e72b18.rlib" "/opt/rustwide/target/debug/deps/libbitvec-0d493410bbb2a207.rlib" "/opt/rustwide/target/debug/deps/libwyz-3ab1106e6ae81bcb.rlib" "/opt/rustwide/target/debug/deps/libtap-2cc3bcce42dac99c.rlib" "/opt/rustwide/target/debug/deps/libradium-ebe0fb313fa4c01d.rlib" "/opt/rustwide/target/debug/deps/libfunty-b14902e4c1957add.rlib" "/opt/rustwide/target/debug/deps/libsubtle-add1bb7d312fdc8c.rlib" "/opt/rustwide/target/debug/deps/libblst-4b91c243111c0cdd.rlib" "/opt/rustwide/target/debug/deps/libthreadpool-c4ec96d1f5494ab6.rlib" "/opt/rustwide/target/debug/deps/libnum_cpus-d4708e9618b376f9.rlib" "/opt/rustwide/target/debug/deps/liblibc-4f34ddd04c373408.rlib" "/opt/rustwide/target/debug/deps/libzeroize-d56227c7b56604bf.rlib" "/opt/rustwide/rustup-home/toolchains/1.75.0-x86_64-unknown-linux-gnu/lib/rustlib/x86_64-unknown-linux-gnu/lib/libstd-90f6ddbf82de36ec.rlib" "/opt/rustwide/rustup-home/toolchains/1.75.0-x86_64-unknown-linux-gnu/lib/rustlib/x86_64-unknown-linux-gnu/lib/libpanic_unwind-480c41e9d4e1f677.rlib" "/opt/rustwide/rustup-home/toolchains/1.75.0-x86_64-unknown-linux-gnu/lib/rustlib/x86_64-unknown-linux-gnu/lib/libobject-db744c0ca03eed1d.rlib" "/opt/rustwide/rustup-home/toolchains/1.75.0-x86_64-unknown-linux-gnu/lib/rustlib/x86_64-unknown-linux-gnu/lib/libmemchr-8ba652dc7d4b285a.rlib" "/opt/rustwide/rustup-home/toolchains/1.75.0-x86_64-unknown-linux-gnu/lib/rustlib/x86_64-unknown-linux-gnu/lib/libaddr2line-d5f4520a9ebc0d58.rlib" "/opt/rustwide/rustup-home/toolchains/1.75.0-x86_64-unknown-linux-gnu/lib/rustlib/x86_64-unknown-linux-gnu/lib/libgimli-4ad84de58f0cb463.rlib" "/opt/rustwide/rustup-home/toolchains/1.75.0-x86_64-unknown-linux-gnu/lib/rustlib/x86_64-unknown-linux-gnu/lib/librustc_demangle-0d10aae2e0f38735.rlib" "/opt/rustwide/rustup-home/toolchains/1.75.0-x86_64-unknown-linux-gnu/lib/rustlib/x86_64-unknown-linux-gnu/lib/libstd_detect-0c17cff739e6745b.rlib" "/opt/rustwide/rustup-home/toolchains/1.75.0-x86_64-unknown-linux-gnu/lib/rustlib/x86_64-unknown-linux-gnu/lib/libhashbrown-b29e17139dde1aa8.rlib" "/opt/rustwide/rustup-home/toolchains/1.75.0-x86_64-unknown-linux-gnu/lib/rustlib/x86_64-unknown-linux-gnu/lib/librustc_std_workspace_alloc-1f975299829cc7bd.rlib" "/opt/rustwide/rustup-home/toolchains/1.75.0-x86_64-unknown-linux-gnu/lib/rustlib/x86_64-unknown-linux-gnu/lib/libminiz_oxide-86bae3bc3079f89b.rlib" "/opt/rustwide/rustup-home/toolchains/1.75.0-x86_64-unknown-linux-gnu/lib/rustlib/x86_64-unknown-linux-gnu/lib/libadler-321b82c30dffdf5f.rlib" "/opt/rustwide/rustup-home/toolchains/1.75.0-x86_64-unknown-linux-gnu/lib/rustlib/x86_64-unknown-linux-gnu/lib/libunwind-3dd8a6810a0bdfef.rlib" "/opt/rustwide/rustup-home/toolchains/1.75.0-x86_64-unknown-linux-gnu/lib/rustlib/x86_64-unknown-linux-gnu/lib/libcfg_if-eb39a61c0c879984.rlib" "/opt/rustwide/rustup-home/toolchains/1.75.0-x86_64-unknown-linux-gnu/lib/rustlib/x86_64-unknown-linux-gnu/lib/liblibc-aa769569f91c3548.rlib" "/opt/rustwide/rustup-home/toolchains/1.75.0-x86_64-unknown-linux-gnu/lib/rustlib/x86_64-unknown-linux-gnu/lib/liballoc-510a192a50a983ed.rlib" "/opt/rustwide/rustup-home/toolchains/1.75.0-x86_64-unknown-linux-gnu/lib/rustlib/x86_64-unknown-linux-gnu/lib/librustc_std_workspace_core-0577018320f99037.rlib" "/opt/rustwide/rustup-home/toolchains/1.75.0-x86_64-unknown-linux-gnu/lib/rustlib/x86_64-unknown-linux-gnu/lib/libcore-193cf992125ccd4c.rlib" "/opt/rustwide/rustup-home/toolchains/1.75.0-x86_64-unknown-linux-gnu/lib/rustlib/x86_64-unknown-linux-gnu/lib/libcompiler_builtins-8e138eaf26ebb4a8.rlib" "-Wl,-Bdynamic" "-lOpenCL" "-lOpenCL" "-lgcc_s" "-lutil" "-lrt" "-lpthread" "-lm" "-ldl" "-lc" "-Wl,--eh-frame-hdr" "-Wl,-z,noexecstack" "-L" "/opt/rustwide/rustup-home/toolchains/1.75.0-x86_64-unknown-linux-gnu/lib/rustlib/x86_64-unknown-linux-gnu/lib" "-o" "/opt/rustwide/target/debug/build/neptune-2332d758cecb91d8/build_script_build-2332d758cecb91d8" "-Wl,--gc-sections" "-pie" "-Wl,-z,relro,-z,now" "-nodefaultlibs"
[INFO] [stdout]   = note: /usr/bin/ld: cannot find -lOpenCL: No such file or directory
[INFO] [stdout]           /usr/bin/ld: cannot find -lOpenCL: No such file or directory
[INFO] [stdout]           collect2: error: ld returned 1 exit status
[INFO] [stdout]           
[INFO] [stdout] 
[INFO] [stdout] 
[INFO] [stdout] error: aborting due to previous error
[INFO] [stdout] 
[INFO] [stdout] 
[INFO] [stderr] error: could not compile `neptune` (build script) due to 2 previous errors
[INFO] running `Command { std: "docker" "inspect" "76526327e31cf0afc58b92b3b014c2d68aa811678a69fa737ddeda058ca59af8", kill_on_drop: false }`
[INFO] running `Command { std: "docker" "rm" "-f" "76526327e31cf0afc58b92b3b014c2d68aa811678a69fa737ddeda058ca59af8", kill_on_drop: false }`
[INFO] [stdout] 76526327e31cf0afc58b92b3b014c2d68aa811678a69fa737ddeda058ca59af8
[INFO] testing filecoin-hashers-11.1.0 against beta-2023-12-22 for beta-1.76-1
[INFO] extracting crate filecoin-hashers 11.1.0 into /workspace/builds/worker-4-tc2/source
[INFO] validating manifest of crates.io crate filecoin-hashers 11.1.0 on toolchain beta-2023-12-22
[INFO] running `Command { std: CARGO_HOME="/workspace/cargo-home" RUSTUP_HOME="/workspace/rustup-home" "/workspace/cargo-home/bin/cargo" "+beta-2023-12-22" "metadata" "--manifest-path" "Cargo.toml" "--no-deps", kill_on_drop: false }`
[INFO] started tweaking crates.io crate filecoin-hashers 11.1.0
[INFO] finished tweaking crates.io crate filecoin-hashers 11.1.0
[INFO] tweaked toml for crates.io crate filecoin-hashers 11.1.0 written to /workspace/builds/worker-4-tc2/source/Cargo.toml
[INFO] running `Command { std: CARGO_HOME="/workspace/cargo-home" RUSTUP_HOME="/workspace/rustup-home" "/workspace/cargo-home/bin/cargo" "+beta-2023-12-22" "generate-lockfile" "--manifest-path" "Cargo.toml", kill_on_drop: false }`
[INFO] [stderr]     Updating crates.io index
[INFO] running `Command { std: CARGO_HOME="/workspace/cargo-home" RUSTUP_HOME="/workspace/rustup-home" "/workspace/cargo-home/bin/cargo" "+beta-2023-12-22" "fetch" "--manifest-path" "Cargo.toml", kill_on_drop: false }`
[INFO] running `Command { std: "docker" "create" "-v" "/var/lib/crater-agent-workspace/builds/worker-4-tc2/target:/opt/rustwide/target:rw,Z" "-v" "/var/lib/crater-agent-workspace/builds/worker-4-tc2/source:/opt/rustwide/workdir:ro,Z" "-v" "/var/lib/crater-agent-workspace/cargo-home:/opt/rustwide/cargo-home:ro,Z" "-v" "/var/lib/crater-agent-workspace/rustup-home:/opt/rustwide/rustup-home:ro,Z" "-e" "SOURCE_DIR=/opt/rustwide/workdir" "-e" "CARGO_TARGET_DIR=/opt/rustwide/target" "-e" "CARGO_HOME=/opt/rustwide/cargo-home" "-e" "RUSTUP_HOME=/opt/rustwide/rustup-home" "-w" "/opt/rustwide/workdir" "-m" "1610612736" "--user" "0:0" "--network" "none" "ghcr.io/rust-lang/crates-build-env/linux@sha256:2788e3201cd34a07e3172128adcd8b3090168a8e3bcc40d7c032b9dda1df7d1c" "/opt/rustwide/cargo-home/bin/cargo" "+beta-2023-12-22" "metadata" "--no-deps" "--format-version=1", kill_on_drop: false }`
[INFO] [stdout] c5e7c17f34ea97d5342bc8a7e0645e34c482909614f7e02071b0d63fa8285e23
[INFO] running `Command { std: "docker" "start" "-a" "c5e7c17f34ea97d5342bc8a7e0645e34c482909614f7e02071b0d63fa8285e23", kill_on_drop: false }`
[INFO] running `Command { std: "docker" "inspect" "c5e7c17f34ea97d5342bc8a7e0645e34c482909614f7e02071b0d63fa8285e23", kill_on_drop: false }`
[INFO] running `Command { std: "docker" "rm" "-f" "c5e7c17f34ea97d5342bc8a7e0645e34c482909614f7e02071b0d63fa8285e23", kill_on_drop: false }`
[INFO] [stdout] c5e7c17f34ea97d5342bc8a7e0645e34c482909614f7e02071b0d63fa8285e23
[INFO] running `Command { std: "docker" "create" "-v" "/var/lib/crater-agent-workspace/builds/worker-4-tc2/target:/opt/rustwide/target:rw,Z" "-v" "/var/lib/crater-agent-workspace/builds/worker-4-tc2/source:/opt/rustwide/workdir:ro,Z" "-v" "/var/lib/crater-agent-workspace/cargo-home:/opt/rustwide/cargo-home:ro,Z" "-v" "/var/lib/crater-agent-workspace/rustup-home:/opt/rustwide/rustup-home:ro,Z" "-e" "SOURCE_DIR=/opt/rustwide/workdir" "-e" "CARGO_TARGET_DIR=/opt/rustwide/target" "-e" "CARGO_INCREMENTAL=0" "-e" "RUST_BACKTRACE=full" "-e" "RUSTFLAGS=--cap-lints=warn" "-e" "RUSTDOCFLAGS=--cap-lints=warn" "-e" "CARGO_HOME=/opt/rustwide/cargo-home" "-e" "RUSTUP_HOME=/opt/rustwide/rustup-home" "-w" "/opt/rustwide/workdir" "-m" "1610612736" "--user" "0:0" "--network" "none" "ghcr.io/rust-lang/crates-build-env/linux@sha256:2788e3201cd34a07e3172128adcd8b3090168a8e3bcc40d7c032b9dda1df7d1c" "/opt/rustwide/cargo-home/bin/cargo" "+beta-2023-12-22" "build" "--frozen" "--message-format=json", kill_on_drop: false }`
[INFO] [stdout] 1102dd93d65650e7fd81849dc52d2a0d9b402f770eb7df3fc7fcc4c9c7ee74b0
[INFO] running `Command { std: "docker" "start" "-a" "1102dd93d65650e7fd81849dc52d2a0d9b402f770eb7df3fc7fcc4c9c7ee74b0", kill_on_drop: false }`
[INFO] [stderr]    Compiling libc v0.2.151
[INFO] [stderr]    Compiling typenum v1.17.0
[INFO] [stderr]    Compiling radium v0.7.0
[INFO] [stderr]    Compiling tap v1.0.1
[INFO] [stderr]    Compiling lock_api v0.4.11
[INFO] [stderr]    Compiling crossbeam-utils v0.8.18
[INFO] [stderr]    Compiling funty v2.0.0
[INFO] [stderr]    Compiling syn v2.0.48
[INFO] [stderr]    Compiling wyz v0.5.1
[INFO] [stderr]    Compiling subtle v2.5.0
[INFO] [stderr]    Compiling scopeguard v1.2.0
[INFO] [stderr]    Compiling parking_lot_core v0.9.9
[INFO] [stderr]    Compiling opencl-sys v0.2.8
[INFO] [stderr]    Compiling rayon-core v1.12.0
[INFO] [stderr]    Compiling bitvec v1.0.1
[INFO] [stderr]    Compiling smallvec v1.11.2
[INFO] [stderr]    Compiling crossbeam-epoch v0.9.17
[INFO] [stderr]    Compiling either v1.9.0
[INFO] [stderr]    Compiling arrayref v0.3.7
[INFO] [stderr]    Compiling crossbeam-deque v0.8.4
[INFO] [stderr]    Compiling execute-command-tokens v0.1.7
[INFO] [stderr]    Compiling spin v0.9.8
[INFO] [stderr]    Compiling log v0.4.20
[INFO] [stderr]    Compiling ec-gpu v0.2.0
[INFO] [stderr]    Compiling cpufeatures v0.2.12
[INFO] [stderr]    Compiling flume v0.10.14
[INFO] [stderr]    Compiling constant_time_eq v0.3.0
[INFO] [stderr]    Compiling home v0.5.9
[INFO] [stderr]    Compiling arrayvec v0.7.4
[INFO] [stderr]    Compiling yastl v0.1.2
[INFO] [stderr]    Compiling crossbeam-channel v0.5.10
[INFO] [stderr]    Compiling byte-slice-cast v1.2.2
[INFO] [stderr]    Compiling getrandom v0.2.11
[INFO] [stderr]    Compiling rand_core v0.6.4
[INFO] [stderr]    Compiling generic-array v0.14.7
[INFO] [stderr]    Compiling num_cpus v1.16.0
[INFO] [stderr]    Compiling rand_chacha v0.3.1
[INFO] [stderr]    Compiling rand_xorshift v0.3.0
[INFO] [stderr]    Compiling parking_lot v0.12.1
[INFO] [stderr]    Compiling cc v1.0.83
[INFO] [stderr]    Compiling generic-array v1.0.0
[INFO] [stderr]    Compiling rand v0.8.5
[INFO] [stderr]    Compiling crypto-common v0.1.6
[INFO] [stderr]    Compiling block-buffer v0.10.4
[INFO] [stderr]    Compiling temp-env v0.3.6
[INFO] [stderr]    Compiling rayon v1.8.0
[INFO] [stderr]    Compiling threadpool v1.8.1
[INFO] [stderr]    Compiling byteorder v1.5.0
[INFO] [stderr]    Compiling ff v0.13.0
[INFO] [stderr]    Compiling digest v0.10.7
[INFO] [stderr]    Compiling ec-gpu-gen v0.6.0
[INFO] [stderr]    Compiling group v0.13.0
[INFO] [stderr]    Compiling ec-gpu-gen v0.7.0
[INFO] [stderr]    Compiling sha2 v0.10.8
[INFO] [stderr]    Compiling pairing v0.23.0
[INFO] [stderr]    Compiling spin v0.5.2
[INFO] [stderr]    Compiling blake2s_simd v1.0.2
[INFO] [stderr]    Compiling blake2b_simd v1.0.2
[INFO] [stderr]    Compiling lazy_static v1.4.0
[INFO] [stderr]    Compiling syn v1.0.109
[INFO] [stderr]    Compiling rustix v0.38.28
[INFO] [stderr]    Compiling bitflags v2.4.1
[INFO] [stderr]    Compiling blst v0.3.11
[INFO] [stderr]    Compiling linux-raw-sys v0.4.12
[INFO] [stderr]    Compiling memmap2 v0.5.10
[INFO] [stderr]    Compiling arrayvec v0.5.2
[INFO] [stderr]    Compiling fastrand v2.0.1
[INFO] [stderr]    Compiling constant_time_eq v0.1.5
[INFO] [stderr]    Compiling blake2s_simd v0.5.11
[INFO] [stderr]    Compiling positioned-io v0.3.3
[INFO] [stderr]    Compiling fs2 v0.4.3
[INFO] [stderr]    Compiling itertools v0.8.2
[INFO] [stderr]    Compiling tempfile v3.9.0
[INFO] [stderr]    Compiling serde_derive v1.0.194
[INFO] [stderr]    Compiling thiserror-impl v1.0.56
[INFO] [stderr]    Compiling execute-command-macro-impl v0.1.10
[INFO] [stderr]    Compiling zeroize_derive v1.4.2
[INFO] [stderr]    Compiling execute-command-macro v0.1.9
[INFO] [stderr]    Compiling execute v0.2.13
[INFO] [stderr]    Compiling trait-set v0.3.0
[INFO] [stderr]    Compiling zeroize v1.7.0
[INFO] [stderr]    Compiling thiserror v1.0.56
[INFO] [stderr]    Compiling cl3 v0.9.5
[INFO] [stderr]    Compiling opencl3 v0.9.5
[INFO] [stderr]    Compiling serde v1.0.194
[INFO] [stderr]    Compiling hex v0.4.3
[INFO] [stderr]    Compiling blstrs v0.7.1
[INFO] [stderr]    Compiling bellpepper-core v0.2.1
[INFO] [stderr]    Compiling bincode v1.3.3
[INFO] [stderr]    Compiling merkletree v0.23.0
[INFO] [stderr]    Compiling rust-gpu-tools v0.7.2
[INFO] [stderr]    Compiling pasta_curves v0.5.1
[INFO] [stderr]    Compiling bellpepper v0.2.1
[INFO] [stderr]    Compiling bellperson v0.26.0
[INFO] [stderr]    Compiling neptune v11.0.0
[INFO] [stdout] error: linking with `cc` failed: exit status: 1
[INFO] [stdout]   |
[INFO] [stdout]   = note: LC_ALL="C" PATH="/opt/rustwide/rustup-home/toolchains/beta-2023-12-22-x86_64-unknown-linux-gnu/lib/rustlib/x86_64-unknown-linux-gnu/bin:/opt/rustwide/cargo-home/bin:/usr/local/sbin:/usr/local/bin:/usr/sbin:/usr/bin:/sbin:/bin" VSLANG="1033" "cc" "-m64" "/tmp/rustczymOET/symbols.o" "/opt/rustwide/target/debug/build/bellperson-296e529d9d858147/build_script_build-296e529d9d858147.build_script_build.9aff72b33bafa135-cgu.0.rcgu.o" "/opt/rustwide/target/debug/build/bellperson-296e529d9d858147/build_script_build-296e529d9d858147.build_script_build.9aff72b33bafa135-cgu.1.rcgu.o" "/opt/rustwide/target/debug/build/bellperson-296e529d9d858147/build_script_build-296e529d9d858147.build_script_build.9aff72b33bafa135-cgu.2.rcgu.o" "/opt/rustwide/target/debug/build/bellperson-296e529d9d858147/build_script_build-296e529d9d858147.build_script_build.9aff72b33bafa135-cgu.3.rcgu.o" "/opt/rustwide/target/debug/build/bellperson-296e529d9d858147/build_script_build-296e529d9d858147.build_script_build.9aff72b33bafa135-cgu.4.rcgu.o" "/opt/rustwide/target/debug/build/bellperson-296e529d9d858147/build_script_build-296e529d9d858147.16ok6qkfrvdaw2uf.rcgu.o" "-Wl,--as-needed" "-L" "/opt/rustwide/target/debug/deps" "-L" "/opt/rustwide/target/debug/build/blst-492e6efc2425c791/out" "-L" "/opt/rustwide/rustup-home/toolchains/beta-2023-12-22-x86_64-unknown-linux-gnu/lib/rustlib/x86_64-unknown-linux-gnu/lib" "-Wl,-Bstatic" "/opt/rustwide/target/debug/deps/libec_gpu_gen-8002989b28a00bc5.rlib" "/opt/rustwide/target/debug/deps/libcrossbeam_channel-04437a6ae41021fb.rlib" "/opt/rustwide/target/debug/deps/librayon-68170cd22df7b5ff.rlib" "/opt/rustwide/target/debug/deps/librayon_core-f98d50869bce52bf.rlib" "/opt/rustwide/target/debug/deps/libcrossbeam_deque-be056fd2b4a80808.rlib" "/opt/rustwide/target/debug/deps/libcrossbeam_epoch-9872cc9bcdbb2d05.rlib" "/opt/rustwide/target/debug/deps/libcrossbeam_utils-3c8428aeb3adff12.rlib" "/opt/rustwide/target/debug/deps/libeither-53fc968d8fef4dab.rlib" "/opt/rustwide/target/debug/deps/libyastl-aa48135693d27a6f.rlib" "/opt/rustwide/target/debug/deps/libflume-e59ebe6daf73a204.rlib" "/opt/rustwide/target/debug/deps/libspin-b46a388c6957df11.rlib" "/opt/rustwide/target/debug/deps/liblock_api-f3ffe3870d1fb452.rlib" "/opt/rustwide/target/debug/deps/libscopeguard-1a234dcd8bf514e4.rlib" "/opt/rustwide/target/debug/deps/librust_gpu_tools-04a9db29f1d6f473.rlib" "/opt/rustwide/target/debug/deps/libhome-0a728e5702c583a1.rlib" "/opt/rustwide/target/debug/deps/libhex-e53e91def6fe0c21.rlib" "/opt/rustwide/target/debug/deps/libsha2-5d43fc3c6585c123.rlib" "/opt/rustwide/target/debug/deps/libcpufeatures-6b5d33967087d885.rlib" "/opt/rustwide/target/debug/deps/libdigest-61b347cddb4f6693.rlib" "/opt/rustwide/target/debug/deps/libblock_buffer-cacbc6d10cac36c8.rlib" "/opt/rustwide/target/debug/deps/libcrypto_common-29e29303415d6462.rlib" "/opt/rustwide/target/debug/deps/libgeneric_array-76216cd7d127746f.rlib" "/opt/rustwide/target/debug/deps/libtypenum-d62516dc5c5aaa1b.rlib" "/opt/rustwide/target/debug/deps/libopencl3-55bcd2cbfccadf21.rlib" "/opt/rustwide/target/debug/deps/libcl3-9e659d317db70e20.rlib" "/opt/rustwide/target/debug/deps/libthiserror-64d6a62aa33c028f.rlib" "/opt/rustwide/target/debug/deps/libopencl_sys-588a25be5a8b5da7.rlib" "/opt/rustwide/target/debug/deps/libonce_cell-334d739f4e3a4961.rlib" "/opt/rustwide/target/debug/deps/liblog-8188d82fb061445d.rlib" "/opt/rustwide/target/debug/deps/libblstrs-4d99d5b62bf1ec3e.rlib" "/opt/rustwide/target/debug/deps/libpairing-77eb392c04667ac4.rlib" "/opt/rustwide/target/debug/deps/libserde-5c34ba4fd29ec5dd.rlib" "/opt/rustwide/target/debug/deps/libbyte_slice_cast-da8b3455668523a9.rlib" "/opt/rustwide/target/debug/deps/libgroup-db1283718a8162c2.rlib" "/opt/rustwide/target/debug/deps/librand_xorshift-860cb988fb9d002d.rlib" "/opt/rustwide/target/debug/deps/librand-aadd239b75ed3e20.rlib" "/opt/rustwide/target/debug/deps/librand_chacha-ad940925a0b3835e.rlib" "/opt/rustwide/target/debug/deps/libppv_lite86-db48c90fa293bcfe.rlib" "/opt/rustwide/target/debug/deps/libec_gpu-f7e327228eafa7b1.rlib" "/opt/rustwide/target/debug/deps/libff-25668b00f9006ebc.rlib" "/opt/rustwide/target/debug/deps/librand_core-36bf1cf2a338c822.rlib" "/opt/rustwide/target/debug/deps/libgetrandom-1ff3a1dfc3f32fd8.rlib" "/opt/rustwide/target/debug/deps/libcfg_if-e7002d307f97bc56.rlib" "/opt/rustwide/target/debug/deps/libbitvec-f2227b644884ba19.rlib" "/opt/rustwide/target/debug/deps/libwyz-b9ad50c5a23ba281.rlib" "/opt/rustwide/target/debug/deps/libtap-b85dccd7e33b9fac.rlib" "/opt/rustwide/target/debug/deps/libradium-23c3c7bf7109ca51.rlib" "/opt/rustwide/target/debug/deps/libfunty-36159d7a9009c5ea.rlib" "/opt/rustwide/target/debug/deps/libsubtle-9661d666e57a3e95.rlib" "/opt/rustwide/target/debug/deps/libblst-999d7f1b199c1968.rlib" "/opt/rustwide/target/debug/deps/libthreadpool-3c1a505b91541e73.rlib" "/opt/rustwide/target/debug/deps/libnum_cpus-aef0cfcece38ac8d.rlib" "/opt/rustwide/target/debug/deps/liblibc-a3863744b2422075.rlib" "/opt/rustwide/target/debug/deps/libzeroize-a8261929483b0363.rlib" "/opt/rustwide/rustup-home/toolchains/beta-2023-12-22-x86_64-unknown-linux-gnu/lib/rustlib/x86_64-unknown-linux-gnu/lib/libstd-0672489a78b613de.rlib" "/opt/rustwide/rustup-home/toolchains/beta-2023-12-22-x86_64-unknown-linux-gnu/lib/rustlib/x86_64-unknown-linux-gnu/lib/libpanic_unwind-7eb3ffc34a49f675.rlib" "/opt/rustwide/rustup-home/toolchains/beta-2023-12-22-x86_64-unknown-linux-gnu/lib/rustlib/x86_64-unknown-linux-gnu/lib/libobject-6478a9daa4bee8e2.rlib" "/opt/rustwide/rustup-home/toolchains/beta-2023-12-22-x86_64-unknown-linux-gnu/lib/rustlib/x86_64-unknown-linux-gnu/lib/libmemchr-0c75d871a5c3923d.rlib" "/opt/rustwide/rustup-home/toolchains/beta-2023-12-22-x86_64-unknown-linux-gnu/lib/rustlib/x86_64-unknown-linux-gnu/lib/libaddr2line-d163ef63ad37bb71.rlib" "/opt/rustwide/rustup-home/toolchains/beta-2023-12-22-x86_64-unknown-linux-gnu/lib/rustlib/x86_64-unknown-linux-gnu/lib/libgimli-8a3fd810a85b9f4c.rlib" "/opt/rustwide/rustup-home/toolchains/beta-2023-12-22-x86_64-unknown-linux-gnu/lib/rustlib/x86_64-unknown-linux-gnu/lib/librustc_demangle-462a2cde8c5dfc10.rlib" "/opt/rustwide/rustup-home/toolchains/beta-2023-12-22-x86_64-unknown-linux-gnu/lib/rustlib/x86_64-unknown-linux-gnu/lib/libstd_detect-cb06ac9f54713f71.rlib" "/opt/rustwide/rustup-home/toolchains/beta-2023-12-22-x86_64-unknown-linux-gnu/lib/rustlib/x86_64-unknown-linux-gnu/lib/libhashbrown-f20bfd1f8e59b393.rlib" "/opt/rustwide/rustup-home/toolchains/beta-2023-12-22-x86_64-unknown-linux-gnu/lib/rustlib/x86_64-unknown-linux-gnu/lib/librustc_std_workspace_alloc-1ef460949b49da4b.rlib" "/opt/rustwide/rustup-home/toolchains/beta-2023-12-22-x86_64-unknown-linux-gnu/lib/rustlib/x86_64-unknown-linux-gnu/lib/libminiz_oxide-2cb0c0ffe4f87514.rlib" "/opt/rustwide/rustup-home/toolchains/beta-2023-12-22-x86_64-unknown-linux-gnu/lib/rustlib/x86_64-unknown-linux-gnu/lib/libadler-58d841eb322a11a2.rlib" "/opt/rustwide/rustup-home/toolchains/beta-2023-12-22-x86_64-unknown-linux-gnu/lib/rustlib/x86_64-unknown-linux-gnu/lib/libunwind-aa2ae0b0a9d11533.rlib" "/opt/rustwide/rustup-home/toolchains/beta-2023-12-22-x86_64-unknown-linux-gnu/lib/rustlib/x86_64-unknown-linux-gnu/lib/libcfg_if-23874e15830ed336.rlib" "/opt/rustwide/rustup-home/toolchains/beta-2023-12-22-x86_64-unknown-linux-gnu/lib/rustlib/x86_64-unknown-linux-gnu/lib/liblibc-e47cddc003bce885.rlib" "/opt/rustwide/rustup-home/toolchains/beta-2023-12-22-x86_64-unknown-linux-gnu/lib/rustlib/x86_64-unknown-linux-gnu/lib/liballoc-c22b13b48a8f128e.rlib" "/opt/rustwide/rustup-home/toolchains/beta-2023-12-22-x86_64-unknown-linux-gnu/lib/rustlib/x86_64-unknown-linux-gnu/lib/librustc_std_workspace_core-e46bc3da6d7c462f.rlib" "/opt/rustwide/rustup-home/toolchains/beta-2023-12-22-x86_64-unknown-linux-gnu/lib/rustlib/x86_64-unknown-linux-gnu/lib/libcore-8d1ac131d3cb2645.rlib" "/opt/rustwide/rustup-home/toolchains/beta-2023-12-22-x86_64-unknown-linux-gnu/lib/rustlib/x86_64-unknown-linux-gnu/lib/libcompiler_builtins-a1b43df8c6899c1f.rlib" "-Wl,-Bdynamic" "-lOpenCL" "-lOpenCL" "-lgcc_s" "-lutil" "-lrt" "-lpthread" "-lm" "-ldl" "-lc" "-Wl,--eh-frame-hdr" "-Wl,-z,noexecstack" "-L" "/opt/rustwide/rustup-home/toolchains/beta-2023-12-22-x86_64-unknown-linux-gnu/lib/rustlib/x86_64-unknown-linux-gnu/lib" "-o" "/opt/rustwide/target/debug/build/bellperson-296e529d9d858147/build_script_build-296e529d9d858147" "-Wl,--gc-sections" "-pie" "-Wl,-z,relro,-z,now" "-nodefaultlibs"
[INFO] [stdout]   = note: /usr/bin/ld: cannot find -lOpenCL: No such file or directory
[INFO] [stdout]           /usr/bin/ld: cannot find -lOpenCL: No such file or directory
[INFO] [stdout]           collect2: error: ld returned 1 exit status
[INFO] [stdout]           
[INFO] [stdout] 
[INFO] [stdout] 
[INFO] [stdout] error: aborting due to 1 previous error
[INFO] [stdout] 
[INFO] [stdout] 
[INFO] [stderr] error: could not compile `bellperson` (build script) due to 2 previous errors
[INFO] [stderr] warning: build failed, waiting for other jobs to finish...
[INFO] [stdout] error: linking with `cc` failed: exit status: 1
[INFO] [stdout]   |
[INFO] [stdout]   = note: LC_ALL="C" PATH="/opt/rustwide/rustup-home/toolchains/beta-2023-12-22-x86_64-unknown-linux-gnu/lib/rustlib/x86_64-unknown-linux-gnu/bin:/opt/rustwide/cargo-home/bin:/usr/local/sbin:/usr/local/bin:/usr/sbin:/usr/bin:/sbin:/bin" VSLANG="1033" "cc" "-m64" "/tmp/rustcKXVonX/symbols.o" "/opt/rustwide/target/debug/build/neptune-56da6ed7d1d62702/build_script_build-56da6ed7d1d62702.build_script_build.857b5e9df8ae1cdb-cgu.0.rcgu.o" "/opt/rustwide/target/debug/build/neptune-56da6ed7d1d62702/build_script_build-56da6ed7d1d62702.build_script_build.857b5e9df8ae1cdb-cgu.1.rcgu.o" "/opt/rustwide/target/debug/build/neptune-56da6ed7d1d62702/build_script_build-56da6ed7d1d62702.build_script_build.857b5e9df8ae1cdb-cgu.2.rcgu.o" "/opt/rustwide/target/debug/build/neptune-56da6ed7d1d62702/build_script_build-56da6ed7d1d62702.build_script_build.857b5e9df8ae1cdb-cgu.3.rcgu.o" "/opt/rustwide/target/debug/build/neptune-56da6ed7d1d62702/build_script_build-56da6ed7d1d62702.build_script_build.857b5e9df8ae1cdb-cgu.4.rcgu.o" "/opt/rustwide/target/debug/build/neptune-56da6ed7d1d62702/build_script_build-56da6ed7d1d62702.3rcaus6dnc8jz6yk.rcgu.o" "-Wl,--as-needed" "-L" "/opt/rustwide/target/debug/deps" "-L" "/opt/rustwide/target/debug/build/blst-492e6efc2425c791/out" "-L" "/opt/rustwide/rustup-home/toolchains/beta-2023-12-22-x86_64-unknown-linux-gnu/lib/rustlib/x86_64-unknown-linux-gnu/lib" "-Wl,-Bstatic" "/opt/rustwide/target/debug/deps/libec_gpu_gen-4bcec2da7c600aea.rlib" "/opt/rustwide/target/debug/deps/libcrossbeam_channel-04437a6ae41021fb.rlib" "/opt/rustwide/target/debug/deps/librayon-68170cd22df7b5ff.rlib" "/opt/rustwide/target/debug/deps/librayon_core-f98d50869bce52bf.rlib" "/opt/rustwide/target/debug/deps/libcrossbeam_deque-be056fd2b4a80808.rlib" "/opt/rustwide/target/debug/deps/libcrossbeam_epoch-9872cc9bcdbb2d05.rlib" "/opt/rustwide/target/debug/deps/libcrossbeam_utils-3c8428aeb3adff12.rlib" "/opt/rustwide/target/debug/deps/libeither-53fc968d8fef4dab.rlib" "/opt/rustwide/target/debug/deps/libyastl-aa48135693d27a6f.rlib" "/opt/rustwide/target/debug/deps/libflume-e59ebe6daf73a204.rlib" "/opt/rustwide/target/debug/deps/libspin-b46a388c6957df11.rlib" "/opt/rustwide/target/debug/deps/liblock_api-f3ffe3870d1fb452.rlib" "/opt/rustwide/target/debug/deps/libscopeguard-1a234dcd8bf514e4.rlib" "/opt/rustwide/target/debug/deps/librust_gpu_tools-04a9db29f1d6f473.rlib" "/opt/rustwide/target/debug/deps/libhome-0a728e5702c583a1.rlib" "/opt/rustwide/target/debug/deps/libhex-e53e91def6fe0c21.rlib" "/opt/rustwide/target/debug/deps/libsha2-5d43fc3c6585c123.rlib" "/opt/rustwide/target/debug/deps/libcpufeatures-6b5d33967087d885.rlib" "/opt/rustwide/target/debug/deps/libdigest-61b347cddb4f6693.rlib" "/opt/rustwide/target/debug/deps/libblock_buffer-cacbc6d10cac36c8.rlib" "/opt/rustwide/target/debug/deps/libcrypto_common-29e29303415d6462.rlib" "/opt/rustwide/target/debug/deps/libgeneric_array-76216cd7d127746f.rlib" "/opt/rustwide/target/debug/deps/libtypenum-d62516dc5c5aaa1b.rlib" "/opt/rustwide/target/debug/deps/libopencl3-55bcd2cbfccadf21.rlib" "/opt/rustwide/target/debug/deps/libcl3-9e659d317db70e20.rlib" "/opt/rustwide/target/debug/deps/libthiserror-64d6a62aa33c028f.rlib" "/opt/rustwide/target/debug/deps/libopencl_sys-588a25be5a8b5da7.rlib" "/opt/rustwide/target/debug/deps/libonce_cell-334d739f4e3a4961.rlib" "/opt/rustwide/target/debug/deps/liblog-8188d82fb061445d.rlib" "/opt/rustwide/target/debug/deps/libblstrs-4d99d5b62bf1ec3e.rlib" "/opt/rustwide/target/debug/deps/libpairing-77eb392c04667ac4.rlib" "/opt/rustwide/target/debug/deps/libserde-5c34ba4fd29ec5dd.rlib" "/opt/rustwide/target/debug/deps/libbyte_slice_cast-da8b3455668523a9.rlib" "/opt/rustwide/target/debug/deps/libgroup-db1283718a8162c2.rlib" "/opt/rustwide/target/debug/deps/librand_xorshift-860cb988fb9d002d.rlib" "/opt/rustwide/target/debug/deps/librand-aadd239b75ed3e20.rlib" "/opt/rustwide/target/debug/deps/librand_chacha-ad940925a0b3835e.rlib" "/opt/rustwide/target/debug/deps/libppv_lite86-db48c90fa293bcfe.rlib" "/opt/rustwide/target/debug/deps/libec_gpu-f7e327228eafa7b1.rlib" "/opt/rustwide/target/debug/deps/libff-25668b00f9006ebc.rlib" "/opt/rustwide/target/debug/deps/librand_core-36bf1cf2a338c822.rlib" "/opt/rustwide/target/debug/deps/libgetrandom-1ff3a1dfc3f32fd8.rlib" "/opt/rustwide/target/debug/deps/libcfg_if-e7002d307f97bc56.rlib" "/opt/rustwide/target/debug/deps/libbitvec-f2227b644884ba19.rlib" "/opt/rustwide/target/debug/deps/libwyz-b9ad50c5a23ba281.rlib" "/opt/rustwide/target/debug/deps/libtap-b85dccd7e33b9fac.rlib" "/opt/rustwide/target/debug/deps/libradium-23c3c7bf7109ca51.rlib" "/opt/rustwide/target/debug/deps/libfunty-36159d7a9009c5ea.rlib" "/opt/rustwide/target/debug/deps/libsubtle-9661d666e57a3e95.rlib" "/opt/rustwide/target/debug/deps/libblst-999d7f1b199c1968.rlib" "/opt/rustwide/target/debug/deps/libthreadpool-3c1a505b91541e73.rlib" "/opt/rustwide/target/debug/deps/libnum_cpus-aef0cfcece38ac8d.rlib" "/opt/rustwide/target/debug/deps/liblibc-a3863744b2422075.rlib" "/opt/rustwide/target/debug/deps/libzeroize-a8261929483b0363.rlib" "/opt/rustwide/rustup-home/toolchains/beta-2023-12-22-x86_64-unknown-linux-gnu/lib/rustlib/x86_64-unknown-linux-gnu/lib/libstd-0672489a78b613de.rlib" "/opt/rustwide/rustup-home/toolchains/beta-2023-12-22-x86_64-unknown-linux-gnu/lib/rustlib/x86_64-unknown-linux-gnu/lib/libpanic_unwind-7eb3ffc34a49f675.rlib" "/opt/rustwide/rustup-home/toolchains/beta-2023-12-22-x86_64-unknown-linux-gnu/lib/rustlib/x86_64-unknown-linux-gnu/lib/libobject-6478a9daa4bee8e2.rlib" "/opt/rustwide/rustup-home/toolchains/beta-2023-12-22-x86_64-unknown-linux-gnu/lib/rustlib/x86_64-unknown-linux-gnu/lib/libmemchr-0c75d871a5c3923d.rlib" "/opt/rustwide/rustup-home/toolchains/beta-2023-12-22-x86_64-unknown-linux-gnu/lib/rustlib/x86_64-unknown-linux-gnu/lib/libaddr2line-d163ef63ad37bb71.rlib" "/opt/rustwide/rustup-home/toolchains/beta-2023-12-22-x86_64-unknown-linux-gnu/lib/rustlib/x86_64-unknown-linux-gnu/lib/libgimli-8a3fd810a85b9f4c.rlib" "/opt/rustwide/rustup-home/toolchains/beta-2023-12-22-x86_64-unknown-linux-gnu/lib/rustlib/x86_64-unknown-linux-gnu/lib/librustc_demangle-462a2cde8c5dfc10.rlib" "/opt/rustwide/rustup-home/toolchains/beta-2023-12-22-x86_64-unknown-linux-gnu/lib/rustlib/x86_64-unknown-linux-gnu/lib/libstd_detect-cb06ac9f54713f71.rlib" "/opt/rustwide/rustup-home/toolchains/beta-2023-12-22-x86_64-unknown-linux-gnu/lib/rustlib/x86_64-unknown-linux-gnu/lib/libhashbrown-f20bfd1f8e59b393.rlib" "/opt/rustwide/rustup-home/toolchains/beta-2023-12-22-x86_64-unknown-linux-gnu/lib/rustlib/x86_64-unknown-linux-gnu/lib/librustc_std_workspace_alloc-1ef460949b49da4b.rlib" "/opt/rustwide/rustup-home/toolchains/beta-2023-12-22-x86_64-unknown-linux-gnu/lib/rustlib/x86_64-unknown-linux-gnu/lib/libminiz_oxide-2cb0c0ffe4f87514.rlib" "/opt/rustwide/rustup-home/toolchains/beta-2023-12-22-x86_64-unknown-linux-gnu/lib/rustlib/x86_64-unknown-linux-gnu/lib/libadler-58d841eb322a11a2.rlib" "/opt/rustwide/rustup-home/toolchains/beta-2023-12-22-x86_64-unknown-linux-gnu/lib/rustlib/x86_64-unknown-linux-gnu/lib/libunwind-aa2ae0b0a9d11533.rlib" "/opt/rustwide/rustup-home/toolchains/beta-2023-12-22-x86_64-unknown-linux-gnu/lib/rustlib/x86_64-unknown-linux-gnu/lib/libcfg_if-23874e15830ed336.rlib" "/opt/rustwide/rustup-home/toolchains/beta-2023-12-22-x86_64-unknown-linux-gnu/lib/rustlib/x86_64-unknown-linux-gnu/lib/liblibc-e47cddc003bce885.rlib" "/opt/rustwide/rustup-home/toolchains/beta-2023-12-22-x86_64-unknown-linux-gnu/lib/rustlib/x86_64-unknown-linux-gnu/lib/liballoc-c22b13b48a8f128e.rlib" "/opt/rustwide/rustup-home/toolchains/beta-2023-12-22-x86_64-unknown-linux-gnu/lib/rustlib/x86_64-unknown-linux-gnu/lib/librustc_std_workspace_core-e46bc3da6d7c462f.rlib" "/opt/rustwide/rustup-home/toolchains/beta-2023-12-22-x86_64-unknown-linux-gnu/lib/rustlib/x86_64-unknown-linux-gnu/lib/libcore-8d1ac131d3cb2645.rlib" "/opt/rustwide/rustup-home/toolchains/beta-2023-12-22-x86_64-unknown-linux-gnu/lib/rustlib/x86_64-unknown-linux-gnu/lib/libcompiler_builtins-a1b43df8c6899c1f.rlib" "-Wl,-Bdynamic" "-lOpenCL" "-lOpenCL" "-lgcc_s" "-lutil" "-lrt" "-lpthread" "-lm" "-ldl" "-lc" "-Wl,--eh-frame-hdr" "-Wl,-z,noexecstack" "-L" "/opt/rustwide/rustup-home/toolchains/beta-2023-12-22-x86_64-unknown-linux-gnu/lib/rustlib/x86_64-unknown-linux-gnu/lib" "-o" "/opt/rustwide/target/debug/build/neptune-56da6ed7d1d62702/build_script_build-56da6ed7d1d62702" "-Wl,--gc-sections" "-pie" "-Wl,-z,relro,-z,now" "-nodefaultlibs"
[INFO] [stdout]   = note: /usr/bin/ld: cannot find -lOpenCL: No such file or directory
[INFO] [stdout]           /usr/bin/ld: cannot find -lOpenCL: No such file or directory
[INFO] [stdout]           collect2: error: ld returned 1 exit status
[INFO] [stdout]           
[INFO] [stdout] 
[INFO] [stdout] 
[INFO] [stdout] error: aborting due to 1 previous error
[INFO] [stdout] 
[INFO] [stdout] 
[INFO] [stderr] error: could not compile `neptune` (build script) due to 2 previous errors
[INFO] running `Command { std: "docker" "inspect" "1102dd93d65650e7fd81849dc52d2a0d9b402f770eb7df3fc7fcc4c9c7ee74b0", kill_on_drop: false }`
[INFO] running `Command { std: "docker" "rm" "-f" "1102dd93d65650e7fd81849dc52d2a0d9b402f770eb7df3fc7fcc4c9c7ee74b0", kill_on_drop: false }`
[INFO] [stdout] 1102dd93d65650e7fd81849dc52d2a0d9b402f770eb7df3fc7fcc4c9c7ee74b0
