[INFO] fetching crate fil-rustacuda 0.1.4...
[INFO] testing fil-rustacuda-0.1.4 against 1.75.0 for beta-1.76-1
[INFO] extracting crate fil-rustacuda 0.1.4 into /workspace/builds/worker-7-tc1/source
[INFO] validating manifest of crates.io crate fil-rustacuda 0.1.4 on toolchain 1.75.0
[INFO] running `Command { std: CARGO_HOME="/workspace/cargo-home" RUSTUP_HOME="/workspace/rustup-home" "/workspace/cargo-home/bin/cargo" "+1.75.0" "metadata" "--manifest-path" "Cargo.toml" "--no-deps", kill_on_drop: false }`
[INFO] started tweaking crates.io crate fil-rustacuda 0.1.4
[INFO] finished tweaking crates.io crate fil-rustacuda 0.1.4
[INFO] tweaked toml for crates.io crate fil-rustacuda 0.1.4 written to /workspace/builds/worker-7-tc1/source/Cargo.toml
[INFO] crate crates.io crate fil-rustacuda 0.1.4 already has a lockfile, it will not be regenerated
[INFO] running `Command { std: CARGO_HOME="/workspace/cargo-home" RUSTUP_HOME="/workspace/rustup-home" "/workspace/cargo-home/bin/cargo" "+1.75.0" "fetch" "--manifest-path" "Cargo.toml", kill_on_drop: false }`
[INFO] [stderr]     Updating crates.io index
[INFO] [stderr]  Downloading crates ...
[INFO] [stderr]   Downloaded rustacuda_derive v0.1.2
[INFO] [stderr]   Downloaded rustacuda_core v0.1.2
[INFO] [stderr]   Downloaded cuda-config v0.1.0
[INFO] [stderr]   Downloaded cuda-driver-sys v0.3.0
[INFO] running `Command { std: "docker" "create" "-v" "/var/lib/crater-agent-workspace/builds/worker-7-tc1/target:/opt/rustwide/target:rw,Z" "-v" "/var/lib/crater-agent-workspace/builds/worker-7-tc1/source:/opt/rustwide/workdir:ro,Z" "-v" "/var/lib/crater-agent-workspace/cargo-home:/opt/rustwide/cargo-home:ro,Z" "-v" "/var/lib/crater-agent-workspace/rustup-home:/opt/rustwide/rustup-home:ro,Z" "-e" "SOURCE_DIR=/opt/rustwide/workdir" "-e" "CARGO_TARGET_DIR=/opt/rustwide/target" "-e" "CARGO_HOME=/opt/rustwide/cargo-home" "-e" "RUSTUP_HOME=/opt/rustwide/rustup-home" "-w" "/opt/rustwide/workdir" "-m" "1610612736" "--user" "0:0" "--network" "none" "ghcr.io/rust-lang/crates-build-env/linux@sha256:2788e3201cd34a07e3172128adcd8b3090168a8e3bcc40d7c032b9dda1df7d1c" "/opt/rustwide/cargo-home/bin/cargo" "+1.75.0" "metadata" "--no-deps" "--format-version=1", kill_on_drop: false }`
[INFO] [stdout] fc7ccbccb04678787d2f474c70c990300f32f6ba7bb3f13d84398ecc710e7d47
[INFO] running `Command { std: "docker" "start" "-a" "fc7ccbccb04678787d2f474c70c990300f32f6ba7bb3f13d84398ecc710e7d47", kill_on_drop: false }`
[INFO] running `Command { std: "docker" "inspect" "fc7ccbccb04678787d2f474c70c990300f32f6ba7bb3f13d84398ecc710e7d47", kill_on_drop: false }`
[INFO] running `Command { std: "docker" "rm" "-f" "fc7ccbccb04678787d2f474c70c990300f32f6ba7bb3f13d84398ecc710e7d47", kill_on_drop: false }`
[INFO] [stdout] fc7ccbccb04678787d2f474c70c990300f32f6ba7bb3f13d84398ecc710e7d47
[INFO] running `Command { std: "docker" "create" "-v" "/var/lib/crater-agent-workspace/builds/worker-7-tc1/target:/opt/rustwide/target:rw,Z" "-v" "/var/lib/crater-agent-workspace/builds/worker-7-tc1/source:/opt/rustwide/workdir:ro,Z" "-v" "/var/lib/crater-agent-workspace/cargo-home:/opt/rustwide/cargo-home:ro,Z" "-v" "/var/lib/crater-agent-workspace/rustup-home:/opt/rustwide/rustup-home:ro,Z" "-e" "SOURCE_DIR=/opt/rustwide/workdir" "-e" "CARGO_TARGET_DIR=/opt/rustwide/target" "-e" "CARGO_INCREMENTAL=0" "-e" "RUST_BACKTRACE=full" "-e" "RUSTFLAGS=--cap-lints=warn" "-e" "RUSTDOCFLAGS=--cap-lints=warn" "-e" "CARGO_HOME=/opt/rustwide/cargo-home" "-e" "RUSTUP_HOME=/opt/rustwide/rustup-home" "-w" "/opt/rustwide/workdir" "-m" "1610612736" "--user" "0:0" "--network" "none" "ghcr.io/rust-lang/crates-build-env/linux@sha256:2788e3201cd34a07e3172128adcd8b3090168a8e3bcc40d7c032b9dda1df7d1c" "/opt/rustwide/cargo-home/bin/cargo" "+1.75.0" "build" "--frozen" "--message-format=json", kill_on_drop: false }`
[INFO] [stdout] 7698c6a17ec65afcc941556ca1ad8373e9ea5a1e31cdfd95b0807f6469bf57d0
[INFO] running `Command { std: "docker" "start" "-a" "7698c6a17ec65afcc941556ca1ad8373e9ea5a1e31cdfd95b0807f6469bf57d0", kill_on_drop: false }`
[INFO] [stderr]    Compiling proc-macro2 v1.0.29
[INFO] [stderr]    Compiling cuda-config v0.1.0
[INFO] [stderr]    Compiling syn v1.0.76
[INFO] [stderr]    Compiling rustacuda_core v0.1.2
[INFO] [stderr]    Compiling cuda-driver-sys v0.3.0
[INFO] [stderr]    Compiling quote v1.0.9
[INFO] [stderr]    Compiling rustacuda_derive v0.1.2
[INFO] [stderr]    Compiling fil-rustacuda v0.1.4 (/opt/rustwide/workdir)
[INFO] [stderr]     Finished dev [unoptimized + debuginfo] target(s) in 2.82s
[INFO] running `Command { std: "docker" "inspect" "7698c6a17ec65afcc941556ca1ad8373e9ea5a1e31cdfd95b0807f6469bf57d0", kill_on_drop: false }`
[INFO] running `Command { std: "docker" "rm" "-f" "7698c6a17ec65afcc941556ca1ad8373e9ea5a1e31cdfd95b0807f6469bf57d0", kill_on_drop: false }`
[INFO] [stdout] 7698c6a17ec65afcc941556ca1ad8373e9ea5a1e31cdfd95b0807f6469bf57d0
[INFO] running `Command { std: "docker" "create" "-v" "/var/lib/crater-agent-workspace/builds/worker-7-tc1/target:/opt/rustwide/target:rw,Z" "-v" "/var/lib/crater-agent-workspace/builds/worker-7-tc1/source:/opt/rustwide/workdir:ro,Z" "-v" "/var/lib/crater-agent-workspace/cargo-home:/opt/rustwide/cargo-home:ro,Z" "-v" "/var/lib/crater-agent-workspace/rustup-home:/opt/rustwide/rustup-home:ro,Z" "-e" "SOURCE_DIR=/opt/rustwide/workdir" "-e" "CARGO_TARGET_DIR=/opt/rustwide/target" "-e" "CARGO_INCREMENTAL=0" "-e" "RUST_BACKTRACE=full" "-e" "RUSTFLAGS=--cap-lints=warn" "-e" "RUSTDOCFLAGS=--cap-lints=warn" "-e" "CARGO_HOME=/opt/rustwide/cargo-home" "-e" "RUSTUP_HOME=/opt/rustwide/rustup-home" "-w" "/opt/rustwide/workdir" "-m" "1610612736" "--user" "0:0" "--network" "none" "ghcr.io/rust-lang/crates-build-env/linux@sha256:2788e3201cd34a07e3172128adcd8b3090168a8e3bcc40d7c032b9dda1df7d1c" "/opt/rustwide/cargo-home/bin/cargo" "+1.75.0" "test" "--frozen" "--no-run" "--message-format=json", kill_on_drop: false }`
[INFO] [stdout] 709470fc75a458d1481685f1825372a7a5f9c28d2179f721136ece6c7e6a5f89
[INFO] running `Command { std: "docker" "start" "-a" "709470fc75a458d1481685f1825372a7a5f9c28d2179f721136ece6c7e6a5f89", kill_on_drop: false }`
[INFO] [stderr]    Compiling fil-rustacuda v0.1.4 (/opt/rustwide/workdir)
[INFO] [stdout] error[E0463]: can't find crate for `rustacuda`
[INFO] [stdout]  --> tests/test_stream.rs:1:1
[INFO] [stdout]   |
[INFO] [stdout] 1 | extern crate rustacuda;
[INFO] [stdout]   | ^^^^^^^^^^^^^^^^^^^^^^^ can't find crate
[INFO] [stdout] 
[INFO] [stdout] 
[INFO] [stdout] error[E0463]: can't find crate for `rustacuda`
[INFO] [stdout]  --> examples/launch.rs:2:1
[INFO] [stdout]   |
[INFO] [stdout] 2 | extern crate rustacuda;
[INFO] [stdout]   | ^^^^^^^^^^^^^^^^^^^^^^^ can't find crate
[INFO] [stdout] 
[INFO] [stdout] 
[INFO] [stdout] error[E0463]: can't find crate for `rustacuda`
[INFO] [stdout]  --> tests/test_derive.rs:4:1
[INFO] [stdout]   |
[INFO] [stdout] 4 | extern crate rustacuda;
[INFO] [stdout]   | ^^^^^^^^^^^^^^^^^^^^^^^ can't find crate
[INFO] [stdout] 
[INFO] [stdout] 
[INFO] [stdout] error: cannot find macro `launch` in this scope
[INFO] [stdout]   --> examples/launch.rs:27:22
[INFO] [stdout]    |
[INFO] [stdout] 27 |         let result = launch!(module.sum<<<1, 1, 0, stream>>>(
[INFO] [stdout]    |                      ^^^^^^
[INFO] [stdout]    |
[INFO] [stdout] help: consider importing this macro
[INFO] [stdout]    |
[INFO] [stdout] 4  + use fil_rustacuda::launch;
[INFO] [stdout]    |
[INFO] [stdout] 
[INFO] [stdout] 
[INFO] [stdout] error: cannot find macro `launch` in this scope
[INFO] [stdout]   --> examples/launch.rs:40:22
[INFO] [stdout]    |
[INFO] [stdout] 40 |         let result = launch!(sum<<<(1, 1, 1), (10, 1, 1), 0, stream>>>(
[INFO] [stdout]    |                      ^^^^^^
[INFO] [stdout]    |
[INFO] [stdout] help: consider importing this macro
[INFO] [stdout]    |
[INFO] [stdout] 4  + use fil_rustacuda::launch;
[INFO] [stdout]    |
[INFO] [stdout] 
[INFO] [stdout] 
[INFO] [stdout] error: cannot find derive macro `DeviceCopy` in this scope
[INFO] [stdout]  --> tests/test_derive.rs:7:17
[INFO] [stdout]   |
[INFO] [stdout] 7 | #[derive(Clone, DeviceCopy)]
[INFO] [stdout]   |                 ^^^^^^^^^^
[INFO] [stdout]   |
[INFO] [stdout] help: consider importing one of these items
[INFO] [stdout]   |
[INFO] [stdout] 3 + use fil_rustacuda::DeviceCopy;
[INFO] [stdout]   |
[INFO] [stdout] 3 + use rustacuda_derive::DeviceCopy;
[INFO] [stdout]   |
[INFO] [stdout] 
[INFO] [stdout] 
[INFO] [stdout] error[E0433]: failed to resolve: use of undeclared type `Stream`
[INFO] [stdout]   --> tests/test_stream.rs:10:18
[INFO] [stdout]    |
[INFO] [stdout] 10 |     let stream = Stream::new(StreamFlags::NON_BLOCKING, None).unwrap();
[INFO] [stdout]    |                  ^^^^^^ use of undeclared type `Stream`
[INFO] [stdout]    |
[INFO] [stdout] help: consider importing this struct
[INFO] [stdout]    |
[INFO] [stdout] 3  + use fil_rustacuda::stream::Stream;
[INFO] [stdout]    |
[INFO] [stdout] 
[INFO] [stdout] 
[INFO] [stdout] error[E0433]: failed to resolve: use of undeclared type `StreamFlags`
[INFO] [stdout]   --> tests/test_stream.rs:10:30
[INFO] [stdout]    |
[INFO] [stdout] 10 |     let stream = Stream::new(StreamFlags::NON_BLOCKING, None).unwrap();
[INFO] [stdout]    |                              ^^^^^^^^^^^ use of undeclared type `StreamFlags`
[INFO] [stdout]    |
[INFO] [stdout] help: consider importing this struct
[INFO] [stdout]    |
[INFO] [stdout] 3  + use fil_rustacuda::stream::StreamFlags;
[INFO] [stdout]    |
[INFO] [stdout] 
[INFO] [stdout] 
[INFO] [stdout] error[E0433]: failed to resolve: use of undeclared type `Stream`
[INFO] [stdout]   --> tests/test_stream.rs:36:18
[INFO] [stdout]    |
[INFO] [stdout] 36 |     let stream = Stream::new(StreamFlags::NON_BLOCKING, None).unwrap();
[INFO] [stdout]    |                  ^^^^^^ use of undeclared type `Stream`
[INFO] [stdout]    |
[INFO] [stdout] help: consider importing this struct
[INFO] [stdout]    |
[INFO] [stdout] 3  + use fil_rustacuda::stream::Stream;
[INFO] [stdout]    |
[INFO] [stdout] 
[INFO] [stdout] 
[INFO] [stdout] error: cannot find derive macro `DeviceCopy` in this scope
[INFO] [stdout]   --> tests/test_derive.rs:10:17
[INFO] [stdout]    |
[INFO] [stdout] 10 | #[derive(Clone, DeviceCopy)]
[INFO] [stdout]    |                 ^^^^^^^^^^
[INFO] [stdout]    |
[INFO] [stdout] help: consider importing one of these items
[INFO] [stdout]    |
[INFO] [stdout] 3  + use fil_rustacuda::DeviceCopy;
[INFO] [stdout]    |
[INFO] [stdout] 3  + use rustacuda_derive::DeviceCopy;
[INFO] [stdout]    |
[INFO] [stdout] 
[INFO] [stdout] 
[INFO] [stdout] error[E0433]: failed to resolve: use of undeclared type `StreamFlags`
[INFO] [stdout]   --> tests/test_stream.rs:36:30
[INFO] [stdout]    |
[INFO] [stdout] 36 |     let stream = Stream::new(StreamFlags::NON_BLOCKING, None).unwrap();
[INFO] [stdout]    |                              ^^^^^^^^^^^ use of undeclared type `StreamFlags`
[INFO] [stdout]    |
[INFO] [stdout] help: consider importing this struct
[INFO] [stdout]    |
[INFO] [stdout] 3  + use fil_rustacuda::stream::StreamFlags;
[INFO] [stdout]    |
[INFO] [stdout] 
[INFO] [stdout] 
[INFO] [stdout] error[E0433]: failed to resolve: use of undeclared type `Stream`
[INFO] [stdout]   --> tests/test_stream.rs:53:18
[INFO] [stdout]    |
[INFO] [stdout] 53 |     let stream = Stream::new(StreamFlags::NON_BLOCKING, None).unwrap();
[INFO] [stdout]    |                  ^^^^^^ use of undeclared type `Stream`
[INFO] [stdout]    |
[INFO] [stdout] help: consider importing this struct
[INFO] [stdout]    |
[INFO] [stdout] 3  + use fil_rustacuda::stream::Stream;
[INFO] [stdout]    |
[INFO] [stdout] 
[INFO] [stdout] 
[INFO] [stdout] error[E0433]: failed to resolve: use of undeclared type `StreamFlags`
[INFO] [stdout]   --> tests/test_stream.rs:53:30
[INFO] [stdout]    |
[INFO] [stdout] 53 |     let stream = Stream::new(StreamFlags::NON_BLOCKING, None).unwrap();
[INFO] [stdout]    |                              ^^^^^^^^^^^ use of undeclared type `StreamFlags`
[INFO] [stdout]    |
[INFO] [stdout] help: consider importing this struct
[INFO] [stdout]    |
[INFO] [stdout] 3  + use fil_rustacuda::stream::StreamFlags;
[INFO] [stdout]    |
[INFO] [stdout] 
[INFO] [stdout] 
[INFO] [stdout] error: cannot find derive macro `DeviceCopy` in this scope
[INFO] [stdout]   --> tests/test_derive.rs:13:17
[INFO] [stdout]    |
[INFO] [stdout] 13 | #[derive(Clone, DeviceCopy)]
[INFO] [stdout]    |                 ^^^^^^^^^^
[INFO] [stdout]    |
[INFO] [stdout] help: consider importing one of these items
[INFO] [stdout]    |
[INFO] [stdout] 3  + use fil_rustacuda::DeviceCopy;
[INFO] [stdout]    |
[INFO] [stdout] 3  + use rustacuda_derive::DeviceCopy;
[INFO] [stdout]    |
[INFO] [stdout] 
[INFO] [stdout] 
[INFO] [stdout] error: cannot find derive macro `DeviceCopy` in this scope
[INFO] [stdout]   --> tests/test_derive.rs:19:17
[INFO] [stdout]    |
[INFO] [stdout] 19 | #[derive(Clone, DeviceCopy)]
[INFO] [stdout]    |                 ^^^^^^^^^^
[INFO] [stdout]    |
[INFO] [stdout] help: consider importing one of these items
[INFO] [stdout]    |
[INFO] [stdout] 3  + use fil_rustacuda::DeviceCopy;
[INFO] [stdout]    |
[INFO] [stdout] 3  + use rustacuda_derive::DeviceCopy;
[INFO] [stdout]    |
[INFO] [stdout] 
[INFO] [stdout] 
[INFO] [stdout] error: cannot find derive macro `DeviceCopy` in this scope
[INFO] [stdout]   --> tests/test_derive.rs:25:17
[INFO] [stdout]    |
[INFO] [stdout] 25 | #[derive(Clone, DeviceCopy)]
[INFO] [stdout]    |                 ^^^^^^^^^^
[INFO] [stdout]    |
[INFO] [stdout] help: consider importing one of these items
[INFO] [stdout]    |
[INFO] [stdout] 3  + use fil_rustacuda::DeviceCopy;
[INFO] [stdout]    |
[INFO] [stdout] 3  + use rustacuda_derive::DeviceCopy;
[INFO] [stdout]    |
[INFO] [stdout] 
[INFO] [stdout] 
[INFO] [stdout] error[E0433]: failed to resolve: use of undeclared type `CudaFlags`
[INFO] [stdout]   --> examples/launch.rs:10:21
[INFO] [stdout]    |
[INFO] [stdout] 10 |     rustacuda::init(CudaFlags::empty())?;
[INFO] [stdout]    |                     ^^^^^^^^^ use of undeclared type `CudaFlags`
[INFO] [stdout]    |
[INFO] [stdout] help: consider importing this struct
[INFO] [stdout]    |
[INFO] [stdout] 4  + use fil_rustacuda::CudaFlags;
[INFO] [stdout]    |
[INFO] [stdout] 
[INFO] [stdout] 
[INFO] [stdout] error[E0433]: failed to resolve: use of undeclared type `Device`
[INFO] [stdout]   --> examples/launch.rs:11:18
[INFO] [stdout]    |
[INFO] [stdout] 11 |     let device = Device::get_device(0)?;
[INFO] [stdout]    |                  ^^^^^^ use of undeclared type `Device`
[INFO] [stdout]    |
[INFO] [stdout] help: consider importing this struct
[INFO] [stdout]    |
[INFO] [stdout] 4  + use fil_rustacuda::prelude::Device;
[INFO] [stdout]    |
[INFO] [stdout] 
[INFO] [stdout] 
[INFO] [stdout] error: cannot find derive macro `DeviceCopy` in this scope
[INFO] [stdout]   --> tests/test_derive.rs:30:17
[INFO] [stdout]    |
[INFO] [stdout] 30 | #[derive(Clone, DeviceCopy)]
[INFO] [stdout]    |                 ^^^^^^^^^^
[INFO] [stdout]    |
[INFO] [stdout] help: consider importing one of these items
[INFO] [stdout]    |
[INFO] [stdout] 3  + use fil_rustacuda::DeviceCopy;
[INFO] [stdout]    |
[INFO] [stdout] 3  + use rustacuda_derive::DeviceCopy;
[INFO] [stdout]    |
[INFO] [stdout] 
[INFO] [stdout] 
[INFO] [stdout] error[E0433]: failed to resolve: use of undeclared type `Context`
[INFO] [stdout]   --> examples/launch.rs:12:16
[INFO] [stdout]    |
[INFO] [stdout] 12 |     let _ctx = Context::create_and_push(ContextFlags::MAP_HOST | ContextFlags::SCHED_AUTO, device)?;
[INFO] [stdout]    |                ^^^^^^^ use of undeclared type `Context`
[INFO] [stdout]    |
[INFO] [stdout] help: consider importing one of these items
[INFO] [stdout]    |
[INFO] [stdout] 4  + use core::task::Context;
[INFO] [stdout]    |
[INFO] [stdout] 4  + use fil_rustacuda::prelude::Context;
[INFO] [stdout]    |
[INFO] [stdout] 4  + use std::task::Context;
[INFO] [stdout]    |
[INFO] [stdout] 
[INFO] [stdout] 
[INFO] [stdout] error[E0433]: failed to resolve: use of undeclared type `ContextFlags`
[INFO] [stdout]   --> examples/launch.rs:12:41
[INFO] [stdout]    |
[INFO] [stdout] 12 |     let _ctx = Context::create_and_push(ContextFlags::MAP_HOST | ContextFlags::SCHED_AUTO, device)?;
[INFO] [stdout]    |                                         ^^^^^^^^^^^^ use of undeclared type `ContextFlags`
[INFO] [stdout]    |
[INFO] [stdout] help: consider importing this struct
[INFO] [stdout]    |
[INFO] [stdout] 4  + use fil_rustacuda::prelude::ContextFlags;
[INFO] [stdout]    |
[INFO] [stdout] 
[INFO] [stdout] 
[INFO] [stdout] error[E0433]: failed to resolve: use of undeclared type `ContextFlags`
[INFO] [stdout]   --> examples/launch.rs:12:66
[INFO] [stdout]    |
[INFO] [stdout] 12 |     let _ctx = Context::create_and_push(ContextFlags::MAP_HOST | ContextFlags::SCHED_AUTO, device)?;
[INFO] [stdout]    |                                                                  ^^^^^^^^^^^^ use of undeclared type `ContextFlags`
[INFO] [stdout]    |
[INFO] [stdout] help: consider importing this struct
[INFO] [stdout]    |
[INFO] [stdout] 4  + use fil_rustacuda::prelude::ContextFlags;
[INFO] [stdout]    |
[INFO] [stdout] 
[INFO] [stdout] 
[INFO] [stdout] error[E0433]: failed to resolve: use of undeclared type `Module`
[INFO] [stdout]   --> examples/launch.rs:15:18
[INFO] [stdout]    |
[INFO] [stdout] 15 |     let module = Module::load_from_string(&ptx)?;
[INFO] [stdout]    |                  ^^^^^^ use of undeclared type `Module`
[INFO] [stdout]    |
[INFO] [stdout] help: consider importing this struct
[INFO] [stdout]    |
[INFO] [stdout] 4  + use fil_rustacuda::prelude::Module;
[INFO] [stdout]    |
[INFO] [stdout] 
[INFO] [stdout] 
[INFO] [stdout] error[E0433]: failed to resolve: use of undeclared type `Stream`
[INFO] [stdout]   --> examples/launch.rs:16:18
[INFO] [stdout]    |
[INFO] [stdout] 16 |     let stream = Stream::new(StreamFlags::NON_BLOCKING, None)?;
[INFO] [stdout]    |                  ^^^^^^ use of undeclared type `Stream`
[INFO] [stdout]    |
[INFO] [stdout] help: consider importing this struct
[INFO] [stdout]    |
[INFO] [stdout] 4  + use fil_rustacuda::stream::Stream;
[INFO] [stdout]    |
[INFO] [stdout] 
[INFO] [stdout] 
[INFO] [stdout] error[E0433]: failed to resolve: use of undeclared type `StreamFlags`
[INFO] [stdout]   --> examples/launch.rs:16:30
[INFO] [stdout]    |
[INFO] [stdout] 16 |     let stream = Stream::new(StreamFlags::NON_BLOCKING, None)?;
[INFO] [stdout]    |                              ^^^^^^^^^^^ use of undeclared type `StreamFlags`
[INFO] [stdout]    |
[INFO] [stdout] help: consider importing this struct
[INFO] [stdout]    |
[INFO] [stdout] 4  + use fil_rustacuda::stream::StreamFlags;
[INFO] [stdout]    |
[INFO] [stdout] 
[INFO] [stdout] 
[INFO] [stdout] error[E0433]: failed to resolve: use of undeclared type `DeviceBuffer`
[INFO] [stdout]   --> examples/launch.rs:19:20
[INFO] [stdout]    |
[INFO] [stdout] 19 |     let mut in_x = DeviceBuffer::from_slice(&[1.0f32; 10])?;
[INFO] [stdout]    |                    ^^^^^^^^^^^^ use of undeclared type `DeviceBuffer`
[INFO] [stdout]    |
[INFO] [stdout] help: consider importing this struct
[INFO] [stdout]    |
[INFO] [stdout] 4  + use fil_rustacuda::prelude::DeviceBuffer;
[INFO] [stdout]    |
[INFO] [stdout] 
[INFO] [stdout] 
[INFO] [stdout] error[E0433]: failed to resolve: use of undeclared type `DeviceBuffer`
[INFO] [stdout]   --> examples/launch.rs:20:20
[INFO] [stdout]    |
[INFO] [stdout] 20 |     let mut in_y = DeviceBuffer::from_slice(&[2.0f32; 10])?;
[INFO] [stdout]    |                    ^^^^^^^^^^^^ use of undeclared type `DeviceBuffer`
[INFO] [stdout]    |
[INFO] [stdout] help: consider importing this struct
[INFO] [stdout]    |
[INFO] [stdout] 4  + use fil_rustacuda::prelude::DeviceBuffer;
[INFO] [stdout]    |
[INFO] [stdout] 
[INFO] [stdout] 
[INFO] [stdout] error[E0433]: failed to resolve: use of undeclared type `DeviceBuffer`
[INFO] [stdout]   --> examples/launch.rs:21:21
[INFO] [stdout]    |
[INFO] [stdout] 21 |     let mut out_1 = DeviceBuffer::from_slice(&[0.0f32; 10])?;
[INFO] [stdout]    |                     ^^^^^^^^^^^^ use of undeclared type `DeviceBuffer`
[INFO] [stdout]    |
[INFO] [stdout] help: consider importing this struct
[INFO] [stdout]    |
[INFO] [stdout] 4  + use fil_rustacuda::prelude::DeviceBuffer;
[INFO] [stdout]    |
[INFO] [stdout] 
[INFO] [stdout] 
[INFO] [stdout] error[E0433]: failed to resolve: use of undeclared type `DeviceBuffer`
[INFO] [stdout]   --> examples/launch.rs:22:21
[INFO] [stdout]    |
[INFO] [stdout] 22 |     let mut out_2 = DeviceBuffer::from_slice(&[0.0f32; 10])?;
[INFO] [stdout]    |                     ^^^^^^^^^^^^ use of undeclared type `DeviceBuffer`
[INFO] [stdout]    |
[INFO] [stdout] help: consider importing this struct
[INFO] [stdout]    |
[INFO] [stdout] 4  + use fil_rustacuda::prelude::DeviceBuffer;
[INFO] [stdout]    |
[INFO] [stdout] 
[INFO] [stdout] 
[INFO] [stdout] error: cannot find derive macro `DeviceCopy` in this scope
[INFO] [stdout]   --> tests/test_derive.rs:38:17
[INFO] [stdout]    |
[INFO] [stdout] 38 | #[derive(Clone, DeviceCopy)]
[INFO] [stdout]    |                 ^^^^^^^^^^
[INFO] [stdout]    |
[INFO] [stdout] help: consider importing one of these items
[INFO] [stdout]    |
[INFO] [stdout] 3  + use fil_rustacuda::DeviceCopy;
[INFO] [stdout]    |
[INFO] [stdout] 3  + use rustacuda_derive::DeviceCopy;
[INFO] [stdout]    |
[INFO] [stdout] 
[INFO] [stdout] 
[INFO] [stdout] error: cannot find derive macro `DeviceCopy` in this scope
[INFO] [stdout]   --> tests/test_derive.rs:44:23
[INFO] [stdout]    |
[INFO] [stdout] 44 | #[derive(Copy, Clone, DeviceCopy)]
[INFO] [stdout]    |                       ^^^^^^^^^^
[INFO] [stdout]    |
[INFO] [stdout] help: consider importing one of these items
[INFO] [stdout]    |
[INFO] [stdout] 3  + use fil_rustacuda::DeviceCopy;
[INFO] [stdout]    |
[INFO] [stdout] 3  + use rustacuda_derive::DeviceCopy;
[INFO] [stdout]    |
[INFO] [stdout] 
[INFO] [stdout] 
[INFO] [stdout] error: aborting due to 15 previous errors
[INFO] [stdout] 
[INFO] [stdout] 
[INFO] [stdout] Some errors have detailed explanations: E0433, E0463.
[INFO] [stdout] 
[INFO] [stdout] For more information about an error, try `rustc --explain E0433`.
[INFO] [stdout] 
[INFO] [stdout] error: aborting due to 7 previous errors
[INFO] [stdout] 
[INFO] [stdout] 
[INFO] [stdout] Some errors have detailed explanations: E0433, E0463.
[INFO] [stdout] 
[INFO] [stdout] For more information about an error, try `rustc --explain E0433`.
[INFO] [stdout] 
[INFO] [stderr] error: could not compile `fil-rustacuda` (example "launch") due to 16 previous errors
[INFO] [stderr] warning: build failed, waiting for other jobs to finish...
[INFO] [stderr] error: could not compile `fil-rustacuda` (test "test_stream") due to 8 previous errors
[INFO] [stdout] error[E0425]: cannot find function `__verify_ZeroSizedStruct_can_implement_DeviceCopy` in this scope
[INFO] [stdout]   --> tests/test_derive.rs:53:5
[INFO] [stdout]    |
[INFO] [stdout] 53 |     __verify_ZeroSizedStruct_can_implement_DeviceCopy(&ZeroSizedStruct);
[INFO] [stdout]    |     ^^^^^^^^^^^^^^^^^^^^^^^^^^^^^^^^^^^^^^^^^^^^^^^^^ not found in this scope
[INFO] [stdout] 
[INFO] [stdout] 
[INFO] [stdout] error[E0425]: cannot find function `__verify_TupleStruct_can_implement_DeviceCopy` in this scope
[INFO] [stdout]   --> tests/test_derive.rs:54:5
[INFO] [stdout]    |
[INFO] [stdout] 54 |     __verify_TupleStruct_can_implement_DeviceCopy(&TupleStruct(0, 0));
[INFO] [stdout]    |     ^^^^^^^^^^^^^^^^^^^^^^^^^^^^^^^^^^^^^^^^^^^^^ not found in this scope
[INFO] [stdout] 
[INFO] [stdout] 
[INFO] [stdout] error[E0425]: cannot find function `__verify_NormalStruct_can_implement_DeviceCopy` in this scope
[INFO] [stdout]   --> tests/test_derive.rs:55:5
[INFO] [stdout]    |
[INFO] [stdout] 55 |     __verify_NormalStruct_can_implement_DeviceCopy(&NormalStruct { x: 0, y: 0 });
[INFO] [stdout]    |     ^^^^^^^^^^^^^^^^^^^^^^^^^^^^^^^^^^^^^^^^^^^^^^ not found in this scope
[INFO] [stdout] 
[INFO] [stdout] 
[INFO] [stdout] error[E0425]: cannot find function `__verify_ContainerStruct_can_implement_DeviceCopy` in this scope
[INFO] [stdout]   --> tests/test_derive.rs:56:5
[INFO] [stdout]    |
[INFO] [stdout] 56 |     __verify_ContainerStruct_can_implement_DeviceCopy(&ContainerStruct {
[INFO] [stdout]    |     ^^^^^^^^^^^^^^^^^^^^^^^^^^^^^^^^^^^^^^^^^^^^^^^^^ not found in this scope
[INFO] [stdout] 
[INFO] [stdout] 
[INFO] [stdout] error[E0425]: cannot find function `__verify_GenericStruct_can_implement_DeviceCopy` in this scope
[INFO] [stdout]   --> tests/test_derive.rs:60:5
[INFO] [stdout]    |
[INFO] [stdout] 60 |     __verify_GenericStruct_can_implement_DeviceCopy(&GenericStruct { value: 0u64 });
[INFO] [stdout]    |     ^^^^^^^^^^^^^^^^^^^^^^^^^^^^^^^^^^^^^^^^^^^^^^^ not found in this scope
[INFO] [stdout] 
[INFO] [stdout] 
[INFO] [stdout] error[E0425]: cannot find function `__verify_TestEnum_can_implement_DeviceCopy` in this scope
[INFO] [stdout]   --> tests/test_derive.rs:61:5
[INFO] [stdout]    |
[INFO] [stdout] 61 |     __verify_TestEnum_can_implement_DeviceCopy(&TestEnum::Unit);
[INFO] [stdout]    |     ^^^^^^^^^^^^^^^^^^^^^^^^^^^^^^^^^^^^^^^^^^ not found in this scope
[INFO] [stdout] 
[INFO] [stdout] 
[INFO] [stdout] error[E0425]: cannot find function `__verify_GenericEnum_can_implement_DeviceCopy` in this scope
[INFO] [stdout]   --> tests/test_derive.rs:62:5
[INFO] [stdout]    |
[INFO] [stdout] 62 |     __verify_GenericEnum_can_implement_DeviceCopy::<u64>(&GenericEnum::Unit);
[INFO] [stdout]    |     ^^^^^^^^^^^^^^^^^^^^^^^^^^^^^^^^^^^^^^^^^^^^^ not found in this scope
[INFO] [stdout] 
[INFO] [stdout] 
[INFO] [stdout] error[E0425]: cannot find function `__verify_TestUnion_can_implement_DeviceCopy` in this scope
[INFO] [stdout]   --> tests/test_derive.rs:63:5
[INFO] [stdout]    |
[INFO] [stdout] 63 |     __verify_TestUnion_can_implement_DeviceCopy(&TestUnion { u: 0u64 });
[INFO] [stdout]    |     ^^^^^^^^^^^^^^^^^^^^^^^^^^^^^^^^^^^^^^^^^^^ not found in this scope
[INFO] [stdout] 
[INFO] [stdout] 
[INFO] [stdout] error: aborting due to 17 previous errors
[INFO] [stdout] 
[INFO] [stdout] 
[INFO] [stdout] Some errors have detailed explanations: E0425, E0463.
[INFO] [stdout] 
[INFO] [stdout] For more information about an error, try `rustc --explain E0425`.
[INFO] [stdout] 
[INFO] [stderr] error: could not compile `fil-rustacuda` (test "test_derive") due to 18 previous errors
[INFO] [stdout] error: linking with `cc` failed: exit status: 1
[INFO] [stdout]   |
[INFO] [stdout]   = note: LC_ALL="C" PATH="/opt/rustwide/rustup-home/toolchains/1.75.0-x86_64-unknown-linux-gnu/lib/rustlib/x86_64-unknown-linux-gnu/bin:/opt/rustwide/cargo-home/bin:/usr/local/sbin:/usr/local/bin:/usr/sbin:/usr/bin:/sbin:/bin" VSLANG="1033" "cc" "-m64" "/tmp/rustckjKo1s/symbols.o" "/opt/rustwide/target/debug/deps/fil_rustacuda-9ad5eb0b4859a772.fil_rustacuda.754da86f57403e64-cgu.0.rcgu.o" "/opt/rustwide/target/debug/deps/fil_rustacuda-9ad5eb0b4859a772.fil_rustacuda.754da86f57403e64-cgu.1.rcgu.o" "/opt/rustwide/target/debug/deps/fil_rustacuda-9ad5eb0b4859a772.fil_rustacuda.754da86f57403e64-cgu.2.rcgu.o" "/opt/rustwide/target/debug/deps/fil_rustacuda-9ad5eb0b4859a772.fil_rustacuda.754da86f57403e64-cgu.3.rcgu.o" "/opt/rustwide/target/debug/deps/fil_rustacuda-9ad5eb0b4859a772.fil_rustacuda.754da86f57403e64-cgu.4.rcgu.o" "/opt/rustwide/target/debug/deps/fil_rustacuda-9ad5eb0b4859a772.fil_rustacuda.754da86f57403e64-cgu.5.rcgu.o" "/opt/rustwide/target/debug/deps/fil_rustacuda-9ad5eb0b4859a772.fil_rustacuda.754da86f57403e64-cgu.6.rcgu.o" "/opt/rustwide/target/debug/deps/fil_rustacuda-9ad5eb0b4859a772.fil_rustacuda.754da86f57403e64-cgu.7.rcgu.o" "/opt/rustwide/target/debug/deps/fil_rustacuda-9ad5eb0b4859a772.ht1ee8uxi2905em.rcgu.o" "-Wl,--as-needed" "-L" "/opt/rustwide/target/debug/deps" "-L" "/opt/rustwide/rustup-home/toolchains/1.75.0-x86_64-unknown-linux-gnu/lib/rustlib/x86_64-unknown-linux-gnu/lib" "-Wl,-Bstatic" "/opt/rustwide/rustup-home/toolchains/1.75.0-x86_64-unknown-linux-gnu/lib/rustlib/x86_64-unknown-linux-gnu/lib/libtest-3df1bed8075ce1de.rlib" "/opt/rustwide/rustup-home/toolchains/1.75.0-x86_64-unknown-linux-gnu/lib/rustlib/x86_64-unknown-linux-gnu/lib/libgetopts-2076fd86b325cb5d.rlib" "/opt/rustwide/rustup-home/toolchains/1.75.0-x86_64-unknown-linux-gnu/lib/rustlib/x86_64-unknown-linux-gnu/lib/libunicode_width-caa7152ee70c190f.rlib" "/opt/rustwide/rustup-home/toolchains/1.75.0-x86_64-unknown-linux-gnu/lib/rustlib/x86_64-unknown-linux-gnu/lib/librustc_std_workspace_std-04e6425e07f02a3c.rlib" "/opt/rustwide/target/debug/deps/libcuda_driver_sys-8c00531a3f43216c.rlib" "/opt/rustwide/target/debug/deps/librustacuda_core-02804370598ee706.rlib" "/opt/rustwide/target/debug/deps/libbitflags-b7cee2ca4fb438d0.rlib" "/opt/rustwide/rustup-home/toolchains/1.75.0-x86_64-unknown-linux-gnu/lib/rustlib/x86_64-unknown-linux-gnu/lib/libstd-90f6ddbf82de36ec.rlib" "/opt/rustwide/rustup-home/toolchains/1.75.0-x86_64-unknown-linux-gnu/lib/rustlib/x86_64-unknown-linux-gnu/lib/libpanic_unwind-480c41e9d4e1f677.rlib" "/opt/rustwide/rustup-home/toolchains/1.75.0-x86_64-unknown-linux-gnu/lib/rustlib/x86_64-unknown-linux-gnu/lib/libobject-db744c0ca03eed1d.rlib" "/opt/rustwide/rustup-home/toolchains/1.75.0-x86_64-unknown-linux-gnu/lib/rustlib/x86_64-unknown-linux-gnu/lib/libmemchr-8ba652dc7d4b285a.rlib" "/opt/rustwide/rustup-home/toolchains/1.75.0-x86_64-unknown-linux-gnu/lib/rustlib/x86_64-unknown-linux-gnu/lib/libaddr2line-d5f4520a9ebc0d58.rlib" "/opt/rustwide/rustup-home/toolchains/1.75.0-x86_64-unknown-linux-gnu/lib/rustlib/x86_64-unknown-linux-gnu/lib/libgimli-4ad84de58f0cb463.rlib" "/opt/rustwide/rustup-home/toolchains/1.75.0-x86_64-unknown-linux-gnu/lib/rustlib/x86_64-unknown-linux-gnu/lib/librustc_demangle-0d10aae2e0f38735.rlib" "/opt/rustwide/rustup-home/toolchains/1.75.0-x86_64-unknown-linux-gnu/lib/rustlib/x86_64-unknown-linux-gnu/lib/libstd_detect-0c17cff739e6745b.rlib" "/opt/rustwide/rustup-home/toolchains/1.75.0-x86_64-unknown-linux-gnu/lib/rustlib/x86_64-unknown-linux-gnu/lib/libhashbrown-b29e17139dde1aa8.rlib" "/opt/rustwide/rustup-home/toolchains/1.75.0-x86_64-unknown-linux-gnu/lib/rustlib/x86_64-unknown-linux-gnu/lib/librustc_std_workspace_alloc-1f975299829cc7bd.rlib" "/opt/rustwide/rustup-home/toolchains/1.75.0-x86_64-unknown-linux-gnu/lib/rustlib/x86_64-unknown-linux-gnu/lib/libminiz_oxide-86bae3bc3079f89b.rlib" "/opt/rustwide/rustup-home/toolchains/1.75.0-x86_64-unknown-linux-gnu/lib/rustlib/x86_64-unknown-linux-gnu/lib/libadler-321b82c30dffdf5f.rlib" "/opt/rustwide/rustup-home/toolchains/1.75.0-x86_64-unknown-linux-gnu/lib/rustlib/x86_64-unknown-linux-gnu/lib/libunwind-3dd8a6810a0bdfef.rlib" "/opt/rustwide/rustup-home/toolchains/1.75.0-x86_64-unknown-linux-gnu/lib/rustlib/x86_64-unknown-linux-gnu/lib/libcfg_if-eb39a61c0c879984.rlib" "/opt/rustwide/rustup-home/toolchains/1.75.0-x86_64-unknown-linux-gnu/lib/rustlib/x86_64-unknown-linux-gnu/lib/liblibc-aa769569f91c3548.rlib" "/opt/rustwide/rustup-home/toolchains/1.75.0-x86_64-unknown-linux-gnu/lib/rustlib/x86_64-unknown-linux-gnu/lib/liballoc-510a192a50a983ed.rlib" "/opt/rustwide/rustup-home/toolchains/1.75.0-x86_64-unknown-linux-gnu/lib/rustlib/x86_64-unknown-linux-gnu/lib/librustc_std_workspace_core-0577018320f99037.rlib" "/opt/rustwide/rustup-home/toolchains/1.75.0-x86_64-unknown-linux-gnu/lib/rustlib/x86_64-unknown-linux-gnu/lib/libcore-193cf992125ccd4c.rlib" "/opt/rustwide/rustup-home/toolchains/1.75.0-x86_64-unknown-linux-gnu/lib/rustlib/x86_64-unknown-linux-gnu/lib/libcompiler_builtins-8e138eaf26ebb4a8.rlib" "-Wl,-Bdynamic" "-lcuda" "-lgcc_s" "-lutil" "-lrt" "-lpthread" "-lm" "-ldl" "-lc" "-Wl,--eh-frame-hdr" "-Wl,-z,noexecstack" "-L" "/opt/rustwide/rustup-home/toolchains/1.75.0-x86_64-unknown-linux-gnu/lib/rustlib/x86_64-unknown-linux-gnu/lib" "-o" "/opt/rustwide/target/debug/deps/fil_rustacuda-9ad5eb0b4859a772" "-Wl,--gc-sections" "-pie" "-Wl,-z,relro,-z,now" "-nodefaultlibs"
[INFO] [stdout]   = note: /usr/bin/ld: cannot find -lcuda: No such file or directory
[INFO] [stdout]           collect2: error: ld returned 1 exit status
[INFO] [stdout]           
[INFO] [stdout] 
[INFO] [stdout] 
[INFO] [stdout] error: aborting due to previous error
[INFO] [stdout] 
[INFO] [stdout] 
[INFO] [stderr] error: could not compile `fil-rustacuda` (lib test) due to 2 previous errors
[INFO] running `Command { std: "docker" "inspect" "709470fc75a458d1481685f1825372a7a5f9c28d2179f721136ece6c7e6a5f89", kill_on_drop: false }`
[INFO] running `Command { std: "docker" "rm" "-f" "709470fc75a458d1481685f1825372a7a5f9c28d2179f721136ece6c7e6a5f89", kill_on_drop: false }`
[INFO] [stdout] 709470fc75a458d1481685f1825372a7a5f9c28d2179f721136ece6c7e6a5f89
