[INFO] fetching crate fil-ocl-core 0.11.4...
[INFO] testing fil-ocl-core-0.11.4 against 1.75.0 for beta-1.76-1
[INFO] extracting crate fil-ocl-core 0.11.4 into /workspace/builds/worker-3-tc1/source
[INFO] validating manifest of crates.io crate fil-ocl-core 0.11.4 on toolchain 1.75.0
[INFO] running `Command { std: CARGO_HOME="/workspace/cargo-home" RUSTUP_HOME="/workspace/rustup-home" "/workspace/cargo-home/bin/cargo" "+1.75.0" "metadata" "--manifest-path" "Cargo.toml" "--no-deps", kill_on_drop: false }`
[INFO] started tweaking crates.io crate fil-ocl-core 0.11.4
[INFO] finished tweaking crates.io crate fil-ocl-core 0.11.4
[INFO] tweaked toml for crates.io crate fil-ocl-core 0.11.4 written to /workspace/builds/worker-3-tc1/source/Cargo.toml
[INFO] crate crates.io crate fil-ocl-core 0.11.4 already has a lockfile, it will not be regenerated
[INFO] running `Command { std: CARGO_HOME="/workspace/cargo-home" RUSTUP_HOME="/workspace/rustup-home" "/workspace/cargo-home/bin/cargo" "+1.75.0" "fetch" "--manifest-path" "Cargo.toml", kill_on_drop: false }`
[INFO] [stderr]     Updating crates.io index
[INFO] [stderr]  Downloading crates ...
[INFO] [stderr]   Downloaded ocl-core-vector v0.1.0
[INFO] [stderr]   Downloaded cl-sys v0.4.2
[INFO] [stderr]   Downloaded colorify v0.2.3
[INFO] running `Command { std: "docker" "create" "-v" "/var/lib/crater-agent-workspace/builds/worker-3-tc1/target:/opt/rustwide/target:rw,Z" "-v" "/var/lib/crater-agent-workspace/builds/worker-3-tc1/source:/opt/rustwide/workdir:ro,Z" "-v" "/var/lib/crater-agent-workspace/cargo-home:/opt/rustwide/cargo-home:ro,Z" "-v" "/var/lib/crater-agent-workspace/rustup-home:/opt/rustwide/rustup-home:ro,Z" "-e" "SOURCE_DIR=/opt/rustwide/workdir" "-e" "CARGO_TARGET_DIR=/opt/rustwide/target" "-e" "CARGO_HOME=/opt/rustwide/cargo-home" "-e" "RUSTUP_HOME=/opt/rustwide/rustup-home" "-w" "/opt/rustwide/workdir" "-m" "1610612736" "--user" "0:0" "--network" "none" "ghcr.io/rust-lang/crates-build-env/linux@sha256:2788e3201cd34a07e3172128adcd8b3090168a8e3bcc40d7c032b9dda1df7d1c" "/opt/rustwide/cargo-home/bin/cargo" "+1.75.0" "metadata" "--no-deps" "--format-version=1", kill_on_drop: false }`
[INFO] [stdout] a8694bb3a198ec2f65ed14aad27ad3afc0f468fc1ab18b6a95d4395e35411c94
[INFO] running `Command { std: "docker" "start" "-a" "a8694bb3a198ec2f65ed14aad27ad3afc0f468fc1ab18b6a95d4395e35411c94", kill_on_drop: false }`
[INFO] running `Command { std: "docker" "inspect" "a8694bb3a198ec2f65ed14aad27ad3afc0f468fc1ab18b6a95d4395e35411c94", kill_on_drop: false }`
[INFO] running `Command { std: "docker" "rm" "-f" "a8694bb3a198ec2f65ed14aad27ad3afc0f468fc1ab18b6a95d4395e35411c94", kill_on_drop: false }`
[INFO] [stdout] a8694bb3a198ec2f65ed14aad27ad3afc0f468fc1ab18b6a95d4395e35411c94
[INFO] running `Command { std: "docker" "create" "-v" "/var/lib/crater-agent-workspace/builds/worker-3-tc1/target:/opt/rustwide/target:rw,Z" "-v" "/var/lib/crater-agent-workspace/builds/worker-3-tc1/source:/opt/rustwide/workdir:ro,Z" "-v" "/var/lib/crater-agent-workspace/cargo-home:/opt/rustwide/cargo-home:ro,Z" "-v" "/var/lib/crater-agent-workspace/rustup-home:/opt/rustwide/rustup-home:ro,Z" "-e" "SOURCE_DIR=/opt/rustwide/workdir" "-e" "CARGO_TARGET_DIR=/opt/rustwide/target" "-e" "CARGO_INCREMENTAL=0" "-e" "RUST_BACKTRACE=full" "-e" "RUSTFLAGS=--cap-lints=warn" "-e" "RUSTDOCFLAGS=--cap-lints=warn" "-e" "CARGO_HOME=/opt/rustwide/cargo-home" "-e" "RUSTUP_HOME=/opt/rustwide/rustup-home" "-w" "/opt/rustwide/workdir" "-m" "1610612736" "--user" "0:0" "--network" "none" "ghcr.io/rust-lang/crates-build-env/linux@sha256:2788e3201cd34a07e3172128adcd8b3090168a8e3bcc40d7c032b9dda1df7d1c" "/opt/rustwide/cargo-home/bin/cargo" "+1.75.0" "build" "--frozen" "--message-format=json", kill_on_drop: false }`
[INFO] [stdout] 0b6ef0c8f7c842e8b267ac89eb248170544bc7295e80fb98ee55a6882f650973
[INFO] running `Command { std: "docker" "start" "-a" "0b6ef0c8f7c842e8b267ac89eb248170544bc7295e80fb98ee55a6882f650973", kill_on_drop: false }`
[INFO] [stderr]    Compiling autocfg v1.0.1
[INFO] [stderr]    Compiling libc v0.2.86
[INFO] [stderr]    Compiling proc-macro2 v1.0.24
[INFO] [stderr]    Compiling unicode-xid v0.2.1
[INFO] [stderr]    Compiling ucd-trie v0.1.3
[INFO] [stderr]    Compiling syn v1.0.60
[INFO] [stderr]    Compiling rustc-serialize v0.3.24
[INFO] [stderr]    Compiling gimli v0.23.0
[INFO] [stderr]    Compiling adler v0.2.3
[INFO] [stderr]    Compiling failure_derive v0.1.8
[INFO] [stderr]    Compiling bitflags v1.2.1
[INFO] [stderr]    Compiling rustc-demangle v0.1.18
[INFO] [stderr]    Compiling object v0.23.0
[INFO] [stderr]    Compiling cl-sys v0.4.2
[INFO] [stderr]    Compiling pest v2.1.3
[INFO] [stderr]    Compiling num-traits v0.2.14
[INFO] [stderr]    Compiling num-integer v0.1.44
[INFO] [stderr]    Compiling num-iter v0.1.42
[INFO] [stderr]    Compiling miniz_oxide v0.4.3
[INFO] [stderr]    Compiling quote v1.0.9
[INFO] [stderr]    Compiling rand v0.4.6
[INFO] [stderr]    Compiling semver-parser v0.10.2
[INFO] [stderr]    Compiling semver v0.11.0
[INFO] [stderr]    Compiling rustc_version v0.3.3
[INFO] [stderr]    Compiling num-complex v0.1.43
[INFO] [stderr]    Compiling num-traits v0.1.43
[INFO] [stderr]    Compiling enum_primitive v0.1.1
[INFO] [stderr]    Compiling fil-ocl-core v0.11.4 (/opt/rustwide/workdir)
[INFO] [stderr]    Compiling num-bigint v0.1.44
[INFO] [stderr]    Compiling addr2line v0.14.1
[INFO] [stderr]    Compiling backtrace v0.3.56
[INFO] [stderr]    Compiling num-rational v0.1.42
[INFO] [stderr]    Compiling num v0.1.42
[INFO] [stderr]    Compiling ocl-core-vector v0.1.0
[INFO] [stderr]    Compiling synstructure v0.12.4
[INFO] [stderr]    Compiling failure v0.1.8
[INFO] [stdout] warning: use of deprecated macro `r#try`: use the `?` operator instead
[INFO] [stdout]    --> src/functions.rs:514:5
[INFO] [stdout]     |
[INFO] [stdout] 514 |     r#try!(eval_errcode(errcode, (), "clGetPlatformIDs", None::<String>));
[INFO] [stdout]     |     ^^^^^
[INFO] [stdout]     |
[INFO] [stdout]     = note: `#[warn(deprecated)]` on by default
[INFO] [stdout] 
[INFO] [stdout] 
[INFO] [stdout] warning: use of deprecated macro `r#try`: use the `?` operator instead
[INFO] [stdout]    --> src/functions.rs:619:5
[INFO] [stdout]     |
[INFO] [stdout] 619 |     r#try!(eval_errcode(errcode, (), "clGetDeviceIDs", None::<String>));
[INFO] [stdout]     |     ^^^^^
[INFO] [stdout] 
[INFO] [stdout] 
[INFO] [stdout] warning: use of deprecated macro `r#try`: use the `?` operator instead
[INFO] [stdout]    --> src/functions.rs:595:47
[INFO] [stdout]     |
[INFO] [stdout] 595 |     let device_types = device_types.unwrap_or(r#try!(default_device_type()));
[INFO] [stdout]     |                                               ^^^^^
[INFO] [stdout] 
[INFO] [stdout] 
[INFO] [stdout] warning: use of deprecated macro `r#try`: use the `?` operator instead
[INFO] [stdout]     --> src/functions.rs:1065:5
[INFO] [stdout]      |
[INFO] [stdout] 1065 |     r#try!(verify_context(context));
[INFO] [stdout]      |     ^^^^^
[INFO] [stdout] 
[INFO] [stdout] 
[INFO] [stdout] warning: use of deprecated macro `r#try`: use the `?` operator instead
[INFO] [stdout]     --> src/functions.rs:1152:5
[INFO] [stdout]      |
[INFO] [stdout] 1152 |     r#try!(verify_context(context));
[INFO] [stdout]      |     ^^^^^
[INFO] [stdout] 
[INFO] [stdout] 
[INFO] [stdout] warning: use of deprecated macro `r#try`: use the `?` operator instead
[INFO] [stdout]     --> src/functions.rs:1197:5
[INFO] [stdout]      |
[INFO] [stdout] 1197 |     r#try!(verify_context(context));
[INFO] [stdout]      |     ^^^^^
[INFO] [stdout] 
[INFO] [stdout] 
[INFO] [stdout] warning: use of deprecated macro `r#try`: use the `?` operator instead
[INFO] [stdout]     --> src/functions.rs:1229:5
[INFO] [stdout]      |
[INFO] [stdout] 1229 |     r#try!(verify_context(context));
[INFO] [stdout]      |     ^^^^^
[INFO] [stdout] 
[INFO] [stdout] 
[INFO] [stdout] warning: use of deprecated macro `r#try`: use the `?` operator instead
[INFO] [stdout]     --> src/functions.rs:1268:5
[INFO] [stdout]      |
[INFO] [stdout] 1268 |     r#try!(verify_context(context));
[INFO] [stdout]      |     ^^^^^
[INFO] [stdout] 
[INFO] [stdout] 
[INFO] [stdout] warning: use of deprecated macro `r#try`: use the `?` operator instead
[INFO] [stdout]     --> src/functions.rs:1319:5
[INFO] [stdout]      |
[INFO] [stdout] 1319 |     r#try!(verify_context(context));
[INFO] [stdout]      |     ^^^^^
[INFO] [stdout] 
[INFO] [stdout] 
[INFO] [stdout] warning: use of deprecated macro `r#try`: use the `?` operator instead
[INFO] [stdout]     --> src/functions.rs:1349:5
[INFO] [stdout]      |
[INFO] [stdout] 1349 |     r#try!(verify_context(context));
[INFO] [stdout]      |     ^^^^^
[INFO] [stdout] 
[INFO] [stdout] 
[INFO] [stdout] warning: use of deprecated macro `r#try`: use the `?` operator instead
[INFO] [stdout]     --> src/functions.rs:1416:5
[INFO] [stdout]      |
[INFO] [stdout] 1416 |     r#try!(verify_context(context));
[INFO] [stdout]      |     ^^^^^
[INFO] [stdout] 
[INFO] [stdout] 
[INFO] [stdout] warning: use of deprecated macro `r#try`: use the `?` operator instead
[INFO] [stdout]     --> src/functions.rs:1482:5
[INFO] [stdout]      |
[INFO] [stdout] 1482 |     r#try!(eval_errcode(errcode, (), "clGetSupportedImageFormats", None::<String>));
[INFO] [stdout]      |     ^^^^^
[INFO] [stdout] 
[INFO] [stdout] 
[INFO] [stdout] warning: use of deprecated macro `r#try`: use the `?` operator instead
[INFO] [stdout]     --> src/functions.rs:1504:5
[INFO] [stdout]      |
[INFO] [stdout] 1504 |     r#try!(eval_errcode(errcode, (), "clGetSupportedImageFormats", None::<String>));
[INFO] [stdout]      |     ^^^^^
[INFO] [stdout] 
[INFO] [stdout] 
[INFO] [stdout] warning: use of deprecated macro `r#try`: use the `?` operator instead
[INFO] [stdout]     --> src/functions.rs:1670:5
[INFO] [stdout]      |
[INFO] [stdout] 1670 |     r#try!(verify_context(context));
[INFO] [stdout]      |     ^^^^^
[INFO] [stdout] 
[INFO] [stdout] 
[INFO] [stdout] warning: use of deprecated macro `r#try`: use the `?` operator instead
[INFO] [stdout]     --> src/functions.rs:1731:5
[INFO] [stdout]      |
[INFO] [stdout] 1731 |     r#try!(eval_errcode(errcode, (), "clCreateProgramWithBinary", None::<String>));
[INFO] [stdout]      |     ^^^^^
[INFO] [stdout] 
[INFO] [stdout] 
[INFO] [stdout] warning: use of deprecated macro `r#try`: use the `?` operator instead
[INFO] [stdout]     --> src/functions.rs:1734:9
[INFO] [stdout]      |
[INFO] [stdout] 1734 |         r#try!(eval_errcode(*item, (), "clCreateProgramWithBinary", Some(format!("Device [{}]", i))));
[INFO] [stdout]      |         ^^^^^
[INFO] [stdout] 
[INFO] [stdout] 
[INFO] [stdout] warning: use of deprecated macro `r#try`: use the `?` operator instead
[INFO] [stdout]     --> src/functions.rs:1925:5
[INFO] [stdout]      |
[INFO] [stdout] 1925 |     r#try!(verify_context(context));
[INFO] [stdout]      |     ^^^^^
[INFO] [stdout] 
[INFO] [stdout] 
[INFO] [stdout] warning: use of deprecated macro `r#try`: use the `?` operator instead
[INFO] [stdout]     --> src/functions.rs:2087:13
[INFO] [stdout]      |
[INFO] [stdout] 2087 |             r#try!(CString::new(name.as_ref().as_bytes())).as_ptr(),
[INFO] [stdout]      |             ^^^^^
[INFO] [stdout] 
[INFO] [stdout] 
[INFO] [stdout] warning: use of deprecated macro `r#try`: use the `?` operator instead
[INFO] [stdout]     --> src/functions.rs:3598:23
[INFO] [stdout]      |
[INFO] [stdout] 3598 |     let func_name_c = r#try!(CString::new(func_name));
[INFO] [stdout]      |                       ^^^^^
[INFO] [stdout] 
[INFO] [stdout] 
[INFO] [stdout] warning: use of deprecated macro `r#try`: use the `?` operator instead
[INFO] [stdout]     --> src/functions.rs:3624:25
[INFO] [stdout]      |
[INFO] [stdout] 3624 |         d_versions.push(r#try!(device_id.version()));
[INFO] [stdout]      |                         ^^^^^
[INFO] [stdout] 
[INFO] [stdout] 
[INFO] [stdout] warning: use of deprecated macro `r#try`: use the `?` operator instead
[INFO] [stdout]     --> src/functions.rs:3641:25
[INFO] [stdout]      |
[INFO] [stdout] 3641 |     let platform_list = r#try!(get_platform_ids());
[INFO] [stdout]      |                         ^^^^^
[INFO] [stdout] 
[INFO] [stdout] 
[INFO] [stdout] warning: use of deprecated macro `r#try`: use the `?` operator instead
[INFO] [stdout]     --> src/functions.rs:3694:5
[INFO] [stdout]      |
[INFO] [stdout] 3694 |     r#try!(build_program(&program, device_ids, cmplr_opts, None, None));
[INFO] [stdout]      |     ^^^^^
[INFO] [stdout] 
[INFO] [stdout] 
[INFO] [stdout] warning: use of deprecated macro `r#try`: use the `?` operator instead
[INFO] [stdout]     --> src/functions.rs:3693:19
[INFO] [stdout]      |
[INFO] [stdout] 3693 |     let program = r#try!(create_program_with_source(context, src_strings));
[INFO] [stdout]      |                   ^^^^^
[INFO] [stdout] 
[INFO] [stdout] 
[INFO] [stdout] warning: use of deprecated macro `r#try`: use the `?` operator instead
[INFO] [stdout]     --> src/functions.rs:3721:5
[INFO] [stdout]      |
[INFO] [stdout] 3721 |     r#try!(eval_errcode(errcode, (), "clGetEventInfo", None::<String>));
[INFO] [stdout]      |     ^^^^^
[INFO] [stdout] 
[INFO] [stdout] 
[INFO] [stdout] warning: use of deprecated macro `r#try`: use the `?` operator instead
[INFO] [stdout]    --> src/types/abs.rs:129:37
[INFO] [stdout]     |
[INFO] [stdout] 129 |         functions::verify_versions(&r#try!(self.device_versions()), required_version,
[INFO] [stdout]     |                                     ^^^^^
[INFO] [stdout] 
[INFO] [stdout] 
[INFO] [stdout] warning: use of deprecated macro `r#try`: use the `?` operator instead
[INFO] [stdout]    --> src/types/abs.rs:134:20
[INFO] [stdout]     |
[INFO] [stdout] 134 |         let ver = [r#try!(self.platform_version())];
[INFO] [stdout]     |                    ^^^^^
[INFO] [stdout] 
[INFO] [stdout] 
[INFO] [stdout] warning: use of deprecated macro `r#try`: use the `?` operator instead
[INFO] [stdout]    --> src/types/abs.rs:380:23
[INFO] [stdout]     |
[INFO] [stdout] 380 |         let devices = r#try!(functions::get_device_ids(self, Some(DeviceType::ALL), None));
[INFO] [stdout]     |                       ^^^^^
[INFO] [stdout] 
[INFO] [stdout] 
[INFO] [stdout] warning: use of deprecated macro `r#try`: use the `?` operator instead
[INFO] [stdout]    --> src/types/abs.rs:546:23
[INFO] [stdout]     |
[INFO] [stdout] 546 |         let devices = r#try!(self.devices());
[INFO] [stdout]     |                       ^^^^^
[INFO] [stdout] 
[INFO] [stdout] 
[INFO] [stdout] warning: use of deprecated macro `r#try`: use the `?` operator instead
[INFO] [stdout]    --> src/types/abs.rs:551:23
[INFO] [stdout]     |
[INFO] [stdout] 551 |         let devices = r#try!(self.devices());
[INFO] [stdout]     |                       ^^^^^
[INFO] [stdout] 
[INFO] [stdout] 
[INFO] [stdout] warning: use of deprecated macro `r#try`: use the `?` operator instead
[INFO] [stdout]    --> src/types/abs.rs:645:22
[INFO] [stdout]     |
[INFO] [stdout] 645 |         let device = r#try!(self.device());
[INFO] [stdout]     |                      ^^^^^
[INFO] [stdout] 
[INFO] [stdout] 
[INFO] [stdout] warning: use of deprecated macro `r#try`: use the `?` operator instead
[INFO] [stdout]    --> src/types/abs.rs:650:9
[INFO] [stdout]     |
[INFO] [stdout] 650 |         r#try!(self.device()).platform_version()
[INFO] [stdout]     |         ^^^^^
[INFO] [stdout] 
[INFO] [stdout] 
[INFO] [stdout] warning: use of deprecated macro `r#try`: use the `?` operator instead
[INFO] [stdout]    --> src/types/abs.rs:834:23
[INFO] [stdout]     |
[INFO] [stdout] 834 |         let devices = r#try!(self.devices());
[INFO] [stdout]     |                       ^^^^^
[INFO] [stdout] 
[INFO] [stdout] 
[INFO] [stdout] warning: use of deprecated macro `r#try`: use the `?` operator instead
[INFO] [stdout]    --> src/types/abs.rs:839:23
[INFO] [stdout]     |
[INFO] [stdout] 839 |         let devices = r#try!(self.devices());
[INFO] [stdout]     |                       ^^^^^
[INFO] [stdout] 
[INFO] [stdout] 
[INFO] [stdout] warning: use of deprecated macro `r#try`: use the `?` operator instead
[INFO] [stdout]    --> src/types/abs.rs:919:23
[INFO] [stdout]     |
[INFO] [stdout] 919 |         let devices = r#try!(r#try!(self.program()).devices());
[INFO] [stdout]     |                       ^^^^^
[INFO] [stdout] 
[INFO] [stdout] 
[INFO] [stdout] warning: use of deprecated macro `r#try`: use the `?` operator instead
[INFO] [stdout]    --> src/types/abs.rs:919:30
[INFO] [stdout]     |
[INFO] [stdout] 919 |         let devices = r#try!(r#try!(self.program()).devices());
[INFO] [stdout]     |                              ^^^^^
[INFO] [stdout] 
[INFO] [stdout] 
[INFO] [stdout] warning: use of deprecated macro `r#try`: use the `?` operator instead
[INFO] [stdout]    --> src/types/abs.rs:924:23
[INFO] [stdout]     |
[INFO] [stdout] 924 |         let devices = r#try!(r#try!(self.program()).devices());
[INFO] [stdout]     |                       ^^^^^
[INFO] [stdout] 
[INFO] [stdout] 
[INFO] [stdout] warning: use of deprecated macro `r#try`: use the `?` operator instead
[INFO] [stdout]    --> src/types/abs.rs:924:30
[INFO] [stdout]     |
[INFO] [stdout] 924 |         let devices = r#try!(r#try!(self.program()).devices());
[INFO] [stdout]     |                              ^^^^^
[INFO] [stdout] 
[INFO] [stdout] 
[INFO] [stdout] warning: use of deprecated function `std::mem::uninitialized`: use `mem::MaybeUninit` instead
[INFO] [stdout]    --> src/util.rs:113:35
[INFO] [stdout]     |
[INFO] [stdout] 113 |         let mut new_val: T = mem::uninitialized();
[INFO] [stdout]     |                                   ^^^^^^^^^^^^^
[INFO] [stdout] 
[INFO] [stdout] 
[INFO] [stdout] warning: use of deprecated function `std::mem::uninitialized`: use `mem::MaybeUninit` instead
[INFO] [stdout]    --> src/util.rs:134:35
[INFO] [stdout]     |
[INFO] [stdout] 134 |         let mut new_val: T = mem::uninitialized();
[INFO] [stdout]     |                                   ^^^^^^^^^^^^^
[INFO] [stdout] 
[INFO] [stdout] 
[INFO] [stdout] warning: 39 warnings emitted
[INFO] [stdout] 
[INFO] [stdout] 
[INFO] [stderr]     Finished dev [unoptimized + debuginfo] target(s) in 7.17s
[INFO] [stderr] warning: the following packages contain code that will be rejected by a future version of Rust: rustc-serialize v0.3.24
[INFO] [stderr] note: to see what the problems were, use the option `--future-incompat-report`, or run `cargo report future-incompatibilities --id 1`
[INFO] running `Command { std: "docker" "inspect" "0b6ef0c8f7c842e8b267ac89eb248170544bc7295e80fb98ee55a6882f650973", kill_on_drop: false }`
[INFO] running `Command { std: "docker" "rm" "-f" "0b6ef0c8f7c842e8b267ac89eb248170544bc7295e80fb98ee55a6882f650973", kill_on_drop: false }`
[INFO] [stdout] 0b6ef0c8f7c842e8b267ac89eb248170544bc7295e80fb98ee55a6882f650973
[INFO] running `Command { std: "docker" "create" "-v" "/var/lib/crater-agent-workspace/builds/worker-3-tc1/target:/opt/rustwide/target:rw,Z" "-v" "/var/lib/crater-agent-workspace/builds/worker-3-tc1/source:/opt/rustwide/workdir:ro,Z" "-v" "/var/lib/crater-agent-workspace/cargo-home:/opt/rustwide/cargo-home:ro,Z" "-v" "/var/lib/crater-agent-workspace/rustup-home:/opt/rustwide/rustup-home:ro,Z" "-e" "SOURCE_DIR=/opt/rustwide/workdir" "-e" "CARGO_TARGET_DIR=/opt/rustwide/target" "-e" "CARGO_INCREMENTAL=0" "-e" "RUST_BACKTRACE=full" "-e" "RUSTFLAGS=--cap-lints=warn" "-e" "RUSTDOCFLAGS=--cap-lints=warn" "-e" "CARGO_HOME=/opt/rustwide/cargo-home" "-e" "RUSTUP_HOME=/opt/rustwide/rustup-home" "-w" "/opt/rustwide/workdir" "-m" "1610612736" "--user" "0:0" "--network" "none" "ghcr.io/rust-lang/crates-build-env/linux@sha256:2788e3201cd34a07e3172128adcd8b3090168a8e3bcc40d7c032b9dda1df7d1c" "/opt/rustwide/cargo-home/bin/cargo" "+1.75.0" "test" "--frozen" "--no-run" "--message-format=json", kill_on_drop: false }`
[INFO] [stdout] d410316f9874d40067c6c3f3440b669741069cc86841a945591071a2ab9d2e01
[INFO] running `Command { std: "docker" "start" "-a" "d410316f9874d40067c6c3f3440b669741069cc86841a945591071a2ab9d2e01", kill_on_drop: false }`
[INFO] [stderr]    Compiling colorify v0.2.3
[INFO] [stdout] warning: use of deprecated macro `r#try`: use the `?` operator instead
[INFO] [stdout]    --> src/functions.rs:514:5
[INFO] [stdout]     |
[INFO] [stdout] 514 |     r#try!(eval_errcode(errcode, (), "clGetPlatformIDs", None::<String>));
[INFO] [stdout]     |     ^^^^^
[INFO] [stdout]     |
[INFO] [stdout]     = note: `#[warn(deprecated)]` on by default
[INFO] [stdout] 
[INFO] [stdout] 
[INFO] [stdout] warning: use of deprecated macro `r#try`: use the `?` operator instead
[INFO] [stdout]    --> src/functions.rs:619:5
[INFO] [stdout]     |
[INFO] [stdout] 619 |     r#try!(eval_errcode(errcode, (), "clGetDeviceIDs", None::<String>));
[INFO] [stdout]     |     ^^^^^
[INFO] [stdout] 
[INFO] [stdout] 
[INFO] [stdout] warning: use of deprecated macro `r#try`: use the `?` operator instead
[INFO] [stdout]    --> src/functions.rs:595:47
[INFO] [stdout]     |
[INFO] [stdout] 595 |     let device_types = device_types.unwrap_or(r#try!(default_device_type()));
[INFO] [stdout]     |                                               ^^^^^
[INFO] [stdout] 
[INFO] [stdout] 
[INFO] [stdout] warning: use of deprecated macro `r#try`: use the `?` operator instead
[INFO] [stdout]     --> src/functions.rs:1065:5
[INFO] [stdout]      |
[INFO] [stdout] 1065 |     r#try!(verify_context(context));
[INFO] [stdout]      |     ^^^^^
[INFO] [stdout] 
[INFO] [stdout] 
[INFO] [stdout] warning: use of deprecated macro `r#try`: use the `?` operator instead
[INFO] [stdout]     --> src/functions.rs:1152:5
[INFO] [stdout]      |
[INFO] [stdout] 1152 |     r#try!(verify_context(context));
[INFO] [stdout]      |     ^^^^^
[INFO] [stdout] 
[INFO] [stdout] 
[INFO] [stdout] warning: use of deprecated macro `r#try`: use the `?` operator instead
[INFO] [stdout]     --> src/functions.rs:1197:5
[INFO] [stdout]      |
[INFO] [stdout] 1197 |     r#try!(verify_context(context));
[INFO] [stdout]      |     ^^^^^
[INFO] [stdout] 
[INFO] [stdout] 
[INFO] [stdout] warning: use of deprecated macro `r#try`: use the `?` operator instead
[INFO] [stdout]     --> src/functions.rs:1229:5
[INFO] [stdout]      |
[INFO] [stdout] 1229 |     r#try!(verify_context(context));
[INFO] [stdout]      |     ^^^^^
[INFO] [stdout] 
[INFO] [stdout] 
[INFO] [stdout] warning: use of deprecated macro `r#try`: use the `?` operator instead
[INFO] [stdout]     --> src/functions.rs:1268:5
[INFO] [stdout]      |
[INFO] [stdout] 1268 |     r#try!(verify_context(context));
[INFO] [stdout]      |     ^^^^^
[INFO] [stdout] 
[INFO] [stdout] 
[INFO] [stdout] warning: use of deprecated macro `r#try`: use the `?` operator instead
[INFO] [stdout]     --> src/functions.rs:1319:5
[INFO] [stdout]      |
[INFO] [stdout] 1319 |     r#try!(verify_context(context));
[INFO] [stdout]      |     ^^^^^
[INFO] [stdout] 
[INFO] [stdout] 
[INFO] [stdout] warning: use of deprecated macro `r#try`: use the `?` operator instead
[INFO] [stdout]     --> src/functions.rs:1349:5
[INFO] [stdout]      |
[INFO] [stdout] 1349 |     r#try!(verify_context(context));
[INFO] [stdout]      |     ^^^^^
[INFO] [stdout] 
[INFO] [stdout] 
[INFO] [stdout] warning: use of deprecated macro `r#try`: use the `?` operator instead
[INFO] [stdout]     --> src/functions.rs:1416:5
[INFO] [stdout]      |
[INFO] [stdout] 1416 |     r#try!(verify_context(context));
[INFO] [stdout]      |     ^^^^^
[INFO] [stdout] 
[INFO] [stdout] 
[INFO] [stdout] warning: use of deprecated macro `r#try`: use the `?` operator instead
[INFO] [stdout]     --> src/functions.rs:1482:5
[INFO] [stdout]      |
[INFO] [stdout] 1482 |     r#try!(eval_errcode(errcode, (), "clGetSupportedImageFormats", None::<String>));
[INFO] [stdout]      |     ^^^^^
[INFO] [stdout] 
[INFO] [stdout] 
[INFO] [stdout] warning: use of deprecated macro `r#try`: use the `?` operator instead
[INFO] [stdout]     --> src/functions.rs:1504:5
[INFO] [stdout]      |
[INFO] [stdout] 1504 |     r#try!(eval_errcode(errcode, (), "clGetSupportedImageFormats", None::<String>));
[INFO] [stdout]      |     ^^^^^
[INFO] [stdout] 
[INFO] [stdout] 
[INFO] [stdout] warning: use of deprecated macro `r#try`: use the `?` operator instead
[INFO] [stdout]     --> src/functions.rs:1670:5
[INFO] [stdout]      |
[INFO] [stdout] 1670 |     r#try!(verify_context(context));
[INFO] [stdout]      |     ^^^^^
[INFO] [stdout] 
[INFO] [stdout] 
[INFO] [stdout] warning: use of deprecated macro `r#try`: use the `?` operator instead
[INFO] [stdout]     --> src/functions.rs:1731:5
[INFO] [stdout]      |
[INFO] [stdout] 1731 |     r#try!(eval_errcode(errcode, (), "clCreateProgramWithBinary", None::<String>));
[INFO] [stdout]      |     ^^^^^
[INFO] [stdout] 
[INFO] [stdout] 
[INFO] [stdout] warning: use of deprecated macro `r#try`: use the `?` operator instead
[INFO] [stdout]     --> src/functions.rs:1734:9
[INFO] [stdout]      |
[INFO] [stdout] 1734 |         r#try!(eval_errcode(*item, (), "clCreateProgramWithBinary", Some(format!("Device [{}]", i))));
[INFO] [stdout]      |         ^^^^^
[INFO] [stdout] 
[INFO] [stdout] 
[INFO] [stdout] warning: use of deprecated macro `r#try`: use the `?` operator instead
[INFO] [stdout]     --> src/functions.rs:1925:5
[INFO] [stdout]      |
[INFO] [stdout] 1925 |     r#try!(verify_context(context));
[INFO] [stdout]      |     ^^^^^
[INFO] [stdout] 
[INFO] [stdout] 
[INFO] [stdout] warning: use of deprecated macro `r#try`: use the `?` operator instead
[INFO] [stdout]     --> src/functions.rs:2087:13
[INFO] [stdout]      |
[INFO] [stdout] 2087 |             r#try!(CString::new(name.as_ref().as_bytes())).as_ptr(),
[INFO] [stdout]      |             ^^^^^
[INFO] [stdout] 
[INFO] [stdout] 
[INFO] [stdout] warning: use of deprecated macro `r#try`: use the `?` operator instead
[INFO] [stdout]     --> src/functions.rs:3598:23
[INFO] [stdout]      |
[INFO] [stdout] 3598 |     let func_name_c = r#try!(CString::new(func_name));
[INFO] [stdout]      |                       ^^^^^
[INFO] [stdout] 
[INFO] [stdout] 
[INFO] [stdout] warning: use of deprecated macro `r#try`: use the `?` operator instead
[INFO] [stdout]     --> src/functions.rs:3624:25
[INFO] [stdout]      |
[INFO] [stdout] 3624 |         d_versions.push(r#try!(device_id.version()));
[INFO] [stdout]      |                         ^^^^^
[INFO] [stdout] 
[INFO] [stdout] 
[INFO] [stdout] warning: use of deprecated macro `r#try`: use the `?` operator instead
[INFO] [stdout]     --> src/functions.rs:3641:25
[INFO] [stdout]      |
[INFO] [stdout] 3641 |     let platform_list = r#try!(get_platform_ids());
[INFO] [stdout]      |                         ^^^^^
[INFO] [stdout] 
[INFO] [stdout] 
[INFO] [stdout] warning: use of deprecated macro `r#try`: use the `?` operator instead
[INFO] [stdout]     --> src/functions.rs:3694:5
[INFO] [stdout]      |
[INFO] [stdout] 3694 |     r#try!(build_program(&program, device_ids, cmplr_opts, None, None));
[INFO] [stdout]      |     ^^^^^
[INFO] [stdout] 
[INFO] [stdout] 
[INFO] [stdout] warning: use of deprecated macro `r#try`: use the `?` operator instead
[INFO] [stdout]     --> src/functions.rs:3693:19
[INFO] [stdout]      |
[INFO] [stdout] 3693 |     let program = r#try!(create_program_with_source(context, src_strings));
[INFO] [stdout]      |                   ^^^^^
[INFO] [stdout] 
[INFO] [stdout] 
[INFO] [stdout] warning: use of deprecated macro `r#try`: use the `?` operator instead
[INFO] [stdout]     --> src/functions.rs:3721:5
[INFO] [stdout]      |
[INFO] [stdout] 3721 |     r#try!(eval_errcode(errcode, (), "clGetEventInfo", None::<String>));
[INFO] [stdout]      |     ^^^^^
[INFO] [stdout] 
[INFO] [stdout] 
[INFO] [stdout] warning: use of deprecated macro `r#try`: use the `?` operator instead
[INFO] [stdout]    --> src/types/abs.rs:129:37
[INFO] [stdout]     |
[INFO] [stdout] 129 |         functions::verify_versions(&r#try!(self.device_versions()), required_version,
[INFO] [stdout]     |                                     ^^^^^
[INFO] [stdout] 
[INFO] [stdout] 
[INFO] [stdout] warning: use of deprecated macro `r#try`: use the `?` operator instead
[INFO] [stdout]    --> src/types/abs.rs:134:20
[INFO] [stdout]     |
[INFO] [stdout] 134 |         let ver = [r#try!(self.platform_version())];
[INFO] [stdout]     |                    ^^^^^
[INFO] [stdout] 
[INFO] [stdout] 
[INFO] [stdout] warning: use of deprecated macro `r#try`: use the `?` operator instead
[INFO] [stdout]    --> src/types/abs.rs:380:23
[INFO] [stdout]     |
[INFO] [stdout] 380 |         let devices = r#try!(functions::get_device_ids(self, Some(DeviceType::ALL), None));
[INFO] [stdout]     |                       ^^^^^
[INFO] [stdout] 
[INFO] [stdout] 
[INFO] [stdout] warning: use of deprecated macro `r#try`: use the `?` operator instead
[INFO] [stdout]    --> src/types/abs.rs:546:23
[INFO] [stdout]     |
[INFO] [stdout] 546 |         let devices = r#try!(self.devices());
[INFO] [stdout]     |                       ^^^^^
[INFO] [stdout] 
[INFO] [stdout] 
[INFO] [stdout] warning: use of deprecated macro `r#try`: use the `?` operator instead
[INFO] [stdout]    --> src/types/abs.rs:551:23
[INFO] [stdout]     |
[INFO] [stdout] 551 |         let devices = r#try!(self.devices());
[INFO] [stdout]     |                       ^^^^^
[INFO] [stdout] 
[INFO] [stdout] 
[INFO] [stdout] warning: use of deprecated macro `r#try`: use the `?` operator instead
[INFO] [stdout]    --> src/types/abs.rs:645:22
[INFO] [stdout]     |
[INFO] [stdout] 645 |         let device = r#try!(self.device());
[INFO] [stdout]     |                      ^^^^^
[INFO] [stdout] 
[INFO] [stdout] 
[INFO] [stdout] warning: use of deprecated macro `r#try`: use the `?` operator instead
[INFO] [stdout]    --> src/types/abs.rs:650:9
[INFO] [stdout]     |
[INFO] [stdout] 650 |         r#try!(self.device()).platform_version()
[INFO] [stdout]     |         ^^^^^
[INFO] [stdout] 
[INFO] [stdout] 
[INFO] [stdout] warning: use of deprecated macro `r#try`: use the `?` operator instead
[INFO] [stdout]    --> src/types/abs.rs:834:23
[INFO] [stdout]     |
[INFO] [stdout] 834 |         let devices = r#try!(self.devices());
[INFO] [stdout]     |                       ^^^^^
[INFO] [stdout] 
[INFO] [stdout] 
[INFO] [stdout] warning: use of deprecated macro `r#try`: use the `?` operator instead
[INFO] [stdout]    --> src/types/abs.rs:839:23
[INFO] [stdout]     |
[INFO] [stdout] 839 |         let devices = r#try!(self.devices());
[INFO] [stdout]     |                       ^^^^^
[INFO] [stdout] 
[INFO] [stdout] 
[INFO] [stdout] warning: use of deprecated macro `r#try`: use the `?` operator instead
[INFO] [stdout]    --> src/types/abs.rs:919:23
[INFO] [stdout]     |
[INFO] [stdout] 919 |         let devices = r#try!(r#try!(self.program()).devices());
[INFO] [stdout]     |                       ^^^^^
[INFO] [stdout] 
[INFO] [stdout] 
[INFO] [stdout] warning: use of deprecated macro `r#try`: use the `?` operator instead
[INFO] [stdout]    --> src/types/abs.rs:919:30
[INFO] [stdout]     |
[INFO] [stdout] 919 |         let devices = r#try!(r#try!(self.program()).devices());
[INFO] [stdout]     |                              ^^^^^
[INFO] [stdout] 
[INFO] [stdout] 
[INFO] [stdout] warning: use of deprecated macro `r#try`: use the `?` operator instead
[INFO] [stdout]    --> src/types/abs.rs:924:23
[INFO] [stdout]     |
[INFO] [stdout] 924 |         let devices = r#try!(r#try!(self.program()).devices());
[INFO] [stdout]     |                       ^^^^^
[INFO] [stdout] 
[INFO] [stdout] 
[INFO] [stdout] warning: use of deprecated macro `r#try`: use the `?` operator instead
[INFO] [stdout]    --> src/types/abs.rs:924:30
[INFO] [stdout]     |
[INFO] [stdout] 924 |         let devices = r#try!(r#try!(self.program()).devices());
[INFO] [stdout]     |                              ^^^^^
[INFO] [stdout] 
[INFO] [stdout] 
[INFO] [stdout] warning: use of deprecated function `std::mem::uninitialized`: use `mem::MaybeUninit` instead
[INFO] [stdout]    --> src/util.rs:113:35
[INFO] [stdout]     |
[INFO] [stdout] 113 |         let mut new_val: T = mem::uninitialized();
[INFO] [stdout]     |                                   ^^^^^^^^^^^^^
[INFO] [stdout] 
[INFO] [stdout] 
[INFO] [stdout] warning: use of deprecated function `std::mem::uninitialized`: use `mem::MaybeUninit` instead
[INFO] [stdout]    --> src/util.rs:134:35
[INFO] [stdout]     |
[INFO] [stdout] 134 |         let mut new_val: T = mem::uninitialized();
[INFO] [stdout]     |                                   ^^^^^^^^^^^^^
[INFO] [stdout] 
[INFO] [stdout] 
[INFO] [stdout] warning: 39 warnings emitted
[INFO] [stdout] 
[INFO] [stdout] 
[INFO] [stderr]    Compiling fil-ocl-core v0.11.4 (/opt/rustwide/workdir)
[INFO] [stdout] warning: use of deprecated macro `r#try`: use the `?` operator instead
[INFO] [stdout]    --> src/functions.rs:514:5
[INFO] [stdout]     |
[INFO] [stdout] 514 |     r#try!(eval_errcode(errcode, (), "clGetPlatformIDs", None::<String>));
[INFO] [stdout]     |     ^^^^^
[INFO] [stdout]     |
[INFO] [stdout]     = note: `#[warn(deprecated)]` on by default
[INFO] [stdout] 
[INFO] [stdout] 
[INFO] [stdout] warning: use of deprecated macro `r#try`: use the `?` operator instead
[INFO] [stdout]    --> src/functions.rs:619:5
[INFO] [stdout]     |
[INFO] [stdout] 619 |     r#try!(eval_errcode(errcode, (), "clGetDeviceIDs", None::<String>));
[INFO] [stdout]     |     ^^^^^
[INFO] [stdout] 
[INFO] [stdout] 
[INFO] [stdout] warning: use of deprecated macro `r#try`: use the `?` operator instead
[INFO] [stdout]    --> src/functions.rs:595:47
[INFO] [stdout]     |
[INFO] [stdout] 595 |     let device_types = device_types.unwrap_or(r#try!(default_device_type()));
[INFO] [stdout]     |                                               ^^^^^
[INFO] [stdout] 
[INFO] [stdout] 
[INFO] [stdout] warning: use of deprecated macro `r#try`: use the `?` operator instead
[INFO] [stdout]     --> src/functions.rs:1065:5
[INFO] [stdout]      |
[INFO] [stdout] 1065 |     r#try!(verify_context(context));
[INFO] [stdout]      |     ^^^^^
[INFO] [stdout] 
[INFO] [stdout] 
[INFO] [stdout] warning: use of deprecated macro `r#try`: use the `?` operator instead
[INFO] [stdout]     --> src/functions.rs:1152:5
[INFO] [stdout]      |
[INFO] [stdout] 1152 |     r#try!(verify_context(context));
[INFO] [stdout]      |     ^^^^^
[INFO] [stdout] 
[INFO] [stdout] 
[INFO] [stdout] warning: use of deprecated macro `r#try`: use the `?` operator instead
[INFO] [stdout]     --> src/functions.rs:1197:5
[INFO] [stdout]      |
[INFO] [stdout] 1197 |     r#try!(verify_context(context));
[INFO] [stdout]      |     ^^^^^
[INFO] [stdout] 
[INFO] [stdout] 
[INFO] [stdout] warning: use of deprecated macro `r#try`: use the `?` operator instead
[INFO] [stdout]     --> src/functions.rs:1229:5
[INFO] [stdout]      |
[INFO] [stdout] 1229 |     r#try!(verify_context(context));
[INFO] [stdout]      |     ^^^^^
[INFO] [stdout] 
[INFO] [stdout] 
[INFO] [stdout] warning: use of deprecated macro `r#try`: use the `?` operator instead
[INFO] [stdout]     --> src/functions.rs:1268:5
[INFO] [stdout]      |
[INFO] [stdout] 1268 |     r#try!(verify_context(context));
[INFO] [stdout]      |     ^^^^^
[INFO] [stdout] 
[INFO] [stdout] 
[INFO] [stdout] warning: use of deprecated macro `r#try`: use the `?` operator instead
[INFO] [stdout]     --> src/functions.rs:1319:5
[INFO] [stdout]      |
[INFO] [stdout] 1319 |     r#try!(verify_context(context));
[INFO] [stdout]      |     ^^^^^
[INFO] [stdout] 
[INFO] [stdout] 
[INFO] [stdout] warning: use of deprecated macro `r#try`: use the `?` operator instead
[INFO] [stdout]     --> src/functions.rs:1349:5
[INFO] [stdout]      |
[INFO] [stdout] 1349 |     r#try!(verify_context(context));
[INFO] [stdout]      |     ^^^^^
[INFO] [stdout] 
[INFO] [stdout] 
[INFO] [stdout] warning: use of deprecated macro `r#try`: use the `?` operator instead
[INFO] [stdout]     --> src/functions.rs:1416:5
[INFO] [stdout]      |
[INFO] [stdout] 1416 |     r#try!(verify_context(context));
[INFO] [stdout]      |     ^^^^^
[INFO] [stdout] 
[INFO] [stdout] 
[INFO] [stdout] warning: use of deprecated macro `r#try`: use the `?` operator instead
[INFO] [stdout]     --> src/functions.rs:1482:5
[INFO] [stdout]      |
[INFO] [stdout] 1482 |     r#try!(eval_errcode(errcode, (), "clGetSupportedImageFormats", None::<String>));
[INFO] [stdout]      |     ^^^^^
[INFO] [stdout] 
[INFO] [stdout] 
[INFO] [stdout] warning: use of deprecated macro `r#try`: use the `?` operator instead
[INFO] [stdout]     --> src/functions.rs:1504:5
[INFO] [stdout]      |
[INFO] [stdout] 1504 |     r#try!(eval_errcode(errcode, (), "clGetSupportedImageFormats", None::<String>));
[INFO] [stdout]      |     ^^^^^
[INFO] [stdout] 
[INFO] [stdout] 
[INFO] [stdout] warning: use of deprecated macro `r#try`: use the `?` operator instead
[INFO] [stdout]     --> src/functions.rs:1670:5
[INFO] [stdout]      |
[INFO] [stdout] 1670 |     r#try!(verify_context(context));
[INFO] [stdout]      |     ^^^^^
[INFO] [stdout] 
[INFO] [stdout] 
[INFO] [stdout] warning: use of deprecated macro `r#try`: use the `?` operator instead
[INFO] [stdout]     --> src/functions.rs:1731:5
[INFO] [stdout]      |
[INFO] [stdout] 1731 |     r#try!(eval_errcode(errcode, (), "clCreateProgramWithBinary", None::<String>));
[INFO] [stdout]      |     ^^^^^
[INFO] [stdout] 
[INFO] [stdout] 
[INFO] [stdout] warning: use of deprecated macro `r#try`: use the `?` operator instead
[INFO] [stdout]     --> src/functions.rs:1734:9
[INFO] [stdout]      |
[INFO] [stdout] 1734 |         r#try!(eval_errcode(*item, (), "clCreateProgramWithBinary", Some(format!("Device [{}]", i))));
[INFO] [stdout]      |         ^^^^^
[INFO] [stdout] 
[INFO] [stdout] 
[INFO] [stdout] warning: use of deprecated macro `r#try`: use the `?` operator instead
[INFO] [stdout]     --> src/functions.rs:1925:5
[INFO] [stdout]      |
[INFO] [stdout] 1925 |     r#try!(verify_context(context));
[INFO] [stdout]      |     ^^^^^
[INFO] [stdout] 
[INFO] [stdout] 
[INFO] [stdout] warning: use of deprecated macro `r#try`: use the `?` operator instead
[INFO] [stdout]     --> src/functions.rs:2087:13
[INFO] [stdout]      |
[INFO] [stdout] 2087 |             r#try!(CString::new(name.as_ref().as_bytes())).as_ptr(),
[INFO] [stdout]      |             ^^^^^
[INFO] [stdout] 
[INFO] [stdout] 
[INFO] [stdout] warning: use of deprecated macro `r#try`: use the `?` operator instead
[INFO] [stdout]     --> src/functions.rs:3598:23
[INFO] [stdout]      |
[INFO] [stdout] 3598 |     let func_name_c = r#try!(CString::new(func_name));
[INFO] [stdout]      |                       ^^^^^
[INFO] [stdout] 
[INFO] [stdout] 
[INFO] [stdout] warning: use of deprecated macro `r#try`: use the `?` operator instead
[INFO] [stdout]     --> src/functions.rs:3624:25
[INFO] [stdout]      |
[INFO] [stdout] 3624 |         d_versions.push(r#try!(device_id.version()));
[INFO] [stdout]      |                         ^^^^^
[INFO] [stdout] 
[INFO] [stdout] 
[INFO] [stdout] warning: use of deprecated macro `r#try`: use the `?` operator instead
[INFO] [stdout]     --> src/functions.rs:3641:25
[INFO] [stdout]      |
[INFO] [stdout] 3641 |     let platform_list = r#try!(get_platform_ids());
[INFO] [stdout]      |                         ^^^^^
[INFO] [stdout] 
[INFO] [stdout] 
[INFO] [stdout] warning: use of deprecated macro `r#try`: use the `?` operator instead
[INFO] [stdout]     --> src/functions.rs:3694:5
[INFO] [stdout]      |
[INFO] [stdout] 3694 |     r#try!(build_program(&program, device_ids, cmplr_opts, None, None));
[INFO] [stdout]      |     ^^^^^
[INFO] [stdout] 
[INFO] [stdout] 
[INFO] [stdout] warning: use of deprecated macro `r#try`: use the `?` operator instead
[INFO] [stdout]     --> src/functions.rs:3693:19
[INFO] [stdout]      |
[INFO] [stdout] 3693 |     let program = r#try!(create_program_with_source(context, src_strings));
[INFO] [stdout]      |                   ^^^^^
[INFO] [stdout] 
[INFO] [stdout] 
[INFO] [stdout] warning: use of deprecated macro `r#try`: use the `?` operator instead
[INFO] [stdout]     --> src/functions.rs:3721:5
[INFO] [stdout]      |
[INFO] [stdout] 3721 |     r#try!(eval_errcode(errcode, (), "clGetEventInfo", None::<String>));
[INFO] [stdout]      |     ^^^^^
[INFO] [stdout] 
[INFO] [stdout] 
[INFO] [stdout] warning: use of deprecated macro `r#try`: use the `?` operator instead
[INFO] [stdout]    --> src/types/abs.rs:129:37
[INFO] [stdout]     |
[INFO] [stdout] 129 |         functions::verify_versions(&r#try!(self.device_versions()), required_version,
[INFO] [stdout]     |                                     ^^^^^
[INFO] [stdout] 
[INFO] [stdout] 
[INFO] [stdout] warning: use of deprecated macro `r#try`: use the `?` operator instead
[INFO] [stdout]    --> src/types/abs.rs:134:20
[INFO] [stdout]     |
[INFO] [stdout] 134 |         let ver = [r#try!(self.platform_version())];
[INFO] [stdout]     |                    ^^^^^
[INFO] [stdout] 
[INFO] [stdout] 
[INFO] [stdout] warning: use of deprecated macro `r#try`: use the `?` operator instead
[INFO] [stdout]    --> src/types/abs.rs:380:23
[INFO] [stdout]     |
[INFO] [stdout] 380 |         let devices = r#try!(functions::get_device_ids(self, Some(DeviceType::ALL), None));
[INFO] [stdout]     |                       ^^^^^
[INFO] [stdout] 
[INFO] [stdout] 
[INFO] [stdout] warning: use of deprecated macro `r#try`: use the `?` operator instead
[INFO] [stdout]    --> src/types/abs.rs:546:23
[INFO] [stdout]     |
[INFO] [stdout] 546 |         let devices = r#try!(self.devices());
[INFO] [stdout]     |                       ^^^^^
[INFO] [stdout] 
[INFO] [stdout] 
[INFO] [stdout] warning: use of deprecated macro `r#try`: use the `?` operator instead
[INFO] [stdout]    --> src/types/abs.rs:551:23
[INFO] [stdout]     |
[INFO] [stdout] 551 |         let devices = r#try!(self.devices());
[INFO] [stdout]     |                       ^^^^^
[INFO] [stdout] 
[INFO] [stdout] 
[INFO] [stdout] warning: use of deprecated macro `r#try`: use the `?` operator instead
[INFO] [stdout]    --> src/types/abs.rs:645:22
[INFO] [stdout]     |
[INFO] [stdout] 645 |         let device = r#try!(self.device());
[INFO] [stdout]     |                      ^^^^^
[INFO] [stdout] 
[INFO] [stdout] 
[INFO] [stdout] warning: use of deprecated macro `r#try`: use the `?` operator instead
[INFO] [stdout]    --> src/types/abs.rs:650:9
[INFO] [stdout]     |
[INFO] [stdout] 650 |         r#try!(self.device()).platform_version()
[INFO] [stdout]     |         ^^^^^
[INFO] [stdout] 
[INFO] [stdout] 
[INFO] [stdout] warning: use of deprecated macro `r#try`: use the `?` operator instead
[INFO] [stdout]    --> src/types/abs.rs:834:23
[INFO] [stdout]     |
[INFO] [stdout] 834 |         let devices = r#try!(self.devices());
[INFO] [stdout]     |                       ^^^^^
[INFO] [stdout] 
[INFO] [stdout] 
[INFO] [stdout] warning: use of deprecated macro `r#try`: use the `?` operator instead
[INFO] [stdout]    --> src/types/abs.rs:839:23
[INFO] [stdout]     |
[INFO] [stdout] 839 |         let devices = r#try!(self.devices());
[INFO] [stdout]     |                       ^^^^^
[INFO] [stdout] 
[INFO] [stdout] 
[INFO] [stdout] warning: use of deprecated macro `r#try`: use the `?` operator instead
[INFO] [stdout]    --> src/types/abs.rs:919:23
[INFO] [stdout]     |
[INFO] [stdout] 919 |         let devices = r#try!(r#try!(self.program()).devices());
[INFO] [stdout]     |                       ^^^^^
[INFO] [stdout] 
[INFO] [stdout] 
[INFO] [stdout] warning: use of deprecated macro `r#try`: use the `?` operator instead
[INFO] [stdout]    --> src/types/abs.rs:919:30
[INFO] [stdout]     |
[INFO] [stdout] 919 |         let devices = r#try!(r#try!(self.program()).devices());
[INFO] [stdout]     |                              ^^^^^
[INFO] [stdout] 
[INFO] [stdout] 
[INFO] [stdout] warning: use of deprecated macro `r#try`: use the `?` operator instead
[INFO] [stdout]    --> src/types/abs.rs:924:23
[INFO] [stdout]     |
[INFO] [stdout] 924 |         let devices = r#try!(r#try!(self.program()).devices());
[INFO] [stdout]     |                       ^^^^^
[INFO] [stdout] 
[INFO] [stdout] 
[INFO] [stdout] warning: use of deprecated macro `r#try`: use the `?` operator instead
[INFO] [stdout]    --> src/types/abs.rs:924:30
[INFO] [stdout]     |
[INFO] [stdout] 924 |         let devices = r#try!(r#try!(self.program()).devices());
[INFO] [stdout]     |                              ^^^^^
[INFO] [stdout] 
[INFO] [stdout] 
[INFO] [stdout] warning: use of deprecated function `std::mem::uninitialized`: use `mem::MaybeUninit` instead
[INFO] [stdout]    --> src/util.rs:113:35
[INFO] [stdout]     |
[INFO] [stdout] 113 |         let mut new_val: T = mem::uninitialized();
[INFO] [stdout]     |                                   ^^^^^^^^^^^^^
[INFO] [stdout] 
[INFO] [stdout] 
[INFO] [stdout] warning: use of deprecated function `std::mem::uninitialized`: use `mem::MaybeUninit` instead
[INFO] [stdout]    --> src/util.rs:134:35
[INFO] [stdout]     |
[INFO] [stdout] 134 |         let mut new_val: T = mem::uninitialized();
[INFO] [stdout]     |                                   ^^^^^^^^^^^^^
[INFO] [stdout] 
[INFO] [stdout] 
[INFO] [stdout] error: linking with `cc` failed: exit status: 1
[INFO] [stdout]   |
[INFO] [stdout]   = note: LC_ALL="C" PATH="/opt/rustwide/rustup-home/toolchains/1.75.0-x86_64-unknown-linux-gnu/lib/rustlib/x86_64-unknown-linux-gnu/bin:/opt/rustwide/cargo-home/bin:/usr/local/sbin:/usr/local/bin:/usr/sbin:/usr/bin:/sbin:/bin" VSLANG="1033" "cc" "-m64" "/tmp/rustc23h8rl/symbols.o" "/opt/rustwide/target/debug/examples/version-5833843fe97ace84.version.fc1859a499fe706b-cgu.0.rcgu.o" "/opt/rustwide/target/debug/examples/version-5833843fe97ace84.version.fc1859a499fe706b-cgu.1.rcgu.o" "/opt/rustwide/target/debug/examples/version-5833843fe97ace84.4m68g1gdw9g7fvwo.rcgu.o" "-Wl,--as-needed" "-L" "/opt/rustwide/target/debug/deps" "-L" "/opt/rustwide/rustup-home/toolchains/1.75.0-x86_64-unknown-linux-gnu/lib/rustlib/x86_64-unknown-linux-gnu/lib" "-Wl,-Bstatic" "/opt/rustwide/target/debug/deps/libfil_ocl_core-73d5e9f68bcef4d7.rlib" "/opt/rustwide/target/debug/deps/libcl_sys-8a698e9e7c61a982.rlib" "/opt/rustwide/target/debug/deps/libfailure-d735b9548b753456.rlib" "/opt/rustwide/target/debug/deps/libbacktrace-37e8f41002663613.rlib" "/opt/rustwide/target/debug/deps/libminiz_oxide-ac344fa413bae1b7.rlib" "/opt/rustwide/target/debug/deps/libadler-b176be1706fbeb74.rlib" "/opt/rustwide/target/debug/deps/libobject-f09a6e25e8adcd84.rlib" "/opt/rustwide/target/debug/deps/libaddr2line-59bcc773fb7c8cfb.rlib" "/opt/rustwide/target/debug/deps/libgimli-71a072b9b9008ab3.rlib" "/opt/rustwide/target/debug/deps/libcfg_if-61dc7a6799e72b18.rlib" "/opt/rustwide/target/debug/deps/librustc_demangle-fbcea21fe898b797.rlib" "/opt/rustwide/target/debug/deps/libocl_core_vector-3ab1921227b09c4b.rlib" "/opt/rustwide/target/debug/deps/libnum-87ab2dbf5bb26dd6.rlib" "/opt/rustwide/target/debug/deps/libnum_rational-509a88fac06666d1.rlib" "/opt/rustwide/target/debug/deps/libnum_bigint-f8617bac7b74fa39.rlib" "/opt/rustwide/target/debug/deps/librand-aef1f0310f90f39d.rlib" "/opt/rustwide/target/debug/deps/liblibc-29383c04d4eb24b0.rlib" "/opt/rustwide/target/debug/deps/libnum_iter-d2d8516461d70c35.rlib" "/opt/rustwide/target/debug/deps/libnum_integer-ce0a6d79f79e7038.rlib" "/opt/rustwide/target/debug/deps/libnum_complex-5262ec8c36c4ffa9.rlib" "/opt/rustwide/target/debug/deps/librustc_serialize-ca8414f5670a47db.rlib" "/opt/rustwide/target/debug/deps/libenum_primitive-a89354756bd63672.rlib" "/opt/rustwide/target/debug/deps/libnum_traits-9b368a557dda909d.rlib" "/opt/rustwide/target/debug/deps/libnum_traits-a08acbde08546019.rlib" "/opt/rustwide/target/debug/deps/libbitflags-31f9d3daa2ba65e2.rlib" "/opt/rustwide/rustup-home/toolchains/1.75.0-x86_64-unknown-linux-gnu/lib/rustlib/x86_64-unknown-linux-gnu/lib/libstd-90f6ddbf82de36ec.rlib" "/opt/rustwide/rustup-home/toolchains/1.75.0-x86_64-unknown-linux-gnu/lib/rustlib/x86_64-unknown-linux-gnu/lib/libpanic_unwind-480c41e9d4e1f677.rlib" "/opt/rustwide/rustup-home/toolchains/1.75.0-x86_64-unknown-linux-gnu/lib/rustlib/x86_64-unknown-linux-gnu/lib/libobject-db744c0ca03eed1d.rlib" "/opt/rustwide/rustup-home/toolchains/1.75.0-x86_64-unknown-linux-gnu/lib/rustlib/x86_64-unknown-linux-gnu/lib/libmemchr-8ba652dc7d4b285a.rlib" "/opt/rustwide/rustup-home/toolchains/1.75.0-x86_64-unknown-linux-gnu/lib/rustlib/x86_64-unknown-linux-gnu/lib/libaddr2line-d5f4520a9ebc0d58.rlib" "/opt/rustwide/rustup-home/toolchains/1.75.0-x86_64-unknown-linux-gnu/lib/rustlib/x86_64-unknown-linux-gnu/lib/libgimli-4ad84de58f0cb463.rlib" "/opt/rustwide/rustup-home/toolchains/1.75.0-x86_64-unknown-linux-gnu/lib/rustlib/x86_64-unknown-linux-gnu/lib/librustc_demangle-0d10aae2e0f38735.rlib" "/opt/rustwide/rustup-home/toolchains/1.75.0-x86_64-unknown-linux-gnu/lib/rustlib/x86_64-unknown-linux-gnu/lib/libstd_detect-0c17cff739e6745b.rlib" "/opt/rustwide/rustup-home/toolchains/1.75.0-x86_64-unknown-linux-gnu/lib/rustlib/x86_64-unknown-linux-gnu/lib/libhashbrown-b29e17139dde1aa8.rlib" "/opt/rustwide/rustup-home/toolchains/1.75.0-x86_64-unknown-linux-gnu/lib/rustlib/x86_64-unknown-linux-gnu/lib/librustc_std_workspace_alloc-1f975299829cc7bd.rlib" "/opt/rustwide/rustup-home/toolchains/1.75.0-x86_64-unknown-linux-gnu/lib/rustlib/x86_64-unknown-linux-gnu/lib/libminiz_oxide-86bae3bc3079f89b.rlib" "/opt/rustwide/rustup-home/toolchains/1.75.0-x86_64-unknown-linux-gnu/lib/rustlib/x86_64-unknown-linux-gnu/lib/libadler-321b82c30dffdf5f.rlib" "/opt/rustwide/rustup-home/toolchains/1.75.0-x86_64-unknown-linux-gnu/lib/rustlib/x86_64-unknown-linux-gnu/lib/libunwind-3dd8a6810a0bdfef.rlib" "/opt/rustwide/rustup-home/toolchains/1.75.0-x86_64-unknown-linux-gnu/lib/rustlib/x86_64-unknown-linux-gnu/lib/libcfg_if-eb39a61c0c879984.rlib" "/opt/rustwide/rustup-home/toolchains/1.75.0-x86_64-unknown-linux-gnu/lib/rustlib/x86_64-unknown-linux-gnu/lib/liblibc-aa769569f91c3548.rlib" "/opt/rustwide/rustup-home/toolchains/1.75.0-x86_64-unknown-linux-gnu/lib/rustlib/x86_64-unknown-linux-gnu/lib/liballoc-510a192a50a983ed.rlib" "/opt/rustwide/rustup-home/toolchains/1.75.0-x86_64-unknown-linux-gnu/lib/rustlib/x86_64-unknown-linux-gnu/lib/librustc_std_workspace_core-0577018320f99037.rlib" "/opt/rustwide/rustup-home/toolchains/1.75.0-x86_64-unknown-linux-gnu/lib/rustlib/x86_64-unknown-linux-gnu/lib/libcore-193cf992125ccd4c.rlib" "/opt/rustwide/rustup-home/toolchains/1.75.0-x86_64-unknown-linux-gnu/lib/rustlib/x86_64-unknown-linux-gnu/lib/libcompiler_builtins-8e138eaf26ebb4a8.rlib" "-Wl,-Bdynamic" "-lOpenCL" "-lgcc_s" "-lutil" "-lrt" "-lpthread" "-lm" "-ldl" "-lc" "-Wl,--eh-frame-hdr" "-Wl,-z,noexecstack" "-L" "/opt/rustwide/rustup-home/toolchains/1.75.0-x86_64-unknown-linux-gnu/lib/rustlib/x86_64-unknown-linux-gnu/lib" "-o" "/opt/rustwide/target/debug/examples/version-5833843fe97ace84" "-Wl,--gc-sections" "-pie" "-Wl,-z,relro,-z,now" "-nodefaultlibs"
[INFO] [stdout]   = note: /usr/bin/ld: cannot find -lOpenCL: No such file or directory
[INFO] [stdout]           collect2: error: ld returned 1 exit status
[INFO] [stdout]           
[INFO] [stdout] 
[INFO] [stdout] 
[INFO] [stdout] error: aborting due to previous error
[INFO] [stdout] 
[INFO] [stdout] 
[INFO] [stderr] error: could not compile `fil-ocl-core` (example "version") due to 2 previous errors
[INFO] [stderr] warning: build failed, waiting for other jobs to finish...
[INFO] [stdout] error: linking with `cc` failed: exit status: 1
[INFO] [stdout]   |
[INFO] [stdout]   = note: LC_ALL="C" PATH="/opt/rustwide/rustup-home/toolchains/1.75.0-x86_64-unknown-linux-gnu/lib/rustlib/x86_64-unknown-linux-gnu/bin:/opt/rustwide/cargo-home/bin:/usr/local/sbin:/usr/local/bin:/usr/sbin:/usr/bin:/sbin:/bin" VSLANG="1033" "cc" "-m64" "/tmp/rustc9887K8/symbols.o" "/opt/rustwide/target/debug/examples/trivial-a550d4b175ceee5e.trivial.6bfb3794687b64ee-cgu.0.rcgu.o" "/opt/rustwide/target/debug/examples/trivial-a550d4b175ceee5e.trivial.6bfb3794687b64ee-cgu.1.rcgu.o" "/opt/rustwide/target/debug/examples/trivial-a550d4b175ceee5e.trivial.6bfb3794687b64ee-cgu.2.rcgu.o" "/opt/rustwide/target/debug/examples/trivial-a550d4b175ceee5e.1oj9vp3169kk0lx.rcgu.o" "-Wl,--as-needed" "-L" "/opt/rustwide/target/debug/deps" "-L" "/opt/rustwide/rustup-home/toolchains/1.75.0-x86_64-unknown-linux-gnu/lib/rustlib/x86_64-unknown-linux-gnu/lib" "-Wl,-Bstatic" "/opt/rustwide/target/debug/deps/libfil_ocl_core-73d5e9f68bcef4d7.rlib" "/opt/rustwide/target/debug/deps/libcl_sys-8a698e9e7c61a982.rlib" "/opt/rustwide/target/debug/deps/libfailure-d735b9548b753456.rlib" "/opt/rustwide/target/debug/deps/libbacktrace-37e8f41002663613.rlib" "/opt/rustwide/target/debug/deps/libminiz_oxide-ac344fa413bae1b7.rlib" "/opt/rustwide/target/debug/deps/libadler-b176be1706fbeb74.rlib" "/opt/rustwide/target/debug/deps/libobject-f09a6e25e8adcd84.rlib" "/opt/rustwide/target/debug/deps/libaddr2line-59bcc773fb7c8cfb.rlib" "/opt/rustwide/target/debug/deps/libgimli-71a072b9b9008ab3.rlib" "/opt/rustwide/target/debug/deps/libcfg_if-61dc7a6799e72b18.rlib" "/opt/rustwide/target/debug/deps/librustc_demangle-fbcea21fe898b797.rlib" "/opt/rustwide/target/debug/deps/libocl_core_vector-3ab1921227b09c4b.rlib" "/opt/rustwide/target/debug/deps/libnum-87ab2dbf5bb26dd6.rlib" "/opt/rustwide/target/debug/deps/libnum_rational-509a88fac06666d1.rlib" "/opt/rustwide/target/debug/deps/libnum_bigint-f8617bac7b74fa39.rlib" "/opt/rustwide/target/debug/deps/librand-aef1f0310f90f39d.rlib" "/opt/rustwide/target/debug/deps/liblibc-29383c04d4eb24b0.rlib" "/opt/rustwide/target/debug/deps/libnum_iter-d2d8516461d70c35.rlib" "/opt/rustwide/target/debug/deps/libnum_integer-ce0a6d79f79e7038.rlib" "/opt/rustwide/target/debug/deps/libnum_complex-5262ec8c36c4ffa9.rlib" "/opt/rustwide/target/debug/deps/librustc_serialize-ca8414f5670a47db.rlib" "/opt/rustwide/target/debug/deps/libenum_primitive-a89354756bd63672.rlib" "/opt/rustwide/target/debug/deps/libnum_traits-9b368a557dda909d.rlib" "/opt/rustwide/target/debug/deps/libnum_traits-a08acbde08546019.rlib" "/opt/rustwide/target/debug/deps/libbitflags-31f9d3daa2ba65e2.rlib" "/opt/rustwide/rustup-home/toolchains/1.75.0-x86_64-unknown-linux-gnu/lib/rustlib/x86_64-unknown-linux-gnu/lib/libstd-90f6ddbf82de36ec.rlib" "/opt/rustwide/rustup-home/toolchains/1.75.0-x86_64-unknown-linux-gnu/lib/rustlib/x86_64-unknown-linux-gnu/lib/libpanic_unwind-480c41e9d4e1f677.rlib" "/opt/rustwide/rustup-home/toolchains/1.75.0-x86_64-unknown-linux-gnu/lib/rustlib/x86_64-unknown-linux-gnu/lib/libobject-db744c0ca03eed1d.rlib" "/opt/rustwide/rustup-home/toolchains/1.75.0-x86_64-unknown-linux-gnu/lib/rustlib/x86_64-unknown-linux-gnu/lib/libmemchr-8ba652dc7d4b285a.rlib" "/opt/rustwide/rustup-home/toolchains/1.75.0-x86_64-unknown-linux-gnu/lib/rustlib/x86_64-unknown-linux-gnu/lib/libaddr2line-d5f4520a9ebc0d58.rlib" "/opt/rustwide/rustup-home/toolchains/1.75.0-x86_64-unknown-linux-gnu/lib/rustlib/x86_64-unknown-linux-gnu/lib/libgimli-4ad84de58f0cb463.rlib" "/opt/rustwide/rustup-home/toolchains/1.75.0-x86_64-unknown-linux-gnu/lib/rustlib/x86_64-unknown-linux-gnu/lib/librustc_demangle-0d10aae2e0f38735.rlib" "/opt/rustwide/rustup-home/toolchains/1.75.0-x86_64-unknown-linux-gnu/lib/rustlib/x86_64-unknown-linux-gnu/lib/libstd_detect-0c17cff739e6745b.rlib" "/opt/rustwide/rustup-home/toolchains/1.75.0-x86_64-unknown-linux-gnu/lib/rustlib/x86_64-unknown-linux-gnu/lib/libhashbrown-b29e17139dde1aa8.rlib" "/opt/rustwide/rustup-home/toolchains/1.75.0-x86_64-unknown-linux-gnu/lib/rustlib/x86_64-unknown-linux-gnu/lib/librustc_std_workspace_alloc-1f975299829cc7bd.rlib" "/opt/rustwide/rustup-home/toolchains/1.75.0-x86_64-unknown-linux-gnu/lib/rustlib/x86_64-unknown-linux-gnu/lib/libminiz_oxide-86bae3bc3079f89b.rlib" "/opt/rustwide/rustup-home/toolchains/1.75.0-x86_64-unknown-linux-gnu/lib/rustlib/x86_64-unknown-linux-gnu/lib/libadler-321b82c30dffdf5f.rlib" "/opt/rustwide/rustup-home/toolchains/1.75.0-x86_64-unknown-linux-gnu/lib/rustlib/x86_64-unknown-linux-gnu/lib/libunwind-3dd8a6810a0bdfef.rlib" "/opt/rustwide/rustup-home/toolchains/1.75.0-x86_64-unknown-linux-gnu/lib/rustlib/x86_64-unknown-linux-gnu/lib/libcfg_if-eb39a61c0c879984.rlib" "/opt/rustwide/rustup-home/toolchains/1.75.0-x86_64-unknown-linux-gnu/lib/rustlib/x86_64-unknown-linux-gnu/lib/liblibc-aa769569f91c3548.rlib" "/opt/rustwide/rustup-home/toolchains/1.75.0-x86_64-unknown-linux-gnu/lib/rustlib/x86_64-unknown-linux-gnu/lib/liballoc-510a192a50a983ed.rlib" "/opt/rustwide/rustup-home/toolchains/1.75.0-x86_64-unknown-linux-gnu/lib/rustlib/x86_64-unknown-linux-gnu/lib/librustc_std_workspace_core-0577018320f99037.rlib" "/opt/rustwide/rustup-home/toolchains/1.75.0-x86_64-unknown-linux-gnu/lib/rustlib/x86_64-unknown-linux-gnu/lib/libcore-193cf992125ccd4c.rlib" "/opt/rustwide/rustup-home/toolchains/1.75.0-x86_64-unknown-linux-gnu/lib/rustlib/x86_64-unknown-linux-gnu/lib/libcompiler_builtins-8e138eaf26ebb4a8.rlib" "-Wl,-Bdynamic" "-lOpenCL" "-lgcc_s" "-lutil" "-lrt" "-lpthread" "-lm" "-ldl" "-lc" "-Wl,--eh-frame-hdr" "-Wl,-z,noexecstack" "-L" "/opt/rustwide/rustup-home/toolchains/1.75.0-x86_64-unknown-linux-gnu/lib/rustlib/x86_64-unknown-linux-gnu/lib" "-o" "/opt/rustwide/target/debug/examples/trivial-a550d4b175ceee5e" "-Wl,--gc-sections" "-pie" "-Wl,-z,relro,-z,now" "-nodefaultlibs"
[INFO] [stdout]   = note: /usr/bin/ld: cannot find -lOpenCL: No such file or directory
[INFO] [stdout]           collect2: error: ld returned 1 exit status
[INFO] [stdout]           
[INFO] [stdout] 
[INFO] [stdout] 
[INFO] [stdout] error: aborting due to previous error
[INFO] [stdout] 
[INFO] [stdout] 
[INFO] [stderr] error: could not compile `fil-ocl-core` (example "trivial") due to 2 previous errors
[INFO] [stdout] error: linking with `cc` failed: exit status: 1
[INFO] [stdout]   |
[INFO] [stdout]   = note: LC_ALL="C" PATH="/opt/rustwide/rustup-home/toolchains/1.75.0-x86_64-unknown-linux-gnu/lib/rustlib/x86_64-unknown-linux-gnu/bin:/opt/rustwide/cargo-home/bin:/usr/local/sbin:/usr/local/bin:/usr/sbin:/usr/bin:/sbin:/bin" VSLANG="1033" "cc" "-m64" "/tmp/rustcyWiiId/symbols.o" "/opt/rustwide/target/debug/examples/info_core-4f5e08d62bbd9e4a.info_core.96920b6845660697-cgu.0.rcgu.o" "/opt/rustwide/target/debug/examples/info_core-4f5e08d62bbd9e4a.info_core.96920b6845660697-cgu.1.rcgu.o" "/opt/rustwide/target/debug/examples/info_core-4f5e08d62bbd9e4a.info_core.96920b6845660697-cgu.2.rcgu.o" "/opt/rustwide/target/debug/examples/info_core-4f5e08d62bbd9e4a.info_core.96920b6845660697-cgu.3.rcgu.o" "/opt/rustwide/target/debug/examples/info_core-4f5e08d62bbd9e4a.4mj9t5f1zhf9kd9q.rcgu.o" "-Wl,--as-needed" "-L" "/opt/rustwide/target/debug/deps" "-L" "/opt/rustwide/rustup-home/toolchains/1.75.0-x86_64-unknown-linux-gnu/lib/rustlib/x86_64-unknown-linux-gnu/lib" "-Wl,-Bstatic" "/opt/rustwide/target/debug/deps/libfil_ocl_core-73d5e9f68bcef4d7.rlib" "/opt/rustwide/target/debug/deps/libcl_sys-8a698e9e7c61a982.rlib" "/opt/rustwide/target/debug/deps/libfailure-d735b9548b753456.rlib" "/opt/rustwide/target/debug/deps/libbacktrace-37e8f41002663613.rlib" "/opt/rustwide/target/debug/deps/libminiz_oxide-ac344fa413bae1b7.rlib" "/opt/rustwide/target/debug/deps/libadler-b176be1706fbeb74.rlib" "/opt/rustwide/target/debug/deps/libobject-f09a6e25e8adcd84.rlib" "/opt/rustwide/target/debug/deps/libaddr2line-59bcc773fb7c8cfb.rlib" "/opt/rustwide/target/debug/deps/libgimli-71a072b9b9008ab3.rlib" "/opt/rustwide/target/debug/deps/libcfg_if-61dc7a6799e72b18.rlib" "/opt/rustwide/target/debug/deps/librustc_demangle-fbcea21fe898b797.rlib" "/opt/rustwide/target/debug/deps/libocl_core_vector-3ab1921227b09c4b.rlib" "/opt/rustwide/target/debug/deps/libnum-87ab2dbf5bb26dd6.rlib" "/opt/rustwide/target/debug/deps/libnum_rational-509a88fac06666d1.rlib" "/opt/rustwide/target/debug/deps/libnum_bigint-f8617bac7b74fa39.rlib" "/opt/rustwide/target/debug/deps/librand-aef1f0310f90f39d.rlib" "/opt/rustwide/target/debug/deps/liblibc-29383c04d4eb24b0.rlib" "/opt/rustwide/target/debug/deps/libnum_iter-d2d8516461d70c35.rlib" "/opt/rustwide/target/debug/deps/libnum_integer-ce0a6d79f79e7038.rlib" "/opt/rustwide/target/debug/deps/libnum_complex-5262ec8c36c4ffa9.rlib" "/opt/rustwide/target/debug/deps/librustc_serialize-ca8414f5670a47db.rlib" "/opt/rustwide/target/debug/deps/libenum_primitive-a89354756bd63672.rlib" "/opt/rustwide/target/debug/deps/libnum_traits-9b368a557dda909d.rlib" "/opt/rustwide/target/debug/deps/libnum_traits-a08acbde08546019.rlib" "/opt/rustwide/target/debug/deps/libbitflags-31f9d3daa2ba65e2.rlib" "/opt/rustwide/rustup-home/toolchains/1.75.0-x86_64-unknown-linux-gnu/lib/rustlib/x86_64-unknown-linux-gnu/lib/libstd-90f6ddbf82de36ec.rlib" "/opt/rustwide/rustup-home/toolchains/1.75.0-x86_64-unknown-linux-gnu/lib/rustlib/x86_64-unknown-linux-gnu/lib/libpanic_unwind-480c41e9d4e1f677.rlib" "/opt/rustwide/rustup-home/toolchains/1.75.0-x86_64-unknown-linux-gnu/lib/rustlib/x86_64-unknown-linux-gnu/lib/libobject-db744c0ca03eed1d.rlib" "/opt/rustwide/rustup-home/toolchains/1.75.0-x86_64-unknown-linux-gnu/lib/rustlib/x86_64-unknown-linux-gnu/lib/libmemchr-8ba652dc7d4b285a.rlib" "/opt/rustwide/rustup-home/toolchains/1.75.0-x86_64-unknown-linux-gnu/lib/rustlib/x86_64-unknown-linux-gnu/lib/libaddr2line-d5f4520a9ebc0d58.rlib" "/opt/rustwide/rustup-home/toolchains/1.75.0-x86_64-unknown-linux-gnu/lib/rustlib/x86_64-unknown-linux-gnu/lib/libgimli-4ad84de58f0cb463.rlib" "/opt/rustwide/rustup-home/toolchains/1.75.0-x86_64-unknown-linux-gnu/lib/rustlib/x86_64-unknown-linux-gnu/lib/librustc_demangle-0d10aae2e0f38735.rlib" "/opt/rustwide/rustup-home/toolchains/1.75.0-x86_64-unknown-linux-gnu/lib/rustlib/x86_64-unknown-linux-gnu/lib/libstd_detect-0c17cff739e6745b.rlib" "/opt/rustwide/rustup-home/toolchains/1.75.0-x86_64-unknown-linux-gnu/lib/rustlib/x86_64-unknown-linux-gnu/lib/libhashbrown-b29e17139dde1aa8.rlib" "/opt/rustwide/rustup-home/toolchains/1.75.0-x86_64-unknown-linux-gnu/lib/rustlib/x86_64-unknown-linux-gnu/lib/librustc_std_workspace_alloc-1f975299829cc7bd.rlib" "/opt/rustwide/rustup-home/toolchains/1.75.0-x86_64-unknown-linux-gnu/lib/rustlib/x86_64-unknown-linux-gnu/lib/libminiz_oxide-86bae3bc3079f89b.rlib" "/opt/rustwide/rustup-home/toolchains/1.75.0-x86_64-unknown-linux-gnu/lib/rustlib/x86_64-unknown-linux-gnu/lib/libadler-321b82c30dffdf5f.rlib" "/opt/rustwide/rustup-home/toolchains/1.75.0-x86_64-unknown-linux-gnu/lib/rustlib/x86_64-unknown-linux-gnu/lib/libunwind-3dd8a6810a0bdfef.rlib" "/opt/rustwide/rustup-home/toolchains/1.75.0-x86_64-unknown-linux-gnu/lib/rustlib/x86_64-unknown-linux-gnu/lib/libcfg_if-eb39a61c0c879984.rlib" "/opt/rustwide/rustup-home/toolchains/1.75.0-x86_64-unknown-linux-gnu/lib/rustlib/x86_64-unknown-linux-gnu/lib/liblibc-aa769569f91c3548.rlib" "/opt/rustwide/rustup-home/toolchains/1.75.0-x86_64-unknown-linux-gnu/lib/rustlib/x86_64-unknown-linux-gnu/lib/liballoc-510a192a50a983ed.rlib" "/opt/rustwide/rustup-home/toolchains/1.75.0-x86_64-unknown-linux-gnu/lib/rustlib/x86_64-unknown-linux-gnu/lib/librustc_std_workspace_core-0577018320f99037.rlib" "/opt/rustwide/rustup-home/toolchains/1.75.0-x86_64-unknown-linux-gnu/lib/rustlib/x86_64-unknown-linux-gnu/lib/libcore-193cf992125ccd4c.rlib" "/opt/rustwide/rustup-home/toolchains/1.75.0-x86_64-unknown-linux-gnu/lib/rustlib/x86_64-unknown-linux-gnu/lib/libcompiler_builtins-8e138eaf26ebb4a8.rlib" "-Wl,-Bdynamic" "-lOpenCL" "-lgcc_s" "-lutil" "-lrt" "-lpthread" "-lm" "-ldl" "-lc" "-Wl,--eh-frame-hdr" "-Wl,-z,noexecstack" "-L" "/opt/rustwide/rustup-home/toolchains/1.75.0-x86_64-unknown-linux-gnu/lib/rustlib/x86_64-unknown-linux-gnu/lib" "-o" "/opt/rustwide/target/debug/examples/info_core-4f5e08d62bbd9e4a" "-Wl,--gc-sections" "-pie" "-Wl,-z,relro,-z,now" "-nodefaultlibs"
[INFO] [stdout]   = note: /usr/bin/ld: cannot find -lOpenCL: No such file or directory
[INFO] [stdout]           collect2: error: ld returned 1 exit status
[INFO] [stdout]           
[INFO] [stdout] 
[INFO] [stdout] 
[INFO] [stdout] error: aborting due to previous error
[INFO] [stdout] 
[INFO] [stdout] 
[INFO] [stderr] error: could not compile `fil-ocl-core` (example "info_core") due to 2 previous errors
[INFO] [stdout] error: linking with `cc` failed: exit status: 1
[INFO] [stdout]   |
[INFO] [stdout]   = note: LC_ALL="C" PATH="/opt/rustwide/rustup-home/toolchains/1.75.0-x86_64-unknown-linux-gnu/lib/rustlib/x86_64-unknown-linux-gnu/bin:/opt/rustwide/cargo-home/bin:/usr/local/sbin:/usr/local/bin:/usr/sbin:/usr/bin:/sbin:/bin" VSLANG="1033" "cc" "-m64" "/tmp/rustcUkd5Wv/symbols.o" "/opt/rustwide/target/debug/deps/fil_ocl_core-4f6b7fa6e7f3221e.fil_ocl_core.bc4980fffd1b431f-cgu.00.rcgu.o" "/opt/rustwide/target/debug/deps/fil_ocl_core-4f6b7fa6e7f3221e.fil_ocl_core.bc4980fffd1b431f-cgu.01.rcgu.o" "/opt/rustwide/target/debug/deps/fil_ocl_core-4f6b7fa6e7f3221e.fil_ocl_core.bc4980fffd1b431f-cgu.02.rcgu.o" "/opt/rustwide/target/debug/deps/fil_ocl_core-4f6b7fa6e7f3221e.fil_ocl_core.bc4980fffd1b431f-cgu.03.rcgu.o" "/opt/rustwide/target/debug/deps/fil_ocl_core-4f6b7fa6e7f3221e.fil_ocl_core.bc4980fffd1b431f-cgu.04.rcgu.o" "/opt/rustwide/target/debug/deps/fil_ocl_core-4f6b7fa6e7f3221e.fil_ocl_core.bc4980fffd1b431f-cgu.05.rcgu.o" "/opt/rustwide/target/debug/deps/fil_ocl_core-4f6b7fa6e7f3221e.fil_ocl_core.bc4980fffd1b431f-cgu.06.rcgu.o" "/opt/rustwide/target/debug/deps/fil_ocl_core-4f6b7fa6e7f3221e.fil_ocl_core.bc4980fffd1b431f-cgu.07.rcgu.o" "/opt/rustwide/target/debug/deps/fil_ocl_core-4f6b7fa6e7f3221e.fil_ocl_core.bc4980fffd1b431f-cgu.08.rcgu.o" "/opt/rustwide/target/debug/deps/fil_ocl_core-4f6b7fa6e7f3221e.fil_ocl_core.bc4980fffd1b431f-cgu.09.rcgu.o" "/opt/rustwide/target/debug/deps/fil_ocl_core-4f6b7fa6e7f3221e.fil_ocl_core.bc4980fffd1b431f-cgu.10.rcgu.o" "/opt/rustwide/target/debug/deps/fil_ocl_core-4f6b7fa6e7f3221e.fil_ocl_core.bc4980fffd1b431f-cgu.11.rcgu.o" "/opt/rustwide/target/debug/deps/fil_ocl_core-4f6b7fa6e7f3221e.fil_ocl_core.bc4980fffd1b431f-cgu.12.rcgu.o" "/opt/rustwide/target/debug/deps/fil_ocl_core-4f6b7fa6e7f3221e.fil_ocl_core.bc4980fffd1b431f-cgu.13.rcgu.o" "/opt/rustwide/target/debug/deps/fil_ocl_core-4f6b7fa6e7f3221e.fil_ocl_core.bc4980fffd1b431f-cgu.14.rcgu.o" "/opt/rustwide/target/debug/deps/fil_ocl_core-4f6b7fa6e7f3221e.fil_ocl_core.bc4980fffd1b431f-cgu.15.rcgu.o" "/opt/rustwide/target/debug/deps/fil_ocl_core-4f6b7fa6e7f3221e.4xgsqipvu835pa3t.rcgu.o" "-Wl,--as-needed" "-L" "/opt/rustwide/target/debug/deps" "-L" "/opt/rustwide/rustup-home/toolchains/1.75.0-x86_64-unknown-linux-gnu/lib/rustlib/x86_64-unknown-linux-gnu/lib" "-Wl,-Bstatic" "/opt/rustwide/rustup-home/toolchains/1.75.0-x86_64-unknown-linux-gnu/lib/rustlib/x86_64-unknown-linux-gnu/lib/libtest-3df1bed8075ce1de.rlib" "/opt/rustwide/rustup-home/toolchains/1.75.0-x86_64-unknown-linux-gnu/lib/rustlib/x86_64-unknown-linux-gnu/lib/libgetopts-2076fd86b325cb5d.rlib" "/opt/rustwide/rustup-home/toolchains/1.75.0-x86_64-unknown-linux-gnu/lib/rustlib/x86_64-unknown-linux-gnu/lib/libunicode_width-caa7152ee70c190f.rlib" "/opt/rustwide/rustup-home/toolchains/1.75.0-x86_64-unknown-linux-gnu/lib/rustlib/x86_64-unknown-linux-gnu/lib/librustc_std_workspace_std-04e6425e07f02a3c.rlib" "/opt/rustwide/target/debug/deps/libcl_sys-8a698e9e7c61a982.rlib" "/opt/rustwide/target/debug/deps/libfailure-d735b9548b753456.rlib" "/opt/rustwide/target/debug/deps/libbacktrace-37e8f41002663613.rlib" "/opt/rustwide/target/debug/deps/libminiz_oxide-ac344fa413bae1b7.rlib" "/opt/rustwide/target/debug/deps/libadler-b176be1706fbeb74.rlib" "/opt/rustwide/target/debug/deps/libobject-f09a6e25e8adcd84.rlib" "/opt/rustwide/target/debug/deps/libaddr2line-59bcc773fb7c8cfb.rlib" "/opt/rustwide/target/debug/deps/libgimli-71a072b9b9008ab3.rlib" "/opt/rustwide/target/debug/deps/libcfg_if-61dc7a6799e72b18.rlib" "/opt/rustwide/target/debug/deps/librustc_demangle-fbcea21fe898b797.rlib" "/opt/rustwide/target/debug/deps/libocl_core_vector-3ab1921227b09c4b.rlib" "/opt/rustwide/target/debug/deps/libnum-87ab2dbf5bb26dd6.rlib" "/opt/rustwide/target/debug/deps/libnum_rational-509a88fac06666d1.rlib" "/opt/rustwide/target/debug/deps/libnum_bigint-f8617bac7b74fa39.rlib" "/opt/rustwide/target/debug/deps/librand-aef1f0310f90f39d.rlib" "/opt/rustwide/target/debug/deps/liblibc-29383c04d4eb24b0.rlib" "/opt/rustwide/target/debug/deps/libnum_iter-d2d8516461d70c35.rlib" "/opt/rustwide/target/debug/deps/libnum_integer-ce0a6d79f79e7038.rlib" "/opt/rustwide/target/debug/deps/libnum_complex-5262ec8c36c4ffa9.rlib" "/opt/rustwide/target/debug/deps/librustc_serialize-ca8414f5670a47db.rlib" "/opt/rustwide/target/debug/deps/libenum_primitive-a89354756bd63672.rlib" "/opt/rustwide/target/debug/deps/libnum_traits-9b368a557dda909d.rlib" "/opt/rustwide/target/debug/deps/libnum_traits-a08acbde08546019.rlib" "/opt/rustwide/target/debug/deps/libbitflags-31f9d3daa2ba65e2.rlib" "/opt/rustwide/rustup-home/toolchains/1.75.0-x86_64-unknown-linux-gnu/lib/rustlib/x86_64-unknown-linux-gnu/lib/libstd-90f6ddbf82de36ec.rlib" "/opt/rustwide/rustup-home/toolchains/1.75.0-x86_64-unknown-linux-gnu/lib/rustlib/x86_64-unknown-linux-gnu/lib/libpanic_unwind-480c41e9d4e1f677.rlib" "/opt/rustwide/rustup-home/toolchains/1.75.0-x86_64-unknown-linux-gnu/lib/rustlib/x86_64-unknown-linux-gnu/lib/libobject-db744c0ca03eed1d.rlib" "/opt/rustwide/rustup-home/toolchains/1.75.0-x86_64-unknown-linux-gnu/lib/rustlib/x86_64-unknown-linux-gnu/lib/libmemchr-8ba652dc7d4b285a.rlib" "/opt/rustwide/rustup-home/toolchains/1.75.0-x86_64-unknown-linux-gnu/lib/rustlib/x86_64-unknown-linux-gnu/lib/libaddr2line-d5f4520a9ebc0d58.rlib" "/opt/rustwide/rustup-home/toolchains/1.75.0-x86_64-unknown-linux-gnu/lib/rustlib/x86_64-unknown-linux-gnu/lib/libgimli-4ad84de58f0cb463.rlib" "/opt/rustwide/rustup-home/toolchains/1.75.0-x86_64-unknown-linux-gnu/lib/rustlib/x86_64-unknown-linux-gnu/lib/librustc_demangle-0d10aae2e0f38735.rlib" "/opt/rustwide/rustup-home/toolchains/1.75.0-x86_64-unknown-linux-gnu/lib/rustlib/x86_64-unknown-linux-gnu/lib/libstd_detect-0c17cff739e6745b.rlib" "/opt/rustwide/rustup-home/toolchains/1.75.0-x86_64-unknown-linux-gnu/lib/rustlib/x86_64-unknown-linux-gnu/lib/libhashbrown-b29e17139dde1aa8.rlib" "/opt/rustwide/rustup-home/toolchains/1.75.0-x86_64-unknown-linux-gnu/lib/rustlib/x86_64-unknown-linux-gnu/lib/librustc_std_workspace_alloc-1f975299829cc7bd.rlib" "/opt/rustwide/rustup-home/toolchains/1.75.0-x86_64-unknown-linux-gnu/lib/rustlib/x86_64-unknown-linux-gnu/lib/libminiz_oxide-86bae3bc3079f89b.rlib" "/opt/rustwide/rustup-home/toolchains/1.75.0-x86_64-unknown-linux-gnu/lib/rustlib/x86_64-unknown-linux-gnu/lib/libadler-321b82c30dffdf5f.rlib" "/opt/rustwide/rustup-home/toolchains/1.75.0-x86_64-unknown-linux-gnu/lib/rustlib/x86_64-unknown-linux-gnu/lib/libunwind-3dd8a6810a0bdfef.rlib" "/opt/rustwide/rustup-home/toolchains/1.75.0-x86_64-unknown-linux-gnu/lib/rustlib/x86_64-unknown-linux-gnu/lib/libcfg_if-eb39a61c0c879984.rlib" "/opt/rustwide/rustup-home/toolchains/1.75.0-x86_64-unknown-linux-gnu/lib/rustlib/x86_64-unknown-linux-gnu/lib/liblibc-aa769569f91c3548.rlib" "/opt/rustwide/rustup-home/toolchains/1.75.0-x86_64-unknown-linux-gnu/lib/rustlib/x86_64-unknown-linux-gnu/lib/liballoc-510a192a50a983ed.rlib" "/opt/rustwide/rustup-home/toolchains/1.75.0-x86_64-unknown-linux-gnu/lib/rustlib/x86_64-unknown-linux-gnu/lib/librustc_std_workspace_core-0577018320f99037.rlib" "/opt/rustwide/rustup-home/toolchains/1.75.0-x86_64-unknown-linux-gnu/lib/rustlib/x86_64-unknown-linux-gnu/lib/libcore-193cf992125ccd4c.rlib" "/opt/rustwide/rustup-home/toolchains/1.75.0-x86_64-unknown-linux-gnu/lib/rustlib/x86_64-unknown-linux-gnu/lib/libcompiler_builtins-8e138eaf26ebb4a8.rlib" "-Wl,-Bdynamic" "-lOpenCL" "-lgcc_s" "-lutil" "-lrt" "-lpthread" "-lm" "-ldl" "-lc" "-Wl,--eh-frame-hdr" "-Wl,-z,noexecstack" "-L" "/opt/rustwide/rustup-home/toolchains/1.75.0-x86_64-unknown-linux-gnu/lib/rustlib/x86_64-unknown-linux-gnu/lib" "-o" "/opt/rustwide/target/debug/deps/fil_ocl_core-4f6b7fa6e7f3221e" "-Wl,--gc-sections" "-pie" "-Wl,-z,relro,-z,now" "-nodefaultlibs"
[INFO] [stdout]   = note: /usr/bin/ld: cannot find -lOpenCL: No such file or directory
[INFO] [stdout]           collect2: error: ld returned 1 exit status
[INFO] [stdout]           
[INFO] [stdout] 
[INFO] [stdout] 
[INFO] [stdout] error: aborting due to previous error; 39 warnings emitted
[INFO] [stdout] 
[INFO] [stdout] 
[INFO] [stderr] error: could not compile `fil-ocl-core` (lib test) due to 2 previous errors; 39 warnings emitted
[INFO] running `Command { std: "docker" "inspect" "d410316f9874d40067c6c3f3440b669741069cc86841a945591071a2ab9d2e01", kill_on_drop: false }`
[INFO] running `Command { std: "docker" "rm" "-f" "d410316f9874d40067c6c3f3440b669741069cc86841a945591071a2ab9d2e01", kill_on_drop: false }`
[INFO] [stdout] d410316f9874d40067c6c3f3440b669741069cc86841a945591071a2ab9d2e01
[INFO] testing fil-ocl-core-0.11.4 against beta-2023-12-22 for beta-1.76-1
[INFO] extracting crate fil-ocl-core 0.11.4 into /workspace/builds/worker-3-tc2/source
[INFO] validating manifest of crates.io crate fil-ocl-core 0.11.4 on toolchain beta-2023-12-22
[INFO] running `Command { std: CARGO_HOME="/workspace/cargo-home" RUSTUP_HOME="/workspace/rustup-home" "/workspace/cargo-home/bin/cargo" "+beta-2023-12-22" "metadata" "--manifest-path" "Cargo.toml" "--no-deps", kill_on_drop: false }`
[INFO] started tweaking crates.io crate fil-ocl-core 0.11.4
[INFO] finished tweaking crates.io crate fil-ocl-core 0.11.4
[INFO] tweaked toml for crates.io crate fil-ocl-core 0.11.4 written to /workspace/builds/worker-3-tc2/source/Cargo.toml
[INFO] crate crates.io crate fil-ocl-core 0.11.4 already has a lockfile, it will not be regenerated
[INFO] running `Command { std: CARGO_HOME="/workspace/cargo-home" RUSTUP_HOME="/workspace/rustup-home" "/workspace/cargo-home/bin/cargo" "+beta-2023-12-22" "fetch" "--manifest-path" "Cargo.toml", kill_on_drop: false }`
[INFO] running `Command { std: "docker" "create" "-v" "/var/lib/crater-agent-workspace/builds/worker-3-tc2/target:/opt/rustwide/target:rw,Z" "-v" "/var/lib/crater-agent-workspace/builds/worker-3-tc2/source:/opt/rustwide/workdir:ro,Z" "-v" "/var/lib/crater-agent-workspace/cargo-home:/opt/rustwide/cargo-home:ro,Z" "-v" "/var/lib/crater-agent-workspace/rustup-home:/opt/rustwide/rustup-home:ro,Z" "-e" "SOURCE_DIR=/opt/rustwide/workdir" "-e" "CARGO_TARGET_DIR=/opt/rustwide/target" "-e" "CARGO_HOME=/opt/rustwide/cargo-home" "-e" "RUSTUP_HOME=/opt/rustwide/rustup-home" "-w" "/opt/rustwide/workdir" "-m" "1610612736" "--user" "0:0" "--network" "none" "ghcr.io/rust-lang/crates-build-env/linux@sha256:2788e3201cd34a07e3172128adcd8b3090168a8e3bcc40d7c032b9dda1df7d1c" "/opt/rustwide/cargo-home/bin/cargo" "+beta-2023-12-22" "metadata" "--no-deps" "--format-version=1", kill_on_drop: false }`
[INFO] [stdout] 66361453cfdf83077ee0525034652d388dfeeb9f5304b2c1f45c5fec5361950e
[INFO] running `Command { std: "docker" "start" "-a" "66361453cfdf83077ee0525034652d388dfeeb9f5304b2c1f45c5fec5361950e", kill_on_drop: false }`
[INFO] running `Command { std: "docker" "inspect" "66361453cfdf83077ee0525034652d388dfeeb9f5304b2c1f45c5fec5361950e", kill_on_drop: false }`
[INFO] running `Command { std: "docker" "rm" "-f" "66361453cfdf83077ee0525034652d388dfeeb9f5304b2c1f45c5fec5361950e", kill_on_drop: false }`
[INFO] [stdout] 66361453cfdf83077ee0525034652d388dfeeb9f5304b2c1f45c5fec5361950e
[INFO] running `Command { std: "docker" "create" "-v" "/var/lib/crater-agent-workspace/builds/worker-3-tc2/target:/opt/rustwide/target:rw,Z" "-v" "/var/lib/crater-agent-workspace/builds/worker-3-tc2/source:/opt/rustwide/workdir:ro,Z" "-v" "/var/lib/crater-agent-workspace/cargo-home:/opt/rustwide/cargo-home:ro,Z" "-v" "/var/lib/crater-agent-workspace/rustup-home:/opt/rustwide/rustup-home:ro,Z" "-e" "SOURCE_DIR=/opt/rustwide/workdir" "-e" "CARGO_TARGET_DIR=/opt/rustwide/target" "-e" "CARGO_INCREMENTAL=0" "-e" "RUST_BACKTRACE=full" "-e" "RUSTFLAGS=--cap-lints=warn" "-e" "RUSTDOCFLAGS=--cap-lints=warn" "-e" "CARGO_HOME=/opt/rustwide/cargo-home" "-e" "RUSTUP_HOME=/opt/rustwide/rustup-home" "-w" "/opt/rustwide/workdir" "-m" "1610612736" "--user" "0:0" "--network" "none" "ghcr.io/rust-lang/crates-build-env/linux@sha256:2788e3201cd34a07e3172128adcd8b3090168a8e3bcc40d7c032b9dda1df7d1c" "/opt/rustwide/cargo-home/bin/cargo" "+beta-2023-12-22" "build" "--frozen" "--message-format=json", kill_on_drop: false }`
[INFO] [stdout] e93c6a75f011a00e62e61cdfb040ed9c1fc814f1b9071d9cd794f09d5397f597
[INFO] running `Command { std: "docker" "start" "-a" "e93c6a75f011a00e62e61cdfb040ed9c1fc814f1b9071d9cd794f09d5397f597", kill_on_drop: false }`
[INFO] [stderr]    Compiling autocfg v1.0.1
[INFO] [stderr]    Compiling libc v0.2.86
[INFO] [stderr]    Compiling proc-macro2 v1.0.24
[INFO] [stderr]    Compiling unicode-xid v0.2.1
[INFO] [stderr]    Compiling ucd-trie v0.1.3
[INFO] [stderr]    Compiling rustc-serialize v0.3.24
[INFO] [stderr]    Compiling syn v1.0.60
[INFO] [stderr]    Compiling failure_derive v0.1.8
[INFO] [stderr]    Compiling adler v0.2.3
[INFO] [stderr]    Compiling gimli v0.23.0
[INFO] [stderr]    Compiling bitflags v1.2.1
[INFO] [stderr]    Compiling object v0.23.0
[INFO] [stderr]    Compiling cl-sys v0.4.2
[INFO] [stderr]    Compiling rustc-demangle v0.1.18
[INFO] [stderr]    Compiling pest v2.1.3
[INFO] [stderr]    Compiling num-traits v0.2.14
[INFO] [stderr]    Compiling num-integer v0.1.44
[INFO] [stderr]    Compiling num-iter v0.1.42
[INFO] [stderr]    Compiling miniz_oxide v0.4.3
[INFO] [stdout] error[E0310]: the parameter type `T` may not live long enough
[INFO] [stdout]     --> /opt/rustwide/cargo-home/registry/src/index.crates.io-6f17d22bba15001f/rustc-serialize-0.3.24/src/serialize.rs:1155:5
[INFO] [stdout]      |
[INFO] [stdout] 1155 |     fn decode<D: Decoder>(d: &mut D) -> Result<Cow<'static, T>, D::Error> {
[INFO] [stdout]      |     ^^^^^^^^^^^^^^^^^^^^^^^^^^^^^^^^^^^^^^^^^^^^^^^^^^^^^^^^^^^^^^^^^^^^^
[INFO] [stdout]      |     |
[INFO] [stdout]      |     the parameter type `T` must be valid for the static lifetime...
[INFO] [stdout]      |     ...so that the type `T` will meet its required lifetime bounds...
[INFO] [stdout]      |
[INFO] [stdout] note: ...that is required by this bound
[INFO] [stdout]     --> /rustc/0e09125c6c3c2fd70d7de961bcf0e51575235fad/library/alloc/src/borrow.rs:180:30
[INFO] [stdout] help: consider adding an explicit lifetime bound
[INFO] [stdout]      |
[INFO] [stdout] 1151 | impl<'a, T: ?Sized + 'static> Decodable for Cow<'a, T>
[INFO] [stdout]      |                    +++++++++
[INFO] [stdout] 
[INFO] [stdout] 
[INFO] [stderr]    Compiling quote v1.0.9
[INFO] [stderr]    Compiling rand v0.4.6
[INFO] [stderr]    Compiling semver-parser v0.10.2
[INFO] [stdout] error: aborting due to 1 previous error
[INFO] [stdout] 
[INFO] [stdout] 
[INFO] [stdout] For more information about this error, try `rustc --explain E0310`.
[INFO] [stdout] 
[INFO] [stderr] error: could not compile `rustc-serialize` (lib) due to 2 previous errors
[INFO] [stderr] warning: build failed, waiting for other jobs to finish...
[INFO] running `Command { std: "docker" "inspect" "e93c6a75f011a00e62e61cdfb040ed9c1fc814f1b9071d9cd794f09d5397f597", kill_on_drop: false }`
[INFO] running `Command { std: "docker" "rm" "-f" "e93c6a75f011a00e62e61cdfb040ed9c1fc814f1b9071d9cd794f09d5397f597", kill_on_drop: false }`
[INFO] [stdout] e93c6a75f011a00e62e61cdfb040ed9c1fc814f1b9071d9cd794f09d5397f597
