[INFO] fetching crate figment-winreg 0.2.2...
[INFO] testing figment-winreg-0.2.2 against 1.75.0 for beta-1.76-1
[INFO] extracting crate figment-winreg 0.2.2 into /workspace/builds/worker-6-tc1/source
[INFO] validating manifest of crates.io crate figment-winreg 0.2.2 on toolchain 1.75.0
[INFO] running `Command { std: CARGO_HOME="/workspace/cargo-home" RUSTUP_HOME="/workspace/rustup-home" "/workspace/cargo-home/bin/cargo" "+1.75.0" "metadata" "--manifest-path" "Cargo.toml" "--no-deps", kill_on_drop: false }`
[INFO] started tweaking crates.io crate figment-winreg 0.2.2
[INFO] finished tweaking crates.io crate figment-winreg 0.2.2
[INFO] tweaked toml for crates.io crate figment-winreg 0.2.2 written to /workspace/builds/worker-6-tc1/source/Cargo.toml
[INFO] crate crates.io crate figment-winreg 0.2.2 already has a lockfile, it will not be regenerated
[INFO] running `Command { std: CARGO_HOME="/workspace/cargo-home" RUSTUP_HOME="/workspace/rustup-home" "/workspace/cargo-home/bin/cargo" "+1.75.0" "fetch" "--manifest-path" "Cargo.toml", kill_on_drop: false }`
[INFO] [stderr]  Downloading crates ...
[INFO] [stderr]   Downloaded quote v1.0.16
[INFO] [stderr]   Downloaded windows_aarch64_msvc v0.34.0
[INFO] [stderr]   Downloaded windows_i686_gnu v0.34.0
[INFO] [stderr]   Downloaded windows_x86_64_msvc v0.34.0
[INFO] [stderr]   Downloaded windows_x86_64_gnu v0.34.0
[INFO] [stderr]   Downloaded windows_i686_msvc v0.34.0
[INFO] [stderr]   Downloaded windows v0.34.0
[INFO] running `Command { std: "docker" "create" "-v" "/var/lib/crater-agent-workspace/builds/worker-6-tc1/target:/opt/rustwide/target:rw,Z" "-v" "/var/lib/crater-agent-workspace/builds/worker-6-tc1/source:/opt/rustwide/workdir:ro,Z" "-v" "/var/lib/crater-agent-workspace/cargo-home:/opt/rustwide/cargo-home:ro,Z" "-v" "/var/lib/crater-agent-workspace/rustup-home:/opt/rustwide/rustup-home:ro,Z" "-e" "SOURCE_DIR=/opt/rustwide/workdir" "-e" "CARGO_TARGET_DIR=/opt/rustwide/target" "-e" "CARGO_HOME=/opt/rustwide/cargo-home" "-e" "RUSTUP_HOME=/opt/rustwide/rustup-home" "-w" "/opt/rustwide/workdir" "-m" "1610612736" "--user" "0:0" "--network" "none" "ghcr.io/rust-lang/crates-build-env/linux@sha256:2788e3201cd34a07e3172128adcd8b3090168a8e3bcc40d7c032b9dda1df7d1c" "/opt/rustwide/cargo-home/bin/cargo" "+1.75.0" "metadata" "--no-deps" "--format-version=1", kill_on_drop: false }`
[INFO] [stdout] 88189e26c4093a4572158e735ddd6a5b155a813bea971335a506181097ce2d37
[INFO] running `Command { std: "docker" "start" "-a" "88189e26c4093a4572158e735ddd6a5b155a813bea971335a506181097ce2d37", kill_on_drop: false }`
[INFO] running `Command { std: "docker" "inspect" "88189e26c4093a4572158e735ddd6a5b155a813bea971335a506181097ce2d37", kill_on_drop: false }`
[INFO] running `Command { std: "docker" "rm" "-f" "88189e26c4093a4572158e735ddd6a5b155a813bea971335a506181097ce2d37", kill_on_drop: false }`
[INFO] [stdout] 88189e26c4093a4572158e735ddd6a5b155a813bea971335a506181097ce2d37
[INFO] running `Command { std: "docker" "create" "-v" "/var/lib/crater-agent-workspace/builds/worker-6-tc1/target:/opt/rustwide/target:rw,Z" "-v" "/var/lib/crater-agent-workspace/builds/worker-6-tc1/source:/opt/rustwide/workdir:ro,Z" "-v" "/var/lib/crater-agent-workspace/cargo-home:/opt/rustwide/cargo-home:ro,Z" "-v" "/var/lib/crater-agent-workspace/rustup-home:/opt/rustwide/rustup-home:ro,Z" "-e" "SOURCE_DIR=/opt/rustwide/workdir" "-e" "CARGO_TARGET_DIR=/opt/rustwide/target" "-e" "CARGO_INCREMENTAL=0" "-e" "RUST_BACKTRACE=full" "-e" "RUSTFLAGS=--cap-lints=warn" "-e" "RUSTDOCFLAGS=--cap-lints=warn" "-e" "CARGO_HOME=/opt/rustwide/cargo-home" "-e" "RUSTUP_HOME=/opt/rustwide/rustup-home" "-w" "/opt/rustwide/workdir" "-m" "1610612736" "--user" "0:0" "--network" "none" "ghcr.io/rust-lang/crates-build-env/linux@sha256:2788e3201cd34a07e3172128adcd8b3090168a8e3bcc40d7c032b9dda1df7d1c" "/opt/rustwide/cargo-home/bin/cargo" "+1.75.0" "build" "--frozen" "--message-format=json", kill_on_drop: false }`
[INFO] [stdout] 70e2550abc7b1b9c8721e285fd89b2623623e9d0c2b296e13978effa8e0ff051
[INFO] running `Command { std: "docker" "start" "-a" "70e2550abc7b1b9c8721e285fd89b2623623e9d0c2b296e13978effa8e0ff051", kill_on_drop: false }`
[INFO] [stderr]    Compiling version_check v0.9.4
[INFO] [stderr]    Compiling serde v1.0.136
[INFO] [stderr]    Compiling winapi v0.3.9
[INFO] [stderr]    Compiling winreg v0.10.1
[INFO] [stderr]    Compiling windows v0.34.0
[INFO] [stdout] error[E0433]: failed to resolve: could not find `windows` in `os`
[INFO] [stdout]   --> /opt/rustwide/cargo-home/registry/src/index.crates.io-6f17d22bba15001f/windows-0.34.0/src/core/pcwstr.rs:59:24
[INFO] [stdout]    |
[INFO] [stdout] 59 |         use ::std::os::windows::ffi::OsStrExt;
[INFO] [stdout]    |                        ^^^^^^^ could not find `windows` in `os`
[INFO] [stdout] 
[INFO] [stdout] 
[INFO] [stderr] error: failed to run custom build command for `winreg v0.10.1`
[INFO] [stderr] note: To improve backtraces for build dependencies, set the CARGO_PROFILE_DEV_BUILD_OVERRIDE_DEBUG=true environment variable to enable debug information generation.
[INFO] [stderr] 
[INFO] [stderr] Caused by:
[INFO] [stderr]   process didn't exit successfully: `/opt/rustwide/target/debug/build/winreg-b8a413d869f6f46b/build-script-build` (exit status: 1)
[INFO] [stderr]   --- stderr
[INFO] [stderr]   error: winreg is only supported on Windows platforms
[INFO] [stderr]   help: if your application is multi-platform, use `[target.'cfg(windows)'.dependencies] winreg = "..."`
[INFO] [stderr]   help: if your application is only supported on Windows, use `--target x86_64-pc-windows-gnu` or some other windows platform
[INFO] [stderr] warning: build failed, waiting for other jobs to finish...
[INFO] [stdout] error[E0599]: no method named `encode_wide` found for reference `&OsStr` in the current scope
[INFO] [stdout]   --> /opt/rustwide/cargo-home/registry/src/index.crates.io-6f17d22bba15001f/windows-0.34.0/src/core/pcwstr.rs:60:71
[INFO] [stdout]    |
[INFO] [stdout] 60 | ...   Param::Boxed(PCWSTR(alloc::boxed::Box::<[u16]>::into_raw(self.encode_wide().chain(::core::iter::once(0)).collect::<alloc::vec::Vec<...
[INFO] [stdout]    |                                                                     ^^^^^^^^^^^ method not found in `&OsStr`
[INFO] [stdout] 
[INFO] [stdout] 
[INFO] [stdout] error: aborting due to 2 previous errors
[INFO] [stdout] 
[INFO] [stdout] 
[INFO] [stdout] Some errors have detailed explanations: E0433, E0599.
[INFO] [stdout] 
[INFO] [stdout] For more information about an error, try `rustc --explain E0433`.
[INFO] [stdout] 
[INFO] [stderr] error: could not compile `windows` (lib) due to 3 previous errors
[INFO] running `Command { std: "docker" "inspect" "70e2550abc7b1b9c8721e285fd89b2623623e9d0c2b296e13978effa8e0ff051", kill_on_drop: false }`
[INFO] running `Command { std: "docker" "rm" "-f" "70e2550abc7b1b9c8721e285fd89b2623623e9d0c2b296e13978effa8e0ff051", kill_on_drop: false }`
[INFO] [stdout] 70e2550abc7b1b9c8721e285fd89b2623623e9d0c2b296e13978effa8e0ff051
[INFO] testing figment-winreg-0.2.2 against beta-2023-12-22 for beta-1.76-1
[INFO] extracting crate figment-winreg 0.2.2 into /workspace/builds/worker-6-tc2/source
[INFO] validating manifest of crates.io crate figment-winreg 0.2.2 on toolchain beta-2023-12-22
[INFO] running `Command { std: CARGO_HOME="/workspace/cargo-home" RUSTUP_HOME="/workspace/rustup-home" "/workspace/cargo-home/bin/cargo" "+beta-2023-12-22" "metadata" "--manifest-path" "Cargo.toml" "--no-deps", kill_on_drop: false }`
[INFO] started tweaking crates.io crate figment-winreg 0.2.2
[INFO] finished tweaking crates.io crate figment-winreg 0.2.2
[INFO] tweaked toml for crates.io crate figment-winreg 0.2.2 written to /workspace/builds/worker-6-tc2/source/Cargo.toml
[INFO] crate crates.io crate figment-winreg 0.2.2 already has a lockfile, it will not be regenerated
[INFO] running `Command { std: CARGO_HOME="/workspace/cargo-home" RUSTUP_HOME="/workspace/rustup-home" "/workspace/cargo-home/bin/cargo" "+beta-2023-12-22" "fetch" "--manifest-path" "Cargo.toml", kill_on_drop: false }`
[INFO] running `Command { std: "docker" "create" "-v" "/var/lib/crater-agent-workspace/builds/worker-6-tc2/target:/opt/rustwide/target:rw,Z" "-v" "/var/lib/crater-agent-workspace/builds/worker-6-tc2/source:/opt/rustwide/workdir:ro,Z" "-v" "/var/lib/crater-agent-workspace/cargo-home:/opt/rustwide/cargo-home:ro,Z" "-v" "/var/lib/crater-agent-workspace/rustup-home:/opt/rustwide/rustup-home:ro,Z" "-e" "SOURCE_DIR=/opt/rustwide/workdir" "-e" "CARGO_TARGET_DIR=/opt/rustwide/target" "-e" "CARGO_HOME=/opt/rustwide/cargo-home" "-e" "RUSTUP_HOME=/opt/rustwide/rustup-home" "-w" "/opt/rustwide/workdir" "-m" "1610612736" "--user" "0:0" "--network" "none" "ghcr.io/rust-lang/crates-build-env/linux@sha256:2788e3201cd34a07e3172128adcd8b3090168a8e3bcc40d7c032b9dda1df7d1c" "/opt/rustwide/cargo-home/bin/cargo" "+beta-2023-12-22" "metadata" "--no-deps" "--format-version=1", kill_on_drop: false }`
[INFO] [stdout] 65ddea62b61203f7d0cb763ebd920363be0e1109a765d9ffc8a2b3e9338c0479
[INFO] running `Command { std: "docker" "start" "-a" "65ddea62b61203f7d0cb763ebd920363be0e1109a765d9ffc8a2b3e9338c0479", kill_on_drop: false }`
[INFO] running `Command { std: "docker" "inspect" "65ddea62b61203f7d0cb763ebd920363be0e1109a765d9ffc8a2b3e9338c0479", kill_on_drop: false }`
[INFO] running `Command { std: "docker" "rm" "-f" "65ddea62b61203f7d0cb763ebd920363be0e1109a765d9ffc8a2b3e9338c0479", kill_on_drop: false }`
[INFO] [stdout] 65ddea62b61203f7d0cb763ebd920363be0e1109a765d9ffc8a2b3e9338c0479
[INFO] running `Command { std: "docker" "create" "-v" "/var/lib/crater-agent-workspace/builds/worker-6-tc2/target:/opt/rustwide/target:rw,Z" "-v" "/var/lib/crater-agent-workspace/builds/worker-6-tc2/source:/opt/rustwide/workdir:ro,Z" "-v" "/var/lib/crater-agent-workspace/cargo-home:/opt/rustwide/cargo-home:ro,Z" "-v" "/var/lib/crater-agent-workspace/rustup-home:/opt/rustwide/rustup-home:ro,Z" "-e" "SOURCE_DIR=/opt/rustwide/workdir" "-e" "CARGO_TARGET_DIR=/opt/rustwide/target" "-e" "CARGO_INCREMENTAL=0" "-e" "RUST_BACKTRACE=full" "-e" "RUSTFLAGS=--cap-lints=warn" "-e" "RUSTDOCFLAGS=--cap-lints=warn" "-e" "CARGO_HOME=/opt/rustwide/cargo-home" "-e" "RUSTUP_HOME=/opt/rustwide/rustup-home" "-w" "/opt/rustwide/workdir" "-m" "1610612736" "--user" "0:0" "--network" "none" "ghcr.io/rust-lang/crates-build-env/linux@sha256:2788e3201cd34a07e3172128adcd8b3090168a8e3bcc40d7c032b9dda1df7d1c" "/opt/rustwide/cargo-home/bin/cargo" "+beta-2023-12-22" "build" "--frozen" "--message-format=json", kill_on_drop: false }`
[INFO] [stdout] 6ee0203c4155639065924976620a1900296ea6b34b80facd351fe29d1ccbd89b
[INFO] running `Command { std: "docker" "start" "-a" "6ee0203c4155639065924976620a1900296ea6b34b80facd351fe29d1ccbd89b", kill_on_drop: false }`
[INFO] [stderr]    Compiling version_check v0.9.4
[INFO] [stderr]    Compiling serde v1.0.136
[INFO] [stderr]    Compiling winapi v0.3.9
[INFO] [stderr]    Compiling winreg v0.10.1
[INFO] [stderr]    Compiling windows v0.34.0
[INFO] [stdout] error[E0433]: failed to resolve: could not find `windows` in `os`
[INFO] [stdout]   --> /opt/rustwide/cargo-home/registry/src/index.crates.io-6f17d22bba15001f/windows-0.34.0/src/core/pcwstr.rs:59:24
[INFO] [stdout]    |
[INFO] [stdout] 59 |         use ::std::os::windows::ffi::OsStrExt;
[INFO] [stdout]    |                        ^^^^^^^ could not find `windows` in `os`
[INFO] [stdout] 
[INFO] [stdout] 
[INFO] [stderr]    Compiling uncased v0.9.6
[INFO] [stderr]    Compiling figment v0.10.6
[INFO] [stderr] error: failed to run custom build command for `winreg v0.10.1`
[INFO] [stderr] note: To improve backtraces for build dependencies, set the CARGO_PROFILE_DEV_BUILD_OVERRIDE_DEBUG=true environment variable to enable debug information generation.
[INFO] [stderr] 
[INFO] [stderr] Caused by:
[INFO] [stderr]   process didn't exit successfully: `/opt/rustwide/target/debug/build/winreg-4bb30c524a0e4e0e/build-script-build` (exit status: 1)
[INFO] [stderr]   --- stderr
[INFO] [stderr]   error: winreg is only supported on Windows platforms
[INFO] [stderr]   help: if your application is multi-platform, use `[target.'cfg(windows)'.dependencies] winreg = "..."`
[INFO] [stderr]   help: if your application is only supported on Windows, use `--target x86_64-pc-windows-gnu` or some other windows platform
[INFO] [stderr] warning: build failed, waiting for other jobs to finish...
[INFO] [stdout] error[E0599]: no method named `encode_wide` found for reference `&OsStr` in the current scope
[INFO] [stdout]   --> /opt/rustwide/cargo-home/registry/src/index.crates.io-6f17d22bba15001f/windows-0.34.0/src/core/pcwstr.rs:60:71
[INFO] [stdout]    |
[INFO] [stdout] 60 | ...   Param::Boxed(PCWSTR(alloc::boxed::Box::<[u16]>::into_raw(self.encode_wide().chain(::core::iter::once(0)).collect::<alloc::vec::Vec<...
[INFO] [stdout]    |                                                                     ^^^^^^^^^^^ method not found in `&OsStr`
[INFO] [stdout] 
[INFO] [stdout] 
[INFO] [stdout] error: aborting due to 2 previous errors
[INFO] [stdout] 
[INFO] [stdout] 
[INFO] [stdout] Some errors have detailed explanations: E0433, E0599.
[INFO] [stdout] 
[INFO] [stdout] For more information about an error, try `rustc --explain E0433`.
[INFO] [stdout] 
[INFO] [stderr] error: could not compile `windows` (lib) due to 3 previous errors
[INFO] running `Command { std: "docker" "inspect" "6ee0203c4155639065924976620a1900296ea6b34b80facd351fe29d1ccbd89b", kill_on_drop: false }`
[INFO] running `Command { std: "docker" "rm" "-f" "6ee0203c4155639065924976620a1900296ea6b34b80facd351fe29d1ccbd89b", kill_on_drop: false }`
[INFO] [stdout] 6ee0203c4155639065924976620a1900296ea6b34b80facd351fe29d1ccbd89b
