[INFO] fetching crate ffmpeg-di 1.0.1...
[INFO] testing ffmpeg-di-1.0.1 against 1.75.0 for beta-1.76-1
[INFO] extracting crate ffmpeg-di 1.0.1 into /workspace/builds/worker-1-tc1/source
[INFO] validating manifest of crates.io crate ffmpeg-di 1.0.1 on toolchain 1.75.0
[INFO] running `Command { std: CARGO_HOME="/workspace/cargo-home" RUSTUP_HOME="/workspace/rustup-home" "/workspace/cargo-home/bin/cargo" "+1.75.0" "metadata" "--manifest-path" "Cargo.toml" "--no-deps", kill_on_drop: false }`
[INFO] started tweaking crates.io crate ffmpeg-di 1.0.1
[INFO] finished tweaking crates.io crate ffmpeg-di 1.0.1
[INFO] tweaked toml for crates.io crate ffmpeg-di 1.0.1 written to /workspace/builds/worker-1-tc1/source/Cargo.toml
[INFO] crate crates.io crate ffmpeg-di 1.0.1 already has a lockfile, it will not be regenerated
[INFO] running `Command { std: CARGO_HOME="/workspace/cargo-home" RUSTUP_HOME="/workspace/rustup-home" "/workspace/cargo-home/bin/cargo" "+1.75.0" "fetch" "--manifest-path" "Cargo.toml", kill_on_drop: false }`
[INFO] [stderr]  Downloading crates ...
[INFO] [stderr]   Downloaded png v0.17.8
[INFO] [stderr]   Downloaded simd-adler32 v0.3.5
[INFO] [stderr]   Downloaded exr v1.6.4
[INFO] [stderr]   Downloaded syn v2.0.19
[INFO] running `Command { std: "docker" "create" "-v" "/var/lib/crater-agent-workspace/builds/worker-1-tc1/target:/opt/rustwide/target:rw,Z" "-v" "/var/lib/crater-agent-workspace/builds/worker-1-tc1/source:/opt/rustwide/workdir:ro,Z" "-v" "/var/lib/crater-agent-workspace/cargo-home:/opt/rustwide/cargo-home:ro,Z" "-v" "/var/lib/crater-agent-workspace/rustup-home:/opt/rustwide/rustup-home:ro,Z" "-e" "SOURCE_DIR=/opt/rustwide/workdir" "-e" "CARGO_TARGET_DIR=/opt/rustwide/target" "-e" "CARGO_HOME=/opt/rustwide/cargo-home" "-e" "RUSTUP_HOME=/opt/rustwide/rustup-home" "-w" "/opt/rustwide/workdir" "-m" "1610612736" "--user" "0:0" "--network" "none" "ghcr.io/rust-lang/crates-build-env/linux@sha256:2788e3201cd34a07e3172128adcd8b3090168a8e3bcc40d7c032b9dda1df7d1c" "/opt/rustwide/cargo-home/bin/cargo" "+1.75.0" "metadata" "--no-deps" "--format-version=1", kill_on_drop: false }`
[INFO] [stdout] 8f435fae5c1759661691fc46e136fddf5e6d628f78bfcc54833d677fdc40c50d
[INFO] running `Command { std: "docker" "start" "-a" "8f435fae5c1759661691fc46e136fddf5e6d628f78bfcc54833d677fdc40c50d", kill_on_drop: false }`
[INFO] running `Command { std: "docker" "inspect" "8f435fae5c1759661691fc46e136fddf5e6d628f78bfcc54833d677fdc40c50d", kill_on_drop: false }`
[INFO] running `Command { std: "docker" "rm" "-f" "8f435fae5c1759661691fc46e136fddf5e6d628f78bfcc54833d677fdc40c50d", kill_on_drop: false }`
[INFO] [stdout] 8f435fae5c1759661691fc46e136fddf5e6d628f78bfcc54833d677fdc40c50d
[INFO] running `Command { std: "docker" "create" "-v" "/var/lib/crater-agent-workspace/builds/worker-1-tc1/target:/opt/rustwide/target:rw,Z" "-v" "/var/lib/crater-agent-workspace/builds/worker-1-tc1/source:/opt/rustwide/workdir:ro,Z" "-v" "/var/lib/crater-agent-workspace/cargo-home:/opt/rustwide/cargo-home:ro,Z" "-v" "/var/lib/crater-agent-workspace/rustup-home:/opt/rustwide/rustup-home:ro,Z" "-e" "SOURCE_DIR=/opt/rustwide/workdir" "-e" "CARGO_TARGET_DIR=/opt/rustwide/target" "-e" "CARGO_INCREMENTAL=0" "-e" "RUST_BACKTRACE=full" "-e" "RUSTFLAGS=--cap-lints=warn" "-e" "RUSTDOCFLAGS=--cap-lints=warn" "-e" "CARGO_HOME=/opt/rustwide/cargo-home" "-e" "RUSTUP_HOME=/opt/rustwide/rustup-home" "-w" "/opt/rustwide/workdir" "-m" "1610612736" "--user" "0:0" "--network" "none" "ghcr.io/rust-lang/crates-build-env/linux@sha256:2788e3201cd34a07e3172128adcd8b3090168a8e3bcc40d7c032b9dda1df7d1c" "/opt/rustwide/cargo-home/bin/cargo" "+1.75.0" "build" "--frozen" "--message-format=json", kill_on_drop: false }`
[INFO] [stdout] 2e49dbab2f2af61497c0c0b084cf65c7a902022bc0aaba0f24cb0cfa52818dc3
[INFO] running `Command { std: "docker" "start" "-a" "2e49dbab2f2af61497c0c0b084cf65c7a902022bc0aaba0f24cb0cfa52818dc3", kill_on_drop: false }`
[INFO] [stderr]    Compiling libc v0.2.146
[INFO] [stderr]    Compiling memchr v2.5.0
[INFO] [stderr]    Compiling proc-macro2 v1.0.59
[INFO] [stderr]    Compiling glob v0.3.1
[INFO] [stderr]    Compiling unicode-ident v1.0.9
[INFO] [stderr]    Compiling quote v1.0.28
[INFO] [stderr]    Compiling syn v1.0.109
[INFO] [stderr]    Compiling minimal-lexical v0.2.1
[INFO] [stderr]    Compiling bindgen v0.64.0
[INFO] [stderr]    Compiling regex-syntax v0.7.2
[INFO] [stderr]    Compiling lazycell v1.3.0
[INFO] [stderr]    Compiling peeking_take_while v0.1.2
[INFO] [stderr]    Compiling shlex v1.1.0
[INFO] [stderr]    Compiling bitflags v1.3.2
[INFO] [stderr]    Compiling lazy_static v1.4.0
[INFO] [stderr]    Compiling libloading v0.7.4
[INFO] [stderr]    Compiling rustc-hash v1.1.0
[INFO] [stderr]    Compiling cc v1.0.79
[INFO] [stderr]    Compiling pkg-config v0.3.27
[INFO] [stderr]    Compiling anyhow v1.0.71
[INFO] [stderr]    Compiling ffmpeg-di v1.0.1 (/opt/rustwide/workdir)
[INFO] [stderr]    Compiling clang-sys v1.6.1
[INFO] [stderr]    Compiling nom v7.1.3
[INFO] [stderr]    Compiling num_cpus v1.15.0
[INFO] [stderr]    Compiling regex v1.8.4
[INFO] [stderr]    Compiling cexpr v0.6.0
[INFO] [stderr]    Compiling ffmpeg-sys-next v6.0.1
[INFO] [stdout] error[E0425]: cannot find value `AV_CODEC_CAP_ENCODER_RECON_FRAME` in this scope
[INFO] [stdout]   --> src/codec/capabilities.rs:24:43
[INFO] [stdout]    |
[INFO] [stdout] 24 |         const ENCODER_RECON_FRAME       = AV_CODEC_CAP_ENCODER_RECON_FRAME;
[INFO] [stdout]    |                                           ^^^^^^^^^^^^^^^^^^^^^^^^^^^^^^^^ help: a constant with a similar name exists: `AV_CODEC_CAP_ENCODER_FLUSH`
[INFO] [stdout]    |
[INFO] [stdout]   ::: /opt/rustwide/target/debug/build/ffmpeg-sys-next-3f284aaa3634bcc4/out/bindings.rs:3:41020
[INFO] [stdout]    |
[INFO] [stdout] 3  | ...8576 ; pub const AV_CODEC_CAP_ENCODER_FLUSH : libc :: c_uint = 2097152 ; pub const AV_CODEC_PROP_INTRA_ONLY : libc :: c_int = 1 ; pub ...
[INFO] [stdout]    |           ----------------------------------------------------- similarly named constant `AV_CODEC_CAP_ENCODER_FLUSH` defined here
[INFO] [stdout] 
[INFO] [stdout] 
[INFO] [stdout] error[E0412]: cannot find type `AVChannelLayout` in crate `ffi`
[INFO] [stdout]    --> src/codec/audio.rs:113:23
[INFO] [stdout]     |
[INFO] [stdout] 113 |     ptr:  *const ffi::AVChannelLayout,
[INFO] [stdout]     |                       ^^^^^^^^^^^^^^^ not found in `ffi`
[INFO] [stdout] 
[INFO] [stdout] 
[INFO] [stdout] error[E0412]: cannot find type `AVChannelLayout` in crate `ffi`
[INFO] [stdout]    --> src/codec/audio.rs:117:33
[INFO] [stdout]     |
[INFO] [stdout] 117 |     pub fn new(ptr: *const ffi::AVChannelLayout) -> Self {
[INFO] [stdout]     |                                 ^^^^^^^^^^^^^^^ not found in `ffi`
[INFO] [stdout] 
[INFO] [stdout] 
[INFO] [stdout] error[E0412]: cannot find type `AVChannelLayout` in crate `ffi`
[INFO] [stdout]  --> src/util/channel_layout.rs:4:20
[INFO] [stdout]   |
[INFO] [stdout] 4 |     ptr: *mut ffi::AVChannelLayout,
[INFO] [stdout]   |                    ^^^^^^^^^^^^^^^ not found in `ffi`
[INFO] [stdout] 
[INFO] [stdout] 
[INFO] [stdout] error[E0412]: cannot find type `AVChannelLayout` in crate `ffi`
[INFO] [stdout]  --> src/util/channel_layout.rs:8:39
[INFO] [stdout]   |
[INFO] [stdout] 8 |     pub unsafe fn wrap(ptr: *mut ffi::AVChannelLayout) -> Self {
[INFO] [stdout]   |                                       ^^^^^^^^^^^^^^^ not found in `ffi`
[INFO] [stdout] 
[INFO] [stdout] 
[INFO] [stdout] error[E0412]: cannot find type `AVChannelLayout` in crate `ffi`
[INFO] [stdout]   --> src/util/channel_layout.rs:12:48
[INFO] [stdout]    |
[INFO] [stdout] 12 |     pub unsafe fn as_ptr(&self) -> *const ffi::AVChannelLayout {
[INFO] [stdout]    |                                                ^^^^^^^^^^^^^^^ not found in `ffi`
[INFO] [stdout] 
[INFO] [stdout] 
[INFO] [stdout] error[E0412]: cannot find type `AVChannelLayout` in crate `ffi`
[INFO] [stdout]   --> src/util/channel_layout.rs:16:54
[INFO] [stdout]    |
[INFO] [stdout] 16 |     pub unsafe fn as_mut_ptr(&mut self) -> *mut ffi::AVChannelLayout {
[INFO] [stdout]    |                                                      ^^^^^^^^^^^^^^^ not found in `ffi`
[INFO] [stdout] 
[INFO] [stdout] 
[INFO] [stdout] error[E0425]: cannot find function `av_channel_layout_default` in crate `ffi`
[INFO] [stdout]   --> src/util/channel_layout.rs:25:18
[INFO] [stdout]    |
[INFO] [stdout] 25 |             ffi::av_channel_layout_default(&mut ch_layout, nb_channels);
[INFO] [stdout]    |                  ^^^^^^^^^^^^^^^^^^^^^^^^^ not found in `ffi`
[INFO] [stdout] 
[INFO] [stdout] 
[INFO] [stdout] error[E0308]: mismatched types
[INFO] [stdout]   --> src/format/input.rs:94:71
[INFO] [stdout]    |
[INFO] [stdout] 94 |         match ffi::avformat_open_input(&mut ctx, c_filename.as_ptr(), input_format, ptr::null_mut()) {
[INFO] [stdout]    |               ------------------------                                ^^^^^^^^^^^^ types differ in mutability
[INFO] [stdout]    |               |
[INFO] [stdout]    |               arguments to this function are incorrect
[INFO] [stdout]    |
[INFO] [stdout]    = note: expected raw pointer `*mut AVInputFormat`
[INFO] [stdout]               found raw pointer `*const AVInputFormat`
[INFO] [stdout] note: function defined here
[INFO] [stdout]   --> /opt/rustwide/target/debug/build/ffmpeg-sys-next-3f284aaa3634bcc4/out/bindings.rs:3:628648
[INFO] [stdout]    |
[INFO] [stdout] 3  | ...libc :: c_uint) -> libc :: c_int ; } extern "C" { pub fn avformat_open_input (ps : * mut * mut AVFormatContext , url : * const libc ::...
[INFO] [stdout]    |                                                             ^^^^^^^^^^^^^^^^^^^
[INFO] [stdout] 
[INFO] [stdout] 
[INFO] [stdout] error[E0308]: mismatched types
[INFO] [stdout]   --> src/format/packet/side_data.rs:31:58
[INFO] [stdout]    |
[INFO] [stdout] 31 |             slice::from_raw_parts((*self.as_ptr()).data, (*self.as_ptr()).size)
[INFO] [stdout]    |             ---------------------                        ^^^^^^^^^^^^^^^^^^^^^ expected `usize`, found `i32`
[INFO] [stdout]    |             |
[INFO] [stdout]    |             arguments to this function are incorrect
[INFO] [stdout]    |
[INFO] [stdout] note: function defined here
[INFO] [stdout]   --> /rustc/82e1608dfa6e0b5569232559e3d385fea5a93112/library/core/src/slice/raw.rs:94:21
[INFO] [stdout] help: you can convert an `i32` to a `usize` and panic if the converted value doesn't fit
[INFO] [stdout]    |
[INFO] [stdout] 31 |             slice::from_raw_parts((*self.as_ptr()).data, (*self.as_ptr()).size.try_into().unwrap())
[INFO] [stdout]    |                                                                               ++++++++++++++++++++
[INFO] [stdout] 
[INFO] [stdout] 
[INFO] [stdout] error[E0599]: no variant or associated item named `AV_PKT_DATA_DYNAMIC_HDR10_PLUS` found for enum `AVPacketSideDataType` in the current scope
[INFO] [stdout]   --> src/format/packet/side_data_type.rs:75:40
[INFO] [stdout]    |
[INFO] [stdout] 75 |             ffi::AVPacketSideDataType::AV_PKT_DATA_DYNAMIC_HDR10_PLUS => PacketSideDataType::DYNAMIC_HDR10_PLUS,
[INFO] [stdout]    |                                        ^^^^^^^^^^^^^^^^^^^^^^^^^^^^^^ variant or associated item not found in `AVPacketSideDataType`
[INFO] [stdout] 
[INFO] [stdout] 
[INFO] [stdout] error[E0599]: no variant or associated item named `AV_PKT_DATA_DYNAMIC_HDR10_PLUS` found for enum `AVPacketSideDataType` in the current scope
[INFO] [stdout]    --> src/format/packet/side_data_type.rs:116:82
[INFO] [stdout]     |
[INFO] [stdout] 116 |             PacketSideDataType::DYNAMIC_HDR10_PLUS => ffi::AVPacketSideDataType::AV_PKT_DATA_DYNAMIC_HDR10_PLUS,
[INFO] [stdout]     |                                                                                  ^^^^^^^^^^^^^^^^^^^^^^^^^^^^^^ variant or associated item not found in `AVPacketSideDataType`
[INFO] [stdout] 
[INFO] [stdout] 
[INFO] [stdout] error[E0609]: no field `frame_num` on type `AVCodecContext`
[INFO] [stdout]   --> src/codec/context/decoder/audio.rs:25:35
[INFO] [stdout]    |
[INFO] [stdout] 25 |         unsafe { (*self.as_ptr()).frame_num }
[INFO] [stdout]    |                                   ^^^^^^^^^ help: a field with a similar name exists: `frame_number`
[INFO] [stdout] 
[INFO] [stdout] 
[INFO] [stdout] error[E0609]: no field `ch_layout` on type `AVCodecContext`
[INFO] [stdout]   --> src/codec/context/decoder/audio.rs:34:51
[INFO] [stdout]    |
[INFO] [stdout] 34 |             ChannelLayout::wrap(&(*self.as_ptr()).ch_layout as *const _ as *mut _)
[INFO] [stdout]    |                                                   ^^^^^^^^^ unknown field
[INFO] [stdout]    |
[INFO] [stdout]    = note: available fields are: `av_class`, `log_level_offset`, `codec_type`, `codec`, `codec_id` ... and 189 others
[INFO] [stdout] 
[INFO] [stdout] 
[INFO] [stdout] error[E0609]: no field `ch_layout` on type `AVCodecContext`
[INFO] [stdout]   --> src/codec/context/decoder/audio.rs:45:34
[INFO] [stdout]    |
[INFO] [stdout] 45 |             (*self.as_mut_ptr()).ch_layout = *(value.as_ptr());
[INFO] [stdout]    |                                  ^^^^^^^^^ unknown field
[INFO] [stdout]    |
[INFO] [stdout]    = note: available fields are: `av_class`, `log_level_offset`, `codec_type`, `codec`, `codec_id` ... and 189 others
[INFO] [stdout] 
[INFO] [stdout] 
[INFO] [stdout] error[E0609]: no field `ch_layouts` on type `AVCodec`
[INFO] [stdout]   --> src/codec/audio.rs:42:33
[INFO] [stdout]    |
[INFO] [stdout] 42 |             if (*self.as_ptr()).ch_layouts.is_null() {
[INFO] [stdout]    |                                 ^^^^^^^^^^ unknown field
[INFO] [stdout]    |
[INFO] [stdout]    = note: available fields are: `name`, `long_name`, `type_`, `id`, `capabilities` ... and 26 others
[INFO] [stdout] 
[INFO] [stdout] 
[INFO] [stdout] error[E0609]: no field `ch_layouts` on type `AVCodec`
[INFO] [stdout]   --> src/codec/audio.rs:45:62
[INFO] [stdout]    |
[INFO] [stdout] 45 |                 Some(ChannelLayoutIter::new((*self.as_ptr()).ch_layouts))
[INFO] [stdout]    |                                                              ^^^^^^^^^^ unknown field
[INFO] [stdout]    |
[INFO] [stdout]    = note: available fields are: `name`, `long_name`, `type_`, `id`, `capabilities` ... and 26 others
[INFO] [stdout] 
[INFO] [stdout] 
[INFO] [stdout] error[E0609]: no field `ch_layout` on type `AVFrame`
[INFO] [stdout]   --> src/util/frame/audio.rs:63:34
[INFO] [stdout]    |
[INFO] [stdout] 63 |             (*self.as_mut_ptr()).ch_layout = *value.as_ptr();
[INFO] [stdout]    |                                  ^^^^^^^^^ unknown field
[INFO] [stdout]    |
[INFO] [stdout]    = note: available fields are: `data`, `linesize`, `extended_data`, `width`, `height` ... and 49 others
[INFO] [stdout] 
[INFO] [stdout] 
[INFO] [stdout] error[E0609]: no field `ch_layout` on type `AVFrame`
[INFO] [stdout]   --> src/util/frame/audio.rs:81:78
[INFO] [stdout]    |
[INFO] [stdout] 81 |         unsafe { ChannelLayout::wrap(Box::into_raw(Box::new((*self.as_ptr()).ch_layout))) }
[INFO] [stdout]    |                                                                              ^^^^^^^^^ unknown field
[INFO] [stdout]    |
[INFO] [stdout]    = note: available fields are: `data`, `linesize`, `extended_data`, `width`, `height` ... and 49 others
[INFO] [stdout] 
[INFO] [stdout] 
[INFO] [stdout] error[E0308]: mismatched types
[INFO] [stdout]   --> src/util/frame/side_data.rs:42:58
[INFO] [stdout]    |
[INFO] [stdout] 42 |             slice::from_raw_parts((*self.as_ptr()).data, (*self.as_ptr()).size)
[INFO] [stdout]    |             ---------------------                        ^^^^^^^^^^^^^^^^^^^^^ expected `usize`, found `i32`
[INFO] [stdout]    |             |
[INFO] [stdout]    |             arguments to this function are incorrect
[INFO] [stdout]    |
[INFO] [stdout] note: function defined here
[INFO] [stdout]   --> /rustc/82e1608dfa6e0b5569232559e3d385fea5a93112/library/core/src/slice/raw.rs:94:21
[INFO] [stdout] help: you can convert an `i32` to a `usize` and panic if the converted value doesn't fit
[INFO] [stdout]    |
[INFO] [stdout] 42 |             slice::from_raw_parts((*self.as_ptr()).data, (*self.as_ptr()).size.try_into().unwrap())
[INFO] [stdout]    |                                                                               ++++++++++++++++++++
[INFO] [stdout] 
[INFO] [stdout] 
[INFO] [stdout] error[E0599]: no variant or associated item named `AV_FRAME_DATA_DETECTION_BBOXES` found for enum `AVFrameSideDataType` in the current scope
[INFO] [stdout]    --> src/util/frame/side_data.rs:110:39
[INFO] [stdout]     |
[INFO] [stdout] 110 |             ffi::AVFrameSideDataType::AV_FRAME_DATA_DETECTION_BBOXES => FrameSideDataType::DETECTION_BBOXES,
[INFO] [stdout]     |                                       ^^^^^^^^^^^^^^^^^^^^^^^^^^^^^^ variant or associated item not found in `AVFrameSideDataType`
[INFO] [stdout] 
[INFO] [stdout] 
[INFO] [stdout] error[E0599]: no variant or associated item named `AV_FRAME_DATA_DOVI_RPU_BUFFER` found for enum `AVFrameSideDataType` in the current scope
[INFO] [stdout]    --> src/util/frame/side_data.rs:111:39
[INFO] [stdout]     |
[INFO] [stdout] 111 |             ffi::AVFrameSideDataType::AV_FRAME_DATA_DOVI_RPU_BUFFER => FrameSideDataType::DOVI_RPU_BUFFER,
[INFO] [stdout]     |                                       ^^^^^^^^^^^^^^^^^^^^^^^^^^^^^ variant or associated item not found in `AVFrameSideDataType`
[INFO] [stdout] 
[INFO] [stdout] 
[INFO] [stdout] error[E0599]: no variant or associated item named `AV_FRAME_DATA_DOVI_METADATA` found for enum `AVFrameSideDataType` in the current scope
[INFO] [stdout]    --> src/util/frame/side_data.rs:112:39
[INFO] [stdout]     |
[INFO] [stdout] 112 |             ffi::AVFrameSideDataType::AV_FRAME_DATA_DOVI_METADATA => FrameSideDataType::DOVI_METADATA,
[INFO] [stdout]     |                                       ^^^^^^^^^^^^^^^^^^^^^^^^^^^
[INFO] [stdout]     |                                       |
[INFO] [stdout]     |                                       variant or associated item not found in `AVFrameSideDataType`
[INFO] [stdout]     |                                       help: there is a variant with a similar name: `AV_FRAME_DATA_QP_TABLE_DATA`
[INFO] [stdout] 
[INFO] [stdout] 
[INFO] [stdout] error[E0599]: no variant or associated item named `AV_FRAME_DATA_DYNAMIC_HDR_VIVID` found for enum `AVFrameSideDataType` in the current scope
[INFO] [stdout]    --> src/util/frame/side_data.rs:113:39
[INFO] [stdout]     |
[INFO] [stdout] 113 |             ffi::AVFrameSideDataType::AV_FRAME_DATA_DYNAMIC_HDR_VIVID => FrameSideDataType::DYNAMIC_HDR_VIVID,
[INFO] [stdout]     |                                       ^^^^^^^^^^^^^^^^^^^^^^^^^^^^^^^
[INFO] [stdout]     |                                       |
[INFO] [stdout]     |                                       variant or associated item not found in `AVFrameSideDataType`
[INFO] [stdout]     |                                       help: there is a variant with a similar name: `AV_FRAME_DATA_DYNAMIC_HDR_PLUS`
[INFO] [stdout] 
[INFO] [stdout] 
[INFO] [stdout] error[E0599]: no variant or associated item named `AV_FRAME_DATA_AMBIENT_VIEWING_ENVIRONMENT` found for enum `AVFrameSideDataType` in the current scope
[INFO] [stdout]    --> src/util/frame/side_data.rs:114:39
[INFO] [stdout]     |
[INFO] [stdout] 114 |             ffi::AVFrameSideDataType::AV_FRAME_DATA_AMBIENT_VIEWING_ENVIRONMENT => FrameSideDataType::AMBIENT_VIEWING_ENVIRONMENT
[INFO] [stdout]     |                                       ^^^^^^^^^^^^^^^^^^^^^^^^^^^^^^^^^^^^^^^^^ variant or associated item not found in `AVFrameSideDataType`
[INFO] [stdout] 
[INFO] [stdout] 
[INFO] [stdout] error[E0599]: no variant or associated item named `AV_FRAME_DATA_DETECTION_BBOXES` found for enum `AVFrameSideDataType` in the current scope
[INFO] [stdout]    --> src/util/frame/side_data.rs:144:78
[INFO] [stdout]     |
[INFO] [stdout] 144 |             FrameSideDataType::DETECTION_BBOXES => ffi::AVFrameSideDataType::AV_FRAME_DATA_DETECTION_BBOXES,
[INFO] [stdout]     |                                                                              ^^^^^^^^^^^^^^^^^^^^^^^^^^^^^^ variant or associated item not found in `AVFrameSideDataType`
[INFO] [stdout] 
[INFO] [stdout] 
[INFO] [stdout] error[E0599]: no variant or associated item named `AV_FRAME_DATA_DOVI_RPU_BUFFER` found for enum `AVFrameSideDataType` in the current scope
[INFO] [stdout]    --> src/util/frame/side_data.rs:145:77
[INFO] [stdout]     |
[INFO] [stdout] 145 |             FrameSideDataType::DOVI_RPU_BUFFER => ffi::AVFrameSideDataType::AV_FRAME_DATA_DOVI_RPU_BUFFER,
[INFO] [stdout]     |                                                                             ^^^^^^^^^^^^^^^^^^^^^^^^^^^^^ variant or associated item not found in `AVFrameSideDataType`
[INFO] [stdout] 
[INFO] [stdout] 
[INFO] [stdout] error[E0599]: no variant or associated item named `AV_FRAME_DATA_DOVI_METADATA` found for enum `AVFrameSideDataType` in the current scope
[INFO] [stdout]    --> src/util/frame/side_data.rs:146:75
[INFO] [stdout]     |
[INFO] [stdout] 146 |             FrameSideDataType::DOVI_METADATA => ffi::AVFrameSideDataType::AV_FRAME_DATA_DOVI_METADATA,
[INFO] [stdout]     |                                                                           ^^^^^^^^^^^^^^^^^^^^^^^^^^^
[INFO] [stdout]     |                                                                           |
[INFO] [stdout]     |                                                                           variant or associated item not found in `AVFrameSideDataType`
[INFO] [stdout]     |                                                                           help: there is a variant with a similar name: `AV_FRAME_DATA_QP_TABLE_DATA`
[INFO] [stdout] 
[INFO] [stdout] 
[INFO] [stdout] error[E0599]: no variant or associated item named `AV_FRAME_DATA_DYNAMIC_HDR_VIVID` found for enum `AVFrameSideDataType` in the current scope
[INFO] [stdout]    --> src/util/frame/side_data.rs:147:79
[INFO] [stdout]     |
[INFO] [stdout] 147 |             FrameSideDataType::DYNAMIC_HDR_VIVID => ffi::AVFrameSideDataType::AV_FRAME_DATA_DYNAMIC_HDR_VIVID,
[INFO] [stdout]     |                                                                               ^^^^^^^^^^^^^^^^^^^^^^^^^^^^^^^
[INFO] [stdout]     |                                                                               |
[INFO] [stdout]     |                                                                               variant or associated item not found in `AVFrameSideDataType`
[INFO] [stdout]     |                                                                               help: there is a variant with a similar name: `AV_FRAME_DATA_DYNAMIC_HDR_PLUS`
[INFO] [stdout] 
[INFO] [stdout] 
[INFO] [stdout] error[E0599]: no variant or associated item named `AV_FRAME_DATA_AMBIENT_VIEWING_ENVIRONMENT` found for enum `AVFrameSideDataType` in the current scope
[INFO] [stdout]    --> src/util/frame/side_data.rs:148:89
[INFO] [stdout]     |
[INFO] [stdout] 148 |             FrameSideDataType::AMBIENT_VIEWING_ENVIRONMENT => ffi::AVFrameSideDataType::AV_FRAME_DATA_AMBIENT_VIEWING_ENVIRONMENT,
[INFO] [stdout]     |                                                                                         ^^^^^^^^^^^^^^^^^^^^^^^^^^^^^^^^^^^^^^^^^ variant or associated item not found in `AVFrameSideDataType`
[INFO] [stdout] 
[INFO] [stdout] 
[INFO] [stdout] error[E0609]: no field `duration` on type `AVFrame`
[INFO] [stdout]   --> src/util/frame/mod.rs:50:30
[INFO] [stdout]    |
[INFO] [stdout] 50 |             (*self.as_ptr()).duration
[INFO] [stdout]    |                              ^^^^^^^^ unknown field
[INFO] [stdout]    |
[INFO] [stdout]    = note: available fields are: `data`, `linesize`, `extended_data`, `width`, `height` ... and 49 others
[INFO] [stdout] 
[INFO] [stdout] 
[INFO] [stdout] error: aborting due to 31 previous errors
[INFO] [stdout] 
[INFO] [stdout] 
[INFO] [stdout] Some errors have detailed explanations: E0308, E0412, E0425, E0599, E0609.
[INFO] [stdout] 
[INFO] [stdout] For more information about an error, try `rustc --explain E0308`.
[INFO] [stdout] 
[INFO] [stderr] error: could not compile `ffmpeg-di` (lib) due to 32 previous errors
[INFO] running `Command { std: "docker" "inspect" "2e49dbab2f2af61497c0c0b084cf65c7a902022bc0aaba0f24cb0cfa52818dc3", kill_on_drop: false }`
[INFO] running `Command { std: "docker" "rm" "-f" "2e49dbab2f2af61497c0c0b084cf65c7a902022bc0aaba0f24cb0cfa52818dc3", kill_on_drop: false }`
[INFO] [stdout] 2e49dbab2f2af61497c0c0b084cf65c7a902022bc0aaba0f24cb0cfa52818dc3
[INFO] testing ffmpeg-di-1.0.1 against beta-2023-12-22 for beta-1.76-1
[INFO] extracting crate ffmpeg-di 1.0.1 into /workspace/builds/worker-1-tc2/source
[INFO] validating manifest of crates.io crate ffmpeg-di 1.0.1 on toolchain beta-2023-12-22
[INFO] running `Command { std: CARGO_HOME="/workspace/cargo-home" RUSTUP_HOME="/workspace/rustup-home" "/workspace/cargo-home/bin/cargo" "+beta-2023-12-22" "metadata" "--manifest-path" "Cargo.toml" "--no-deps", kill_on_drop: false }`
[INFO] started tweaking crates.io crate ffmpeg-di 1.0.1
[INFO] finished tweaking crates.io crate ffmpeg-di 1.0.1
[INFO] tweaked toml for crates.io crate ffmpeg-di 1.0.1 written to /workspace/builds/worker-1-tc2/source/Cargo.toml
[INFO] crate crates.io crate ffmpeg-di 1.0.1 already has a lockfile, it will not be regenerated
[INFO] running `Command { std: CARGO_HOME="/workspace/cargo-home" RUSTUP_HOME="/workspace/rustup-home" "/workspace/cargo-home/bin/cargo" "+beta-2023-12-22" "fetch" "--manifest-path" "Cargo.toml", kill_on_drop: false }`
[INFO] running `Command { std: "docker" "create" "-v" "/var/lib/crater-agent-workspace/builds/worker-1-tc2/target:/opt/rustwide/target:rw,Z" "-v" "/var/lib/crater-agent-workspace/builds/worker-1-tc2/source:/opt/rustwide/workdir:ro,Z" "-v" "/var/lib/crater-agent-workspace/cargo-home:/opt/rustwide/cargo-home:ro,Z" "-v" "/var/lib/crater-agent-workspace/rustup-home:/opt/rustwide/rustup-home:ro,Z" "-e" "SOURCE_DIR=/opt/rustwide/workdir" "-e" "CARGO_TARGET_DIR=/opt/rustwide/target" "-e" "CARGO_HOME=/opt/rustwide/cargo-home" "-e" "RUSTUP_HOME=/opt/rustwide/rustup-home" "-w" "/opt/rustwide/workdir" "-m" "1610612736" "--user" "0:0" "--network" "none" "ghcr.io/rust-lang/crates-build-env/linux@sha256:2788e3201cd34a07e3172128adcd8b3090168a8e3bcc40d7c032b9dda1df7d1c" "/opt/rustwide/cargo-home/bin/cargo" "+beta-2023-12-22" "metadata" "--no-deps" "--format-version=1", kill_on_drop: false }`
[INFO] [stdout] cb8155888ac35b37015a6b63d7d759f40b3c152153cb726232cf9c8e4f39b3a9
[INFO] running `Command { std: "docker" "start" "-a" "cb8155888ac35b37015a6b63d7d759f40b3c152153cb726232cf9c8e4f39b3a9", kill_on_drop: false }`
[INFO] running `Command { std: "docker" "inspect" "cb8155888ac35b37015a6b63d7d759f40b3c152153cb726232cf9c8e4f39b3a9", kill_on_drop: false }`
[INFO] running `Command { std: "docker" "rm" "-f" "cb8155888ac35b37015a6b63d7d759f40b3c152153cb726232cf9c8e4f39b3a9", kill_on_drop: false }`
[INFO] [stdout] cb8155888ac35b37015a6b63d7d759f40b3c152153cb726232cf9c8e4f39b3a9
[INFO] running `Command { std: "docker" "create" "-v" "/var/lib/crater-agent-workspace/builds/worker-1-tc2/target:/opt/rustwide/target:rw,Z" "-v" "/var/lib/crater-agent-workspace/builds/worker-1-tc2/source:/opt/rustwide/workdir:ro,Z" "-v" "/var/lib/crater-agent-workspace/cargo-home:/opt/rustwide/cargo-home:ro,Z" "-v" "/var/lib/crater-agent-workspace/rustup-home:/opt/rustwide/rustup-home:ro,Z" "-e" "SOURCE_DIR=/opt/rustwide/workdir" "-e" "CARGO_TARGET_DIR=/opt/rustwide/target" "-e" "CARGO_INCREMENTAL=0" "-e" "RUST_BACKTRACE=full" "-e" "RUSTFLAGS=--cap-lints=warn" "-e" "RUSTDOCFLAGS=--cap-lints=warn" "-e" "CARGO_HOME=/opt/rustwide/cargo-home" "-e" "RUSTUP_HOME=/opt/rustwide/rustup-home" "-w" "/opt/rustwide/workdir" "-m" "1610612736" "--user" "0:0" "--network" "none" "ghcr.io/rust-lang/crates-build-env/linux@sha256:2788e3201cd34a07e3172128adcd8b3090168a8e3bcc40d7c032b9dda1df7d1c" "/opt/rustwide/cargo-home/bin/cargo" "+beta-2023-12-22" "build" "--frozen" "--message-format=json", kill_on_drop: false }`
[INFO] [stdout] c03701285de63dfc66638666fa7b2db231562320826002af6bb9a88812b2da5c
[INFO] running `Command { std: "docker" "start" "-a" "c03701285de63dfc66638666fa7b2db231562320826002af6bb9a88812b2da5c", kill_on_drop: false }`
[INFO] [stderr]    Compiling glob v0.3.1
[INFO] [stderr]    Compiling proc-macro2 v1.0.59
[INFO] [stderr]    Compiling libc v0.2.146
[INFO] [stderr]    Compiling memchr v2.5.0
[INFO] [stderr]    Compiling unicode-ident v1.0.9
[INFO] [stderr]    Compiling quote v1.0.28
[INFO] [stderr]    Compiling minimal-lexical v0.2.1
[INFO] [stderr]    Compiling syn v1.0.109
[INFO] [stderr]    Compiling regex-syntax v0.7.2
[INFO] [stderr]    Compiling bindgen v0.64.0
[INFO] [stderr]    Compiling peeking_take_while v0.1.2
[INFO] [stderr]    Compiling rustc-hash v1.1.0
[INFO] [stderr]    Compiling lazy_static v1.4.0
[INFO] [stderr]    Compiling bitflags v1.3.2
[INFO] [stderr]    Compiling shlex v1.1.0
[INFO] [stderr]    Compiling libloading v0.7.4
[INFO] [stderr]    Compiling lazycell v1.3.0
[INFO] [stderr]    Compiling cc v1.0.79
[INFO] [stderr]    Compiling pkg-config v0.3.27
[INFO] [stderr]    Compiling anyhow v1.0.71
[INFO] [stderr]    Compiling ffmpeg-di v1.0.1 (/opt/rustwide/workdir)
[INFO] [stderr]    Compiling clang-sys v1.6.1
[INFO] [stderr]    Compiling nom v7.1.3
[INFO] [stderr]    Compiling num_cpus v1.15.0
[INFO] [stderr]    Compiling regex v1.8.4
[INFO] [stderr]    Compiling cexpr v0.6.0
[INFO] [stderr]    Compiling ffmpeg-sys-next v6.0.1
[INFO] [stdout] error[E0425]: cannot find value `AV_CODEC_CAP_ENCODER_RECON_FRAME` in this scope
[INFO] [stdout]   --> src/codec/capabilities.rs:24:43
[INFO] [stdout]    |
[INFO] [stdout] 24 |         const ENCODER_RECON_FRAME       = AV_CODEC_CAP_ENCODER_RECON_FRAME;
[INFO] [stdout]    |                                           ^^^^^^^^^^^^^^^^^^^^^^^^^^^^^^^^ help: a constant with a similar name exists: `AV_CODEC_CAP_ENCODER_FLUSH`
[INFO] [stdout]    |
[INFO] [stdout]   ::: /opt/rustwide/target/debug/build/ffmpeg-sys-next-ce0c078ce5c77253/out/bindings.rs:3:41020
[INFO] [stdout]    |
[INFO] [stdout] 3  | ...8576 ; pub const AV_CODEC_CAP_ENCODER_FLUSH : libc :: c_uint = 2097152 ; pub const AV_CODEC_PROP_INTRA_ONLY : libc :: c_int = 1 ; pub ...
[INFO] [stdout]    |           ----------------------------------------------------- similarly named constant `AV_CODEC_CAP_ENCODER_FLUSH` defined here
[INFO] [stdout] 
[INFO] [stdout] 
[INFO] [stdout] error[E0412]: cannot find type `AVChannelLayout` in crate `ffi`
[INFO] [stdout]    --> src/codec/audio.rs:113:23
[INFO] [stdout]     |
[INFO] [stdout] 113 |     ptr:  *const ffi::AVChannelLayout,
[INFO] [stdout]     |                       ^^^^^^^^^^^^^^^ not found in `ffi`
[INFO] [stdout] 
[INFO] [stdout] 
[INFO] [stdout] error[E0412]: cannot find type `AVChannelLayout` in crate `ffi`
[INFO] [stdout]    --> src/codec/audio.rs:117:33
[INFO] [stdout]     |
[INFO] [stdout] 117 |     pub fn new(ptr: *const ffi::AVChannelLayout) -> Self {
[INFO] [stdout]     |                                 ^^^^^^^^^^^^^^^ not found in `ffi`
[INFO] [stdout] 
[INFO] [stdout] 
[INFO] [stdout] error[E0412]: cannot find type `AVChannelLayout` in crate `ffi`
[INFO] [stdout]  --> src/util/channel_layout.rs:4:20
[INFO] [stdout]   |
[INFO] [stdout] 4 |     ptr: *mut ffi::AVChannelLayout,
[INFO] [stdout]   |                    ^^^^^^^^^^^^^^^ not found in `ffi`
[INFO] [stdout] 
[INFO] [stdout] 
[INFO] [stdout] error[E0412]: cannot find type `AVChannelLayout` in crate `ffi`
[INFO] [stdout]  --> src/util/channel_layout.rs:8:39
[INFO] [stdout]   |
[INFO] [stdout] 8 |     pub unsafe fn wrap(ptr: *mut ffi::AVChannelLayout) -> Self {
[INFO] [stdout]   |                                       ^^^^^^^^^^^^^^^ not found in `ffi`
[INFO] [stdout] 
[INFO] [stdout] 
[INFO] [stdout] error[E0412]: cannot find type `AVChannelLayout` in crate `ffi`
[INFO] [stdout]   --> src/util/channel_layout.rs:12:48
[INFO] [stdout]    |
[INFO] [stdout] 12 |     pub unsafe fn as_ptr(&self) -> *const ffi::AVChannelLayout {
[INFO] [stdout]    |                                                ^^^^^^^^^^^^^^^ not found in `ffi`
[INFO] [stdout] 
[INFO] [stdout] 
[INFO] [stdout] error[E0412]: cannot find type `AVChannelLayout` in crate `ffi`
[INFO] [stdout]   --> src/util/channel_layout.rs:16:54
[INFO] [stdout]    |
[INFO] [stdout] 16 |     pub unsafe fn as_mut_ptr(&mut self) -> *mut ffi::AVChannelLayout {
[INFO] [stdout]    |                                                      ^^^^^^^^^^^^^^^ not found in `ffi`
[INFO] [stdout] 
[INFO] [stdout] 
[INFO] [stdout] error[E0425]: cannot find function `av_channel_layout_default` in crate `ffi`
[INFO] [stdout]   --> src/util/channel_layout.rs:25:18
[INFO] [stdout]    |
[INFO] [stdout] 25 |             ffi::av_channel_layout_default(&mut ch_layout, nb_channels);
[INFO] [stdout]    |                  ^^^^^^^^^^^^^^^^^^^^^^^^^ not found in `ffi`
[INFO] [stdout] 
[INFO] [stdout] 
[INFO] [stdout] error[E0308]: mismatched types
[INFO] [stdout]   --> src/format/input.rs:94:71
[INFO] [stdout]    |
[INFO] [stdout] 94 |         match ffi::avformat_open_input(&mut ctx, c_filename.as_ptr(), input_format, ptr::null_mut()) {
[INFO] [stdout]    |               ------------------------                                ^^^^^^^^^^^^ types differ in mutability
[INFO] [stdout]    |               |
[INFO] [stdout]    |               arguments to this function are incorrect
[INFO] [stdout]    |
[INFO] [stdout]    = note: expected raw pointer `*mut AVInputFormat`
[INFO] [stdout]               found raw pointer `*const AVInputFormat`
[INFO] [stdout] note: function defined here
[INFO] [stdout]   --> /opt/rustwide/target/debug/build/ffmpeg-sys-next-ce0c078ce5c77253/out/bindings.rs:3:628648
[INFO] [stdout]    |
[INFO] [stdout] 3  | ...libc :: c_uint) -> libc :: c_int ; } extern "C" { pub fn avformat_open_input (ps : * mut * mut AVFormatContext , url : * const libc ::...
[INFO] [stdout]    |                                                             ^^^^^^^^^^^^^^^^^^^
[INFO] [stdout] 
[INFO] [stdout] 
[INFO] [stdout] error[E0308]: mismatched types
[INFO] [stdout]   --> src/format/packet/side_data.rs:31:58
[INFO] [stdout]    |
[INFO] [stdout] 31 |             slice::from_raw_parts((*self.as_ptr()).data, (*self.as_ptr()).size)
[INFO] [stdout]    |             ---------------------                        ^^^^^^^^^^^^^^^^^^^^^ expected `usize`, found `i32`
[INFO] [stdout]    |             |
[INFO] [stdout]    |             arguments to this function are incorrect
[INFO] [stdout]    |
[INFO] [stdout] note: function defined here
[INFO] [stdout]   --> /rustc/0e09125c6c3c2fd70d7de961bcf0e51575235fad/library/core/src/slice/raw.rs:94:21
[INFO] [stdout] help: you can convert an `i32` to a `usize` and panic if the converted value doesn't fit
[INFO] [stdout]    |
[INFO] [stdout] 31 |             slice::from_raw_parts((*self.as_ptr()).data, (*self.as_ptr()).size.try_into().unwrap())
[INFO] [stdout]    |                                                                               ++++++++++++++++++++
[INFO] [stdout] 
[INFO] [stdout] 
[INFO] [stdout] error[E0599]: no variant or associated item named `AV_PKT_DATA_DYNAMIC_HDR10_PLUS` found for enum `AVPacketSideDataType` in the current scope
[INFO] [stdout]   --> src/format/packet/side_data_type.rs:75:40
[INFO] [stdout]    |
[INFO] [stdout] 75 |             ffi::AVPacketSideDataType::AV_PKT_DATA_DYNAMIC_HDR10_PLUS => PacketSideDataType::DYNAMIC_HDR10_PLUS,
[INFO] [stdout]    |                                        ^^^^^^^^^^^^^^^^^^^^^^^^^^^^^^ variant or associated item not found in `AVPacketSideDataType`
[INFO] [stdout] 
[INFO] [stdout] 
[INFO] [stdout] error[E0599]: no variant or associated item named `AV_PKT_DATA_DYNAMIC_HDR10_PLUS` found for enum `AVPacketSideDataType` in the current scope
[INFO] [stdout]    --> src/format/packet/side_data_type.rs:116:82
[INFO] [stdout]     |
[INFO] [stdout] 116 |             PacketSideDataType::DYNAMIC_HDR10_PLUS => ffi::AVPacketSideDataType::AV_PKT_DATA_DYNAMIC_HDR10_PLUS,
[INFO] [stdout]     |                                                                                  ^^^^^^^^^^^^^^^^^^^^^^^^^^^^^^ variant or associated item not found in `AVPacketSideDataType`
[INFO] [stdout] 
[INFO] [stdout] 
[INFO] [stdout] error[E0609]: no field `frame_num` on type `AVCodecContext`
[INFO] [stdout]   --> src/codec/context/decoder/audio.rs:25:35
[INFO] [stdout]    |
[INFO] [stdout] 25 |         unsafe { (*self.as_ptr()).frame_num }
[INFO] [stdout]    |                                   ^^^^^^^^^ unknown field
[INFO] [stdout]    |
[INFO] [stdout] help: a field with a similar name exists
[INFO] [stdout]    |
[INFO] [stdout] 25 |         unsafe { (*self.as_ptr()).frame_number }
[INFO] [stdout]    |                                   ~~~~~~~~~~~~
[INFO] [stdout] 
[INFO] [stdout] 
[INFO] [stdout] error[E0609]: no field `ch_layout` on type `AVCodecContext`
[INFO] [stdout]   --> src/codec/context/decoder/audio.rs:34:51
[INFO] [stdout]    |
[INFO] [stdout] 34 |             ChannelLayout::wrap(&(*self.as_ptr()).ch_layout as *const _ as *mut _)
[INFO] [stdout]    |                                                   ^^^^^^^^^ unknown field
[INFO] [stdout]    |
[INFO] [stdout]    = note: available fields are: `av_class`, `log_level_offset`, `codec_type`, `codec`, `codec_id` ... and 95 others
[INFO] [stdout] 
[INFO] [stdout] 
[INFO] [stdout] error[E0609]: no field `ch_layout` on type `AVCodecContext`
[INFO] [stdout]   --> src/codec/context/decoder/audio.rs:45:34
[INFO] [stdout]    |
[INFO] [stdout] 45 |             (*self.as_mut_ptr()).ch_layout = *(value.as_ptr());
[INFO] [stdout]    |                                  ^^^^^^^^^ unknown field
[INFO] [stdout]    |
[INFO] [stdout]    = note: available fields are: `av_class`, `log_level_offset`, `codec_type`, `codec`, `codec_id` ... and 95 others
[INFO] [stdout] 
[INFO] [stdout] 
[INFO] [stdout] error[E0609]: no field `ch_layouts` on type `AVCodec`
[INFO] [stdout]   --> src/codec/audio.rs:42:33
[INFO] [stdout]    |
[INFO] [stdout] 42 |             if (*self.as_ptr()).ch_layouts.is_null() {
[INFO] [stdout]    |                                 ^^^^^^^^^^ unknown field
[INFO] [stdout]    |
[INFO] [stdout]    = note: available fields are: `name`, `long_name`, `type_`, `id`, `capabilities` ... and 26 others
[INFO] [stdout] 
[INFO] [stdout] 
[INFO] [stdout] error[E0609]: no field `ch_layouts` on type `AVCodec`
[INFO] [stdout]   --> src/codec/audio.rs:45:62
[INFO] [stdout]    |
[INFO] [stdout] 45 |                 Some(ChannelLayoutIter::new((*self.as_ptr()).ch_layouts))
[INFO] [stdout]    |                                                              ^^^^^^^^^^ unknown field
[INFO] [stdout]    |
[INFO] [stdout]    = note: available fields are: `name`, `long_name`, `type_`, `id`, `capabilities` ... and 26 others
[INFO] [stdout] 
[INFO] [stdout] 
[INFO] [stdout] error[E0609]: no field `ch_layout` on type `AVFrame`
[INFO] [stdout]   --> src/util/frame/audio.rs:63:34
[INFO] [stdout]    |
[INFO] [stdout] 63 |             (*self.as_mut_ptr()).ch_layout = *value.as_ptr();
[INFO] [stdout]    |                                  ^^^^^^^^^ unknown field
[INFO] [stdout]    |
[INFO] [stdout]    = note: available fields are: `data`, `linesize`, `extended_data`, `width`, `height` ... and 49 others
[INFO] [stdout] 
[INFO] [stdout] 
[INFO] [stdout] error[E0609]: no field `ch_layout` on type `AVFrame`
[INFO] [stdout]   --> src/util/frame/audio.rs:81:78
[INFO] [stdout]    |
[INFO] [stdout] 81 |         unsafe { ChannelLayout::wrap(Box::into_raw(Box::new((*self.as_ptr()).ch_layout))) }
[INFO] [stdout]    |                                                                              ^^^^^^^^^ unknown field
[INFO] [stdout]    |
[INFO] [stdout]    = note: available fields are: `data`, `linesize`, `extended_data`, `width`, `height` ... and 49 others
[INFO] [stdout] 
[INFO] [stdout] 
[INFO] [stdout] error[E0308]: mismatched types
[INFO] [stdout]   --> src/util/frame/side_data.rs:42:58
[INFO] [stdout]    |
[INFO] [stdout] 42 |             slice::from_raw_parts((*self.as_ptr()).data, (*self.as_ptr()).size)
[INFO] [stdout]    |             ---------------------                        ^^^^^^^^^^^^^^^^^^^^^ expected `usize`, found `i32`
[INFO] [stdout]    |             |
[INFO] [stdout]    |             arguments to this function are incorrect
[INFO] [stdout]    |
[INFO] [stdout] note: function defined here
[INFO] [stdout]   --> /rustc/0e09125c6c3c2fd70d7de961bcf0e51575235fad/library/core/src/slice/raw.rs:94:21
[INFO] [stdout] help: you can convert an `i32` to a `usize` and panic if the converted value doesn't fit
[INFO] [stdout]    |
[INFO] [stdout] 42 |             slice::from_raw_parts((*self.as_ptr()).data, (*self.as_ptr()).size.try_into().unwrap())
[INFO] [stdout]    |                                                                               ++++++++++++++++++++
[INFO] [stdout] 
[INFO] [stdout] 
[INFO] [stdout] error[E0599]: no variant or associated item named `AV_FRAME_DATA_DETECTION_BBOXES` found for enum `AVFrameSideDataType` in the current scope
[INFO] [stdout]    --> src/util/frame/side_data.rs:110:39
[INFO] [stdout]     |
[INFO] [stdout] 110 |             ffi::AVFrameSideDataType::AV_FRAME_DATA_DETECTION_BBOXES => FrameSideDataType::DETECTION_BBOXES,
[INFO] [stdout]     |                                       ^^^^^^^^^^^^^^^^^^^^^^^^^^^^^^ variant or associated item not found in `AVFrameSideDataType`
[INFO] [stdout] 
[INFO] [stdout] 
[INFO] [stdout] error[E0599]: no variant or associated item named `AV_FRAME_DATA_DOVI_RPU_BUFFER` found for enum `AVFrameSideDataType` in the current scope
[INFO] [stdout]    --> src/util/frame/side_data.rs:111:39
[INFO] [stdout]     |
[INFO] [stdout] 111 |             ffi::AVFrameSideDataType::AV_FRAME_DATA_DOVI_RPU_BUFFER => FrameSideDataType::DOVI_RPU_BUFFER,
[INFO] [stdout]     |                                       ^^^^^^^^^^^^^^^^^^^^^^^^^^^^^ variant or associated item not found in `AVFrameSideDataType`
[INFO] [stdout] 
[INFO] [stdout] 
[INFO] [stdout] error[E0599]: no variant or associated item named `AV_FRAME_DATA_DOVI_METADATA` found for enum `AVFrameSideDataType` in the current scope
[INFO] [stdout]    --> src/util/frame/side_data.rs:112:39
[INFO] [stdout]     |
[INFO] [stdout] 112 |             ffi::AVFrameSideDataType::AV_FRAME_DATA_DOVI_METADATA => FrameSideDataType::DOVI_METADATA,
[INFO] [stdout]     |                                       ^^^^^^^^^^^^^^^^^^^^^^^^^^^
[INFO] [stdout]     |                                       |
[INFO] [stdout]     |                                       variant or associated item not found in `AVFrameSideDataType`
[INFO] [stdout]     |                                       help: there is a variant with a similar name: `AV_FRAME_DATA_QP_TABLE_DATA`
[INFO] [stdout] 
[INFO] [stdout] 
[INFO] [stdout] error[E0599]: no variant or associated item named `AV_FRAME_DATA_DYNAMIC_HDR_VIVID` found for enum `AVFrameSideDataType` in the current scope
[INFO] [stdout]    --> src/util/frame/side_data.rs:113:39
[INFO] [stdout]     |
[INFO] [stdout] 113 |             ffi::AVFrameSideDataType::AV_FRAME_DATA_DYNAMIC_HDR_VIVID => FrameSideDataType::DYNAMIC_HDR_VIVID,
[INFO] [stdout]     |                                       ^^^^^^^^^^^^^^^^^^^^^^^^^^^^^^^
[INFO] [stdout]     |                                       |
[INFO] [stdout]     |                                       variant or associated item not found in `AVFrameSideDataType`
[INFO] [stdout]     |                                       help: there is a variant with a similar name: `AV_FRAME_DATA_DYNAMIC_HDR_PLUS`
[INFO] [stdout] 
[INFO] [stdout] 
[INFO] [stdout] error[E0599]: no variant or associated item named `AV_FRAME_DATA_AMBIENT_VIEWING_ENVIRONMENT` found for enum `AVFrameSideDataType` in the current scope
[INFO] [stdout]    --> src/util/frame/side_data.rs:114:39
[INFO] [stdout]     |
[INFO] [stdout] 114 |             ffi::AVFrameSideDataType::AV_FRAME_DATA_AMBIENT_VIEWING_ENVIRONMENT => FrameSideDataType::AMBIENT_VIEWING_ENVIRONMENT
[INFO] [stdout]     |                                       ^^^^^^^^^^^^^^^^^^^^^^^^^^^^^^^^^^^^^^^^^ variant or associated item not found in `AVFrameSideDataType`
[INFO] [stdout] 
[INFO] [stdout] 
[INFO] [stdout] error[E0599]: no variant or associated item named `AV_FRAME_DATA_DETECTION_BBOXES` found for enum `AVFrameSideDataType` in the current scope
[INFO] [stdout]    --> src/util/frame/side_data.rs:144:78
[INFO] [stdout]     |
[INFO] [stdout] 144 |             FrameSideDataType::DETECTION_BBOXES => ffi::AVFrameSideDataType::AV_FRAME_DATA_DETECTION_BBOXES,
[INFO] [stdout]     |                                                                              ^^^^^^^^^^^^^^^^^^^^^^^^^^^^^^ variant or associated item not found in `AVFrameSideDataType`
[INFO] [stdout] 
[INFO] [stdout] 
[INFO] [stdout] error[E0599]: no variant or associated item named `AV_FRAME_DATA_DOVI_RPU_BUFFER` found for enum `AVFrameSideDataType` in the current scope
[INFO] [stdout]    --> src/util/frame/side_data.rs:145:77
[INFO] [stdout]     |
[INFO] [stdout] 145 |             FrameSideDataType::DOVI_RPU_BUFFER => ffi::AVFrameSideDataType::AV_FRAME_DATA_DOVI_RPU_BUFFER,
[INFO] [stdout]     |                                                                             ^^^^^^^^^^^^^^^^^^^^^^^^^^^^^ variant or associated item not found in `AVFrameSideDataType`
[INFO] [stdout] 
[INFO] [stdout] 
[INFO] [stdout] error[E0599]: no variant or associated item named `AV_FRAME_DATA_DOVI_METADATA` found for enum `AVFrameSideDataType` in the current scope
[INFO] [stdout]    --> src/util/frame/side_data.rs:146:75
[INFO] [stdout]     |
[INFO] [stdout] 146 |             FrameSideDataType::DOVI_METADATA => ffi::AVFrameSideDataType::AV_FRAME_DATA_DOVI_METADATA,
[INFO] [stdout]     |                                                                           ^^^^^^^^^^^^^^^^^^^^^^^^^^^
[INFO] [stdout]     |                                                                           |
[INFO] [stdout]     |                                                                           variant or associated item not found in `AVFrameSideDataType`
[INFO] [stdout]     |                                                                           help: there is a variant with a similar name: `AV_FRAME_DATA_QP_TABLE_DATA`
[INFO] [stdout] 
[INFO] [stdout] 
[INFO] [stdout] error[E0599]: no variant or associated item named `AV_FRAME_DATA_DYNAMIC_HDR_VIVID` found for enum `AVFrameSideDataType` in the current scope
[INFO] [stdout]    --> src/util/frame/side_data.rs:147:79
[INFO] [stdout]     |
[INFO] [stdout] 147 |             FrameSideDataType::DYNAMIC_HDR_VIVID => ffi::AVFrameSideDataType::AV_FRAME_DATA_DYNAMIC_HDR_VIVID,
[INFO] [stdout]     |                                                                               ^^^^^^^^^^^^^^^^^^^^^^^^^^^^^^^
[INFO] [stdout]     |                                                                               |
[INFO] [stdout]     |                                                                               variant or associated item not found in `AVFrameSideDataType`
[INFO] [stdout]     |                                                                               help: there is a variant with a similar name: `AV_FRAME_DATA_DYNAMIC_HDR_PLUS`
[INFO] [stdout] 
[INFO] [stdout] 
[INFO] [stdout] error[E0599]: no variant or associated item named `AV_FRAME_DATA_AMBIENT_VIEWING_ENVIRONMENT` found for enum `AVFrameSideDataType` in the current scope
[INFO] [stdout]    --> src/util/frame/side_data.rs:148:89
[INFO] [stdout]     |
[INFO] [stdout] 148 |             FrameSideDataType::AMBIENT_VIEWING_ENVIRONMENT => ffi::AVFrameSideDataType::AV_FRAME_DATA_AMBIENT_VIEWING_ENVIRONMENT,
[INFO] [stdout]     |                                                                                         ^^^^^^^^^^^^^^^^^^^^^^^^^^^^^^^^^^^^^^^^^ variant or associated item not found in `AVFrameSideDataType`
[INFO] [stdout] 
[INFO] [stdout] 
[INFO] [stdout] error[E0609]: no field `duration` on type `AVFrame`
[INFO] [stdout]   --> src/util/frame/mod.rs:50:30
[INFO] [stdout]    |
[INFO] [stdout] 50 |             (*self.as_ptr()).duration
[INFO] [stdout]    |                              ^^^^^^^^ unknown field
[INFO] [stdout]    |
[INFO] [stdout]    = note: available fields are: `data`, `linesize`, `extended_data`, `width`, `height` ... and 49 others
[INFO] [stdout] 
[INFO] [stdout] 
[INFO] [stdout] error: aborting due to 31 previous errors
[INFO] [stdout] 
[INFO] [stdout] 
[INFO] [stdout] Some errors have detailed explanations: E0308, E0412, E0425, E0599, E0609.
[INFO] [stdout] 
[INFO] [stdout] For more information about an error, try `rustc --explain E0308`.
[INFO] [stdout] 
[INFO] [stderr] error: could not compile `ffmpeg-di` (lib) due to 32 previous errors
[INFO] running `Command { std: "docker" "inspect" "c03701285de63dfc66638666fa7b2db231562320826002af6bb9a88812b2da5c", kill_on_drop: false }`
[INFO] running `Command { std: "docker" "rm" "-f" "c03701285de63dfc66638666fa7b2db231562320826002af6bb9a88812b2da5c", kill_on_drop: false }`
[INFO] [stdout] c03701285de63dfc66638666fa7b2db231562320826002af6bb9a88812b2da5c
