[INFO] fetching crate ff-cl-gen 0.3.0...
[INFO] testing ff-cl-gen-0.3.0 against 1.75.0 for beta-1.76-1
[INFO] extracting crate ff-cl-gen 0.3.0 into /workspace/builds/worker-5-tc1/source
[INFO] validating manifest of crates.io crate ff-cl-gen 0.3.0 on toolchain 1.75.0
[INFO] running `Command { std: CARGO_HOME="/workspace/cargo-home" RUSTUP_HOME="/workspace/rustup-home" "/workspace/cargo-home/bin/cargo" "+1.75.0" "metadata" "--manifest-path" "Cargo.toml" "--no-deps", kill_on_drop: false }`
[INFO] removed /workspace/builds/worker-5-tc1/source/rust-toolchain
[INFO] started tweaking crates.io crate ff-cl-gen 0.3.0
[INFO] finished tweaking crates.io crate ff-cl-gen 0.3.0
[INFO] tweaked toml for crates.io crate ff-cl-gen 0.3.0 written to /workspace/builds/worker-5-tc1/source/Cargo.toml
[INFO] running `Command { std: CARGO_HOME="/workspace/cargo-home" RUSTUP_HOME="/workspace/rustup-home" "/workspace/cargo-home/bin/cargo" "+1.75.0" "generate-lockfile" "--manifest-path" "Cargo.toml", kill_on_drop: false }`
[INFO] [stderr]     Updating crates.io index
[INFO] running `Command { std: CARGO_HOME="/workspace/cargo-home" RUSTUP_HOME="/workspace/rustup-home" "/workspace/cargo-home/bin/cargo" "+1.75.0" "fetch" "--manifest-path" "Cargo.toml", kill_on_drop: false }`
[INFO] [stderr]  Downloading crates ...
[INFO] [stderr]   Downloaded fff_derive v0.3.0
[INFO] [stderr]   Downloaded groupy v0.4.1
[INFO] [stderr]   Downloaded fff v0.3.1
[INFO] [stderr]   Downloaded fil-ocl-core v0.11.4
[INFO] [stderr]   Downloaded fil-ocl v0.19.6
[INFO] [stderr]   Downloaded paired v0.22.0
[INFO] running `Command { std: "docker" "create" "-v" "/var/lib/crater-agent-workspace/builds/worker-5-tc1/target:/opt/rustwide/target:rw,Z" "-v" "/var/lib/crater-agent-workspace/builds/worker-5-tc1/source:/opt/rustwide/workdir:ro,Z" "-v" "/var/lib/crater-agent-workspace/cargo-home:/opt/rustwide/cargo-home:ro,Z" "-v" "/var/lib/crater-agent-workspace/rustup-home:/opt/rustwide/rustup-home:ro,Z" "-e" "SOURCE_DIR=/opt/rustwide/workdir" "-e" "CARGO_TARGET_DIR=/opt/rustwide/target" "-e" "CARGO_HOME=/opt/rustwide/cargo-home" "-e" "RUSTUP_HOME=/opt/rustwide/rustup-home" "-w" "/opt/rustwide/workdir" "-m" "1610612736" "--user" "0:0" "--network" "none" "ghcr.io/rust-lang/crates-build-env/linux@sha256:2788e3201cd34a07e3172128adcd8b3090168a8e3bcc40d7c032b9dda1df7d1c" "/opt/rustwide/cargo-home/bin/cargo" "+1.75.0" "metadata" "--no-deps" "--format-version=1", kill_on_drop: false }`
[INFO] [stdout] c1ad9aef6cbfd6d3c6668afe5a28dba07026ac33533832ac10d2c4247d386f76
[INFO] running `Command { std: "docker" "start" "-a" "c1ad9aef6cbfd6d3c6668afe5a28dba07026ac33533832ac10d2c4247d386f76", kill_on_drop: false }`
[INFO] running `Command { std: "docker" "inspect" "c1ad9aef6cbfd6d3c6668afe5a28dba07026ac33533832ac10d2c4247d386f76", kill_on_drop: false }`
[INFO] running `Command { std: "docker" "rm" "-f" "c1ad9aef6cbfd6d3c6668afe5a28dba07026ac33533832ac10d2c4247d386f76", kill_on_drop: false }`
[INFO] [stdout] c1ad9aef6cbfd6d3c6668afe5a28dba07026ac33533832ac10d2c4247d386f76
[INFO] running `Command { std: "docker" "create" "-v" "/var/lib/crater-agent-workspace/builds/worker-5-tc1/target:/opt/rustwide/target:rw,Z" "-v" "/var/lib/crater-agent-workspace/builds/worker-5-tc1/source:/opt/rustwide/workdir:ro,Z" "-v" "/var/lib/crater-agent-workspace/cargo-home:/opt/rustwide/cargo-home:ro,Z" "-v" "/var/lib/crater-agent-workspace/rustup-home:/opt/rustwide/rustup-home:ro,Z" "-e" "SOURCE_DIR=/opt/rustwide/workdir" "-e" "CARGO_TARGET_DIR=/opt/rustwide/target" "-e" "CARGO_INCREMENTAL=0" "-e" "RUST_BACKTRACE=full" "-e" "RUSTFLAGS=--cap-lints=warn" "-e" "RUSTDOCFLAGS=--cap-lints=warn" "-e" "CARGO_HOME=/opt/rustwide/cargo-home" "-e" "RUSTUP_HOME=/opt/rustwide/rustup-home" "-w" "/opt/rustwide/workdir" "-m" "1610612736" "--user" "0:0" "--network" "none" "ghcr.io/rust-lang/crates-build-env/linux@sha256:2788e3201cd34a07e3172128adcd8b3090168a8e3bcc40d7c032b9dda1df7d1c" "/opt/rustwide/cargo-home/bin/cargo" "+1.75.0" "build" "--frozen" "--message-format=json", kill_on_drop: false }`
[INFO] [stdout] ddaeb8f003dc9b584358abcd3407799f90f444a545955afb473c230b3efab914
[INFO] running `Command { std: "docker" "start" "-a" "ddaeb8f003dc9b584358abcd3407799f90f444a545955afb473c230b3efab914", kill_on_drop: false }`
[INFO] [stderr]    Compiling proc-macro2 v1.0.75
[INFO] [stderr]    Compiling libc v0.2.151
[INFO] [stderr]    Compiling unicode-ident v1.0.12
[INFO] [stderr]    Compiling num-traits v0.2.17
[INFO] [stderr]    Compiling num-integer v0.1.45
[INFO] [stderr]    Compiling num-bigint v0.2.6
[INFO] [stderr]    Compiling getrandom v0.1.16
[INFO] [stderr]    Compiling syn v1.0.109
[INFO] [stderr]    Compiling serde v1.0.194
[INFO] [stderr]    Compiling either v1.9.0
[INFO] [stderr]    Compiling byteorder v1.5.0
[INFO] [stderr]    Compiling itertools v0.8.2
[INFO] [stderr]    Compiling quote v1.0.35
[INFO] [stderr]    Compiling syn v2.0.48
[INFO] [stderr]    Compiling cc v1.0.83
[INFO] [stderr]    Compiling rand_core v0.5.1
[INFO] [stderr]    Compiling fff v0.3.1
[INFO] [stderr]    Compiling serde_derive v1.0.194
[INFO] [stderr]    Compiling fff_derive v0.3.0
[INFO] [stderr]    Compiling ff-cl-gen v0.3.0 (/opt/rustwide/workdir)
[INFO] [stderr]     Finished dev [unoptimized + debuginfo] target(s) in 10.82s
[INFO] running `Command { std: "docker" "inspect" "ddaeb8f003dc9b584358abcd3407799f90f444a545955afb473c230b3efab914", kill_on_drop: false }`
[INFO] running `Command { std: "docker" "rm" "-f" "ddaeb8f003dc9b584358abcd3407799f90f444a545955afb473c230b3efab914", kill_on_drop: false }`
[INFO] [stdout] ddaeb8f003dc9b584358abcd3407799f90f444a545955afb473c230b3efab914
[INFO] running `Command { std: "docker" "create" "-v" "/var/lib/crater-agent-workspace/builds/worker-5-tc1/target:/opt/rustwide/target:rw,Z" "-v" "/var/lib/crater-agent-workspace/builds/worker-5-tc1/source:/opt/rustwide/workdir:ro,Z" "-v" "/var/lib/crater-agent-workspace/cargo-home:/opt/rustwide/cargo-home:ro,Z" "-v" "/var/lib/crater-agent-workspace/rustup-home:/opt/rustwide/rustup-home:ro,Z" "-e" "SOURCE_DIR=/opt/rustwide/workdir" "-e" "CARGO_TARGET_DIR=/opt/rustwide/target" "-e" "CARGO_INCREMENTAL=0" "-e" "RUST_BACKTRACE=full" "-e" "RUSTFLAGS=--cap-lints=warn" "-e" "RUSTDOCFLAGS=--cap-lints=warn" "-e" "CARGO_HOME=/opt/rustwide/cargo-home" "-e" "RUSTUP_HOME=/opt/rustwide/rustup-home" "-w" "/opt/rustwide/workdir" "-m" "1610612736" "--user" "0:0" "--network" "none" "ghcr.io/rust-lang/crates-build-env/linux@sha256:2788e3201cd34a07e3172128adcd8b3090168a8e3bcc40d7c032b9dda1df7d1c" "/opt/rustwide/cargo-home/bin/cargo" "+1.75.0" "test" "--frozen" "--no-run" "--message-format=json", kill_on_drop: false }`
[INFO] [stdout] df79a99f64ef8a3d43b13077778116a1a88d800240337ee5a171a06818b08575
[INFO] running `Command { std: "docker" "start" "-a" "df79a99f64ef8a3d43b13077778116a1a88d800240337ee5a171a06818b08575", kill_on_drop: false }`
[INFO] [stderr]    Compiling thiserror v1.0.56
[INFO] [stderr]    Compiling thiserror-impl v1.0.56
[INFO] [stderr]    Compiling memchr v2.7.1
[INFO] [stderr]    Compiling crossbeam-utils v0.8.18
[INFO] [stderr]    Compiling ucd-trie v0.1.6
[INFO] [stderr]    Compiling typenum v1.17.0
[INFO] [stderr]    Compiling backtrace v0.3.69
[INFO] [stderr]    Compiling failure_derive v0.1.8
[INFO] [stderr]    Compiling generic-array v0.14.7
[INFO] [stderr]    Compiling gimli v0.28.1
[INFO] [stderr]    Compiling unicode-xid v0.2.4
[INFO] [stderr]    Compiling miniz_oxide v0.7.1
[INFO] [stderr]    Compiling rustc-demangle v0.1.23
[INFO] [stderr]    Compiling subtle v2.4.1
[INFO] [stderr]    Compiling cl-sys v0.4.3
[INFO] [stderr]    Compiling ppv-lite86 v0.2.17
[INFO] [stderr]    Compiling synstructure v0.12.6
[INFO] [stderr]    Compiling num-traits v0.1.43
[INFO] [stderr]    Compiling rustc-serialize v0.3.25
[INFO] [stderr]    Compiling enum_primitive v0.1.1
[INFO] [stderr]    Compiling rand_xorshift v0.2.0
[INFO] [stderr]    Compiling ocl-core-vector v0.1.1
[INFO] [stderr]    Compiling futures v0.1.31
[INFO] [stderr]    Compiling arrayref v0.3.7
[INFO] [stderr]    Compiling rand_chacha v0.2.2
[INFO] [stderr]    Compiling bitflags v1.3.2
[INFO] [stderr]    Compiling constant_time_eq v0.1.5
[INFO] [stderr]    Compiling arrayvec v0.5.2
[INFO] [stderr]    Compiling nodrop v0.1.14
[INFO] [stderr]    Compiling object v0.32.2
[INFO] [stderr]    Compiling rand v0.7.3
[INFO] [stderr]    Compiling crossbeam-epoch v0.9.17
[INFO] [stderr]    Compiling crossbeam-queue v0.3.10
[INFO] [stderr]    Compiling crossbeam-channel v0.5.10
[INFO] [stderr]    Compiling blake2b_simd v0.5.11
[INFO] [stderr]    Compiling crossbeam-deque v0.8.4
[INFO] [stderr]    Compiling crossbeam v0.8.3
[INFO] [stderr]    Compiling pest v2.7.6
[INFO] [stderr]    Compiling groupy v0.4.1
[INFO] [stderr]    Compiling qutex v0.2.4
[INFO] [stderr]    Compiling crypto-mac v0.10.1
[INFO] [stderr]    Compiling digest v0.9.0
[INFO] [stderr]    Compiling hmac v0.10.1
[INFO] [stderr]    Compiling num-complex v0.1.43
[INFO] [stderr]    Compiling hkdf v0.10.0
[INFO] [stderr]    Compiling paired v0.22.0
[INFO] [stderr]    Compiling addr2line v0.21.0
[INFO] [stderr]    Compiling semver-parser v0.10.2
[INFO] [stderr]    Compiling semver v0.11.0
[INFO] [stderr]    Compiling rustc_version v0.3.3
[INFO] [stderr]    Compiling fil-ocl-core v0.11.4
[INFO] [stderr]    Compiling failure v0.1.8
[INFO] [stdout] error[E0614]: type `extern "system" fn(*const isize, u32, usize, *mut c_void, *mut usize) -> i32` cannot be dereferenced
[INFO] [stdout]     --> /opt/rustwide/cargo-home/registry/src/index.crates.io-6f17d22bba15001f/fil-ocl-core-0.11.4/src/functions.rs:1014:28
[INFO] [stdout]      |
[INFO] [stdout] 1014 |     let errcode = unsafe { (*cl_get_gl_context_info_khr_fn)(
[INFO] [stdout]      |                            ^^^^^^^^^^^^^^^^^^^^^^^^^^^^^^^^
[INFO] [stdout] 
[INFO] [stdout] 
[INFO] [stdout] error[E0614]: type `extern "system" fn(*const isize, u32, usize, *mut c_void, *mut usize) -> i32` cannot be dereferenced
[INFO] [stdout]     --> /opt/rustwide/cargo-home/registry/src/index.crates.io-6f17d22bba15001f/fil-ocl-core-0.11.4/src/functions.rs:1039:28
[INFO] [stdout]      |
[INFO] [stdout] 1039 |     let errcode = unsafe { (*cl_get_gl_context_info_khr_fn)(
[INFO] [stdout]      |                            ^^^^^^^^^^^^^^^^^^^^^^^^^^^^^^^^
[INFO] [stdout] 
[INFO] [stdout] 
[INFO] [stdout] error[E0605]: non-primitive cast: `*mut c_void` as `extern "system" fn(*const isize, u32, usize, *mut c_void, *mut usize) -> i32`
[INFO] [stdout]     --> /opt/rustwide/cargo-home/registry/src/index.crates.io-6f17d22bba15001f/fil-ocl-core-0.11.4/src/functions.rs:1008:9
[INFO] [stdout]      |
[INFO] [stdout] 1008 |         fn_ptr as ffi::clGetGLContextInfoKHR_fn
[INFO] [stdout]      |         ^^^^^^^^^^^^^^^^^^^^^^^^^^^^^^^^^^^^^^^ invalid cast
[INFO] [stdout] 
[INFO] [stdout] 
[INFO] [stdout] error: aborting due to 3 previous errors
[INFO] [stdout] 
[INFO] [stdout] 
[INFO] [stdout] Some errors have detailed explanations: E0605, E0614.
[INFO] [stdout] 
[INFO] [stdout] For more information about an error, try `rustc --explain E0605`.
[INFO] [stdout] 
[INFO] [stderr] error: could not compile `fil-ocl-core` (lib) due to 4 previous errors
[INFO] running `Command { std: "docker" "inspect" "df79a99f64ef8a3d43b13077778116a1a88d800240337ee5a171a06818b08575", kill_on_drop: false }`
[INFO] running `Command { std: "docker" "rm" "-f" "df79a99f64ef8a3d43b13077778116a1a88d800240337ee5a171a06818b08575", kill_on_drop: false }`
[INFO] [stdout] df79a99f64ef8a3d43b13077778116a1a88d800240337ee5a171a06818b08575
[INFO] testing ff-cl-gen-0.3.0 against beta-2023-12-22 for beta-1.76-1
[INFO] extracting crate ff-cl-gen 0.3.0 into /workspace/builds/worker-5-tc2/source
[INFO] validating manifest of crates.io crate ff-cl-gen 0.3.0 on toolchain beta-2023-12-22
[INFO] running `Command { std: CARGO_HOME="/workspace/cargo-home" RUSTUP_HOME="/workspace/rustup-home" "/workspace/cargo-home/bin/cargo" "+beta-2023-12-22" "metadata" "--manifest-path" "Cargo.toml" "--no-deps", kill_on_drop: false }`
[INFO] removed /workspace/builds/worker-5-tc2/source/rust-toolchain
[INFO] started tweaking crates.io crate ff-cl-gen 0.3.0
[INFO] finished tweaking crates.io crate ff-cl-gen 0.3.0
[INFO] tweaked toml for crates.io crate ff-cl-gen 0.3.0 written to /workspace/builds/worker-5-tc2/source/Cargo.toml
[INFO] running `Command { std: CARGO_HOME="/workspace/cargo-home" RUSTUP_HOME="/workspace/rustup-home" "/workspace/cargo-home/bin/cargo" "+beta-2023-12-22" "generate-lockfile" "--manifest-path" "Cargo.toml", kill_on_drop: false }`
[INFO] [stderr]     Updating crates.io index
[INFO] running `Command { std: CARGO_HOME="/workspace/cargo-home" RUSTUP_HOME="/workspace/rustup-home" "/workspace/cargo-home/bin/cargo" "+beta-2023-12-22" "fetch" "--manifest-path" "Cargo.toml", kill_on_drop: false }`
[INFO] running `Command { std: "docker" "create" "-v" "/var/lib/crater-agent-workspace/builds/worker-5-tc2/target:/opt/rustwide/target:rw,Z" "-v" "/var/lib/crater-agent-workspace/builds/worker-5-tc2/source:/opt/rustwide/workdir:ro,Z" "-v" "/var/lib/crater-agent-workspace/cargo-home:/opt/rustwide/cargo-home:ro,Z" "-v" "/var/lib/crater-agent-workspace/rustup-home:/opt/rustwide/rustup-home:ro,Z" "-e" "SOURCE_DIR=/opt/rustwide/workdir" "-e" "CARGO_TARGET_DIR=/opt/rustwide/target" "-e" "CARGO_HOME=/opt/rustwide/cargo-home" "-e" "RUSTUP_HOME=/opt/rustwide/rustup-home" "-w" "/opt/rustwide/workdir" "-m" "1610612736" "--user" "0:0" "--network" "none" "ghcr.io/rust-lang/crates-build-env/linux@sha256:2788e3201cd34a07e3172128adcd8b3090168a8e3bcc40d7c032b9dda1df7d1c" "/opt/rustwide/cargo-home/bin/cargo" "+beta-2023-12-22" "metadata" "--no-deps" "--format-version=1", kill_on_drop: false }`
[INFO] [stdout] d2b87cf61659f5fa519826d8d0686609cef87e7622274e19a13b30d48643b47d
[INFO] running `Command { std: "docker" "start" "-a" "d2b87cf61659f5fa519826d8d0686609cef87e7622274e19a13b30d48643b47d", kill_on_drop: false }`
[INFO] running `Command { std: "docker" "inspect" "d2b87cf61659f5fa519826d8d0686609cef87e7622274e19a13b30d48643b47d", kill_on_drop: false }`
[INFO] running `Command { std: "docker" "rm" "-f" "d2b87cf61659f5fa519826d8d0686609cef87e7622274e19a13b30d48643b47d", kill_on_drop: false }`
[INFO] [stdout] d2b87cf61659f5fa519826d8d0686609cef87e7622274e19a13b30d48643b47d
[INFO] running `Command { std: "docker" "create" "-v" "/var/lib/crater-agent-workspace/builds/worker-5-tc2/target:/opt/rustwide/target:rw,Z" "-v" "/var/lib/crater-agent-workspace/builds/worker-5-tc2/source:/opt/rustwide/workdir:ro,Z" "-v" "/var/lib/crater-agent-workspace/cargo-home:/opt/rustwide/cargo-home:ro,Z" "-v" "/var/lib/crater-agent-workspace/rustup-home:/opt/rustwide/rustup-home:ro,Z" "-e" "SOURCE_DIR=/opt/rustwide/workdir" "-e" "CARGO_TARGET_DIR=/opt/rustwide/target" "-e" "CARGO_INCREMENTAL=0" "-e" "RUST_BACKTRACE=full" "-e" "RUSTFLAGS=--cap-lints=warn" "-e" "RUSTDOCFLAGS=--cap-lints=warn" "-e" "CARGO_HOME=/opt/rustwide/cargo-home" "-e" "RUSTUP_HOME=/opt/rustwide/rustup-home" "-w" "/opt/rustwide/workdir" "-m" "1610612736" "--user" "0:0" "--network" "none" "ghcr.io/rust-lang/crates-build-env/linux@sha256:2788e3201cd34a07e3172128adcd8b3090168a8e3bcc40d7c032b9dda1df7d1c" "/opt/rustwide/cargo-home/bin/cargo" "+beta-2023-12-22" "build" "--frozen" "--message-format=json", kill_on_drop: false }`
[INFO] [stdout] 58c1ee4266b458938f22ce95e93d9dd5ddac78383463fceb820e7dcb23740d47
[INFO] running `Command { std: "docker" "start" "-a" "58c1ee4266b458938f22ce95e93d9dd5ddac78383463fceb820e7dcb23740d47", kill_on_drop: false }`
[INFO] [stderr]    Compiling proc-macro2 v1.0.75
[INFO] [stderr]    Compiling unicode-ident v1.0.12
[INFO] [stderr]    Compiling libc v0.2.151
[INFO] [stderr]    Compiling num-traits v0.2.17
[INFO] [stderr]    Compiling num-integer v0.1.45
[INFO] [stderr]    Compiling num-bigint v0.2.6
[INFO] [stderr]    Compiling syn v1.0.109
[INFO] [stderr]    Compiling getrandom v0.1.16
[INFO] [stderr]    Compiling serde v1.0.194
[INFO] [stderr]    Compiling byteorder v1.5.0
[INFO] [stderr]    Compiling either v1.9.0
[INFO] [stderr]    Compiling itertools v0.8.2
[INFO] [stderr]    Compiling quote v1.0.35
[INFO] [stderr]    Compiling cc v1.0.83
[INFO] [stderr]    Compiling syn v2.0.48
[INFO] [stderr]    Compiling rand_core v0.5.1
[INFO] [stderr]    Compiling fff v0.3.1
[INFO] [stderr]    Compiling serde_derive v1.0.194
[INFO] [stderr]    Compiling fff_derive v0.3.0
[INFO] [stderr]    Compiling ff-cl-gen v0.3.0 (/opt/rustwide/workdir)
[INFO] [stderr]     Finished dev [unoptimized + debuginfo] target(s) in 5.71s
[INFO] running `Command { std: "docker" "inspect" "58c1ee4266b458938f22ce95e93d9dd5ddac78383463fceb820e7dcb23740d47", kill_on_drop: false }`
[INFO] running `Command { std: "docker" "rm" "-f" "58c1ee4266b458938f22ce95e93d9dd5ddac78383463fceb820e7dcb23740d47", kill_on_drop: false }`
[INFO] [stdout] 58c1ee4266b458938f22ce95e93d9dd5ddac78383463fceb820e7dcb23740d47
[INFO] running `Command { std: "docker" "create" "-v" "/var/lib/crater-agent-workspace/builds/worker-5-tc2/target:/opt/rustwide/target:rw,Z" "-v" "/var/lib/crater-agent-workspace/builds/worker-5-tc2/source:/opt/rustwide/workdir:ro,Z" "-v" "/var/lib/crater-agent-workspace/cargo-home:/opt/rustwide/cargo-home:ro,Z" "-v" "/var/lib/crater-agent-workspace/rustup-home:/opt/rustwide/rustup-home:ro,Z" "-e" "SOURCE_DIR=/opt/rustwide/workdir" "-e" "CARGO_TARGET_DIR=/opt/rustwide/target" "-e" "CARGO_INCREMENTAL=0" "-e" "RUST_BACKTRACE=full" "-e" "RUSTFLAGS=--cap-lints=warn" "-e" "RUSTDOCFLAGS=--cap-lints=warn" "-e" "CARGO_HOME=/opt/rustwide/cargo-home" "-e" "RUSTUP_HOME=/opt/rustwide/rustup-home" "-w" "/opt/rustwide/workdir" "-m" "1610612736" "--user" "0:0" "--network" "none" "ghcr.io/rust-lang/crates-build-env/linux@sha256:2788e3201cd34a07e3172128adcd8b3090168a8e3bcc40d7c032b9dda1df7d1c" "/opt/rustwide/cargo-home/bin/cargo" "+beta-2023-12-22" "test" "--frozen" "--no-run" "--message-format=json", kill_on_drop: false }`
[INFO] [stdout] 7113771ca7fe853d95dee968cfb9b49f9e029ef30f5032e80cf254aa9fb7533c
[INFO] running `Command { std: "docker" "start" "-a" "7113771ca7fe853d95dee968cfb9b49f9e029ef30f5032e80cf254aa9fb7533c", kill_on_drop: false }`
[INFO] [stderr]    Compiling thiserror v1.0.56
[INFO] [stderr]    Compiling memchr v2.7.1
[INFO] [stderr]    Compiling crossbeam-utils v0.8.18
[INFO] [stderr]    Compiling ucd-trie v0.1.6
[INFO] [stderr]    Compiling typenum v1.17.0
[INFO] [stderr]    Compiling failure_derive v0.1.8
[INFO] [stderr]    Compiling unicode-xid v0.2.4
[INFO] [stderr]    Compiling generic-array v0.14.7
[INFO] [stderr]    Compiling thiserror-impl v1.0.56
[INFO] [stderr]    Compiling backtrace v0.3.69
[INFO] [stderr]    Compiling gimli v0.28.1
[INFO] [stderr]    Compiling miniz_oxide v0.7.1
[INFO] [stderr]    Compiling cl-sys v0.4.3
[INFO] [stderr]    Compiling subtle v2.4.1
[INFO] [stderr]    Compiling rustc-demangle v0.1.23
[INFO] [stderr]    Compiling ppv-lite86 v0.2.17
[INFO] [stderr]    Compiling synstructure v0.12.6
[INFO] [stderr]    Compiling num-traits v0.1.43
[INFO] [stderr]    Compiling rustc-serialize v0.3.25
[INFO] [stderr]    Compiling enum_primitive v0.1.1
[INFO] [stderr]    Compiling rand_xorshift v0.2.0
[INFO] [stderr]    Compiling ocl-core-vector v0.1.1
[INFO] [stderr]    Compiling constant_time_eq v0.1.5
[INFO] [stderr]    Compiling futures v0.1.31
[INFO] [stderr]    Compiling bitflags v1.3.2
[INFO] [stderr]    Compiling arrayref v0.3.7
[INFO] [stderr]    Compiling rand_chacha v0.2.2
[INFO] [stderr]    Compiling arrayvec v0.5.2
[INFO] [stderr]    Compiling nodrop v0.1.14
[INFO] [stderr]    Compiling object v0.32.2
[INFO] [stderr]    Compiling rand v0.7.3
[INFO] [stderr]    Compiling blake2b_simd v0.5.11
[INFO] [stderr]    Compiling crossbeam-epoch v0.9.17
[INFO] [stderr]    Compiling crossbeam-channel v0.5.10
[INFO] [stderr]    Compiling crossbeam-queue v0.3.10
[INFO] [stderr]    Compiling crossbeam-deque v0.8.4
[INFO] [stderr]    Compiling crossbeam v0.8.3
[INFO] [stderr]    Compiling pest v2.7.6
[INFO] [stderr]    Compiling groupy v0.4.1
[INFO] [stderr]    Compiling qutex v0.2.4
[INFO] [stderr]    Compiling digest v0.9.0
[INFO] [stderr]    Compiling crypto-mac v0.10.1
[INFO] [stderr]    Compiling num-complex v0.1.43
[INFO] [stderr]    Compiling hmac v0.10.1
[INFO] [stderr]    Compiling hkdf v0.10.0
[INFO] [stderr]    Compiling paired v0.22.0
[INFO] [stderr]    Compiling addr2line v0.21.0
[INFO] [stderr]    Compiling semver-parser v0.10.2
[INFO] [stderr]    Compiling semver v0.11.0
[INFO] [stderr]    Compiling rustc_version v0.3.3
[INFO] [stderr]    Compiling fil-ocl-core v0.11.4
[INFO] [stderr]    Compiling failure v0.1.8
[INFO] [stdout] error[E0614]: type `extern "system" fn(*const isize, u32, usize, *mut c_void, *mut usize) -> i32` cannot be dereferenced
[INFO] [stdout]     --> /opt/rustwide/cargo-home/registry/src/index.crates.io-6f17d22bba15001f/fil-ocl-core-0.11.4/src/functions.rs:1014:28
[INFO] [stdout]      |
[INFO] [stdout] 1014 |     let errcode = unsafe { (*cl_get_gl_context_info_khr_fn)(
[INFO] [stdout]      |                            ^^^^^^^^^^^^^^^^^^^^^^^^^^^^^^^^
[INFO] [stdout] 
[INFO] [stdout] 
[INFO] [stdout] error[E0614]: type `extern "system" fn(*const isize, u32, usize, *mut c_void, *mut usize) -> i32` cannot be dereferenced
[INFO] [stdout]     --> /opt/rustwide/cargo-home/registry/src/index.crates.io-6f17d22bba15001f/fil-ocl-core-0.11.4/src/functions.rs:1039:28
[INFO] [stdout]      |
[INFO] [stdout] 1039 |     let errcode = unsafe { (*cl_get_gl_context_info_khr_fn)(
[INFO] [stdout]      |                            ^^^^^^^^^^^^^^^^^^^^^^^^^^^^^^^^
[INFO] [stdout] 
[INFO] [stdout] 
[INFO] [stdout] error[E0605]: non-primitive cast: `*mut c_void` as `extern "system" fn(*const isize, u32, usize, *mut c_void, *mut usize) -> i32`
[INFO] [stdout]     --> /opt/rustwide/cargo-home/registry/src/index.crates.io-6f17d22bba15001f/fil-ocl-core-0.11.4/src/functions.rs:1008:9
[INFO] [stdout]      |
[INFO] [stdout] 1008 |         fn_ptr as ffi::clGetGLContextInfoKHR_fn
[INFO] [stdout]      |         ^^^^^^^^^^^^^^^^^^^^^^^^^^^^^^^^^^^^^^^ invalid cast
[INFO] [stdout] 
[INFO] [stdout] 
[INFO] [stdout] error: aborting due to 3 previous errors
[INFO] [stdout] 
[INFO] [stdout] 
[INFO] [stdout] Some errors have detailed explanations: E0605, E0614.
[INFO] [stdout] 
[INFO] [stdout] For more information about an error, try `rustc --explain E0605`.
[INFO] [stdout] 
[INFO] [stderr] error: could not compile `fil-ocl-core` (lib) due to 4 previous errors
[INFO] running `Command { std: "docker" "inspect" "7113771ca7fe853d95dee968cfb9b49f9e029ef30f5032e80cf254aa9fb7533c", kill_on_drop: false }`
[INFO] running `Command { std: "docker" "rm" "-f" "7113771ca7fe853d95dee968cfb9b49f9e029ef30f5032e80cf254aa9fb7533c", kill_on_drop: false }`
[INFO] [stdout] 7113771ca7fe853d95dee968cfb9b49f9e029ef30f5032e80cf254aa9fb7533c
