[INFO] fetching crate fervid_parser 0.1.0...
[INFO] testing fervid_parser-0.1.0 against 1.75.0 for beta-1.76-1
[INFO] extracting crate fervid_parser 0.1.0 into /workspace/builds/worker-7-tc1/source
[INFO] validating manifest of crates.io crate fervid_parser 0.1.0 on toolchain 1.75.0
[INFO] running `Command { std: CARGO_HOME="/workspace/cargo-home" RUSTUP_HOME="/workspace/rustup-home" "/workspace/cargo-home/bin/cargo" "+1.75.0" "metadata" "--manifest-path" "Cargo.toml" "--no-deps", kill_on_drop: false }`
[INFO] started tweaking crates.io crate fervid_parser 0.1.0
[INFO] finished tweaking crates.io crate fervid_parser 0.1.0
[INFO] tweaked toml for crates.io crate fervid_parser 0.1.0 written to /workspace/builds/worker-7-tc1/source/Cargo.toml
[INFO] running `Command { std: CARGO_HOME="/workspace/cargo-home" RUSTUP_HOME="/workspace/rustup-home" "/workspace/cargo-home/bin/cargo" "+1.75.0" "generate-lockfile" "--manifest-path" "Cargo.toml", kill_on_drop: false }`
[INFO] [stderr]     Updating crates.io index
[INFO] running `Command { std: CARGO_HOME="/workspace/cargo-home" RUSTUP_HOME="/workspace/rustup-home" "/workspace/cargo-home/bin/cargo" "+1.75.0" "fetch" "--manifest-path" "Cargo.toml", kill_on_drop: false }`
[INFO] [stderr]  Downloading crates ...
[INFO] [stderr]   Downloaded swc_html_utils v0.18.12
[INFO] [stderr]   Downloaded is-macro v0.3.4
[INFO] [stderr]   Downloaded swc_ecma_ast v0.110.17
[INFO] [stderr]   Downloaded swc_html_ast v0.33.12
[INFO] [stderr]   Downloaded swc_core v0.86.104
[INFO] [stderr]   Downloaded swc_atoms v0.6.5
[INFO] [stderr]   Downloaded swc_ecma_visit v0.96.17
[INFO] [stderr]   Downloaded vergen v8.2.6
[INFO] [stderr]   Downloaded swc_html_parser v0.39.17
[INFO] [stderr]   Downloaded swc_ecma_parser v0.141.37
[INFO] [stderr]   Downloaded swc_common v0.33.12
[INFO] [stderr]   Downloaded fervid_core v0.1.1
[INFO] [stderr]   Downloaded string_enum v0.4.2
[INFO] [stderr]   Downloaded swc_ecma_utils v0.124.39
[INFO] [stderr]   Downloaded swc_ecma_transforms_base v0.134.58
[INFO] [stderr]   Downloaded hstr v0.2.6
[INFO] running `Command { std: "docker" "create" "-v" "/var/lib/crater-agent-workspace/builds/worker-7-tc1/target:/opt/rustwide/target:rw,Z" "-v" "/var/lib/crater-agent-workspace/builds/worker-7-tc1/source:/opt/rustwide/workdir:ro,Z" "-v" "/var/lib/crater-agent-workspace/cargo-home:/opt/rustwide/cargo-home:ro,Z" "-v" "/var/lib/crater-agent-workspace/rustup-home:/opt/rustwide/rustup-home:ro,Z" "-e" "SOURCE_DIR=/opt/rustwide/workdir" "-e" "CARGO_TARGET_DIR=/opt/rustwide/target" "-e" "CARGO_HOME=/opt/rustwide/cargo-home" "-e" "RUSTUP_HOME=/opt/rustwide/rustup-home" "-w" "/opt/rustwide/workdir" "-m" "1610612736" "--user" "0:0" "--network" "none" "ghcr.io/rust-lang/crates-build-env/linux@sha256:2788e3201cd34a07e3172128adcd8b3090168a8e3bcc40d7c032b9dda1df7d1c" "/opt/rustwide/cargo-home/bin/cargo" "+1.75.0" "metadata" "--no-deps" "--format-version=1", kill_on_drop: false }`
[INFO] [stdout] 31eff0b00aae493bec04102b36f8c425afc2099c86a58f0322c493cf843ad619
[INFO] running `Command { std: "docker" "start" "-a" "31eff0b00aae493bec04102b36f8c425afc2099c86a58f0322c493cf843ad619", kill_on_drop: false }`
[INFO] running `Command { std: "docker" "inspect" "31eff0b00aae493bec04102b36f8c425afc2099c86a58f0322c493cf843ad619", kill_on_drop: false }`
[INFO] running `Command { std: "docker" "rm" "-f" "31eff0b00aae493bec04102b36f8c425afc2099c86a58f0322c493cf843ad619", kill_on_drop: false }`
[INFO] [stdout] 31eff0b00aae493bec04102b36f8c425afc2099c86a58f0322c493cf843ad619
[INFO] running `Command { std: "docker" "create" "-v" "/var/lib/crater-agent-workspace/builds/worker-7-tc1/target:/opt/rustwide/target:rw,Z" "-v" "/var/lib/crater-agent-workspace/builds/worker-7-tc1/source:/opt/rustwide/workdir:ro,Z" "-v" "/var/lib/crater-agent-workspace/cargo-home:/opt/rustwide/cargo-home:ro,Z" "-v" "/var/lib/crater-agent-workspace/rustup-home:/opt/rustwide/rustup-home:ro,Z" "-e" "SOURCE_DIR=/opt/rustwide/workdir" "-e" "CARGO_TARGET_DIR=/opt/rustwide/target" "-e" "CARGO_INCREMENTAL=0" "-e" "RUST_BACKTRACE=full" "-e" "RUSTFLAGS=--cap-lints=warn" "-e" "RUSTDOCFLAGS=--cap-lints=warn" "-e" "CARGO_HOME=/opt/rustwide/cargo-home" "-e" "RUSTUP_HOME=/opt/rustwide/rustup-home" "-w" "/opt/rustwide/workdir" "-m" "1610612736" "--user" "0:0" "--network" "none" "ghcr.io/rust-lang/crates-build-env/linux@sha256:2788e3201cd34a07e3172128adcd8b3090168a8e3bcc40d7c032b9dda1df7d1c" "/opt/rustwide/cargo-home/bin/cargo" "+1.75.0" "build" "--frozen" "--message-format=json", kill_on_drop: false }`
[INFO] [stdout] 9b38d9667d03af9e5e2dc3b964241666ef23526f50babd5a8c6bf18cfe73f21e
[INFO] running `Command { std: "docker" "start" "-a" "9b38d9667d03af9e5e2dc3b964241666ef23526f50babd5a8c6bf18cfe73f21e", kill_on_drop: false }`
[INFO] [stderr]    Compiling memchr v2.7.1
[INFO] [stderr]    Compiling siphasher v0.3.11
[INFO] [stderr]    Compiling regex-syntax v0.8.2
[INFO] [stderr]    Compiling rand_core v0.6.4
[INFO] [stderr]    Compiling lazy_static v1.4.0
[INFO] [stderr]    Compiling num-bigint v0.4.4
[INFO] [stderr]    Compiling new_debug_unreachable v1.0.4
[INFO] [stderr]    Compiling tracing-core v0.1.32
[INFO] [stderr]    Compiling either v1.9.0
[INFO] [stderr]    Compiling syn v2.0.48
[INFO] [stderr]    Compiling better_scoped_tls v0.1.1
[INFO] [stderr]    Compiling psm v0.1.21
[INFO] [stderr]    Compiling unicode-id v0.3.4
[INFO] [stderr]    Compiling anyhow v1.0.79
[INFO] [stderr]    Compiling smartstring v1.0.1
[INFO] [stderr]    Compiling vergen v8.2.6
[INFO] [stderr]    Compiling stacker v0.1.15
[INFO] [stderr]    Compiling rand v0.8.5
[INFO] [stderr]    Compiling phf_shared v0.11.2
[INFO] [stderr]    Compiling typed-arena v2.0.2
[INFO] [stderr]    Compiling flagset v0.4.4
[INFO] [stderr]    Compiling aho-corasick v1.1.2
[INFO] [stderr]    Compiling swc_core v0.86.104
[INFO] [stderr]    Compiling phf_generator v0.11.2
[INFO] [stderr]    Compiling regex-automata v0.4.3
[INFO] [stderr]    Compiling swc_macros_common v0.3.9
[INFO] [stderr]    Compiling pmutil v0.6.1
[INFO] [stderr]    Compiling regex v1.10.2
[INFO] [stderr]    Compiling Inflector v0.11.4
[INFO] [stderr]    Compiling serde_derive v1.0.194
[INFO] [stderr]    Compiling phf_macros v0.11.2
[INFO] [stderr]    Compiling swc_visit_macros v0.5.9
[INFO] [stderr]    Compiling tracing-attributes v0.1.27
[INFO] [stderr]    Compiling from_variant v0.1.7
[INFO] [stderr]    Compiling ast_node v0.9.6
[INFO] [stderr]    Compiling swc_eq_ignore_macros v0.1.3
[INFO] [stderr]    Compiling string_enum v0.4.2
[INFO] [stderr]    Compiling is-macro v0.3.4
[INFO] [stderr]    Compiling phf v0.11.2
[INFO] [stderr]    Compiling tracing v0.1.40
[INFO] [stderr]    Compiling hstr v0.2.6
[INFO] [stderr]    Compiling serde v1.0.194
[INFO] [stderr]    Compiling swc_visit v0.5.8
[INFO] [stderr]    Compiling swc_atoms v0.6.5
[INFO] [stderr]    Compiling serde_json v1.0.111
[INFO] [stderr]    Compiling swc_common v0.33.12
[INFO] [stderr]    Compiling swc_ecma_ast v0.110.17
[INFO] [stderr]    Compiling swc_html_ast v0.33.12
[INFO] [stderr]    Compiling swc_html_utils v0.18.12
[INFO] [stderr]    Compiling swc_html_parser v0.39.17
[INFO] [stderr]    Compiling swc_ecma_visit v0.96.17
[INFO] [stderr]    Compiling swc_ecma_parser v0.141.37
[INFO] [stderr]    Compiling swc_ecma_utils v0.124.39
[INFO] [stderr]    Compiling swc_ecma_transforms_base v0.134.58
[INFO] [stderr]    Compiling fervid_core v0.1.1
[INFO] [stderr]    Compiling fervid_parser v0.1.0 (/opt/rustwide/workdir)
[INFO] [stdout] error[E0063]: missing field `span` in initializer of `SfcStyleBlock`
[INFO] [stdout]    --> src/sfc.rs:105:44
[INFO] [stdout]     |
[INFO] [stdout] 105 |                 sfc_descriptor.styles.push(SfcStyleBlock {
[INFO] [stdout]     |                                            ^^^^^^^^^^^^^ missing `span`
[INFO] [stdout] 
[INFO] [stdout] 
[INFO] [stdout] error[E0063]: missing field `allow_self_closing` in initializer of `ParserConfig`
[INFO] [stdout]    --> src/sfc.rs:150:29
[INFO] [stdout]     |
[INFO] [stdout] 150 |         let parser_config = ParserConfig {
[INFO] [stdout]     |                             ^^^^^^^^^^^^ missing `allow_self_closing`
[INFO] [stdout] 
[INFO] [stdout] 
[INFO] [stdout] error: aborting due to 2 previous errors
[INFO] [stdout] 
[INFO] [stdout] 
[INFO] [stdout] For more information about this error, try `rustc --explain E0063`.
[INFO] [stdout] 
[INFO] [stderr] error: could not compile `fervid_parser` (lib) due to 3 previous errors
[INFO] [stderr] warning: build failed, waiting for other jobs to finish...
[INFO] running `Command { std: "docker" "inspect" "9b38d9667d03af9e5e2dc3b964241666ef23526f50babd5a8c6bf18cfe73f21e", kill_on_drop: false }`
[INFO] running `Command { std: "docker" "rm" "-f" "9b38d9667d03af9e5e2dc3b964241666ef23526f50babd5a8c6bf18cfe73f21e", kill_on_drop: false }`
[INFO] [stdout] 9b38d9667d03af9e5e2dc3b964241666ef23526f50babd5a8c6bf18cfe73f21e
[INFO] testing fervid_parser-0.1.0 against beta-2023-12-22 for beta-1.76-1
[INFO] extracting crate fervid_parser 0.1.0 into /workspace/builds/worker-7-tc2/source
[INFO] validating manifest of crates.io crate fervid_parser 0.1.0 on toolchain beta-2023-12-22
[INFO] running `Command { std: CARGO_HOME="/workspace/cargo-home" RUSTUP_HOME="/workspace/rustup-home" "/workspace/cargo-home/bin/cargo" "+beta-2023-12-22" "metadata" "--manifest-path" "Cargo.toml" "--no-deps", kill_on_drop: false }`
[INFO] started tweaking crates.io crate fervid_parser 0.1.0
[INFO] finished tweaking crates.io crate fervid_parser 0.1.0
[INFO] tweaked toml for crates.io crate fervid_parser 0.1.0 written to /workspace/builds/worker-7-tc2/source/Cargo.toml
[INFO] running `Command { std: CARGO_HOME="/workspace/cargo-home" RUSTUP_HOME="/workspace/rustup-home" "/workspace/cargo-home/bin/cargo" "+beta-2023-12-22" "generate-lockfile" "--manifest-path" "Cargo.toml", kill_on_drop: false }`
[INFO] [stderr]     Updating crates.io index
[INFO] running `Command { std: CARGO_HOME="/workspace/cargo-home" RUSTUP_HOME="/workspace/rustup-home" "/workspace/cargo-home/bin/cargo" "+beta-2023-12-22" "fetch" "--manifest-path" "Cargo.toml", kill_on_drop: false }`
[INFO] running `Command { std: "docker" "create" "-v" "/var/lib/crater-agent-workspace/builds/worker-7-tc2/target:/opt/rustwide/target:rw,Z" "-v" "/var/lib/crater-agent-workspace/builds/worker-7-tc2/source:/opt/rustwide/workdir:ro,Z" "-v" "/var/lib/crater-agent-workspace/cargo-home:/opt/rustwide/cargo-home:ro,Z" "-v" "/var/lib/crater-agent-workspace/rustup-home:/opt/rustwide/rustup-home:ro,Z" "-e" "SOURCE_DIR=/opt/rustwide/workdir" "-e" "CARGO_TARGET_DIR=/opt/rustwide/target" "-e" "CARGO_HOME=/opt/rustwide/cargo-home" "-e" "RUSTUP_HOME=/opt/rustwide/rustup-home" "-w" "/opt/rustwide/workdir" "-m" "1610612736" "--user" "0:0" "--network" "none" "ghcr.io/rust-lang/crates-build-env/linux@sha256:2788e3201cd34a07e3172128adcd8b3090168a8e3bcc40d7c032b9dda1df7d1c" "/opt/rustwide/cargo-home/bin/cargo" "+beta-2023-12-22" "metadata" "--no-deps" "--format-version=1", kill_on_drop: false }`
[INFO] [stdout] 845eaa2d40dbeaf40df2cba882daa7af9c159f19278dfc13ba56bf90c996aeeb
[INFO] running `Command { std: "docker" "start" "-a" "845eaa2d40dbeaf40df2cba882daa7af9c159f19278dfc13ba56bf90c996aeeb", kill_on_drop: false }`
[INFO] running `Command { std: "docker" "inspect" "845eaa2d40dbeaf40df2cba882daa7af9c159f19278dfc13ba56bf90c996aeeb", kill_on_drop: false }`
[INFO] running `Command { std: "docker" "rm" "-f" "845eaa2d40dbeaf40df2cba882daa7af9c159f19278dfc13ba56bf90c996aeeb", kill_on_drop: false }`
[INFO] [stdout] 845eaa2d40dbeaf40df2cba882daa7af9c159f19278dfc13ba56bf90c996aeeb
[INFO] running `Command { std: "docker" "create" "-v" "/var/lib/crater-agent-workspace/builds/worker-7-tc2/target:/opt/rustwide/target:rw,Z" "-v" "/var/lib/crater-agent-workspace/builds/worker-7-tc2/source:/opt/rustwide/workdir:ro,Z" "-v" "/var/lib/crater-agent-workspace/cargo-home:/opt/rustwide/cargo-home:ro,Z" "-v" "/var/lib/crater-agent-workspace/rustup-home:/opt/rustwide/rustup-home:ro,Z" "-e" "SOURCE_DIR=/opt/rustwide/workdir" "-e" "CARGO_TARGET_DIR=/opt/rustwide/target" "-e" "CARGO_INCREMENTAL=0" "-e" "RUST_BACKTRACE=full" "-e" "RUSTFLAGS=--cap-lints=warn" "-e" "RUSTDOCFLAGS=--cap-lints=warn" "-e" "CARGO_HOME=/opt/rustwide/cargo-home" "-e" "RUSTUP_HOME=/opt/rustwide/rustup-home" "-w" "/opt/rustwide/workdir" "-m" "1610612736" "--user" "0:0" "--network" "none" "ghcr.io/rust-lang/crates-build-env/linux@sha256:2788e3201cd34a07e3172128adcd8b3090168a8e3bcc40d7c032b9dda1df7d1c" "/opt/rustwide/cargo-home/bin/cargo" "+beta-2023-12-22" "build" "--frozen" "--message-format=json", kill_on_drop: false }`
[INFO] [stdout] 5da1b5e3671a31a4a5a1aec6c8b5e9e9d1dfecd94da008a7342ba896c56589d8
[INFO] running `Command { std: "docker" "start" "-a" "5da1b5e3671a31a4a5a1aec6c8b5e9e9d1dfecd94da008a7342ba896c56589d8", kill_on_drop: false }`
[INFO] [stderr]    Compiling memchr v2.7.1
[INFO] [stderr]    Compiling siphasher v0.3.11
[INFO] [stderr]    Compiling rand_core v0.6.4
[INFO] [stderr]    Compiling regex-syntax v0.8.2
[INFO] [stderr]    Compiling lazy_static v1.4.0
[INFO] [stderr]    Compiling new_debug_unreachable v1.0.4
[INFO] [stderr]    Compiling num-bigint v0.4.4
[INFO] [stderr]    Compiling tracing-core v0.1.32
[INFO] [stderr]    Compiling either v1.9.0
[INFO] [stderr]    Compiling syn v2.0.48
[INFO] [stderr]    Compiling better_scoped_tls v0.1.1
[INFO] [stderr]    Compiling psm v0.1.21
[INFO] [stderr]    Compiling unicode-id v0.3.4
[INFO] [stderr]    Compiling smartstring v1.0.1
[INFO] [stderr]    Compiling vergen v8.2.6
[INFO] [stderr]    Compiling anyhow v1.0.79
[INFO] [stderr]    Compiling stacker v0.1.15
[INFO] [stderr]    Compiling rand v0.8.5
[INFO] [stderr]    Compiling typed-arena v2.0.2
[INFO] [stderr]    Compiling phf_shared v0.11.2
[INFO] [stderr]    Compiling flagset v0.4.4
[INFO] [stderr]    Compiling aho-corasick v1.1.2
[INFO] [stderr]    Compiling phf_generator v0.11.2
[INFO] [stderr]    Compiling swc_core v0.86.104
[INFO] [stderr]    Compiling regex-automata v0.4.3
[INFO] [stderr]    Compiling regex v1.10.2
[INFO] [stderr]    Compiling swc_macros_common v0.3.9
[INFO] [stderr]    Compiling pmutil v0.6.1
[INFO] [stderr]    Compiling Inflector v0.11.4
[INFO] [stderr]    Compiling serde_derive v1.0.194
[INFO] [stderr]    Compiling phf_macros v0.11.2
[INFO] [stderr]    Compiling swc_visit_macros v0.5.9
[INFO] [stderr]    Compiling tracing-attributes v0.1.27
[INFO] [stderr]    Compiling swc_eq_ignore_macros v0.1.3
[INFO] [stderr]    Compiling from_variant v0.1.7
[INFO] [stderr]    Compiling ast_node v0.9.6
[INFO] [stderr]    Compiling string_enum v0.4.2
[INFO] [stderr]    Compiling is-macro v0.3.4
[INFO] [stderr]    Compiling phf v0.11.2
[INFO] [stderr]    Compiling hstr v0.2.6
[INFO] [stderr]    Compiling tracing v0.1.40
[INFO] [stderr]    Compiling serde v1.0.194
[INFO] [stderr]    Compiling swc_visit v0.5.8
[INFO] [stderr]    Compiling swc_atoms v0.6.5
[INFO] [stderr]    Compiling serde_json v1.0.111
[INFO] [stderr]    Compiling swc_common v0.33.12
[INFO] [stderr]    Compiling swc_ecma_ast v0.110.17
[INFO] [stderr]    Compiling swc_html_utils v0.18.12
[INFO] [stderr]    Compiling swc_html_ast v0.33.12
[INFO] [stderr]    Compiling swc_html_parser v0.39.17
[INFO] [stderr]    Compiling swc_ecma_visit v0.96.17
[INFO] [stderr]    Compiling swc_ecma_parser v0.141.37
[INFO] [stderr]    Compiling swc_ecma_utils v0.124.39
[INFO] [stderr]    Compiling swc_ecma_transforms_base v0.134.58
[INFO] [stderr]    Compiling fervid_core v0.1.1
[INFO] [stderr]    Compiling fervid_parser v0.1.0 (/opt/rustwide/workdir)
[INFO] [stdout] error[E0063]: missing field `span` in initializer of `SfcStyleBlock`
[INFO] [stdout]    --> src/sfc.rs:105:44
[INFO] [stdout]     |
[INFO] [stdout] 105 |                 sfc_descriptor.styles.push(SfcStyleBlock {
[INFO] [stdout]     |                                            ^^^^^^^^^^^^^ missing `span`
[INFO] [stdout] 
[INFO] [stdout] 
[INFO] [stdout] error[E0063]: missing field `allow_self_closing` in initializer of `ParserConfig`
[INFO] [stdout]    --> src/sfc.rs:150:29
[INFO] [stdout]     |
[INFO] [stdout] 150 |         let parser_config = ParserConfig {
[INFO] [stdout]     |                             ^^^^^^^^^^^^ missing `allow_self_closing`
[INFO] [stdout] 
[INFO] [stdout] 
[INFO] [stdout] error: aborting due to 2 previous errors
[INFO] [stdout] 
[INFO] [stdout] 
[INFO] [stdout] For more information about this error, try `rustc --explain E0063`.
[INFO] [stdout] 
[INFO] [stderr] error: could not compile `fervid_parser` (lib) due to 3 previous errors
[INFO] [stderr] warning: build failed, waiting for other jobs to finish...
[INFO] running `Command { std: "docker" "inspect" "5da1b5e3671a31a4a5a1aec6c8b5e9e9d1dfecd94da008a7342ba896c56589d8", kill_on_drop: false }`
[INFO] running `Command { std: "docker" "rm" "-f" "5da1b5e3671a31a4a5a1aec6c8b5e9e9d1dfecd94da008a7342ba896c56589d8", kill_on_drop: false }`
[INFO] [stdout] 5da1b5e3671a31a4a5a1aec6c8b5e9e9d1dfecd94da008a7342ba896c56589d8
