[INFO] fetching crate fervid_napi 0.1.0...
[INFO] testing fervid_napi-0.1.0 against 1.75.0 for beta-1.76-1
[INFO] extracting crate fervid_napi 0.1.0 into /workspace/builds/worker-4-tc1/source
[INFO] validating manifest of crates.io crate fervid_napi 0.1.0 on toolchain 1.75.0
[INFO] running `Command { std: CARGO_HOME="/workspace/cargo-home" RUSTUP_HOME="/workspace/rustup-home" "/workspace/cargo-home/bin/cargo" "+1.75.0" "metadata" "--manifest-path" "Cargo.toml" "--no-deps", kill_on_drop: false }`
[INFO] removed /workspace/builds/worker-4-tc1/source/.cargo/config.toml
[INFO] started tweaking crates.io crate fervid_napi 0.1.0
[INFO] finished tweaking crates.io crate fervid_napi 0.1.0
[INFO] tweaked toml for crates.io crate fervid_napi 0.1.0 written to /workspace/builds/worker-4-tc1/source/Cargo.toml
[INFO] running `Command { std: CARGO_HOME="/workspace/cargo-home" RUSTUP_HOME="/workspace/rustup-home" "/workspace/cargo-home/bin/cargo" "+1.75.0" "generate-lockfile" "--manifest-path" "Cargo.toml", kill_on_drop: false }`
[INFO] [stderr]     Updating crates.io index
[INFO] running `Command { std: CARGO_HOME="/workspace/cargo-home" RUSTUP_HOME="/workspace/rustup-home" "/workspace/cargo-home/bin/cargo" "+1.75.0" "fetch" "--manifest-path" "Cargo.toml", kill_on_drop: false }`
[INFO] [stderr]  Downloading crates ...
[INFO] [stderr]   Downloaded flagset v0.4.4
[INFO] [stderr]   Downloaded swc_ecma_codegen_macros v0.7.4
[INFO] [stderr]   Downloaded napi-derive-backend v1.0.58
[INFO] [stderr]   Downloaded fervid_codegen v0.1.0
[INFO] [stderr]   Downloaded fervid_parser v0.1.0
[INFO] [stderr]   Downloaded swc_atoms v0.6.5
[INFO] [stderr]   Downloaded swc_ecma_visit v0.96.17
[INFO] [stderr]   Downloaded swc_eq_ignore_macros v0.1.3
[INFO] [stderr]   Downloaded is-macro v0.3.4
[INFO] [stderr]   Downloaded swc_html_ast v0.33.12
[INFO] [stderr]   Downloaded mimalloc-rust-sys v1.7.9-source
[INFO] [stderr]   Downloaded swc_ecma_utils v0.124.39
[INFO] [stderr]   Downloaded napi v2.14.2
[INFO] [stderr]   Downloaded swc_ecma_parser v0.141.37
[INFO] [stderr]   Downloaded swc_ecma_transforms_base v0.134.58
[INFO] [stderr]   Downloaded swc_common v0.33.12
[INFO] [stderr]   Downloaded napi-derive v2.14.6
[INFO] [stderr]   Downloaded swc_ecma_ast v0.110.17
[INFO] [stderr]   Downloaded napi-build v2.1.0
[INFO] [stderr]   Downloaded string_enum v0.4.2
[INFO] [stderr]   Downloaded ast_node v0.9.6
[INFO] [stderr]   Downloaded from_variant v0.1.7
[INFO] [stderr]   Downloaded hstr v0.2.6
[INFO] [stderr]   Downloaded swc_visit v0.5.8
[INFO] [stderr]   Downloaded vergen v8.2.6
[INFO] [stderr]   Downloaded napi-sys v2.3.0
[INFO] [stderr]   Downloaded swc_macros_common v0.3.9
[INFO] [stderr]   Downloaded swc_visit_macros v0.5.9
[INFO] [stderr]   Downloaded mimalloc-rust v0.2.1
[INFO] [stderr]   Downloaded fervid v0.0.3
[INFO] [stderr]   Downloaded swc_ecma_codegen v0.146.54
[INFO] [stderr]   Downloaded swc_core v0.86.104
[INFO] [stderr]   Downloaded fervid_core v0.1.1
[INFO] [stderr]   Downloaded fervid_transform v0.1.0
[INFO] [stderr]   Downloaded swc_html_utils v0.18.12
[INFO] [stderr]   Downloaded swc_html_parser v0.39.17
[INFO] running `Command { std: "docker" "create" "-v" "/var/lib/crater-agent-workspace/builds/worker-4-tc1/target:/opt/rustwide/target:rw,Z" "-v" "/var/lib/crater-agent-workspace/builds/worker-4-tc1/source:/opt/rustwide/workdir:ro,Z" "-v" "/var/lib/crater-agent-workspace/cargo-home:/opt/rustwide/cargo-home:ro,Z" "-v" "/var/lib/crater-agent-workspace/rustup-home:/opt/rustwide/rustup-home:ro,Z" "-e" "SOURCE_DIR=/opt/rustwide/workdir" "-e" "CARGO_TARGET_DIR=/opt/rustwide/target" "-e" "CARGO_HOME=/opt/rustwide/cargo-home" "-e" "RUSTUP_HOME=/opt/rustwide/rustup-home" "-w" "/opt/rustwide/workdir" "-m" "1610612736" "--user" "0:0" "--network" "none" "ghcr.io/rust-lang/crates-build-env/linux@sha256:2788e3201cd34a07e3172128adcd8b3090168a8e3bcc40d7c032b9dda1df7d1c" "/opt/rustwide/cargo-home/bin/cargo" "+1.75.0" "metadata" "--no-deps" "--format-version=1", kill_on_drop: false }`
[INFO] [stdout] 532493a23538dde96307bf05b6e4e4770dfc112e8478f3b7f3d15a2e213564a2
[INFO] running `Command { std: "docker" "start" "-a" "532493a23538dde96307bf05b6e4e4770dfc112e8478f3b7f3d15a2e213564a2", kill_on_drop: false }`
[INFO] running `Command { std: "docker" "inspect" "532493a23538dde96307bf05b6e4e4770dfc112e8478f3b7f3d15a2e213564a2", kill_on_drop: false }`
[INFO] running `Command { std: "docker" "rm" "-f" "532493a23538dde96307bf05b6e4e4770dfc112e8478f3b7f3d15a2e213564a2", kill_on_drop: false }`
[INFO] [stdout] 532493a23538dde96307bf05b6e4e4770dfc112e8478f3b7f3d15a2e213564a2
[INFO] running `Command { std: "docker" "create" "-v" "/var/lib/crater-agent-workspace/builds/worker-4-tc1/target:/opt/rustwide/target:rw,Z" "-v" "/var/lib/crater-agent-workspace/builds/worker-4-tc1/source:/opt/rustwide/workdir:ro,Z" "-v" "/var/lib/crater-agent-workspace/cargo-home:/opt/rustwide/cargo-home:ro,Z" "-v" "/var/lib/crater-agent-workspace/rustup-home:/opt/rustwide/rustup-home:ro,Z" "-e" "SOURCE_DIR=/opt/rustwide/workdir" "-e" "CARGO_TARGET_DIR=/opt/rustwide/target" "-e" "CARGO_INCREMENTAL=0" "-e" "RUST_BACKTRACE=full" "-e" "RUSTFLAGS=--cap-lints=warn" "-e" "RUSTDOCFLAGS=--cap-lints=warn" "-e" "CARGO_HOME=/opt/rustwide/cargo-home" "-e" "RUSTUP_HOME=/opt/rustwide/rustup-home" "-w" "/opt/rustwide/workdir" "-m" "1610612736" "--user" "0:0" "--network" "none" "ghcr.io/rust-lang/crates-build-env/linux@sha256:2788e3201cd34a07e3172128adcd8b3090168a8e3bcc40d7c032b9dda1df7d1c" "/opt/rustwide/cargo-home/bin/cargo" "+1.75.0" "build" "--frozen" "--message-format=json", kill_on_drop: false }`
[INFO] [stdout] bd487976104d356451f6febe2dede1d7e870fdcf0377d05b744124267c1d08fa
[INFO] running `Command { std: "docker" "start" "-a" "bd487976104d356451f6febe2dede1d7e870fdcf0377d05b744124267c1d08fa", kill_on_drop: false }`
[INFO] [stderr]    Compiling siphasher v0.3.11
[INFO] [stderr]    Compiling aho-corasick v1.1.2
[INFO] [stderr]    Compiling libc v0.2.151
[INFO] [stderr]    Compiling num-traits v0.2.17
[INFO] [stderr]    Compiling syn v2.0.48
[INFO] [stderr]    Compiling unicode-normalization v0.1.22
[INFO] [stderr]    Compiling num-integer v0.1.45
[INFO] [stderr]    Compiling unicode-bidi v0.3.14
[INFO] [stderr]    Compiling phf_shared v0.11.2
[INFO] [stderr]    Compiling phf_generator v0.11.2
[INFO] [stderr]    Compiling num-bigint v0.4.4
[INFO] [stderr]    Compiling new_debug_unreachable v1.0.4
[INFO] [stderr]    Compiling rustc-hash v1.1.0
[INFO] [stderr]    Compiling idna v0.5.0
[INFO] [stderr]    Compiling scoped-tls v1.0.1
[INFO] [stderr]    Compiling either v1.9.0
[INFO] [stderr]    Compiling better_scoped_tls v0.1.1
[INFO] [stderr]    Compiling bitflags v2.4.1
[INFO] [stderr]    Compiling unicode-id v0.3.4
[INFO] [stderr]    Compiling anyhow v1.0.79
[INFO] [stderr]    Compiling smartstring v1.0.1
[INFO] [stderr]    Compiling url v2.5.0
[INFO] [stderr]    Compiling regex-automata v0.4.3
[INFO] [stderr]    Compiling cc v1.0.83
[INFO] [stderr]    Compiling vergen v8.2.6
[INFO] [stderr]    Compiling hashbrown v0.14.3
[INFO] [stderr]    Compiling num_cpus v1.16.0
[INFO] [stderr]    Compiling typed-arena v2.0.2
[INFO] [stderr]    Compiling swc_core v0.86.104
[INFO] [stderr]    Compiling byteorder v1.5.0
[INFO] [stderr]    Compiling indexmap v2.1.0
[INFO] [stderr]    Compiling psm v0.1.21
[INFO] [stderr]    Compiling stacker v0.1.15
[INFO] [stderr]    Compiling fxhash v0.2.1
[INFO] [stderr]    Compiling flagset v0.4.4
[INFO] [stderr]    Compiling uuid v1.6.1
[INFO] [stderr]    Compiling data-encoding v2.5.0
[INFO] [stderr]    Compiling if_chain v1.0.2
[INFO] [stderr]    Compiling semver v1.0.21
[INFO] [stderr]    Compiling mimalloc-rust-sys v1.7.9-source
[INFO] [stderr]    Compiling convert_case v0.6.0
[INFO] [stderr]    Compiling cty v0.2.2
[INFO] [stderr]    Compiling regex v1.10.2
[INFO] [stderr]    Compiling napi-build v2.1.0
[INFO] [stderr]    Compiling nom v7.1.3
[INFO] [stderr]    Compiling fervid_napi v0.1.0 (/opt/rustwide/workdir)
[INFO] [stderr]    Compiling Inflector v0.11.4
[INFO] [stderr]    Compiling napi-sys v2.3.0
[INFO] [stderr]    Compiling swc_macros_common v0.3.9
[INFO] [stderr]    Compiling pmutil v0.6.1
[INFO] [stderr]    Compiling napi-derive-backend v1.0.58
[INFO] [stderr]    Compiling mimalloc-rust v0.2.1
[INFO] [stderr]    Compiling serde_derive v1.0.194
[INFO] [stderr]    Compiling phf_macros v0.11.2
[INFO] [stderr]    Compiling swc_visit_macros v0.5.9
[INFO] [stderr]    Compiling tracing-attributes v0.1.27
[INFO] [stderr]    Compiling from_variant v0.1.7
[INFO] [stderr]    Compiling swc_eq_ignore_macros v0.1.3
[INFO] [stderr]    Compiling ast_node v0.9.6
[INFO] [stderr]    Compiling is-macro v0.3.4
[INFO] [stderr]    Compiling string_enum v0.4.2
[INFO] [stderr]    Compiling swc_ecma_codegen_macros v0.7.4
[INFO] [stderr]    Compiling phf v0.11.2
[INFO] [stderr]    Compiling hstr v0.2.6
[INFO] [stderr]    Compiling ctor v0.2.6
[INFO] [stderr]    Compiling napi-derive v2.14.6
[INFO] [stderr]    Compiling tracing v0.1.40
[INFO] [stderr]    Compiling napi v2.14.2
[INFO] [stderr]    Compiling serde v1.0.194
[INFO] [stderr]    Compiling swc_visit v0.5.8
[INFO] [stderr]    Compiling swc_atoms v0.6.5
[INFO] [stderr]    Compiling serde_json v1.0.111
[INFO] [stderr]    Compiling debugid v0.8.0
[INFO] [stderr]    Compiling sourcemap v6.4.1
[INFO] [stderr]    Compiling swc_common v0.33.12
[INFO] [stderr]    Compiling swc_ecma_ast v0.110.17
[INFO] [stderr]    Compiling swc_html_utils v0.18.12
[INFO] [stderr]    Compiling swc_html_ast v0.33.12
[INFO] [stderr]    Compiling swc_html_parser v0.39.17
[INFO] [stderr]    Compiling swc_ecma_visit v0.96.17
[INFO] [stderr]    Compiling swc_ecma_parser v0.141.37
[INFO] [stderr]    Compiling swc_ecma_codegen v0.146.54
[INFO] [stderr]    Compiling swc_ecma_utils v0.124.39
[INFO] [stderr]    Compiling swc_ecma_transforms_base v0.134.58
[INFO] [stderr]    Compiling fervid_core v0.1.1
[INFO] [stderr]    Compiling fervid_parser v0.1.0
[INFO] [stderr]    Compiling fervid_codegen v0.1.0
[INFO] [stderr]    Compiling fervid_transform v0.1.0
[INFO] [stdout] error[E0063]: missing field `span` in initializer of `SfcStyleBlock`
[INFO] [stdout]    --> /opt/rustwide/cargo-home/registry/src/index.crates.io-6f17d22bba15001f/fervid_parser-0.1.0/src/sfc.rs:105:44
[INFO] [stdout]     |
[INFO] [stdout] 105 |                 sfc_descriptor.styles.push(SfcStyleBlock {
[INFO] [stdout]     |                                            ^^^^^^^^^^^^^ missing `span`
[INFO] [stdout] 
[INFO] [stdout] 
[INFO] [stdout] error[E0063]: missing field `allow_self_closing` in initializer of `ParserConfig`
[INFO] [stdout]    --> /opt/rustwide/cargo-home/registry/src/index.crates.io-6f17d22bba15001f/fervid_parser-0.1.0/src/sfc.rs:150:29
[INFO] [stdout]     |
[INFO] [stdout] 150 |         let parser_config = ParserConfig {
[INFO] [stdout]     |                             ^^^^^^^^^^^^ missing `allow_self_closing`
[INFO] [stdout] 
[INFO] [stdout] 
[INFO] [stdout] error: aborting due to 2 previous errors
[INFO] [stdout] 
[INFO] [stdout] 
[INFO] [stdout] For more information about this error, try `rustc --explain E0063`.
[INFO] [stdout] 
[INFO] [stderr] error: could not compile `fervid_parser` (lib) due to 3 previous errors
[INFO] [stderr] warning: build failed, waiting for other jobs to finish...
[INFO] [stdout] error[E0308]: mismatched types
[INFO] [stdout]    --> /opt/rustwide/cargo-home/registry/src/index.crates.io-6f17d22bba15001f/fervid_transform-0.1.0/src/script/options_api/analyzer.rs:103:54
[INFO] [stdout]     |
[INFO] [stdout] 103 |                         collect_imports(import_decl, &mut out.imports, vue_imports)
[INFO] [stdout]     |                         ---------------              ^^^^^^^^^^^^^^^^ expected `&mut Vec<(Atom, SyntaxContext)>`, found `&mut Vec<SetupBinding>`
[INFO] [stdout]     |                         |
[INFO] [stdout]     |                         arguments to this function are incorrect
[INFO] [stdout]     |
[INFO] [stdout]     = note: expected mutable reference `&mut Vec<(JsWord, SyntaxContext)>`
[INFO] [stdout]                found mutable reference `&mut Vec<SetupBinding>`
[INFO] [stdout] note: function defined here
[INFO] [stdout]    --> /opt/rustwide/cargo-home/registry/src/index.crates.io-6f17d22bba15001f/fervid_transform-0.1.0/src/script/setup/imports.rs:11:8
[INFO] [stdout]     |
[INFO] [stdout] 11  | pub fn collect_imports(
[INFO] [stdout]     |        ^^^^^^^^^^^^^^^
[INFO] [stdout] 12  |     import_decl: &ImportDecl,
[INFO] [stdout] 13  |     out: &mut Vec<Id>,
[INFO] [stdout]     |     -----------------
[INFO] [stdout] 
[INFO] [stdout] 
[INFO] [stdout] error: aborting due to previous error
[INFO] [stdout] 
[INFO] [stdout] 
[INFO] [stdout] For more information about this error, try `rustc --explain E0308`.
[INFO] [stdout] 
[INFO] [stderr] error: could not compile `fervid_transform` (lib) due to 2 previous errors
[INFO] running `Command { std: "docker" "inspect" "bd487976104d356451f6febe2dede1d7e870fdcf0377d05b744124267c1d08fa", kill_on_drop: false }`
[INFO] running `Command { std: "docker" "rm" "-f" "bd487976104d356451f6febe2dede1d7e870fdcf0377d05b744124267c1d08fa", kill_on_drop: false }`
[INFO] [stdout] bd487976104d356451f6febe2dede1d7e870fdcf0377d05b744124267c1d08fa
[INFO] testing fervid_napi-0.1.0 against beta-2023-12-22 for beta-1.76-1
[INFO] extracting crate fervid_napi 0.1.0 into /workspace/builds/worker-4-tc2/source
[INFO] validating manifest of crates.io crate fervid_napi 0.1.0 on toolchain beta-2023-12-22
[INFO] running `Command { std: CARGO_HOME="/workspace/cargo-home" RUSTUP_HOME="/workspace/rustup-home" "/workspace/cargo-home/bin/cargo" "+beta-2023-12-22" "metadata" "--manifest-path" "Cargo.toml" "--no-deps", kill_on_drop: false }`
[INFO] removed /workspace/builds/worker-4-tc2/source/.cargo/config.toml
[INFO] started tweaking crates.io crate fervid_napi 0.1.0
[INFO] finished tweaking crates.io crate fervid_napi 0.1.0
[INFO] tweaked toml for crates.io crate fervid_napi 0.1.0 written to /workspace/builds/worker-4-tc2/source/Cargo.toml
[INFO] running `Command { std: CARGO_HOME="/workspace/cargo-home" RUSTUP_HOME="/workspace/rustup-home" "/workspace/cargo-home/bin/cargo" "+beta-2023-12-22" "generate-lockfile" "--manifest-path" "Cargo.toml", kill_on_drop: false }`
[INFO] [stderr]     Updating crates.io index
[INFO] running `Command { std: CARGO_HOME="/workspace/cargo-home" RUSTUP_HOME="/workspace/rustup-home" "/workspace/cargo-home/bin/cargo" "+beta-2023-12-22" "fetch" "--manifest-path" "Cargo.toml", kill_on_drop: false }`
[INFO] running `Command { std: "docker" "create" "-v" "/var/lib/crater-agent-workspace/builds/worker-4-tc2/target:/opt/rustwide/target:rw,Z" "-v" "/var/lib/crater-agent-workspace/builds/worker-4-tc2/source:/opt/rustwide/workdir:ro,Z" "-v" "/var/lib/crater-agent-workspace/cargo-home:/opt/rustwide/cargo-home:ro,Z" "-v" "/var/lib/crater-agent-workspace/rustup-home:/opt/rustwide/rustup-home:ro,Z" "-e" "SOURCE_DIR=/opt/rustwide/workdir" "-e" "CARGO_TARGET_DIR=/opt/rustwide/target" "-e" "CARGO_HOME=/opt/rustwide/cargo-home" "-e" "RUSTUP_HOME=/opt/rustwide/rustup-home" "-w" "/opt/rustwide/workdir" "-m" "1610612736" "--user" "0:0" "--network" "none" "ghcr.io/rust-lang/crates-build-env/linux@sha256:2788e3201cd34a07e3172128adcd8b3090168a8e3bcc40d7c032b9dda1df7d1c" "/opt/rustwide/cargo-home/bin/cargo" "+beta-2023-12-22" "metadata" "--no-deps" "--format-version=1", kill_on_drop: false }`
[INFO] [stdout] 2fa9ea24b4bb37886bb11e2bb3fc52c3469619aed377d554b5bb9715b29f82f7
[INFO] running `Command { std: "docker" "start" "-a" "2fa9ea24b4bb37886bb11e2bb3fc52c3469619aed377d554b5bb9715b29f82f7", kill_on_drop: false }`
[INFO] running `Command { std: "docker" "inspect" "2fa9ea24b4bb37886bb11e2bb3fc52c3469619aed377d554b5bb9715b29f82f7", kill_on_drop: false }`
[INFO] running `Command { std: "docker" "rm" "-f" "2fa9ea24b4bb37886bb11e2bb3fc52c3469619aed377d554b5bb9715b29f82f7", kill_on_drop: false }`
[INFO] [stdout] 2fa9ea24b4bb37886bb11e2bb3fc52c3469619aed377d554b5bb9715b29f82f7
[INFO] running `Command { std: "docker" "create" "-v" "/var/lib/crater-agent-workspace/builds/worker-4-tc2/target:/opt/rustwide/target:rw,Z" "-v" "/var/lib/crater-agent-workspace/builds/worker-4-tc2/source:/opt/rustwide/workdir:ro,Z" "-v" "/var/lib/crater-agent-workspace/cargo-home:/opt/rustwide/cargo-home:ro,Z" "-v" "/var/lib/crater-agent-workspace/rustup-home:/opt/rustwide/rustup-home:ro,Z" "-e" "SOURCE_DIR=/opt/rustwide/workdir" "-e" "CARGO_TARGET_DIR=/opt/rustwide/target" "-e" "CARGO_INCREMENTAL=0" "-e" "RUST_BACKTRACE=full" "-e" "RUSTFLAGS=--cap-lints=warn" "-e" "RUSTDOCFLAGS=--cap-lints=warn" "-e" "CARGO_HOME=/opt/rustwide/cargo-home" "-e" "RUSTUP_HOME=/opt/rustwide/rustup-home" "-w" "/opt/rustwide/workdir" "-m" "1610612736" "--user" "0:0" "--network" "none" "ghcr.io/rust-lang/crates-build-env/linux@sha256:2788e3201cd34a07e3172128adcd8b3090168a8e3bcc40d7c032b9dda1df7d1c" "/opt/rustwide/cargo-home/bin/cargo" "+beta-2023-12-22" "build" "--frozen" "--message-format=json", kill_on_drop: false }`
[INFO] [stdout] 5038d1f3c54116955d4bad3fffca9b670800523f45ae2fb5868b89a9e4b38779
[INFO] running `Command { std: "docker" "start" "-a" "5038d1f3c54116955d4bad3fffca9b670800523f45ae2fb5868b89a9e4b38779", kill_on_drop: false }`
[INFO] [stderr]    Compiling siphasher v0.3.11
[INFO] [stderr]    Compiling aho-corasick v1.1.2
[INFO] [stderr]    Compiling libc v0.2.151
[INFO] [stderr]    Compiling num-traits v0.2.17
[INFO] [stderr]    Compiling syn v2.0.48
[INFO] [stderr]    Compiling unicode-normalization v0.1.22
[INFO] [stderr]    Compiling num-integer v0.1.45
[INFO] [stderr]    Compiling unicode-bidi v0.3.14
[INFO] [stderr]    Compiling phf_shared v0.11.2
[INFO] [stderr]    Compiling phf_generator v0.11.2
[INFO] [stderr]    Compiling num-bigint v0.4.4
[INFO] [stderr]    Compiling new_debug_unreachable v1.0.4
[INFO] [stderr]    Compiling idna v0.5.0
[INFO] [stderr]    Compiling rustc-hash v1.1.0
[INFO] [stderr]    Compiling either v1.9.0
[INFO] [stderr]    Compiling scoped-tls v1.0.1
[INFO] [stderr]    Compiling url v2.5.0
[INFO] [stderr]    Compiling better_scoped_tls v0.1.1
[INFO] [stderr]    Compiling regex-automata v0.4.3
[INFO] [stderr]    Compiling bitflags v2.4.1
[INFO] [stderr]    Compiling unicode-id v0.3.4
[INFO] [stderr]    Compiling cc v1.0.83
[INFO] [stderr]    Compiling anyhow v1.0.79
[INFO] [stderr]    Compiling smartstring v1.0.1
[INFO] [stderr]    Compiling vergen v8.2.6
[INFO] [stderr]    Compiling hashbrown v0.14.3
[INFO] [stderr]    Compiling num_cpus v1.16.0
[INFO] [stderr]    Compiling typed-arena v2.0.2
[INFO] [stderr]    Compiling swc_core v0.86.104
[INFO] [stderr]    Compiling indexmap v2.1.0
[INFO] [stderr]    Compiling psm v0.1.21
[INFO] [stderr]    Compiling stacker v0.1.15
[INFO] [stderr]    Compiling byteorder v1.5.0
[INFO] [stderr]    Compiling uuid v1.6.1
[INFO] [stderr]    Compiling flagset v0.4.4
[INFO] [stderr]    Compiling data-encoding v2.5.0
[INFO] [stderr]    Compiling regex v1.10.2
[INFO] [stderr]    Compiling fxhash v0.2.1
[INFO] [stderr]    Compiling semver v1.0.21
[INFO] [stderr]    Compiling if_chain v1.0.2
[INFO] [stderr]    Compiling mimalloc-rust-sys v1.7.9-source
[INFO] [stderr]    Compiling convert_case v0.6.0
[INFO] [stderr]    Compiling cty v0.2.2
[INFO] [stderr]    Compiling napi-build v2.1.0
[INFO] [stderr]    Compiling Inflector v0.11.4
[INFO] [stderr]    Compiling fervid_napi v0.1.0 (/opt/rustwide/workdir)
[INFO] [stderr]    Compiling nom v7.1.3
[INFO] [stderr]    Compiling swc_macros_common v0.3.9
[INFO] [stderr]    Compiling pmutil v0.6.1
[INFO] [stderr]    Compiling napi-derive-backend v1.0.58
[INFO] [stderr]    Compiling napi-sys v2.3.0
[INFO] [stderr]    Compiling mimalloc-rust v0.2.1
[INFO] [stderr]    Compiling serde_derive v1.0.194
[INFO] [stderr]    Compiling phf_macros v0.11.2
[INFO] [stderr]    Compiling swc_visit_macros v0.5.9
[INFO] [stderr]    Compiling tracing-attributes v0.1.27
[INFO] [stderr]    Compiling swc_eq_ignore_macros v0.1.3
[INFO] [stderr]    Compiling from_variant v0.1.7
[INFO] [stderr]    Compiling ast_node v0.9.6
[INFO] [stderr]    Compiling is-macro v0.3.4
[INFO] [stderr]    Compiling string_enum v0.4.2
[INFO] [stderr]    Compiling swc_ecma_codegen_macros v0.7.4
[INFO] [stderr]    Compiling phf v0.11.2
[INFO] [stderr]    Compiling hstr v0.2.6
[INFO] [stderr]    Compiling ctor v0.2.6
[INFO] [stderr]    Compiling napi-derive v2.14.6
[INFO] [stderr]    Compiling tracing v0.1.40
[INFO] [stderr]    Compiling napi v2.14.2
[INFO] [stderr]    Compiling serde v1.0.194
[INFO] [stderr]    Compiling swc_visit v0.5.8
[INFO] [stderr]    Compiling swc_atoms v0.6.5
[INFO] [stderr]    Compiling serde_json v1.0.111
[INFO] [stderr]    Compiling debugid v0.8.0
[INFO] [stderr]    Compiling sourcemap v6.4.1
[INFO] [stderr]    Compiling swc_common v0.33.12
[INFO] [stderr]    Compiling swc_ecma_ast v0.110.17
[INFO] [stderr]    Compiling swc_html_ast v0.33.12
[INFO] [stderr]    Compiling swc_html_utils v0.18.12
[INFO] [stderr]    Compiling swc_html_parser v0.39.17
[INFO] [stderr]    Compiling swc_ecma_visit v0.96.17
[INFO] [stderr]    Compiling swc_ecma_parser v0.141.37
[INFO] [stderr]    Compiling swc_ecma_codegen v0.146.54
[INFO] [stderr]    Compiling swc_ecma_utils v0.124.39
[INFO] [stderr]    Compiling swc_ecma_transforms_base v0.134.58
[INFO] [stderr]    Compiling fervid_core v0.1.1
[INFO] [stderr]    Compiling fervid_parser v0.1.0
[INFO] [stderr]    Compiling fervid_transform v0.1.0
[INFO] [stderr]    Compiling fervid_codegen v0.1.0
[INFO] [stdout] error[E0063]: missing field `span` in initializer of `SfcStyleBlock`
[INFO] [stdout]    --> /opt/rustwide/cargo-home/registry/src/index.crates.io-6f17d22bba15001f/fervid_parser-0.1.0/src/sfc.rs:105:44
[INFO] [stdout]     |
[INFO] [stdout] 105 |                 sfc_descriptor.styles.push(SfcStyleBlock {
[INFO] [stdout]     |                                            ^^^^^^^^^^^^^ missing `span`
[INFO] [stdout] 
[INFO] [stdout] 
[INFO] [stdout] error[E0063]: missing field `allow_self_closing` in initializer of `ParserConfig`
[INFO] [stdout]    --> /opt/rustwide/cargo-home/registry/src/index.crates.io-6f17d22bba15001f/fervid_parser-0.1.0/src/sfc.rs:150:29
[INFO] [stdout]     |
[INFO] [stdout] 150 |         let parser_config = ParserConfig {
[INFO] [stdout]     |                             ^^^^^^^^^^^^ missing `allow_self_closing`
[INFO] [stdout] 
[INFO] [stdout] 
[INFO] [stdout] error: aborting due to 2 previous errors
[INFO] [stdout] 
[INFO] [stdout] 
[INFO] [stdout] For more information about this error, try `rustc --explain E0063`.
[INFO] [stdout] 
[INFO] [stderr] error: could not compile `fervid_parser` (lib) due to 3 previous errors
[INFO] [stderr] warning: build failed, waiting for other jobs to finish...
[INFO] [stdout] error[E0308]: mismatched types
[INFO] [stdout]    --> /opt/rustwide/cargo-home/registry/src/index.crates.io-6f17d22bba15001f/fervid_transform-0.1.0/src/script/options_api/analyzer.rs:103:54
[INFO] [stdout]     |
[INFO] [stdout] 103 |                         collect_imports(import_decl, &mut out.imports, vue_imports)
[INFO] [stdout]     |                         ---------------              ^^^^^^^^^^^^^^^^ expected `&mut Vec<(Atom, SyntaxContext)>`, found `&mut Vec<SetupBinding>`
[INFO] [stdout]     |                         |
[INFO] [stdout]     |                         arguments to this function are incorrect
[INFO] [stdout]     |
[INFO] [stdout]     = note: expected mutable reference `&mut Vec<(JsWord, SyntaxContext)>`
[INFO] [stdout]                found mutable reference `&mut Vec<SetupBinding>`
[INFO] [stdout] note: function defined here
[INFO] [stdout]    --> /opt/rustwide/cargo-home/registry/src/index.crates.io-6f17d22bba15001f/fervid_transform-0.1.0/src/script/setup/imports.rs:11:8
[INFO] [stdout]     |
[INFO] [stdout] 11  | pub fn collect_imports(
[INFO] [stdout]     |        ^^^^^^^^^^^^^^^
[INFO] [stdout] 12  |     import_decl: &ImportDecl,
[INFO] [stdout] 13  |     out: &mut Vec<Id>,
[INFO] [stdout]     |     -----------------
[INFO] [stdout] 
[INFO] [stdout] 
[INFO] [stdout] error: aborting due to 1 previous error
[INFO] [stdout] 
[INFO] [stdout] 
[INFO] [stdout] For more information about this error, try `rustc --explain E0308`.
[INFO] [stdout] 
[INFO] [stderr] error: could not compile `fervid_transform` (lib) due to 2 previous errors
[INFO] running `Command { std: "docker" "inspect" "5038d1f3c54116955d4bad3fffca9b670800523f45ae2fb5868b89a9e4b38779", kill_on_drop: false }`
[INFO] running `Command { std: "docker" "rm" "-f" "5038d1f3c54116955d4bad3fffca9b670800523f45ae2fb5868b89a9e4b38779", kill_on_drop: false }`
[INFO] [stdout] 5038d1f3c54116955d4bad3fffca9b670800523f45ae2fb5868b89a9e4b38779
