[INFO] fetching crate fedimint-threshold-crypto 0.1.0...
[INFO] testing fedimint-threshold-crypto-0.1.0 against 1.75.0 for beta-1.76-1
[INFO] extracting crate fedimint-threshold-crypto 0.1.0 into /workspace/builds/worker-6-tc1/source
[INFO] validating manifest of crates.io crate fedimint-threshold-crypto 0.1.0 on toolchain 1.75.0
[INFO] running `Command { std: CARGO_HOME="/workspace/cargo-home" RUSTUP_HOME="/workspace/rustup-home" "/workspace/cargo-home/bin/cargo" "+1.75.0" "metadata" "--manifest-path" "Cargo.toml" "--no-deps", kill_on_drop: false }`
[INFO] started tweaking crates.io crate fedimint-threshold-crypto 0.1.0
[INFO] finished tweaking crates.io crate fedimint-threshold-crypto 0.1.0
[INFO] tweaked toml for crates.io crate fedimint-threshold-crypto 0.1.0 written to /workspace/builds/worker-6-tc1/source/Cargo.toml
[INFO] crate crates.io crate fedimint-threshold-crypto 0.1.0 already has a lockfile, it will not be regenerated
[INFO] running `Command { std: CARGO_HOME="/workspace/cargo-home" RUSTUP_HOME="/workspace/rustup-home" "/workspace/cargo-home/bin/cargo" "+1.75.0" "fetch" "--manifest-path" "Cargo.toml", kill_on_drop: false }`
[INFO] [stderr]     Updating crates.io index
[INFO] [stderr]  Downloading crates ...
[INFO] [stderr]   Downloaded pairing v0.22.0
[INFO] [stderr]   Downloaded hex_fmt v0.3.0
[INFO] [stderr]   Downloaded parity-scale-codec-derive v1.2.3
[INFO] [stderr]   Downloaded rand_xorshift v0.2.0
[INFO] [stderr]   Downloaded bls12_381 v0.7.1
[INFO] running `Command { std: "docker" "create" "-v" "/var/lib/crater-agent-workspace/builds/worker-6-tc1/target:/opt/rustwide/target:rw,Z" "-v" "/var/lib/crater-agent-workspace/builds/worker-6-tc1/source:/opt/rustwide/workdir:ro,Z" "-v" "/var/lib/crater-agent-workspace/cargo-home:/opt/rustwide/cargo-home:ro,Z" "-v" "/var/lib/crater-agent-workspace/rustup-home:/opt/rustwide/rustup-home:ro,Z" "-e" "SOURCE_DIR=/opt/rustwide/workdir" "-e" "CARGO_TARGET_DIR=/opt/rustwide/target" "-e" "CARGO_HOME=/opt/rustwide/cargo-home" "-e" "RUSTUP_HOME=/opt/rustwide/rustup-home" "-w" "/opt/rustwide/workdir" "-m" "1610612736" "--user" "0:0" "--network" "none" "ghcr.io/rust-lang/crates-build-env/linux@sha256:2788e3201cd34a07e3172128adcd8b3090168a8e3bcc40d7c032b9dda1df7d1c" "/opt/rustwide/cargo-home/bin/cargo" "+1.75.0" "metadata" "--no-deps" "--format-version=1", kill_on_drop: false }`
[INFO] [stdout] f18b5227858badf2fc1eb4017271110734db6d22808cbdf914d4b8133cfb4a74
[INFO] running `Command { std: "docker" "start" "-a" "f18b5227858badf2fc1eb4017271110734db6d22808cbdf914d4b8133cfb4a74", kill_on_drop: false }`
[INFO] running `Command { std: "docker" "inspect" "f18b5227858badf2fc1eb4017271110734db6d22808cbdf914d4b8133cfb4a74", kill_on_drop: false }`
[INFO] running `Command { std: "docker" "rm" "-f" "f18b5227858badf2fc1eb4017271110734db6d22808cbdf914d4b8133cfb4a74", kill_on_drop: false }`
[INFO] [stdout] f18b5227858badf2fc1eb4017271110734db6d22808cbdf914d4b8133cfb4a74
[INFO] running `Command { std: "docker" "create" "-v" "/var/lib/crater-agent-workspace/builds/worker-6-tc1/target:/opt/rustwide/target:rw,Z" "-v" "/var/lib/crater-agent-workspace/builds/worker-6-tc1/source:/opt/rustwide/workdir:ro,Z" "-v" "/var/lib/crater-agent-workspace/cargo-home:/opt/rustwide/cargo-home:ro,Z" "-v" "/var/lib/crater-agent-workspace/rustup-home:/opt/rustwide/rustup-home:ro,Z" "-e" "SOURCE_DIR=/opt/rustwide/workdir" "-e" "CARGO_TARGET_DIR=/opt/rustwide/target" "-e" "CARGO_INCREMENTAL=0" "-e" "RUST_BACKTRACE=full" "-e" "RUSTFLAGS=--cap-lints=warn" "-e" "RUSTDOCFLAGS=--cap-lints=warn" "-e" "CARGO_HOME=/opt/rustwide/cargo-home" "-e" "RUSTUP_HOME=/opt/rustwide/rustup-home" "-w" "/opt/rustwide/workdir" "-m" "1610612736" "--user" "0:0" "--network" "none" "ghcr.io/rust-lang/crates-build-env/linux@sha256:2788e3201cd34a07e3172128adcd8b3090168a8e3bcc40d7c032b9dda1df7d1c" "/opt/rustwide/cargo-home/bin/cargo" "+1.75.0" "build" "--frozen" "--message-format=json", kill_on_drop: false }`
[INFO] [stdout] 5ffcbd0ec0987708a9ce4976f930ccca8529aa2a573d42422836632a3563ac8d
[INFO] running `Command { std: "docker" "start" "-a" "5ffcbd0ec0987708a9ce4976f930ccca8529aa2a573d42422836632a3563ac8d", kill_on_drop: false }`
[INFO] [stderr]    Compiling libc v0.2.148
[INFO] [stderr]    Compiling proc-macro2 v1.0.67
[INFO] [stderr]    Compiling radium v0.7.0
[INFO] [stderr]    Compiling tap v1.0.1
[INFO] [stderr]    Compiling funty v2.0.0
[INFO] [stderr]    Compiling subtle v2.5.0
[INFO] [stderr]    Compiling crunchy v0.2.2
[INFO] [stderr]    Compiling ppv-lite86 v0.2.17
[INFO] [stderr]    Compiling wyz v0.5.1
[INFO] [stderr]    Compiling thiserror v1.0.48
[INFO] [stderr]    Compiling serde v1.0.188
[INFO] [stderr]    Compiling tiny-keccak v2.0.2
[INFO] [stderr]    Compiling zeroize v1.6.0
[INFO] [stderr]    Compiling bitvec v1.0.1
[INFO] [stderr]    Compiling hex_fmt v0.3.0
[INFO] [stderr]    Compiling quote v1.0.33
[INFO] [stderr]    Compiling syn v2.0.37
[INFO] [stderr]    Compiling getrandom v0.2.10
[INFO] [stderr]    Compiling rand_core v0.6.4
[INFO] [stderr]    Compiling rand_chacha v0.3.1
[INFO] [stderr]    Compiling rand v0.8.5
[INFO] [stderr]    Compiling ff v0.12.1
[INFO] [stderr]    Compiling group v0.12.1
[INFO] [stderr]    Compiling pairing v0.22.0
[INFO] [stderr]    Compiling bls12_381 v0.7.1
[INFO] [stderr]    Compiling serde_derive v1.0.188
[INFO] [stderr]    Compiling thiserror-impl v1.0.48
[INFO] [stderr]    Compiling fedimint-threshold-crypto v0.1.0 (/opt/rustwide/workdir)
[INFO] [stdout] warning: unused import: `Group`
[INFO] [stdout]  --> src/cmp_pairing.rs:3:20
[INFO] [stdout]   |
[INFO] [stdout] 3 | use group::{Curve, Group, GroupEncoding};
[INFO] [stdout]   |                    ^^^^^
[INFO] [stdout]   |
[INFO] [stdout]   = note: `#[warn(unused_imports)]` on by default
[INFO] [stdout] 
[INFO] [stdout] 
[INFO] [stdout] warning: unused import: `pairing::group::ff::PrimeField`
[INFO] [stdout]  --> src/into_fr.rs:2:5
[INFO] [stdout]   |
[INFO] [stdout] 2 | use pairing::group::ff::PrimeField;
[INFO] [stdout]   |     ^^^^^^^^^^^^^^^^^^^^^^^^^^^^^^
[INFO] [stdout] 
[INFO] [stdout] 
[INFO] [stdout] warning: unused import: `BitAndAssign`
[INFO] [stdout]   --> src/poly.rs:25:35
[INFO] [stdout]    |
[INFO] [stdout] 25 | use std::ops::{AddAssign, BitAnd, BitAndAssign, BitOr, Mul, MulAssign, Not, SubAssign};
[INFO] [stdout]    |                                   ^^^^^^^^^^^^
[INFO] [stdout] 
[INFO] [stdout] 
[INFO] [stdout] warning: unused imports: `G1Affine`, `G2Affine`, `G2Projective`
[INFO] [stdout]  --> src/serde_impl.rs:7:17
[INFO] [stdout]   |
[INFO] [stdout] 7 | use bls12_381::{G1Affine, G2Affine, G2Projective};
[INFO] [stdout]   |                 ^^^^^^^^  ^^^^^^^^  ^^^^^^^^^^^^
[INFO] [stdout] 
[INFO] [stdout] 
[INFO] [stdout] warning: unused import: `Curve`
[INFO] [stdout]  --> src/serde_impl.rs:8:13
[INFO] [stdout]   |
[INFO] [stdout] 8 | use group::{Curve, GroupEncoding};
[INFO] [stdout]   |             ^^^^^
[INFO] [stdout] 
[INFO] [stdout] 
[INFO] [stdout] warning: unused import: `ff::PrimeField`
[INFO] [stdout]    --> src/serde_impl.rs:109:13
[INFO] [stdout]     |
[INFO] [stdout] 109 |         use ff::PrimeField;
[INFO] [stdout]     |             ^^^^^^^^^^^^^^
[INFO] [stdout] 
[INFO] [stdout] 
[INFO] [stdout] warning: unused import: `PairingCurveAffine`
[INFO] [stdout]    --> src/serde_impl.rs:171:19
[INFO] [stdout]     |
[INFO] [stdout] 171 |     use pairing::{PairingCurveAffine};
[INFO] [stdout]     |                   ^^^^^^^^^^^^^^^^^^
[INFO] [stdout] 
[INFO] [stdout] 
[INFO] [stdout] warning: unused import: `Group`
[INFO] [stdout]   --> src/poly.rs:28:20
[INFO] [stdout]    |
[INFO] [stdout] 28 | use group::{Curve, Group, GroupEncoding};
[INFO] [stdout]    |                    ^^^^^
[INFO] [stdout] 
[INFO] [stdout] 
[INFO] [stdout] warning: unused import: `GroupEncoding`
[INFO] [stdout]  --> src/serde_impl.rs:8:20
[INFO] [stdout]   |
[INFO] [stdout] 8 | use group::{Curve, GroupEncoding};
[INFO] [stdout]   |                    ^^^^^^^^^^^^^
[INFO] [stdout] 
[INFO] [stdout] 
[INFO] [stdout] warning: variable does not need to be mutable
[INFO] [stdout]   --> src/into_fr.rs:33:17
[INFO] [stdout]    |
[INFO] [stdout] 33 |             let mut result = ((-self) as u64).into_fr();
[INFO] [stdout]    |                 ----^^^^^^
[INFO] [stdout]    |                 |
[INFO] [stdout]    |                 help: remove this `mut`
[INFO] [stdout]    |
[INFO] [stdout]    = note: `#[warn(unused_mut)]` on by default
[INFO] [stdout] 
[INFO] [stdout] 
[INFO] [stdout] warning: variable does not need to be mutable
[INFO] [stdout]   --> src/into_fr.rs:44:17
[INFO] [stdout]    |
[INFO] [stdout] 44 |             let mut result = ((-self) as u64).into_fr();
[INFO] [stdout]    |                 ----^^^^^^
[INFO] [stdout]    |                 |
[INFO] [stdout]    |                 help: remove this `mut`
[INFO] [stdout] 
[INFO] [stdout] 
[INFO] [stdout] warning: variable does not need to be mutable
[INFO] [stdout]    --> src/poly.rs:159:18
[INFO] [stdout]     |
[INFO] [stdout] 159 |     fn sub(self, mut rhs: Scalar) -> Self::Output {
[INFO] [stdout]     |                  ----^^^
[INFO] [stdout]     |                  |
[INFO] [stdout]     |                  help: remove this `mut`
[INFO] [stdout] 
[INFO] [stdout] 
[INFO] [stdout] warning: constant `ERR_CODE` is never used
[INFO] [stdout]    --> src/serde_impl.rs:175:11
[INFO] [stdout]     |
[INFO] [stdout] 175 |     const ERR_CODE: &str = "deserialized bytes don't encode a group element";
[INFO] [stdout]     |           ^^^^^^^^
[INFO] [stdout]     |
[INFO] [stdout]     = note: `#[warn(dead_code)]` on by default
[INFO] [stdout] 
[INFO] [stdout] 
[INFO] [stdout] warning: missing documentation for an associated function
[INFO] [stdout]    --> src/lib.rs:108:5
[INFO] [stdout]     |
[INFO] [stdout] 108 |     pub fn from(g1: G1Projective) -> Self {
[INFO] [stdout]     |     ^^^^^^^^^^^^^^^^^^^^^^^^^^^^^^^^^^^^^
[INFO] [stdout]     |
[INFO] [stdout] note: the lint level is defined here
[INFO] [stdout]    --> src/lib.rs:12:9
[INFO] [stdout]     |
[INFO] [stdout] 12  | #![warn(missing_docs)]
[INFO] [stdout]     |         ^^^^^^^^^^^^
[INFO] [stdout] 
[INFO] [stdout] 
[INFO] [stdout] warning: missing documentation for an associated function
[INFO] [stdout]    --> src/poly.rs:499:5
[INFO] [stdout]     |
[INFO] [stdout] 499 |     pub fn from(coeff: Vec<G1Projective>) -> Self {
[INFO] [stdout]     |     ^^^^^^^^^^^^^^^^^^^^^^^^^^^^^^^^^^^^^^^^^^^^^
[INFO] [stdout] 
[INFO] [stdout] 
[INFO] [stdout] warning: missing documentation for a function
[INFO] [stdout]    --> src/serde_impl.rs:407:5
[INFO] [stdout]     |
[INFO] [stdout] 407 | /     pub fn serialize<S, C, T>(vec: T, s: S) -> Result<S::Ok, S::Error>
[INFO] [stdout] 408 | |     where
[INFO] [stdout] 409 | |         S: Serializer,
[INFO] [stdout] 410 | |         C: Curve,
[INFO] [stdout] 411 | |         C::AffineRepr: GroupEncoding,
[INFO] [stdout] 412 | |         T: AsRef<[C]>,
[INFO] [stdout]     | |______________________^
[INFO] [stdout] 
[INFO] [stdout] 
[INFO] [stdout] warning: missing documentation for a function
[INFO] [stdout]    --> src/serde_impl.rs:418:5
[INFO] [stdout]     |
[INFO] [stdout] 418 | /     pub fn deserialize<'de, D, C, T>(d: D) -> Result<T, D::Error>
[INFO] [stdout] 419 | |     where
[INFO] [stdout] 420 | |         D: Deserializer<'de>,
[INFO] [stdout] 421 | |         C: Curve,
[INFO] [stdout] 422 | |         C::AffineRepr: GroupEncoding,
[INFO] [stdout] 423 | |         C: From<C::AffineRepr>,
[INFO] [stdout] 424 | |         T: FromIterator<C>,
[INFO] [stdout]     | |___________________________^
[INFO] [stdout] 
[INFO] [stdout] 
[INFO] [stdout] warning: 17 warnings emitted
[INFO] [stdout] 
[INFO] [stdout] 
[INFO] [stderr]     Finished dev [unoptimized + debuginfo] target(s) in 10.69s
[INFO] running `Command { std: "docker" "inspect" "5ffcbd0ec0987708a9ce4976f930ccca8529aa2a573d42422836632a3563ac8d", kill_on_drop: false }`
[INFO] running `Command { std: "docker" "rm" "-f" "5ffcbd0ec0987708a9ce4976f930ccca8529aa2a573d42422836632a3563ac8d", kill_on_drop: false }`
[INFO] [stdout] 5ffcbd0ec0987708a9ce4976f930ccca8529aa2a573d42422836632a3563ac8d
[INFO] running `Command { std: "docker" "create" "-v" "/var/lib/crater-agent-workspace/builds/worker-6-tc1/target:/opt/rustwide/target:rw,Z" "-v" "/var/lib/crater-agent-workspace/builds/worker-6-tc1/source:/opt/rustwide/workdir:ro,Z" "-v" "/var/lib/crater-agent-workspace/cargo-home:/opt/rustwide/cargo-home:ro,Z" "-v" "/var/lib/crater-agent-workspace/rustup-home:/opt/rustwide/rustup-home:ro,Z" "-e" "SOURCE_DIR=/opt/rustwide/workdir" "-e" "CARGO_TARGET_DIR=/opt/rustwide/target" "-e" "CARGO_INCREMENTAL=0" "-e" "RUST_BACKTRACE=full" "-e" "RUSTFLAGS=--cap-lints=warn" "-e" "RUSTDOCFLAGS=--cap-lints=warn" "-e" "CARGO_HOME=/opt/rustwide/cargo-home" "-e" "RUSTUP_HOME=/opt/rustwide/rustup-home" "-w" "/opt/rustwide/workdir" "-m" "1610612736" "--user" "0:0" "--network" "none" "ghcr.io/rust-lang/crates-build-env/linux@sha256:2788e3201cd34a07e3172128adcd8b3090168a8e3bcc40d7c032b9dda1df7d1c" "/opt/rustwide/cargo-home/bin/cargo" "+1.75.0" "test" "--frozen" "--no-run" "--message-format=json", kill_on_drop: false }`
[INFO] [stdout] b2e8053022445340a17f441a1913e217d98cb8d3953299058e09ff51fadd4913
[INFO] running `Command { std: "docker" "start" "-a" "b2e8053022445340a17f441a1913e217d98cb8d3953299058e09ff51fadd4913", kill_on_drop: false }`
[INFO] [stderr]    Compiling crossbeam-utils v0.8.16
[INFO] [stderr]    Compiling memoffset v0.9.0
[INFO] [stderr]    Compiling crossbeam-epoch v0.9.15
[INFO] [stderr]    Compiling scopeguard v1.2.0
[INFO] [stderr]    Compiling num-traits v0.2.16
[INFO] [stderr]    Compiling either v1.9.0
[INFO] [stderr]    Compiling itoa v1.0.9
[INFO] [stderr]    Compiling rayon-core v1.11.0
[INFO] [stderr]    Compiling serde_json v1.0.107
[INFO] [stderr]    Compiling ryu v1.0.15
[INFO] [stderr]    Compiling num_cpus v1.16.0
[INFO] [stderr]    Compiling plotters-backend v0.3.5
[INFO] [stderr]    Compiling regex-syntax v0.7.5
[INFO] [stderr]    Compiling memchr v2.6.3
[INFO] [stderr]    Compiling unicode-width v0.1.10
[INFO] [stderr]    Compiling textwrap v0.11.0
[INFO] [stderr]    Compiling plotters-svg v0.3.5
[INFO] [stderr]    Compiling crossbeam-channel v0.5.8
[INFO] [stderr]    Compiling itertools v0.10.5
[INFO] [stderr]    Compiling crossbeam-deque v0.8.3
[INFO] [stderr]    Compiling csv-core v0.1.10
[INFO] [stderr]    Compiling same-file v1.0.6
[INFO] [stderr]    Compiling cast v0.3.0
[INFO] [stderr]    Compiling half v1.8.2
[INFO] [stderr]    Compiling clap v2.34.0
[INFO] [stderr]    Compiling plotters v0.3.5
[INFO] [stderr]    Compiling walkdir v2.4.0
[INFO] [stderr]    Compiling regex-automata v0.3.8
[INFO] [stderr]    Compiling rayon v1.7.0
[INFO] [stderr]    Compiling serde_cbor v0.11.2
[INFO] [stderr]    Compiling criterion-plot v0.4.5
[INFO] [stderr]    Compiling tinytemplate v1.2.1
[INFO] [stderr]    Compiling csv v1.2.2
[INFO] [stderr]    Compiling atty v0.2.14
[INFO] [stderr]    Compiling oorandom v11.1.3
[INFO] [stderr]    Compiling rand_core v0.5.1
[INFO] [stderr]    Compiling bincode v1.3.3
[INFO] [stderr]    Compiling rand_xorshift v0.2.0
[INFO] [stdout] warning: unused import: `Group`
[INFO] [stdout]  --> src/cmp_pairing.rs:3:20
[INFO] [stdout]   |
[INFO] [stdout] 3 | use group::{Curve, Group, GroupEncoding};
[INFO] [stdout]   |                    ^^^^^
[INFO] [stdout]   |
[INFO] [stdout]   = note: `#[warn(unused_imports)]` on by default
[INFO] [stdout] 
[INFO] [stdout] 
[INFO] [stdout] warning: unused import: `pairing::group::ff::PrimeField`
[INFO] [stdout]  --> src/into_fr.rs:2:5
[INFO] [stdout]   |
[INFO] [stdout] 2 | use pairing::group::ff::PrimeField;
[INFO] [stdout]   |     ^^^^^^^^^^^^^^^^^^^^^^^^^^^^^^
[INFO] [stdout] 
[INFO] [stdout] 
[INFO] [stdout] warning: unused import: `BitAndAssign`
[INFO] [stdout]   --> src/poly.rs:25:35
[INFO] [stdout]    |
[INFO] [stdout] 25 | use std::ops::{AddAssign, BitAnd, BitAndAssign, BitOr, Mul, MulAssign, Not, SubAssign};
[INFO] [stdout]    |                                   ^^^^^^^^^^^^
[INFO] [stdout] 
[INFO] [stdout] 
[INFO] [stdout] warning: unused imports: `G1Affine`, `G2Affine`, `G2Projective`
[INFO] [stdout]  --> src/serde_impl.rs:7:17
[INFO] [stdout]   |
[INFO] [stdout] 7 | use bls12_381::{G1Affine, G2Affine, G2Projective};
[INFO] [stdout]   |                 ^^^^^^^^  ^^^^^^^^  ^^^^^^^^^^^^
[INFO] [stdout] 
[INFO] [stdout] 
[INFO] [stdout] warning: unused import: `Curve`
[INFO] [stdout]  --> src/serde_impl.rs:8:13
[INFO] [stdout]   |
[INFO] [stdout] 8 | use group::{Curve, GroupEncoding};
[INFO] [stdout]   |             ^^^^^
[INFO] [stdout] 
[INFO] [stdout] 
[INFO] [stdout] warning: unused import: `ff::PrimeField`
[INFO] [stdout]    --> src/serde_impl.rs:109:13
[INFO] [stdout]     |
[INFO] [stdout] 109 |         use ff::PrimeField;
[INFO] [stdout]     |             ^^^^^^^^^^^^^^
[INFO] [stdout] 
[INFO] [stdout] 
[INFO] [stdout] warning: unused import: `PairingCurveAffine`
[INFO] [stdout]    --> src/serde_impl.rs:171:19
[INFO] [stdout]     |
[INFO] [stdout] 171 |     use pairing::{PairingCurveAffine};
[INFO] [stdout]     |                   ^^^^^^^^^^^^^^^^^^
[INFO] [stdout] 
[INFO] [stdout] 
[INFO] [stdout] warning: unused import: `Group`
[INFO] [stdout]   --> src/poly.rs:28:20
[INFO] [stdout]    |
[INFO] [stdout] 28 | use group::{Curve, Group, GroupEncoding};
[INFO] [stdout]    |                    ^^^^^
[INFO] [stdout] 
[INFO] [stdout] 
[INFO] [stdout] warning: unused import: `GroupEncoding`
[INFO] [stdout]  --> src/serde_impl.rs:8:20
[INFO] [stdout]   |
[INFO] [stdout] 8 | use group::{Curve, GroupEncoding};
[INFO] [stdout]   |                    ^^^^^^^^^^^^^
[INFO] [stdout] 
[INFO] [stdout] 
[INFO] [stdout] warning: variable does not need to be mutable
[INFO] [stdout]   --> src/into_fr.rs:33:17
[INFO] [stdout]    |
[INFO] [stdout] 33 |             let mut result = ((-self) as u64).into_fr();
[INFO] [stdout]    |                 ----^^^^^^
[INFO] [stdout]    |                 |
[INFO] [stdout]    |                 help: remove this `mut`
[INFO] [stdout]    |
[INFO] [stdout]    = note: `#[warn(unused_mut)]` on by default
[INFO] [stdout] 
[INFO] [stdout] 
[INFO] [stdout] warning: variable does not need to be mutable
[INFO] [stdout]   --> src/into_fr.rs:44:17
[INFO] [stdout]    |
[INFO] [stdout] 44 |             let mut result = ((-self) as u64).into_fr();
[INFO] [stdout]    |                 ----^^^^^^
[INFO] [stdout]    |                 |
[INFO] [stdout]    |                 help: remove this `mut`
[INFO] [stdout] 
[INFO] [stdout] 
[INFO] [stdout] warning: variable does not need to be mutable
[INFO] [stdout]    --> src/poly.rs:159:18
[INFO] [stdout]     |
[INFO] [stdout] 159 |     fn sub(self, mut rhs: Scalar) -> Self::Output {
[INFO] [stdout]     |                  ----^^^
[INFO] [stdout]     |                  |
[INFO] [stdout]     |                  help: remove this `mut`
[INFO] [stdout] 
[INFO] [stdout] 
[INFO] [stdout] warning: constant `ERR_CODE` is never used
[INFO] [stdout]    --> src/serde_impl.rs:175:11
[INFO] [stdout]     |
[INFO] [stdout] 175 |     const ERR_CODE: &str = "deserialized bytes don't encode a group element";
[INFO] [stdout]     |           ^^^^^^^^
[INFO] [stdout]     |
[INFO] [stdout]     = note: `#[warn(dead_code)]` on by default
[INFO] [stdout] 
[INFO] [stdout] 
[INFO] [stdout] warning: missing documentation for an associated function
[INFO] [stdout]    --> src/lib.rs:108:5
[INFO] [stdout]     |
[INFO] [stdout] 108 |     pub fn from(g1: G1Projective) -> Self {
[INFO] [stdout]     |     ^^^^^^^^^^^^^^^^^^^^^^^^^^^^^^^^^^^^^
[INFO] [stdout]     |
[INFO] [stdout] note: the lint level is defined here
[INFO] [stdout]    --> src/lib.rs:12:9
[INFO] [stdout]     |
[INFO] [stdout] 12  | #![warn(missing_docs)]
[INFO] [stdout]     |         ^^^^^^^^^^^^
[INFO] [stdout] 
[INFO] [stdout] 
[INFO] [stdout] warning: missing documentation for an associated function
[INFO] [stdout]    --> src/poly.rs:499:5
[INFO] [stdout]     |
[INFO] [stdout] 499 |     pub fn from(coeff: Vec<G1Projective>) -> Self {
[INFO] [stdout]     |     ^^^^^^^^^^^^^^^^^^^^^^^^^^^^^^^^^^^^^^^^^^^^^
[INFO] [stdout] 
[INFO] [stdout] 
[INFO] [stdout] warning: missing documentation for a function
[INFO] [stdout]    --> src/serde_impl.rs:407:5
[INFO] [stdout]     |
[INFO] [stdout] 407 | /     pub fn serialize<S, C, T>(vec: T, s: S) -> Result<S::Ok, S::Error>
[INFO] [stdout] 408 | |     where
[INFO] [stdout] 409 | |         S: Serializer,
[INFO] [stdout] 410 | |         C: Curve,
[INFO] [stdout] 411 | |         C::AffineRepr: GroupEncoding,
[INFO] [stdout] 412 | |         T: AsRef<[C]>,
[INFO] [stdout]     | |______________________^
[INFO] [stdout] 
[INFO] [stdout] 
[INFO] [stdout] warning: missing documentation for a function
[INFO] [stdout]    --> src/serde_impl.rs:418:5
[INFO] [stdout]     |
[INFO] [stdout] 418 | /     pub fn deserialize<'de, D, C, T>(d: D) -> Result<T, D::Error>
[INFO] [stdout] 419 | |     where
[INFO] [stdout] 420 | |         D: Deserializer<'de>,
[INFO] [stdout] 421 | |         C: Curve,
[INFO] [stdout] 422 | |         C::AffineRepr: GroupEncoding,
[INFO] [stdout] 423 | |         C: From<C::AffineRepr>,
[INFO] [stdout] 424 | |         T: FromIterator<C>,
[INFO] [stdout]     | |___________________________^
[INFO] [stdout] 
[INFO] [stdout] 
[INFO] [stdout] warning: 17 warnings emitted
[INFO] [stdout] 
[INFO] [stdout] 
[INFO] [stderr]    Compiling regex v1.9.5
[INFO] [stderr]    Compiling criterion v0.3.6
[INFO] [stderr]    Compiling fedimint-threshold-crypto v0.1.0 (/opt/rustwide/workdir)
[INFO] [stdout] error[E0432]: unresolved import `threshold_crypto`
[INFO] [stdout]  --> examples/basic_pkc.rs:3:5
[INFO] [stdout]   |
[INFO] [stdout] 3 | use threshold_crypto::{PublicKey, SecretKey, Signature};
[INFO] [stdout]   |     ^^^^^^^^^^^^^^^^ use of undeclared crate or module `threshold_crypto`
[INFO] [stdout] 
[INFO] [stdout] 
[INFO] [stdout] error[E0432]: unresolved import `threshold_crypto`
[INFO] [stdout]  --> examples/threshold_sig.rs:3:5
[INFO] [stdout]   |
[INFO] [stdout] 3 | use threshold_crypto::{
[INFO] [stdout]   |     ^^^^^^^^^^^^^^^^ use of undeclared crate or module `threshold_crypto`
[INFO] [stdout] 
[INFO] [stdout] 
[INFO] [stdout] error[E0432]: unresolved import `threshold_crypto`
[INFO] [stdout]  --> examples/threshold_enc.rs:3:5
[INFO] [stdout]   |
[INFO] [stdout] 3 | use threshold_crypto::{
[INFO] [stdout]   |     ^^^^^^^^^^^^^^^^ use of undeclared crate or module `threshold_crypto`
[INFO] [stdout] 
[INFO] [stdout] 
[INFO] [stdout] error: aborting due to previous error
[INFO] [stdout] 
[INFO] [stdout] 
[INFO] [stdout] For more information about this error, try `rustc --explain E0432`.
[INFO] [stdout] 
[INFO] [stdout] error: aborting due to previous error
[INFO] [stdout] 
[INFO] [stdout] 
[INFO] [stdout] For more information about this error, try `rustc --explain E0432`.
[INFO] [stdout] 
[INFO] [stderr] error: could not compile `fedimint-threshold-crypto` (example "threshold_enc") due to 2 previous errors
[INFO] [stderr] warning: build failed, waiting for other jobs to finish...
[INFO] [stderr] error: could not compile `fedimint-threshold-crypto` (example "threshold_sig") due to 2 previous errors
[INFO] [stdout] error: aborting due to previous error
[INFO] [stdout] 
[INFO] [stdout] 
[INFO] [stdout] For more information about this error, try `rustc --explain E0432`.
[INFO] [stdout] 
[INFO] [stderr] error: could not compile `fedimint-threshold-crypto` (example "basic_pkc") due to 2 previous errors
[INFO] [stdout] warning: unused import: `Group`
[INFO] [stdout]  --> src/cmp_pairing.rs:3:20
[INFO] [stdout]   |
[INFO] [stdout] 3 | use group::{Curve, Group, GroupEncoding};
[INFO] [stdout]   |                    ^^^^^
[INFO] [stdout]   |
[INFO] [stdout]   = note: `#[warn(unused_imports)]` on by default
[INFO] [stdout] 
[INFO] [stdout] 
[INFO] [stdout] warning: unused import: `pairing::group::ff::PrimeField`
[INFO] [stdout]  --> src/into_fr.rs:2:5
[INFO] [stdout]   |
[INFO] [stdout] 2 | use pairing::group::ff::PrimeField;
[INFO] [stdout]   |     ^^^^^^^^^^^^^^^^^^^^^^^^^^^^^^
[INFO] [stdout] 
[INFO] [stdout] 
[INFO] [stdout] warning: unused import: `BitAndAssign`
[INFO] [stdout]   --> src/poly.rs:25:35
[INFO] [stdout]    |
[INFO] [stdout] 25 | use std::ops::{AddAssign, BitAnd, BitAndAssign, BitOr, Mul, MulAssign, Not, SubAssign};
[INFO] [stdout]    |                                   ^^^^^^^^^^^^
[INFO] [stdout] 
[INFO] [stdout] 
[INFO] [stdout] warning: unused imports: `G1Affine`, `G2Affine`, `G2Projective`
[INFO] [stdout]  --> src/serde_impl.rs:7:17
[INFO] [stdout]   |
[INFO] [stdout] 7 | use bls12_381::{G1Affine, G2Affine, G2Projective};
[INFO] [stdout]   |                 ^^^^^^^^  ^^^^^^^^  ^^^^^^^^^^^^
[INFO] [stdout] 
[INFO] [stdout] 
[INFO] [stdout] warning: unused import: `Curve`
[INFO] [stdout]  --> src/serde_impl.rs:8:13
[INFO] [stdout]   |
[INFO] [stdout] 8 | use group::{Curve, GroupEncoding};
[INFO] [stdout]   |             ^^^^^
[INFO] [stdout] 
[INFO] [stdout] 
[INFO] [stdout] warning: unused import: `ff::PrimeField`
[INFO] [stdout]    --> src/serde_impl.rs:109:13
[INFO] [stdout]     |
[INFO] [stdout] 109 |         use ff::PrimeField;
[INFO] [stdout]     |             ^^^^^^^^^^^^^^
[INFO] [stdout] 
[INFO] [stdout] 
[INFO] [stdout] warning: unused import: `PairingCurveAffine`
[INFO] [stdout]    --> src/serde_impl.rs:171:19
[INFO] [stdout]     |
[INFO] [stdout] 171 |     use pairing::{PairingCurveAffine};
[INFO] [stdout]     |                   ^^^^^^^^^^^^^^^^^^
[INFO] [stdout] 
[INFO] [stdout] 
[INFO] [stdout] warning: unused import: `Group`
[INFO] [stdout]   --> src/poly.rs:28:20
[INFO] [stdout]    |
[INFO] [stdout] 28 | use group::{Curve, Group, GroupEncoding};
[INFO] [stdout]    |                    ^^^^^
[INFO] [stdout] 
[INFO] [stdout] 
[INFO] [stdout] warning: unused import: `GroupEncoding`
[INFO] [stdout]  --> src/serde_impl.rs:8:20
[INFO] [stdout]   |
[INFO] [stdout] 8 | use group::{Curve, GroupEncoding};
[INFO] [stdout]   |                    ^^^^^^^^^^^^^
[INFO] [stdout] 
[INFO] [stdout] 
[INFO] [stdout] warning: variable does not need to be mutable
[INFO] [stdout]   --> src/into_fr.rs:33:17
[INFO] [stdout]    |
[INFO] [stdout] 33 |             let mut result = ((-self) as u64).into_fr();
[INFO] [stdout]    |                 ----^^^^^^
[INFO] [stdout]    |                 |
[INFO] [stdout]    |                 help: remove this `mut`
[INFO] [stdout]    |
[INFO] [stdout]    = note: `#[warn(unused_mut)]` on by default
[INFO] [stdout] 
[INFO] [stdout] 
[INFO] [stdout] warning: variable does not need to be mutable
[INFO] [stdout]   --> src/into_fr.rs:44:17
[INFO] [stdout]    |
[INFO] [stdout] 44 |             let mut result = ((-self) as u64).into_fr();
[INFO] [stdout]    |                 ----^^^^^^
[INFO] [stdout]    |                 |
[INFO] [stdout]    |                 help: remove this `mut`
[INFO] [stdout] 
[INFO] [stdout] 
[INFO] [stdout] warning: variable does not need to be mutable
[INFO] [stdout]    --> src/poly.rs:159:18
[INFO] [stdout]     |
[INFO] [stdout] 159 |     fn sub(self, mut rhs: Scalar) -> Self::Output {
[INFO] [stdout]     |                  ----^^^
[INFO] [stdout]     |                  |
[INFO] [stdout]     |                  help: remove this `mut`
[INFO] [stdout] 
[INFO] [stdout] 
[INFO] [stdout] warning: constant `ERR_CODE` is never used
[INFO] [stdout]    --> src/serde_impl.rs:175:11
[INFO] [stdout]     |
[INFO] [stdout] 175 |     const ERR_CODE: &str = "deserialized bytes don't encode a group element";
[INFO] [stdout]     |           ^^^^^^^^
[INFO] [stdout]     |
[INFO] [stdout]     = note: `#[warn(dead_code)]` on by default
[INFO] [stdout] 
[INFO] [stdout] 
[INFO] [stdout] warning: 13 warnings emitted
[INFO] [stdout] 
[INFO] [stdout] 
[INFO] running `Command { std: "docker" "inspect" "b2e8053022445340a17f441a1913e217d98cb8d3953299058e09ff51fadd4913", kill_on_drop: false }`
[INFO] running `Command { std: "docker" "rm" "-f" "b2e8053022445340a17f441a1913e217d98cb8d3953299058e09ff51fadd4913", kill_on_drop: false }`
[INFO] [stdout] b2e8053022445340a17f441a1913e217d98cb8d3953299058e09ff51fadd4913
