[INFO] fetching crate fathom_web3 1.1.0...
[INFO] testing fathom_web3-1.1.0 against 1.75.0 for beta-1.76-1
[INFO] extracting crate fathom_web3 1.1.0 into /workspace/builds/worker-3-tc1/source
[INFO] validating manifest of crates.io crate fathom_web3 1.1.0 on toolchain 1.75.0
[INFO] running `Command { std: CARGO_HOME="/workspace/cargo-home" RUSTUP_HOME="/workspace/rustup-home" "/workspace/cargo-home/bin/cargo" "+1.75.0" "metadata" "--manifest-path" "Cargo.toml" "--no-deps", kill_on_drop: false }`
[INFO] removed /workspace/builds/worker-3-tc1/source/.cargo/config
[INFO] started tweaking crates.io crate fathom_web3 1.1.0
[INFO] finished tweaking crates.io crate fathom_web3 1.1.0
[INFO] tweaked toml for crates.io crate fathom_web3 1.1.0 written to /workspace/builds/worker-3-tc1/source/Cargo.toml
[INFO] crate crates.io crate fathom_web3 1.1.0 already has a lockfile, it will not be regenerated
[INFO] running `Command { std: CARGO_HOME="/workspace/cargo-home" RUSTUP_HOME="/workspace/rustup-home" "/workspace/cargo-home/bin/cargo" "+1.75.0" "fetch" "--manifest-path" "Cargo.toml", kill_on_drop: false }`
[INFO] [stderr]     Updating crates.io index
[INFO] [stderr]  Downloading crates ...
[INFO] [stderr]   Downloaded thiserror v1.0.35
[INFO] [stderr]   Downloaded byte-slice-cast v1.2.1
[INFO] [stderr]   Downloaded wasm-bindgen-test-macro v0.3.33
[INFO] [stderr]   Downloaded thiserror-impl v1.0.35
[INFO] [stderr]   Downloaded ctor v0.1.23
[INFO] [stderr]   Downloaded wyz v0.5.0
[INFO] [stderr]   Downloaded web3-async-native-tls v0.4.0
[INFO] [stderr]   Downloaded async-io v1.9.0
[INFO] [stderr]   Downloaded soketto v0.7.1
[INFO] [stderr]   Downloaded sha3 v0.10.5
[INFO] [stderr]   Downloaded secp256k1-sys v0.4.2
[INFO] [stderr]   Downloaded tokio v1.21.1
[INFO] [stderr]   Downloaded webpki-roots v0.22.4
[INFO] [stderr]   Downloaded syn v1.0.100
[INFO] [stderr]   Downloaded ethabi v17.2.0
[INFO] [stderr]   Downloaded env_logger v0.9.1
[INFO] [stderr]   Downloaded parity-scale-codec v3.2.1
[INFO] [stderr]   Downloaded uint v0.9.4
[INFO] [stderr]   Downloaded secp256k1 v0.21.3
[INFO] [stderr]   Downloaded tokio-stream v0.1.10
[INFO] [stderr]   Downloaded h2 v0.3.14
[INFO] [stderr]   Downloaded wasm-bindgen-test v0.3.33
[INFO] [stderr]   Downloaded polling v2.3.0
[INFO] [stderr]   Downloaded send_wrapper v0.4.0
[INFO] [stderr]   Downloaded rlp v0.5.1
[INFO] [stderr]   Downloaded async-global-executor v2.3.0
[INFO] [stderr]   Downloaded keccak v0.1.2
[INFO] [stderr]   Downloaded parity-scale-codec-derive v3.1.3
[INFO] running `Command { std: "docker" "create" "-v" "/var/lib/crater-agent-workspace/builds/worker-3-tc1/target:/opt/rustwide/target:rw,Z" "-v" "/var/lib/crater-agent-workspace/builds/worker-3-tc1/source:/opt/rustwide/workdir:ro,Z" "-v" "/var/lib/crater-agent-workspace/cargo-home:/opt/rustwide/cargo-home:ro,Z" "-v" "/var/lib/crater-agent-workspace/rustup-home:/opt/rustwide/rustup-home:ro,Z" "-e" "SOURCE_DIR=/opt/rustwide/workdir" "-e" "CARGO_TARGET_DIR=/opt/rustwide/target" "-e" "CARGO_HOME=/opt/rustwide/cargo-home" "-e" "RUSTUP_HOME=/opt/rustwide/rustup-home" "-w" "/opt/rustwide/workdir" "-m" "1610612736" "--user" "0:0" "--network" "none" "ghcr.io/rust-lang/crates-build-env/linux@sha256:2788e3201cd34a07e3172128adcd8b3090168a8e3bcc40d7c032b9dda1df7d1c" "/opt/rustwide/cargo-home/bin/cargo" "+1.75.0" "metadata" "--no-deps" "--format-version=1", kill_on_drop: false }`
[INFO] [stdout] b920443da19cfc9b294331047e959a2dfc7ff14c1c9ae33c17c1aae82945e3b2
[INFO] running `Command { std: "docker" "start" "-a" "b920443da19cfc9b294331047e959a2dfc7ff14c1c9ae33c17c1aae82945e3b2", kill_on_drop: false }`
[INFO] running `Command { std: "docker" "inspect" "b920443da19cfc9b294331047e959a2dfc7ff14c1c9ae33c17c1aae82945e3b2", kill_on_drop: false }`
[INFO] running `Command { std: "docker" "rm" "-f" "b920443da19cfc9b294331047e959a2dfc7ff14c1c9ae33c17c1aae82945e3b2", kill_on_drop: false }`
[INFO] [stdout] b920443da19cfc9b294331047e959a2dfc7ff14c1c9ae33c17c1aae82945e3b2
[INFO] running `Command { std: "docker" "create" "-v" "/var/lib/crater-agent-workspace/builds/worker-3-tc1/target:/opt/rustwide/target:rw,Z" "-v" "/var/lib/crater-agent-workspace/builds/worker-3-tc1/source:/opt/rustwide/workdir:ro,Z" "-v" "/var/lib/crater-agent-workspace/cargo-home:/opt/rustwide/cargo-home:ro,Z" "-v" "/var/lib/crater-agent-workspace/rustup-home:/opt/rustwide/rustup-home:ro,Z" "-e" "SOURCE_DIR=/opt/rustwide/workdir" "-e" "CARGO_TARGET_DIR=/opt/rustwide/target" "-e" "CARGO_INCREMENTAL=0" "-e" "RUST_BACKTRACE=full" "-e" "RUSTFLAGS=--cap-lints=warn" "-e" "RUSTDOCFLAGS=--cap-lints=warn" "-e" "CARGO_HOME=/opt/rustwide/cargo-home" "-e" "RUSTUP_HOME=/opt/rustwide/rustup-home" "-w" "/opt/rustwide/workdir" "-m" "1610612736" "--user" "0:0" "--network" "none" "ghcr.io/rust-lang/crates-build-env/linux@sha256:2788e3201cd34a07e3172128adcd8b3090168a8e3bcc40d7c032b9dda1df7d1c" "/opt/rustwide/cargo-home/bin/cargo" "+1.75.0" "build" "--frozen" "--message-format=json", kill_on_drop: false }`
[INFO] [stdout] f7c3334de46ca0f74e95a7224aa9cbedbbe44c178ca524b6b3af0a06c11aff54
[INFO] running `Command { std: "docker" "start" "-a" "f7c3334de46ca0f74e95a7224aa9cbedbbe44c178ca524b6b3af0a06c11aff54", kill_on_drop: false }`
[INFO] [stderr]    Compiling proc-macro2 v1.0.43
[INFO] [stderr]    Compiling quote v1.0.21
[INFO] [stderr]    Compiling unicode-ident v1.0.4
[INFO] [stderr]    Compiling syn v1.0.100
[INFO] [stderr]    Compiling libc v0.2.133
[INFO] [stderr]    Compiling once_cell v1.15.0
[INFO] [stderr]    Compiling bytes v1.2.1
[INFO] [stderr]    Compiling memchr v2.5.0
[INFO] [stderr]    Compiling serde_derive v1.0.145
[INFO] [stderr]    Compiling pin-project-lite v0.2.9
[INFO] [stderr]    Compiling log v0.4.17
[INFO] [stderr]    Compiling serde v1.0.145
[INFO] [stderr]    Compiling cc v1.0.73
[INFO] [stderr]    Compiling futures-core v0.3.24
[INFO] [stderr]    Compiling typenum v1.15.0
[INFO] [stderr]    Compiling generic-array v0.14.6
[INFO] [stderr]    Compiling lock_api v0.4.9
[INFO] [stderr]    Compiling parking_lot_core v0.9.3
[INFO] [stderr]    Compiling itoa v1.0.3
[INFO] [stderr]    Compiling slab v0.4.7
[INFO] [stderr]    Compiling smallvec v1.9.0
[INFO] [stderr]    Compiling scopeguard v1.1.0
[INFO] [stderr]    Compiling futures-channel v0.3.24
[INFO] [stderr]    Compiling futures-sink v0.3.24
[INFO] [stderr]    Compiling futures-task v0.3.24
[INFO] [stderr]    Compiling pkg-config v0.3.25
[INFO] [stderr]    Compiling tokio v1.21.1
[INFO] [stderr]    Compiling futures-io v0.3.24
[INFO] [stderr]    Compiling thiserror v1.0.35
[INFO] [stderr]    Compiling futures-util v0.3.24
[INFO] [stderr]    Compiling fnv v1.0.7
[INFO] [stderr]    Compiling ppv-lite86 v0.2.16
[INFO] [stderr]    Compiling crunchy v0.2.2
[INFO] [stderr]    Compiling http v0.2.8
[INFO] [stderr]    Compiling foreign-types-shared v0.1.1
[INFO] [stderr]    Compiling tinyvec_macros v0.1.0
[INFO] [stderr]    Compiling openssl v0.10.41
[INFO] [stderr]    Compiling rustc-hex v2.1.0
[INFO] [stderr]    Compiling foreign-types v0.3.2
[INFO] [stderr]    Compiling tracing-core v0.1.29
[INFO] [stderr]    Compiling tinyvec v1.6.0
[INFO] [stderr]    Compiling indexmap v1.9.1
[INFO] [stderr]    Compiling native-tls v0.2.10
[INFO] [stderr]    Compiling httparse v1.8.0
[INFO] [stderr]    Compiling byteorder v1.4.3
[INFO] [stderr]    Compiling rlp v0.5.1
[INFO] [stderr]    Compiling socket2 v0.4.7
[INFO] [stderr]    Compiling num_cpus v1.13.1
[INFO] [stderr]    Compiling getrandom v0.2.7
[INFO] [stderr]    Compiling mio v0.8.4
[INFO] [stderr]    Compiling signal-hook-registry v1.4.0
[INFO] [stderr]    Compiling percent-encoding v2.2.0
[INFO] [stderr]    Compiling serde_json v1.0.85
[INFO] [stderr]    Compiling hashbrown v0.12.3
[INFO] [stderr]    Compiling openssl-sys v0.9.75
[INFO] [stderr]    Compiling parking_lot v0.12.1
[INFO] [stderr]    Compiling rand_core v0.6.4
[INFO] [stderr]    Compiling tracing v0.1.36
[INFO] [stderr]    Compiling tiny-keccak v2.0.2
[INFO] [stderr]    Compiling arrayvec v0.7.2
[INFO] [stderr]    Compiling rand_chacha v0.3.1
[INFO] [stderr]    Compiling ryu v1.0.11
[INFO] [stderr]    Compiling unicode-bidi v0.3.8
[INFO] [stderr]    Compiling byte-slice-cast v1.2.1
[INFO] [stderr]    Compiling unicode-normalization v0.1.22
[INFO] [stderr]    Compiling openssl-probe v0.1.5
[INFO] [stderr]    Compiling form_urlencoded v1.1.0
[INFO] [stderr]    Compiling impl-rlp v0.3.0
[INFO] [stderr]    Compiling cpufeatures v0.2.5
[INFO] [stderr]    Compiling rand v0.8.5
[INFO] [stderr]    Compiling try-lock v0.2.3
[INFO] [stderr]    Compiling httpdate v1.0.2
[INFO] [stderr]    Compiling uint v0.9.4
[INFO] [stderr]    Compiling want v0.3.0
[INFO] [stderr]    Compiling http-body v0.4.5
[INFO] [stderr]    Compiling secp256k1-sys v0.4.2
[INFO] [stderr]    Compiling crypto-common v0.1.6
[INFO] [stderr]    Compiling block-buffer v0.10.3
[INFO] [stderr]    Compiling encoding_rs v0.8.31
[INFO] [stderr]    Compiling tower-service v0.3.2
[INFO] [stderr]    Compiling base64 v0.13.0
[INFO] [stderr]    Compiling idna v0.3.0
[INFO] [stderr]    Compiling digest v0.10.5
[INFO] [stderr]    Compiling block-buffer v0.9.0
[INFO] [stderr]    Compiling digest v0.9.0
[INFO] [stderr]    Compiling aho-corasick v0.7.19
[INFO] [stderr]    Compiling regex-syntax v0.6.27
[INFO] [stderr]    Compiling keccak v0.1.2
[INFO] [stderr]    Compiling mime v0.3.16
[INFO] [stderr]    Compiling sha-1 v0.9.8
[INFO] [stderr]    Compiling headers-core v0.2.0
[INFO] [stderr]    Compiling sha1 v0.10.5
[INFO] [stderr]    Compiling convert_case v0.4.0
[INFO] [stderr]    Compiling ipnet v2.5.0
[INFO] [stderr]    Compiling fixed-hash v0.7.0
[INFO] [stderr]    Compiling sha3 v0.10.5
[INFO] [stderr]    Compiling matches v0.1.9
[INFO] [stderr]    Compiling idna v0.2.3
[INFO] [stderr]    Compiling headers v0.3.8
[INFO] [stderr]    Compiling futures-timer v3.0.2
[INFO] [stderr]    Compiling url v2.3.1
[INFO] [stderr]    Compiling secp256k1 v0.21.3
[INFO] [stderr]    Compiling regex v1.6.0
[INFO] [stderr]    Compiling tokio-macros v1.8.0
[INFO] [stderr]    Compiling futures-macro v0.3.24
[INFO] [stderr]    Compiling thiserror-impl v1.0.35
[INFO] [stderr]    Compiling openssl-macros v0.1.0
[INFO] [stderr]    Compiling impl-trait-for-tuples v0.2.2
[INFO] [stderr]    Compiling pin-project-internal v1.0.12
[INFO] [stderr]    Compiling derive_more v0.99.17
[INFO] [stderr]    Compiling pin-project v1.0.12
[INFO] [stderr]    Compiling tokio-util v0.7.4
[INFO] [stderr]    Compiling tokio-native-tls v0.3.0
[INFO] [stderr]    Compiling tokio-stream v0.1.10
[INFO] [stderr]    Compiling web3-async-native-tls v0.4.0
[INFO] [stderr]    Compiling futures-executor v0.3.24
[INFO] [stderr]    Compiling futures v0.3.24
[INFO] [stderr]    Compiling soketto v0.7.1
[INFO] [stderr]    Compiling h2 v0.3.14
[INFO] [stderr]    Compiling toml v0.5.9
[INFO] [stderr]    Compiling impl-serde v0.3.2
[INFO] [stderr]    Compiling serde_urlencoded v0.7.1
[INFO] [stderr]    Compiling ethbloom v0.12.1
[INFO] [stderr]    Compiling jsonrpc-core v18.0.0
[INFO] [stderr]    Compiling hyper v0.14.20
[INFO] [stderr]    Compiling proc-macro-crate v1.2.1
[INFO] [stderr]    Compiling parity-scale-codec-derive v3.1.3
[INFO] [stderr]    Compiling parity-scale-codec v3.2.1
[INFO] [stderr]    Compiling impl-codec v0.6.0
[INFO] [stderr]    Compiling primitive-types v0.11.1
[INFO] [stderr]    Compiling hyper-tls v0.5.0
[INFO] [stderr]    Compiling reqwest v0.11.12
[INFO] [stderr]    Compiling ethereum-types v0.13.1
[INFO] [stderr]    Compiling ethabi v17.2.0
[INFO] [stderr]    Compiling fathom_web3 v1.1.0 (/opt/rustwide/workdir)
[INFO] [stdout] warning: unused import: `BigEndianHash`
[INFO] [stdout]  --> src/types/uint.rs:1:26
[INFO] [stdout]   |
[INFO] [stdout] 1 | pub use ethereum_types::{BigEndianHash, Bloom as H2048, H128, H160, H256, H512, H520, H64, U128, U256, U64};
[INFO] [stdout]   |                          ^^^^^^^^^^^^^
[INFO] [stdout]   |
[INFO] [stdout]   = note: `#[warn(unused_imports)]` on by default
[INFO] [stdout] 
[INFO] [stdout] 
[INFO] [stdout] warning: field `port` is never read
[INFO] [stdout]    --> src/transports/ws.rs:166:5
[INFO] [stdout]     |
[INFO] [stdout] 163 | struct ConnectInfo {
[INFO] [stdout]     |        ----------- field in this struct
[INFO] [stdout] ...
[INFO] [stdout] 166 |     port: u16,
[INFO] [stdout]     |     ^^^^
[INFO] [stdout]     |
[INFO] [stdout]     = note: `#[warn(dead_code)]` on by default
[INFO] [stdout] 
[INFO] [stdout] 
[INFO] [stdout] warning: call to `.clone()` on a reference in this situation does nothing
[INFO] [stdout]    --> src/types/block.rs:137:36
[INFO] [stdout]     |
[INFO] [stdout] 137 |                 let author = author.clone().to_string();
[INFO] [stdout]     |                                    ^^^^^^^^ help: remove this redundant call
[INFO] [stdout]     |
[INFO] [stdout]     = note: the type `str` does not implement `Clone`, so calling `clone` on `&str` copies the reference, which does not do anything and can be removed
[INFO] [stdout]     = note: `#[warn(noop_method_call)]` on by default
[INFO] [stdout] 
[INFO] [stdout] 
[INFO] [stdout] warning: call to `.clone()` on a reference in this situation does nothing
[INFO] [stdout]   --> src/types/log.rs:94:36
[INFO] [stdout]    |
[INFO] [stdout] 94 |                 let author = author.clone().to_string();
[INFO] [stdout]    |                                    ^^^^^^^^ help: remove this redundant call
[INFO] [stdout]    |
[INFO] [stdout]    = note: the type `str` does not implement `Clone`, so calling `clone` on `&str` copies the reference, which does not do anything and can be removed
[INFO] [stdout] 
[INFO] [stdout] 
[INFO] [stdout] warning: 4 warnings emitted
[INFO] [stdout] 
[INFO] [stdout] 
[INFO] [stderr]     Finished dev [unoptimized + debuginfo] target(s) in 25.73s
[INFO] running `Command { std: "docker" "inspect" "f7c3334de46ca0f74e95a7224aa9cbedbbe44c178ca524b6b3af0a06c11aff54", kill_on_drop: false }`
[INFO] running `Command { std: "docker" "rm" "-f" "f7c3334de46ca0f74e95a7224aa9cbedbbe44c178ca524b6b3af0a06c11aff54", kill_on_drop: false }`
[INFO] [stdout] f7c3334de46ca0f74e95a7224aa9cbedbbe44c178ca524b6b3af0a06c11aff54
[INFO] running `Command { std: "docker" "create" "-v" "/var/lib/crater-agent-workspace/builds/worker-3-tc1/target:/opt/rustwide/target:rw,Z" "-v" "/var/lib/crater-agent-workspace/builds/worker-3-tc1/source:/opt/rustwide/workdir:ro,Z" "-v" "/var/lib/crater-agent-workspace/cargo-home:/opt/rustwide/cargo-home:ro,Z" "-v" "/var/lib/crater-agent-workspace/rustup-home:/opt/rustwide/rustup-home:ro,Z" "-e" "SOURCE_DIR=/opt/rustwide/workdir" "-e" "CARGO_TARGET_DIR=/opt/rustwide/target" "-e" "CARGO_INCREMENTAL=0" "-e" "RUST_BACKTRACE=full" "-e" "RUSTFLAGS=--cap-lints=warn" "-e" "RUSTDOCFLAGS=--cap-lints=warn" "-e" "CARGO_HOME=/opt/rustwide/cargo-home" "-e" "RUSTUP_HOME=/opt/rustwide/rustup-home" "-w" "/opt/rustwide/workdir" "-m" "1610612736" "--user" "0:0" "--network" "none" "ghcr.io/rust-lang/crates-build-env/linux@sha256:2788e3201cd34a07e3172128adcd8b3090168a8e3bcc40d7c032b9dda1df7d1c" "/opt/rustwide/cargo-home/bin/cargo" "+1.75.0" "test" "--frozen" "--no-run" "--message-format=json", kill_on_drop: false }`
[INFO] [stdout] 9c5819d118cc108360892bc8ce7522681eafdece96e6ff38af8af6734183729c
[INFO] running `Command { std: "docker" "start" "-a" "9c5819d118cc108360892bc8ce7522681eafdece96e6ff38af8af6734183729c", kill_on_drop: false }`
[INFO] [stderr]    Compiling wasm-bindgen-shared v0.2.83
[INFO] [stderr]    Compiling bumpalo v3.11.0
[INFO] [stderr]    Compiling wasm-bindgen v0.2.83
[INFO] [stderr]    Compiling wasm-bindgen-test-macro v0.3.33
[INFO] [stderr]    Compiling atty v0.2.14
[INFO] [stderr]    Compiling termcolor v1.1.3
[INFO] [stderr]    Compiling scoped-tls v1.0.0
[INFO] [stdout] warning: unused import: `BigEndianHash`
[INFO] [stdout]  --> src/types/uint.rs:1:26
[INFO] [stdout]   |
[INFO] [stdout] 1 | pub use ethereum_types::{BigEndianHash, Bloom as H2048, H128, H160, H256, H512, H520, H64, U128, U256, U64};
[INFO] [stdout]   |                          ^^^^^^^^^^^^^
[INFO] [stdout]   |
[INFO] [stdout]   = note: `#[warn(unused_imports)]` on by default
[INFO] [stdout] 
[INFO] [stdout] 
[INFO] [stdout] warning: field `port` is never read
[INFO] [stdout]    --> src/transports/ws.rs:166:5
[INFO] [stdout]     |
[INFO] [stdout] 163 | struct ConnectInfo {
[INFO] [stdout]     |        ----------- field in this struct
[INFO] [stdout] ...
[INFO] [stdout] 166 |     port: u16,
[INFO] [stdout]     |     ^^^^
[INFO] [stdout]     |
[INFO] [stdout]     = note: `#[warn(dead_code)]` on by default
[INFO] [stdout] 
[INFO] [stdout] 
[INFO] [stdout] warning: call to `.clone()` on a reference in this situation does nothing
[INFO] [stdout]    --> src/types/block.rs:137:36
[INFO] [stdout]     |
[INFO] [stdout] 137 |                 let author = author.clone().to_string();
[INFO] [stdout]     |                                    ^^^^^^^^ help: remove this redundant call
[INFO] [stdout]     |
[INFO] [stdout]     = note: the type `str` does not implement `Clone`, so calling `clone` on `&str` copies the reference, which does not do anything and can be removed
[INFO] [stdout]     = note: `#[warn(noop_method_call)]` on by default
[INFO] [stdout] 
[INFO] [stdout] 
[INFO] [stdout] warning: call to `.clone()` on a reference in this situation does nothing
[INFO] [stdout]   --> src/types/log.rs:94:36
[INFO] [stdout]    |
[INFO] [stdout] 94 |                 let author = author.clone().to_string();
[INFO] [stdout]    |                                    ^^^^^^^^ help: remove this redundant call
[INFO] [stdout]    |
[INFO] [stdout]    = note: the type `str` does not implement `Clone`, so calling `clone` on `&str` copies the reference, which does not do anything and can be removed
[INFO] [stdout] 
[INFO] [stdout] 
[INFO] [stdout] warning: 4 warnings emitted
[INFO] [stdout] 
[INFO] [stdout] 
[INFO] [stderr]    Compiling env_logger v0.9.1
[INFO] [stderr]    Compiling wasm-bindgen-backend v0.2.83
[INFO] [stderr]    Compiling wasm-bindgen-macro-support v0.2.83
[INFO] [stderr]    Compiling wasm-bindgen-macro v0.2.83
[INFO] [stderr]    Compiling js-sys v0.3.60
[INFO] [stderr]    Compiling console_error_panic_hook v0.1.7
[INFO] [stderr]    Compiling wasm-bindgen-futures v0.4.33
[INFO] [stderr]    Compiling wasm-bindgen-test v0.3.33
[INFO] [stderr]    Compiling fathom_web3 v1.1.0 (/opt/rustwide/workdir)
[INFO] [stderr] error: could not compile `fathom_web3` (example "contract_log_pubsub")
[INFO] [stderr] 
[INFO] [stderr] Caused by:
[INFO] [stderr]   process didn't exit successfully: `/opt/rustwide/rustup-home/toolchains/1.75.0-x86_64-unknown-linux-gnu/bin/rustc --crate-name contract_log_pubsub --edition=2018 examples/contract_log_pubsub.rs --error-format=json --json=diagnostic-rendered-ansi,artifacts,future-incompat --crate-type bin --emit=dep-info,link -C embed-bitcode=no -C debuginfo=2 --cfg 'feature="_http_base"' --cfg 'feature="async-native-tls"' --cfg 'feature="base64"' --cfg 'feature="bytes"' --cfg 'feature="default"' --cfg 'feature="headers"' --cfg 'feature="http"' --cfg 'feature="http-tls"' --cfg 'feature="ipc-tokio"' --cfg 'feature="once_cell"' --cfg 'feature="reqwest"' --cfg 'feature="secp256k1"' --cfg 'feature="signing"' --cfg 'feature="soketto"' --cfg 'feature="tokio"' --cfg 'feature="tokio-stream"' --cfg 'feature="tokio-util"' --cfg 'feature="url"' --cfg 'feature="ws-tls-tokio"' --cfg 'feature="ws-tokio"' -C metadata=08ef6f13d352820b -C extra-filename=-08ef6f13d352820b --out-dir /opt/rustwide/target/debug/examples -L dependency=/opt/rustwide/target/debug/deps --extern arrayvec=/opt/rustwide/target/debug/deps/libarrayvec-f19559cf4c7b17eb.rlib --extern base64=/opt/rustwide/target/debug/deps/libbase64-2bf8ed8e2a1214cd.rlib --extern bytes=/opt/rustwide/target/debug/deps/libbytes-f5dc1f268a1b4c4c.rlib --extern derive_more=/opt/rustwide/target/debug/deps/libderive_more-b35bd1909d6d2e2e.so --extern env_logger=/opt/rustwide/target/debug/deps/libenv_logger-80d867aca7a65de8.rlib --extern ethabi=/opt/rustwide/target/debug/deps/libethabi-c8b216a0e60b2bea.rlib --extern ethereum_types=/opt/rustwide/target/debug/deps/libethereum_types-2c9e0275efea0d2e.rlib --extern fathom_web3=/opt/rustwide/target/debug/deps/libfathom_web3-20bf2218f905236f.rlib --extern futures=/opt/rustwide/target/debug/deps/libfutures-2f49b03422690073.rlib --extern futures_timer=/opt/rustwide/target/debug/deps/libfutures_timer-377201e06f6c6302.rlib --extern headers=/opt/rustwide/target/debug/deps/libheaders-74f1242fff258149.rlib --extern hex=/opt/rustwide/target/debug/deps/libhex-05644b5497b79c5b.rlib --extern hex_literal=/opt/rustwide/target/debug/deps/libhex_literal-b60b3e1fd72572f0.so --extern hyper=/opt/rustwide/target/debug/deps/libhyper-28a1bd424c83b53b.rlib --extern idna=/opt/rustwide/target/debug/deps/libidna-88509c1b94b83ff7.rlib --extern jsonrpc_core=/opt/rustwide/target/debug/deps/libjsonrpc_core-6e7778ca3e056199.rlib --extern log=/opt/rustwide/target/debug/deps/liblog-d88d404ed4a3e8b9.rlib --extern once_cell=/opt/rustwide/target/debug/deps/libonce_cell-2437d1e94784a961.rlib --extern parking_lot=/opt/rustwide/target/debug/deps/libparking_lot-271bebc1e4e81a56.rlib --extern pin_project=/opt/rustwide/target/debug/deps/libpin_project-c3a332b701ad21db.rlib --extern reqwest=/opt/rustwide/target/debug/deps/libreqwest-3bc7db868e70e841.rlib --extern rlp=/opt/rustwide/target/debug/deps/librlp-20fba7462ecce501.rlib --extern secp256k1=/opt/rustwide/target/debug/deps/libsecp256k1-1a60a038673dc096.rlib --extern serde=/opt/rustwide/target/debug/deps/libserde-a44a23094e8fda77.rlib --extern serde_json=/opt/rustwide/target/debug/deps/libserde_json-7fb31d481fab734c.rlib --extern soketto=/opt/rustwide/target/debug/deps/libsoketto-32fd5d20b1a0878c.rlib --extern tiny_keccak=/opt/rustwide/target/debug/deps/libtiny_keccak-a526fb48c3739c94.rlib --extern tokio=/opt/rustwide/target/debug/deps/libtokio-3f46014bfb5b5aee.rlib --extern tokio_stream=/opt/rustwide/target/debug/deps/libtokio_stream-267d26031e4ea9b7.rlib --extern tokio_util=/opt/rustwide/target/debug/deps/libtokio_util-621f146c23dfbb2f.rlib --extern url=/opt/rustwide/target/debug/deps/liburl-766f8fa2770c8650.rlib --extern wasm_bindgen_test=/opt/rustwide/target/debug/deps/libwasm_bindgen_test-1da1eaa71f3d8252.rlib --extern async_native_tls=/opt/rustwide/target/debug/deps/libweb3_async_native_tls-4691f62fd23314d5.rlib --cap-lints=warn -L native=/opt/rustwide/target/debug/build/secp256k1-sys-24ffafdae817cd03/out` (signal: 9, SIGKILL: kill)
[INFO] [stderr] warning: build failed, waiting for other jobs to finish...
[INFO] [stderr] error: could not compile `fathom_web3` (lib test)
[INFO] [stderr] 
[INFO] [stderr] Caused by:
[INFO] [stderr]   process didn't exit successfully: `/opt/rustwide/rustup-home/toolchains/1.75.0-x86_64-unknown-linux-gnu/bin/rustc --crate-name fathom_web3 --edition=2018 src/lib.rs --error-format=json --json=diagnostic-rendered-ansi,artifacts,future-incompat --emit=dep-info,link -C embed-bitcode=no -C debuginfo=2 --test --cfg 'feature="_http_base"' --cfg 'feature="async-native-tls"' --cfg 'feature="base64"' --cfg 'feature="bytes"' --cfg 'feature="default"' --cfg 'feature="headers"' --cfg 'feature="http"' --cfg 'feature="http-tls"' --cfg 'feature="ipc-tokio"' --cfg 'feature="once_cell"' --cfg 'feature="reqwest"' --cfg 'feature="secp256k1"' --cfg 'feature="signing"' --cfg 'feature="soketto"' --cfg 'feature="tokio"' --cfg 'feature="tokio-stream"' --cfg 'feature="tokio-util"' --cfg 'feature="url"' --cfg 'feature="ws-tls-tokio"' --cfg 'feature="ws-tokio"' -C metadata=5e6a2260efe6af1b -C extra-filename=-5e6a2260efe6af1b --out-dir /opt/rustwide/target/debug/deps -L dependency=/opt/rustwide/target/debug/deps --extern arrayvec=/opt/rustwide/target/debug/deps/libarrayvec-f19559cf4c7b17eb.rlib --extern base64=/opt/rustwide/target/debug/deps/libbase64-2bf8ed8e2a1214cd.rlib --extern bytes=/opt/rustwide/target/debug/deps/libbytes-f5dc1f268a1b4c4c.rlib --extern derive_more=/opt/rustwide/target/debug/deps/libderive_more-b35bd1909d6d2e2e.so --extern env_logger=/opt/rustwide/target/debug/deps/libenv_logger-80d867aca7a65de8.rlib --extern ethabi=/opt/rustwide/target/debug/deps/libethabi-c8b216a0e60b2bea.rlib --extern ethereum_types=/opt/rustwide/target/debug/deps/libethereum_types-2c9e0275efea0d2e.rlib --extern futures=/opt/rustwide/target/debug/deps/libfutures-2f49b03422690073.rlib --extern futures_timer=/opt/rustwide/target/debug/deps/libfutures_timer-377201e06f6c6302.rlib --extern headers=/opt/rustwide/target/debug/deps/libheaders-74f1242fff258149.rlib --extern hex=/opt/rustwide/target/debug/deps/libhex-05644b5497b79c5b.rlib --extern hex_literal=/opt/rustwide/target/debug/deps/libhex_literal-b60b3e1fd72572f0.so --extern hyper=/opt/rustwide/target/debug/deps/libhyper-28a1bd424c83b53b.rlib --extern idna=/opt/rustwide/target/debug/deps/libidna-88509c1b94b83ff7.rlib --extern jsonrpc_core=/opt/rustwide/target/debug/deps/libjsonrpc_core-6e7778ca3e056199.rlib --extern log=/opt/rustwide/target/debug/deps/liblog-d88d404ed4a3e8b9.rlib --extern once_cell=/opt/rustwide/target/debug/deps/libonce_cell-2437d1e94784a961.rlib --extern parking_lot=/opt/rustwide/target/debug/deps/libparking_lot-271bebc1e4e81a56.rlib --extern pin_project=/opt/rustwide/target/debug/deps/libpin_project-c3a332b701ad21db.rlib --extern reqwest=/opt/rustwide/target/debug/deps/libreqwest-3bc7db868e70e841.rlib --extern rlp=/opt/rustwide/target/debug/deps/librlp-20fba7462ecce501.rlib --extern secp256k1=/opt/rustwide/target/debug/deps/libsecp256k1-1a60a038673dc096.rlib --extern serde=/opt/rustwide/target/debug/deps/libserde-a44a23094e8fda77.rlib --extern serde_json=/opt/rustwide/target/debug/deps/libserde_json-7fb31d481fab734c.rlib --extern soketto=/opt/rustwide/target/debug/deps/libsoketto-32fd5d20b1a0878c.rlib --extern tiny_keccak=/opt/rustwide/target/debug/deps/libtiny_keccak-a526fb48c3739c94.rlib --extern tokio=/opt/rustwide/target/debug/deps/libtokio-3f46014bfb5b5aee.rlib --extern tokio_stream=/opt/rustwide/target/debug/deps/libtokio_stream-267d26031e4ea9b7.rlib --extern tokio_util=/opt/rustwide/target/debug/deps/libtokio_util-621f146c23dfbb2f.rlib --extern url=/opt/rustwide/target/debug/deps/liburl-766f8fa2770c8650.rlib --extern wasm_bindgen_test=/opt/rustwide/target/debug/deps/libwasm_bindgen_test-1da1eaa71f3d8252.rlib --extern async_native_tls=/opt/rustwide/target/debug/deps/libweb3_async_native_tls-4691f62fd23314d5.rlib --cap-lints=warn -L native=/opt/rustwide/target/debug/build/secp256k1-sys-24ffafdae817cd03/out` (signal: 9, SIGKILL: kill)
[INFO] [stderr] error: could not compile `fathom_web3` (example "contract_storage")
[INFO] [stderr] 
[INFO] [stderr] Caused by:
[INFO] [stderr]   process didn't exit successfully: `/opt/rustwide/rustup-home/toolchains/1.75.0-x86_64-unknown-linux-gnu/bin/rustc --crate-name contract_storage --edition=2018 examples/contract_storage.rs --error-format=json --json=diagnostic-rendered-ansi,artifacts,future-incompat --crate-type bin --emit=dep-info,link -C embed-bitcode=no -C debuginfo=2 --cfg 'feature="_http_base"' --cfg 'feature="async-native-tls"' --cfg 'feature="base64"' --cfg 'feature="bytes"' --cfg 'feature="default"' --cfg 'feature="headers"' --cfg 'feature="http"' --cfg 'feature="http-tls"' --cfg 'feature="ipc-tokio"' --cfg 'feature="once_cell"' --cfg 'feature="reqwest"' --cfg 'feature="secp256k1"' --cfg 'feature="signing"' --cfg 'feature="soketto"' --cfg 'feature="tokio"' --cfg 'feature="tokio-stream"' --cfg 'feature="tokio-util"' --cfg 'feature="url"' --cfg 'feature="ws-tls-tokio"' --cfg 'feature="ws-tokio"' -C metadata=e1e59d8bf3ac288d -C extra-filename=-e1e59d8bf3ac288d --out-dir /opt/rustwide/target/debug/examples -L dependency=/opt/rustwide/target/debug/deps --extern arrayvec=/opt/rustwide/target/debug/deps/libarrayvec-f19559cf4c7b17eb.rlib --extern base64=/opt/rustwide/target/debug/deps/libbase64-2bf8ed8e2a1214cd.rlib --extern bytes=/opt/rustwide/target/debug/deps/libbytes-f5dc1f268a1b4c4c.rlib --extern derive_more=/opt/rustwide/target/debug/deps/libderive_more-b35bd1909d6d2e2e.so --extern env_logger=/opt/rustwide/target/debug/deps/libenv_logger-80d867aca7a65de8.rlib --extern ethabi=/opt/rustwide/target/debug/deps/libethabi-c8b216a0e60b2bea.rlib --extern ethereum_types=/opt/rustwide/target/debug/deps/libethereum_types-2c9e0275efea0d2e.rlib --extern fathom_web3=/opt/rustwide/target/debug/deps/libfathom_web3-20bf2218f905236f.rlib --extern futures=/opt/rustwide/target/debug/deps/libfutures-2f49b03422690073.rlib --extern futures_timer=/opt/rustwide/target/debug/deps/libfutures_timer-377201e06f6c6302.rlib --extern headers=/opt/rustwide/target/debug/deps/libheaders-74f1242fff258149.rlib --extern hex=/opt/rustwide/target/debug/deps/libhex-05644b5497b79c5b.rlib --extern hex_literal=/opt/rustwide/target/debug/deps/libhex_literal-b60b3e1fd72572f0.so --extern hyper=/opt/rustwide/target/debug/deps/libhyper-28a1bd424c83b53b.rlib --extern idna=/opt/rustwide/target/debug/deps/libidna-88509c1b94b83ff7.rlib --extern jsonrpc_core=/opt/rustwide/target/debug/deps/libjsonrpc_core-6e7778ca3e056199.rlib --extern log=/opt/rustwide/target/debug/deps/liblog-d88d404ed4a3e8b9.rlib --extern once_cell=/opt/rustwide/target/debug/deps/libonce_cell-2437d1e94784a961.rlib --extern parking_lot=/opt/rustwide/target/debug/deps/libparking_lot-271bebc1e4e81a56.rlib --extern pin_project=/opt/rustwide/target/debug/deps/libpin_project-c3a332b701ad21db.rlib --extern reqwest=/opt/rustwide/target/debug/deps/libreqwest-3bc7db868e70e841.rlib --extern rlp=/opt/rustwide/target/debug/deps/librlp-20fba7462ecce501.rlib --extern secp256k1=/opt/rustwide/target/debug/deps/libsecp256k1-1a60a038673dc096.rlib --extern serde=/opt/rustwide/target/debug/deps/libserde-a44a23094e8fda77.rlib --extern serde_json=/opt/rustwide/target/debug/deps/libserde_json-7fb31d481fab734c.rlib --extern soketto=/opt/rustwide/target/debug/deps/libsoketto-32fd5d20b1a0878c.rlib --extern tiny_keccak=/opt/rustwide/target/debug/deps/libtiny_keccak-a526fb48c3739c94.rlib --extern tokio=/opt/rustwide/target/debug/deps/libtokio-3f46014bfb5b5aee.rlib --extern tokio_stream=/opt/rustwide/target/debug/deps/libtokio_stream-267d26031e4ea9b7.rlib --extern tokio_util=/opt/rustwide/target/debug/deps/libtokio_util-621f146c23dfbb2f.rlib --extern url=/opt/rustwide/target/debug/deps/liburl-766f8fa2770c8650.rlib --extern wasm_bindgen_test=/opt/rustwide/target/debug/deps/libwasm_bindgen_test-1da1eaa71f3d8252.rlib --extern async_native_tls=/opt/rustwide/target/debug/deps/libweb3_async_native_tls-4691f62fd23314d5.rlib --cap-lints=warn -L native=/opt/rustwide/target/debug/build/secp256k1-sys-24ffafdae817cd03/out` (signal: 9, SIGKILL: kill)
[INFO] [stderr] error: could not compile `fathom_web3` (example "pubsub")
[INFO] [stderr] 
[INFO] [stderr] Caused by:
[INFO] [stderr]   process didn't exit successfully: `/opt/rustwide/rustup-home/toolchains/1.75.0-x86_64-unknown-linux-gnu/bin/rustc --crate-name pubsub --edition=2018 examples/pubsub.rs --error-format=json --json=diagnostic-rendered-ansi,artifacts,future-incompat --crate-type bin --emit=dep-info,link -C embed-bitcode=no -C debuginfo=2 --cfg 'feature="_http_base"' --cfg 'feature="async-native-tls"' --cfg 'feature="base64"' --cfg 'feature="bytes"' --cfg 'feature="default"' --cfg 'feature="headers"' --cfg 'feature="http"' --cfg 'feature="http-tls"' --cfg 'feature="ipc-tokio"' --cfg 'feature="once_cell"' --cfg 'feature="reqwest"' --cfg 'feature="secp256k1"' --cfg 'feature="signing"' --cfg 'feature="soketto"' --cfg 'feature="tokio"' --cfg 'feature="tokio-stream"' --cfg 'feature="tokio-util"' --cfg 'feature="url"' --cfg 'feature="ws-tls-tokio"' --cfg 'feature="ws-tokio"' -C metadata=68d464942eb46d40 -C extra-filename=-68d464942eb46d40 --out-dir /opt/rustwide/target/debug/examples -L dependency=/opt/rustwide/target/debug/deps --extern arrayvec=/opt/rustwide/target/debug/deps/libarrayvec-f19559cf4c7b17eb.rlib --extern base64=/opt/rustwide/target/debug/deps/libbase64-2bf8ed8e2a1214cd.rlib --extern bytes=/opt/rustwide/target/debug/deps/libbytes-f5dc1f268a1b4c4c.rlib --extern derive_more=/opt/rustwide/target/debug/deps/libderive_more-b35bd1909d6d2e2e.so --extern env_logger=/opt/rustwide/target/debug/deps/libenv_logger-80d867aca7a65de8.rlib --extern ethabi=/opt/rustwide/target/debug/deps/libethabi-c8b216a0e60b2bea.rlib --extern ethereum_types=/opt/rustwide/target/debug/deps/libethereum_types-2c9e0275efea0d2e.rlib --extern fathom_web3=/opt/rustwide/target/debug/deps/libfathom_web3-20bf2218f905236f.rlib --extern futures=/opt/rustwide/target/debug/deps/libfutures-2f49b03422690073.rlib --extern futures_timer=/opt/rustwide/target/debug/deps/libfutures_timer-377201e06f6c6302.rlib --extern headers=/opt/rustwide/target/debug/deps/libheaders-74f1242fff258149.rlib --extern hex=/opt/rustwide/target/debug/deps/libhex-05644b5497b79c5b.rlib --extern hex_literal=/opt/rustwide/target/debug/deps/libhex_literal-b60b3e1fd72572f0.so --extern hyper=/opt/rustwide/target/debug/deps/libhyper-28a1bd424c83b53b.rlib --extern idna=/opt/rustwide/target/debug/deps/libidna-88509c1b94b83ff7.rlib --extern jsonrpc_core=/opt/rustwide/target/debug/deps/libjsonrpc_core-6e7778ca3e056199.rlib --extern log=/opt/rustwide/target/debug/deps/liblog-d88d404ed4a3e8b9.rlib --extern once_cell=/opt/rustwide/target/debug/deps/libonce_cell-2437d1e94784a961.rlib --extern parking_lot=/opt/rustwide/target/debug/deps/libparking_lot-271bebc1e4e81a56.rlib --extern pin_project=/opt/rustwide/target/debug/deps/libpin_project-c3a332b701ad21db.rlib --extern reqwest=/opt/rustwide/target/debug/deps/libreqwest-3bc7db868e70e841.rlib --extern rlp=/opt/rustwide/target/debug/deps/librlp-20fba7462ecce501.rlib --extern secp256k1=/opt/rustwide/target/debug/deps/libsecp256k1-1a60a038673dc096.rlib --extern serde=/opt/rustwide/target/debug/deps/libserde-a44a23094e8fda77.rlib --extern serde_json=/opt/rustwide/target/debug/deps/libserde_json-7fb31d481fab734c.rlib --extern soketto=/opt/rustwide/target/debug/deps/libsoketto-32fd5d20b1a0878c.rlib --extern tiny_keccak=/opt/rustwide/target/debug/deps/libtiny_keccak-a526fb48c3739c94.rlib --extern tokio=/opt/rustwide/target/debug/deps/libtokio-3f46014bfb5b5aee.rlib --extern tokio_stream=/opt/rustwide/target/debug/deps/libtokio_stream-267d26031e4ea9b7.rlib --extern tokio_util=/opt/rustwide/target/debug/deps/libtokio_util-621f146c23dfbb2f.rlib --extern url=/opt/rustwide/target/debug/deps/liburl-766f8fa2770c8650.rlib --extern wasm_bindgen_test=/opt/rustwide/target/debug/deps/libwasm_bindgen_test-1da1eaa71f3d8252.rlib --extern async_native_tls=/opt/rustwide/target/debug/deps/libweb3_async_native_tls-4691f62fd23314d5.rlib --cap-lints=warn -L native=/opt/rustwide/target/debug/build/secp256k1-sys-24ffafdae817cd03/out` (signal: 9, SIGKILL: kill)
[INFO] [stderr] error: could not compile `fathom_web3` (example "contract_log_filter")
[INFO] [stderr] 
[INFO] [stderr] Caused by:
[INFO] [stderr]   process didn't exit successfully: `/opt/rustwide/rustup-home/toolchains/1.75.0-x86_64-unknown-linux-gnu/bin/rustc --crate-name contract_log_filter --edition=2018 examples/contract_log_filter.rs --error-format=json --json=diagnostic-rendered-ansi,artifacts,future-incompat --crate-type bin --emit=dep-info,link -C embed-bitcode=no -C debuginfo=2 --cfg 'feature="_http_base"' --cfg 'feature="async-native-tls"' --cfg 'feature="base64"' --cfg 'feature="bytes"' --cfg 'feature="default"' --cfg 'feature="headers"' --cfg 'feature="http"' --cfg 'feature="http-tls"' --cfg 'feature="ipc-tokio"' --cfg 'feature="once_cell"' --cfg 'feature="reqwest"' --cfg 'feature="secp256k1"' --cfg 'feature="signing"' --cfg 'feature="soketto"' --cfg 'feature="tokio"' --cfg 'feature="tokio-stream"' --cfg 'feature="tokio-util"' --cfg 'feature="url"' --cfg 'feature="ws-tls-tokio"' --cfg 'feature="ws-tokio"' -C metadata=00915d9a5c75201e -C extra-filename=-00915d9a5c75201e --out-dir /opt/rustwide/target/debug/examples -L dependency=/opt/rustwide/target/debug/deps --extern arrayvec=/opt/rustwide/target/debug/deps/libarrayvec-f19559cf4c7b17eb.rlib --extern base64=/opt/rustwide/target/debug/deps/libbase64-2bf8ed8e2a1214cd.rlib --extern bytes=/opt/rustwide/target/debug/deps/libbytes-f5dc1f268a1b4c4c.rlib --extern derive_more=/opt/rustwide/target/debug/deps/libderive_more-b35bd1909d6d2e2e.so --extern env_logger=/opt/rustwide/target/debug/deps/libenv_logger-80d867aca7a65de8.rlib --extern ethabi=/opt/rustwide/target/debug/deps/libethabi-c8b216a0e60b2bea.rlib --extern ethereum_types=/opt/rustwide/target/debug/deps/libethereum_types-2c9e0275efea0d2e.rlib --extern fathom_web3=/opt/rustwide/target/debug/deps/libfathom_web3-20bf2218f905236f.rlib --extern futures=/opt/rustwide/target/debug/deps/libfutures-2f49b03422690073.rlib --extern futures_timer=/opt/rustwide/target/debug/deps/libfutures_timer-377201e06f6c6302.rlib --extern headers=/opt/rustwide/target/debug/deps/libheaders-74f1242fff258149.rlib --extern hex=/opt/rustwide/target/debug/deps/libhex-05644b5497b79c5b.rlib --extern hex_literal=/opt/rustwide/target/debug/deps/libhex_literal-b60b3e1fd72572f0.so --extern hyper=/opt/rustwide/target/debug/deps/libhyper-28a1bd424c83b53b.rlib --extern idna=/opt/rustwide/target/debug/deps/libidna-88509c1b94b83ff7.rlib --extern jsonrpc_core=/opt/rustwide/target/debug/deps/libjsonrpc_core-6e7778ca3e056199.rlib --extern log=/opt/rustwide/target/debug/deps/liblog-d88d404ed4a3e8b9.rlib --extern once_cell=/opt/rustwide/target/debug/deps/libonce_cell-2437d1e94784a961.rlib --extern parking_lot=/opt/rustwide/target/debug/deps/libparking_lot-271bebc1e4e81a56.rlib --extern pin_project=/opt/rustwide/target/debug/deps/libpin_project-c3a332b701ad21db.rlib --extern reqwest=/opt/rustwide/target/debug/deps/libreqwest-3bc7db868e70e841.rlib --extern rlp=/opt/rustwide/target/debug/deps/librlp-20fba7462ecce501.rlib --extern secp256k1=/opt/rustwide/target/debug/deps/libsecp256k1-1a60a038673dc096.rlib --extern serde=/opt/rustwide/target/debug/deps/libserde-a44a23094e8fda77.rlib --extern serde_json=/opt/rustwide/target/debug/deps/libserde_json-7fb31d481fab734c.rlib --extern soketto=/opt/rustwide/target/debug/deps/libsoketto-32fd5d20b1a0878c.rlib --extern tiny_keccak=/opt/rustwide/target/debug/deps/libtiny_keccak-a526fb48c3739c94.rlib --extern tokio=/opt/rustwide/target/debug/deps/libtokio-3f46014bfb5b5aee.rlib --extern tokio_stream=/opt/rustwide/target/debug/deps/libtokio_stream-267d26031e4ea9b7.rlib --extern tokio_util=/opt/rustwide/target/debug/deps/libtokio_util-621f146c23dfbb2f.rlib --extern url=/opt/rustwide/target/debug/deps/liburl-766f8fa2770c8650.rlib --extern wasm_bindgen_test=/opt/rustwide/target/debug/deps/libwasm_bindgen_test-1da1eaa71f3d8252.rlib --extern async_native_tls=/opt/rustwide/target/debug/deps/libweb3_async_native_tls-4691f62fd23314d5.rlib --cap-lints=warn -L native=/opt/rustwide/target/debug/build/secp256k1-sys-24ffafdae817cd03/out` (signal: 9, SIGKILL: kill)
[INFO] [stderr] error: could not compile `fathom_web3` (example "contract")
[INFO] [stderr] 
[INFO] [stderr] Caused by:
[INFO] [stderr]   process didn't exit successfully: `/opt/rustwide/rustup-home/toolchains/1.75.0-x86_64-unknown-linux-gnu/bin/rustc --crate-name contract --edition=2018 examples/contract.rs --error-format=json --json=diagnostic-rendered-ansi,artifacts,future-incompat --crate-type bin --emit=dep-info,link -C embed-bitcode=no -C debuginfo=2 --cfg 'feature="_http_base"' --cfg 'feature="async-native-tls"' --cfg 'feature="base64"' --cfg 'feature="bytes"' --cfg 'feature="default"' --cfg 'feature="headers"' --cfg 'feature="http"' --cfg 'feature="http-tls"' --cfg 'feature="ipc-tokio"' --cfg 'feature="once_cell"' --cfg 'feature="reqwest"' --cfg 'feature="secp256k1"' --cfg 'feature="signing"' --cfg 'feature="soketto"' --cfg 'feature="tokio"' --cfg 'feature="tokio-stream"' --cfg 'feature="tokio-util"' --cfg 'feature="url"' --cfg 'feature="ws-tls-tokio"' --cfg 'feature="ws-tokio"' -C metadata=108706f0380e982d -C extra-filename=-108706f0380e982d --out-dir /opt/rustwide/target/debug/examples -L dependency=/opt/rustwide/target/debug/deps --extern arrayvec=/opt/rustwide/target/debug/deps/libarrayvec-f19559cf4c7b17eb.rlib --extern base64=/opt/rustwide/target/debug/deps/libbase64-2bf8ed8e2a1214cd.rlib --extern bytes=/opt/rustwide/target/debug/deps/libbytes-f5dc1f268a1b4c4c.rlib --extern derive_more=/opt/rustwide/target/debug/deps/libderive_more-b35bd1909d6d2e2e.so --extern env_logger=/opt/rustwide/target/debug/deps/libenv_logger-80d867aca7a65de8.rlib --extern ethabi=/opt/rustwide/target/debug/deps/libethabi-c8b216a0e60b2bea.rlib --extern ethereum_types=/opt/rustwide/target/debug/deps/libethereum_types-2c9e0275efea0d2e.rlib --extern fathom_web3=/opt/rustwide/target/debug/deps/libfathom_web3-20bf2218f905236f.rlib --extern futures=/opt/rustwide/target/debug/deps/libfutures-2f49b03422690073.rlib --extern futures_timer=/opt/rustwide/target/debug/deps/libfutures_timer-377201e06f6c6302.rlib --extern headers=/opt/rustwide/target/debug/deps/libheaders-74f1242fff258149.rlib --extern hex=/opt/rustwide/target/debug/deps/libhex-05644b5497b79c5b.rlib --extern hex_literal=/opt/rustwide/target/debug/deps/libhex_literal-b60b3e1fd72572f0.so --extern hyper=/opt/rustwide/target/debug/deps/libhyper-28a1bd424c83b53b.rlib --extern idna=/opt/rustwide/target/debug/deps/libidna-88509c1b94b83ff7.rlib --extern jsonrpc_core=/opt/rustwide/target/debug/deps/libjsonrpc_core-6e7778ca3e056199.rlib --extern log=/opt/rustwide/target/debug/deps/liblog-d88d404ed4a3e8b9.rlib --extern once_cell=/opt/rustwide/target/debug/deps/libonce_cell-2437d1e94784a961.rlib --extern parking_lot=/opt/rustwide/target/debug/deps/libparking_lot-271bebc1e4e81a56.rlib --extern pin_project=/opt/rustwide/target/debug/deps/libpin_project-c3a332b701ad21db.rlib --extern reqwest=/opt/rustwide/target/debug/deps/libreqwest-3bc7db868e70e841.rlib --extern rlp=/opt/rustwide/target/debug/deps/librlp-20fba7462ecce501.rlib --extern secp256k1=/opt/rustwide/target/debug/deps/libsecp256k1-1a60a038673dc096.rlib --extern serde=/opt/rustwide/target/debug/deps/libserde-a44a23094e8fda77.rlib --extern serde_json=/opt/rustwide/target/debug/deps/libserde_json-7fb31d481fab734c.rlib --extern soketto=/opt/rustwide/target/debug/deps/libsoketto-32fd5d20b1a0878c.rlib --extern tiny_keccak=/opt/rustwide/target/debug/deps/libtiny_keccak-a526fb48c3739c94.rlib --extern tokio=/opt/rustwide/target/debug/deps/libtokio-3f46014bfb5b5aee.rlib --extern tokio_stream=/opt/rustwide/target/debug/deps/libtokio_stream-267d26031e4ea9b7.rlib --extern tokio_util=/opt/rustwide/target/debug/deps/libtokio_util-621f146c23dfbb2f.rlib --extern url=/opt/rustwide/target/debug/deps/liburl-766f8fa2770c8650.rlib --extern wasm_bindgen_test=/opt/rustwide/target/debug/deps/libwasm_bindgen_test-1da1eaa71f3d8252.rlib --extern async_native_tls=/opt/rustwide/target/debug/deps/libweb3_async_native_tls-4691f62fd23314d5.rlib --cap-lints=warn -L native=/opt/rustwide/target/debug/build/secp256k1-sys-24ffafdae817cd03/out` (signal: 9, SIGKILL: kill)
[INFO] [stdout] error: linking with `cc` failed: exit status: 1
[INFO] [stdout]   |
[INFO] [stdout]   = note: LC_ALL="C" PATH="/opt/rustwide/rustup-home/toolchains/1.75.0-x86_64-unknown-linux-gnu/lib/rustlib/x86_64-unknown-linux-gnu/bin:/opt/rustwide/cargo-home/bin:/usr/local/sbin:/usr/local/bin:/usr/sbin:/usr/bin:/sbin:/bin" VSLANG="1033" "cc" "-m64" "/tmp/rustcDLqnVm/symbols.o" "/opt/rustwide/target/debug/examples/transport_batch-a346584353482ea2.transport_batch.e5f6d93d2433881b-cgu.0.rcgu.o" "/opt/rustwide/target/debug/examples/transport_batch-a346584353482ea2.transport_batch.e5f6d93d2433881b-cgu.1.rcgu.o" "/opt/rustwide/target/debug/examples/transport_batch-a346584353482ea2.transport_batch.e5f6d93d2433881b-cgu.2.rcgu.o" "/opt/rustwide/target/debug/examples/transport_batch-a346584353482ea2.transport_batch.e5f6d93d2433881b-cgu.3.rcgu.o" "/opt/rustwide/target/debug/examples/transport_batch-a346584353482ea2.transport_batch.e5f6d93d2433881b-cgu.4.rcgu.o" "/opt/rustwide/target/debug/examples/transport_batch-a346584353482ea2.1makvgaqufwo8cqq.rcgu.o" "-Wl,--as-needed" "-L" "/opt/rustwide/target/debug/deps" "-L" "/opt/rustwide/target/debug/build/secp256k1-sys-24ffafdae817cd03/out" "-L" "/opt/rustwide/rustup-home/toolchains/1.75.0-x86_64-unknown-linux-gnu/lib/rustlib/x86_64-unknown-linux-gnu/lib" "-Wl,-Bstatic" "/opt/rustwide/target/debug/deps/libenv_logger-80d867aca7a65de8.rlib" "/opt/rustwide/target/debug/deps/libatty-06455f9107664a78.rlib" "/opt/rustwide/target/debug/deps/libtermcolor-8398fdf37ae29334.rlib" "/opt/rustwide/target/debug/deps/libhumantime-e2a10e0b2bfa2002.rlib" "/opt/rustwide/target/debug/deps/libfathom_web3-20bf2218f905236f.rlib" "/opt/rustwide/target/debug/deps/libweb3_async_native_tls-4691f62fd23314d5.rlib" "/opt/rustwide/target/debug/deps/libtokio_stream-267d26031e4ea9b7.rlib" "/opt/rustwide/target/debug/deps/libheaders-74f1242fff258149.rlib" "/opt/rustwide/target/debug/deps/libsha1-a04d35f22535fc0d.rlib" "/opt/rustwide/target/debug/deps/libheaders_core-f6c1c7ef966bc75e.rlib" "/opt/rustwide/target/debug/deps/libsoketto-32fd5d20b1a0878c.rlib" "/opt/rustwide/target/debug/deps/libsha1-7c57a67b213b39a1.rlib" "/opt/rustwide/target/debug/deps/libopaque_debug-15273823c1ba1453.rlib" "/opt/rustwide/target/debug/deps/libcpufeatures-68ff2c2a83d8484f.rlib" "/opt/rustwide/target/debug/deps/libblock_buffer-aebf7fcceb395e23.rlib" "/opt/rustwide/target/debug/deps/libdigest-d31a7a7581c0c24e.rlib" "/opt/rustwide/target/debug/deps/libreqwest-3bc7db868e70e841.rlib" "/opt/rustwide/target/debug/deps/libhyper_tls-4ef4ed868c64da65.rlib" "/opt/rustwide/target/debug/deps/libserde_urlencoded-02fdd0010ae8e247.rlib" "/opt/rustwide/target/debug/deps/libipnet-55fdaaa4d0006a30.rlib" "/opt/rustwide/target/debug/deps/libtokio_native_tls-2305ed0e5e5bb3e3.rlib" "/opt/rustwide/target/debug/deps/libmime-450b243d21db2a61.rlib" "/opt/rustwide/target/debug/deps/libencoding_rs-6ac919aaf73aa201.rlib" "/opt/rustwide/target/debug/deps/libbase64-2bf8ed8e2a1214cd.rlib" "/opt/rustwide/target/debug/deps/libnative_tls-eb108c04ec2796fc.rlib" "/opt/rustwide/target/debug/deps/libopenssl_probe-d850575132083d7c.rlib" "/opt/rustwide/target/debug/deps/libopenssl-4fa1ccc7400c853d.rlib" "/opt/rustwide/target/debug/deps/libbitflags-b7cee2ca4fb438d0.rlib" "/opt/rustwide/target/debug/deps/libforeign_types-c05743815e5b8a9d.rlib" "/opt/rustwide/target/debug/deps/libforeign_types_shared-d149f5491fde2862.rlib" "/opt/rustwide/target/debug/deps/libopenssl_sys-55972d9ca26d58af.rlib" "/opt/rustwide/target/debug/deps/libhyper-28a1bd424c83b53b.rlib" "/opt/rustwide/target/debug/deps/libwant-361582c635a6617d.rlib" "/opt/rustwide/target/debug/deps/libtry_lock-6573df21d991c823.rlib" "/opt/rustwide/target/debug/deps/libhttparse-64f1ffbeda450424.rlib" "/opt/rustwide/target/debug/deps/libh2-91f3ed0d3426fa85.rlib" "/opt/rustwide/target/debug/deps/libindexmap-4a55c90885f25f25.rlib" "/opt/rustwide/target/debug/deps/libhashbrown-567986452cb9bc94.rlib" "/opt/rustwide/target/debug/deps/libtokio_util-621f146c23dfbb2f.rlib" "/opt/rustwide/target/debug/deps/libtower_service-104d6e83d5ce383d.rlib" "/opt/rustwide/target/debug/deps/libtracing-40e5439229c5a22c.rlib" "/opt/rustwide/target/debug/deps/libtracing_core-6fcd779b49c8aaa1.rlib" "/opt/rustwide/target/debug/deps/libhttpdate-07ccb2bff48c32b9.rlib" "/opt/rustwide/target/debug/deps/libhttp_body-3206acd3173dbc27.rlib" "/opt/rustwide/target/debug/deps/liburl-766f8fa2770c8650.rlib" "/opt/rustwide/target/debug/deps/libidna-c62e120fb9daafd7.rlib" "/opt/rustwide/target/debug/deps/libform_urlencoded-e8c43e838ad28fa4.rlib" "/opt/rustwide/target/debug/deps/libpercent_encoding-c39f6500503dd269.rlib" "/opt/rustwide/target/debug/deps/libhttp-d800a5c9346a0da7.rlib" "/opt/rustwide/target/debug/deps/libfnv-18bf5144d055e772.rlib" "/opt/rustwide/target/debug/deps/libsecp256k1-1a60a038673dc096.rlib" "/opt/rustwide/target/debug/deps/libsecp256k1_sys-801e59fc69bd1ccf.rlib" "/opt/rustwide/target/debug/deps/libidna-88509c1b94b83ff7.rlib" "/opt/rustwide/target/debug/deps/libunicode_normalization-9a523c060fbda597.rlib" "/opt/rustwide/target/debug/deps/libtinyvec-e78be141da4aa4a4.rlib" "/opt/rustwide/target/debug/deps/libtinyvec_macros-bfeb7a087f0273ce.rlib" "/opt/rustwide/target/debug/deps/libunicode_bidi-6e4d9a1bf3170bfc.rlib" "/opt/rustwide/target/debug/deps/libmatches-e0861c3f10bd1789.rlib" "/opt/rustwide/target/debug/deps/libfutures_timer-377201e06f6c6302.rlib" "/opt/rustwide/target/debug/deps/libpin_project-c3a332b701ad21db.rlib" "/opt/rustwide/target/debug/deps/libethabi-c8b216a0e60b2bea.rlib" "/opt/rustwide/target/debug/deps/libregex-fca5d61c9acb7c52.rlib" "/opt/rustwide/target/debug/deps/libaho_corasick-4afb869e3e7aedd2.rlib" "/opt/rustwide/target/debug/deps/libregex_syntax-edde019f48871409.rlib" "/opt/rustwide/target/debug/deps/libethereum_types-2c9e0275efea0d2e.rlib" "/opt/rustwide/target/debug/deps/libethbloom-ac1ed77950623ddc.rlib" "/opt/rustwide/target/debug/deps/libtiny_keccak-a526fb48c3739c94.rlib" "/opt/rustwide/target/debug/deps/libprimitive_types-efb381ed955e4784.rlib" "/opt/rustwide/target/debug/deps/libimpl_codec-64a822196cbfd568.rlib" "/opt/rustwide/target/debug/deps/libparity_scale_codec-bf0babe6ce22e7f4.rlib" "/opt/rustwide/target/debug/deps/libarrayvec-f19559cf4c7b17eb.rlib" "/opt/rustwide/target/debug/deps/libbyte_slice_cast-5c9b16c672e6abef.rlib" "/opt/rustwide/target/debug/deps/libimpl_serde-261fea8fe028150f.rlib" "/opt/rustwide/target/debug/deps/libimpl_rlp-b5a2f950e8eb179a.rlib" "/opt/rustwide/target/debug/deps/librlp-20fba7462ecce501.rlib" "/opt/rustwide/target/debug/deps/libfixed_hash-f3772ff0a94e84af.rlib" "/opt/rustwide/target/debug/deps/librand-29bd02c5413378b9.rlib" "/opt/rustwide/target/debug/deps/librand_chacha-71419633bf166464.rlib" "/opt/rustwide/target/debug/deps/libppv_lite86-a99ab8a0983e0261.rlib" "/opt/rustwide/target/debug/deps/librand_core-1a756f143ee54f6a.rlib" "/opt/rustwide/target/debug/deps/libgetrandom-7a6992d66b904e14.rlib" "/opt/rustwide/target/debug/deps/librustc_hex-95472170041180ae.rlib" "/opt/rustwide/target/debug/deps/libsha3-536a205a0205929a.rlib" "/opt/rustwide/target/debug/deps/libkeccak-4a85ad65e23e2c69.rlib" "/opt/rustwide/target/debug/deps/libdigest-1ce85d86a1045a4e.rlib" "/opt/rustwide/target/debug/deps/libblock_buffer-6fdbec726c4d5514.rlib" "/opt/rustwide/target/debug/deps/libcrypto_common-399d71eb863da976.rlib" "/opt/rustwide/target/debug/deps/libgeneric_array-8f7b31e17d791b6e.rlib" "/opt/rustwide/target/debug/deps/libtypenum-62ca5a12b60d0fda.rlib" "/opt/rustwide/target/debug/deps/libuint-122bf5220089a84d.rlib" "/opt/rustwide/target/debug/deps/libcrunchy-76bb1c13370ea62c.rlib" "/opt/rustwide/target/debug/deps/libstatic_assertions-06b6572b5d394a0a.rlib" "/opt/rustwide/target/debug/deps/libhex-05644b5497b79c5b.rlib" "/opt/rustwide/target/debug/deps/libbyteorder-5fe86ab1e600268a.rlib" "/opt/rustwide/target/debug/deps/libthiserror-1c432cfff8eb4e2e.rlib" "/opt/rustwide/target/debug/deps/libjsonrpc_core-6e7778ca3e056199.rlib" "/opt/rustwide/target/debug/deps/libserde_json-7fb31d481fab734c.rlib" "/opt/rustwide/target/debug/deps/libryu-80596ff4214e4d03.rlib" "/opt/rustwide/target/debug/deps/libitoa-324a29e856512b52.rlib" "/opt/rustwide/target/debug/deps/libserde-a44a23094e8fda77.rlib" "/opt/rustwide/target/debug/deps/libfutures-2f49b03422690073.rlib" "/opt/rustwide/target/debug/deps/libfutures_executor-daa69ea4cf5d053a.rlib" "/opt/rustwide/target/debug/deps/libfutures_util-e5f1c25c940dfc6b.rlib" "/opt/rustwide/target/debug/deps/libfutures_io-2b1157adb18058db.rlib" "/opt/rustwide/target/debug/deps/libslab-29fe6a49d400343d.rlib" "/opt/rustwide/target/debug/deps/libfutures_channel-7660940b06fe03bf.rlib" "/opt/rustwide/target/debug/deps/libfutures_sink-33a871b3ecf4afde.rlib" "/opt/rustwide/target/debug/deps/libfutures_task-2e259e3d22bc0a04.rlib" "/opt/rustwide/target/debug/deps/libpin_utils-741f7d9d160e4a16.rlib" "/opt/rustwide/target/debug/deps/libfutures_core-e908833c5c4b5dcf.rlib" "/opt/rustwide/target/debug/deps/libtokio-3f46014bfb5b5aee.rlib" "/opt/rustwide/target/debug/deps/libsignal_hook_registry-9caba4abd34fd167.rlib" "/opt/rustwide/target/debug/deps/libnum_cpus-f75918d7f2649914.rlib" "/opt/rustwide/target/debug/deps/libsocket2-9d713542c423849d.rlib" "/opt/rustwide/target/debug/deps/libmemchr-4fdcfd9ddfba30cb.rlib" "/opt/rustwide/target/debug/deps/libonce_cell-2437d1e94784a961.rlib" "/opt/rustwide/target/debug/deps/libbytes-f5dc1f268a1b4c4c.rlib" "/opt/rustwide/target/debug/deps/libmio-a0166c903ca69127.rlib" "/opt/rustwide/target/debug/deps/liblog-d88d404ed4a3e8b9.rlib" "/opt/rustwide/target/debug/deps/libpin_project_lite-cead9f5d94689600.rlib" "/opt/rustwide/target/debug/deps/libparking_lot-271bebc1e4e81a56.rlib" "/opt/rustwide/target/debug/deps/libparking_lot_core-45a8280fed07d225.rlib" "/opt/rustwide/target/debug/deps/liblibc-273a90682bf4a978.rlib" "/opt/rustwide/target/debug/deps/libcfg_if-61dc7a6799e72b18.rlib" "/opt/rustwide/target/debug/deps/libsmallvec-60de533f7e4075fe.rlib" "/opt/rustwide/target/debug/deps/liblock_api-400daf411a1c055a.rlib" "/opt/rustwide/target/debug/deps/libscopeguard-b35f5c652940acc2.rlib" "/opt/rustwide/rustup-home/toolchains/1.75.0-x86_64-unknown-linux-gnu/lib/rustlib/x86_64-unknown-linux-gnu/lib/libstd-90f6ddbf82de36ec.rlib" "/opt/rustwide/rustup-home/toolchains/1.75.0-x86_64-unknown-linux-gnu/lib/rustlib/x86_64-unknown-linux-gnu/lib/libpanic_unwind-480c41e9d4e1f677.rlib" "/opt/rustwide/rustup-home/toolchains/1.75.0-x86_64-unknown-linux-gnu/lib/rustlib/x86_64-unknown-linux-gnu/lib/libobject-db744c0ca03eed1d.rlib" "/opt/rustwide/rustup-home/toolchains/1.75.0-x86_64-unknown-linux-gnu/lib/rustlib/x86_64-unknown-linux-gnu/lib/libmemchr-8ba652dc7d4b285a.rlib" "/opt/rustwide/rustup-home/toolchains/1.75.0-x86_64-unknown-linux-gnu/lib/rustlib/x86_64-unknown-linux-gnu/lib/libaddr2line-d5f4520a9ebc0d58.rlib" "/opt/rustwide/rustup-home/toolchains/1.75.0-x86_64-unknown-linux-gnu/lib/rustlib/x86_64-unknown-linux-gnu/lib/libgimli-4ad84de58f0cb463.rlib" "/opt/rustwide/rustup-home/toolchains/1.75.0-x86_64-unknown-linux-gnu/lib/rustlib/x86_64-unknown-linux-gnu/lib/librustc_demangle-0d10aae2e0f38735.rlib" "/opt/rustwide/rustup-home/toolchains/1.75.0-x86_64-unknown-linux-gnu/lib/rustlib/x86_64-unknown-linux-gnu/lib/libstd_detect-0c17cff739e6745b.rlib" "/opt/rustwide/rustup-home/toolchains/1.75.0-x86_64-unknown-linux-gnu/lib/rustlib/x86_64-unknown-linux-gnu/lib/libhashbrown-b29e17139dde1aa8.rlib" "/opt/rustwide/rustup-home/toolchains/1.75.0-x86_64-unknown-linux-gnu/lib/rustlib/x86_64-unknown-linux-gnu/lib/librustc_std_workspace_alloc-1f975299829cc7bd.rlib" "/opt/rustwide/rustup-home/toolchains/1.75.0-x86_64-unknown-linux-gnu/lib/rustlib/x86_64-unknown-linux-gnu/lib/libminiz_oxide-86bae3bc3079f89b.rlib" "/opt/rustwide/rustup-home/toolchains/1.75.0-x86_64-unknown-linux-gnu/lib/rustlib/x86_64-unknown-linux-gnu/lib/libadler-321b82c30dffdf5f.rlib" "/opt/rustwide/rustup-home/toolchains/1.75.0-x86_64-unknown-linux-gnu/lib/rustlib/x86_64-unknown-linux-gnu/lib/libunwind-3dd8a6810a0bdfef.rlib" "/opt/rustwide/rustup-home/toolchains/1.75.0-x86_64-unknown-linux-gnu/lib/rustlib/x86_64-unknown-linux-gnu/lib/libcfg_if-eb39a61c0c879984.rlib" "/opt/rustwide/rustup-home/toolchains/1.75.0-x86_64-unknown-linux-gnu/lib/rustlib/x86_64-unknown-linux-gnu/lib/liblibc-aa769569f91c3548.rlib" "/opt/rustwide/rustup-home/toolchains/1.75.0-x86_64-unknown-linux-gnu/lib/rustlib/x86_64-unknown-linux-gnu/lib/liballoc-510a192a50a983ed.rlib" "/opt/rustwide/rustup-home/toolchains/1.75.0-x86_64-unknown-linux-gnu/lib/rustlib/x86_64-unknown-linux-gnu/lib/librustc_std_workspace_core-0577018320f99037.rlib" "/opt/rustwide/rustup-home/toolchains/1.75.0-x86_64-unknown-linux-gnu/lib/rustlib/x86_64-unknown-linux-gnu/lib/libcore-193cf992125ccd4c.rlib" "/opt/rustwide/rustup-home/toolchains/1.75.0-x86_64-unknown-linux-gnu/lib/rustlib/x86_64-unknown-linux-gnu/lib/libcompiler_builtins-8e138eaf26ebb4a8.rlib" "-Wl,-Bdynamic" "-lssl" "-lcrypto" "-lgcc_s" "-lutil" "-lrt" "-lpthread" "-lm" "-ldl" "-lc" "-Wl,--eh-frame-hdr" "-Wl,-z,noexecstack" "-L" "/opt/rustwide/rustup-home/toolchains/1.75.0-x86_64-unknown-linux-gnu/lib/rustlib/x86_64-unknown-linux-gnu/lib" "-o" "/opt/rustwide/target/debug/examples/transport_batch-a346584353482ea2" "-Wl,--gc-sections" "-pie" "-Wl,-z,relro,-z,now" "-nodefaultlibs"
[INFO] [stdout]   = note: collect2: fatal error: ld terminated with signal 9 [Killed]
[INFO] [stdout]           compilation terminated.
[INFO] [stdout]           
[INFO] [stdout] 
[INFO] [stdout] 
[INFO] [stdout] error: aborting due to previous error
[INFO] [stdout] 
[INFO] [stdout] 
[INFO] [stderr] error: could not compile `fathom_web3` (example "transport_batch") due to 2 previous errors
[INFO] [stdout] error: linking with `cc` failed: exit status: 1
[INFO] [stdout]   |
[INFO] [stdout]   = note: LC_ALL="C" PATH="/opt/rustwide/rustup-home/toolchains/1.75.0-x86_64-unknown-linux-gnu/lib/rustlib/x86_64-unknown-linux-gnu/bin:/opt/rustwide/cargo-home/bin:/usr/local/sbin:/usr/local/bin:/usr/sbin:/usr/bin:/sbin:/bin" VSLANG="1033" "cc" "-m64" "/tmp/rustcJdya1Y/symbols.o" "/opt/rustwide/target/debug/examples/transport_http-bb7d0d9f59b44e9c.transport_http.2c67a8211035d641-cgu.0.rcgu.o" "/opt/rustwide/target/debug/examples/transport_http-bb7d0d9f59b44e9c.transport_http.2c67a8211035d641-cgu.1.rcgu.o" "/opt/rustwide/target/debug/examples/transport_http-bb7d0d9f59b44e9c.23sx3p9n9vfvfm8h.rcgu.o" "-Wl,--as-needed" "-L" "/opt/rustwide/target/debug/deps" "-L" "/opt/rustwide/target/debug/build/secp256k1-sys-24ffafdae817cd03/out" "-L" "/opt/rustwide/rustup-home/toolchains/1.75.0-x86_64-unknown-linux-gnu/lib/rustlib/x86_64-unknown-linux-gnu/lib" "-Wl,-Bstatic" "/opt/rustwide/target/debug/deps/libenv_logger-80d867aca7a65de8.rlib" "/opt/rustwide/target/debug/deps/libatty-06455f9107664a78.rlib" "/opt/rustwide/target/debug/deps/libtermcolor-8398fdf37ae29334.rlib" "/opt/rustwide/target/debug/deps/libhumantime-e2a10e0b2bfa2002.rlib" "/opt/rustwide/target/debug/deps/libfathom_web3-20bf2218f905236f.rlib" "/opt/rustwide/target/debug/deps/libweb3_async_native_tls-4691f62fd23314d5.rlib" "/opt/rustwide/target/debug/deps/libtokio_stream-267d26031e4ea9b7.rlib" "/opt/rustwide/target/debug/deps/libheaders-74f1242fff258149.rlib" "/opt/rustwide/target/debug/deps/libsha1-a04d35f22535fc0d.rlib" "/opt/rustwide/target/debug/deps/libheaders_core-f6c1c7ef966bc75e.rlib" "/opt/rustwide/target/debug/deps/libsoketto-32fd5d20b1a0878c.rlib" "/opt/rustwide/target/debug/deps/libsha1-7c57a67b213b39a1.rlib" "/opt/rustwide/target/debug/deps/libopaque_debug-15273823c1ba1453.rlib" "/opt/rustwide/target/debug/deps/libcpufeatures-68ff2c2a83d8484f.rlib" "/opt/rustwide/target/debug/deps/libblock_buffer-aebf7fcceb395e23.rlib" "/opt/rustwide/target/debug/deps/libdigest-d31a7a7581c0c24e.rlib" "/opt/rustwide/target/debug/deps/libreqwest-3bc7db868e70e841.rlib" "/opt/rustwide/target/debug/deps/libhyper_tls-4ef4ed868c64da65.rlib" "/opt/rustwide/target/debug/deps/libserde_urlencoded-02fdd0010ae8e247.rlib" "/opt/rustwide/target/debug/deps/libipnet-55fdaaa4d0006a30.rlib" "/opt/rustwide/target/debug/deps/libtokio_native_tls-2305ed0e5e5bb3e3.rlib" "/opt/rustwide/target/debug/deps/libmime-450b243d21db2a61.rlib" "/opt/rustwide/target/debug/deps/libencoding_rs-6ac919aaf73aa201.rlib" "/opt/rustwide/target/debug/deps/libbase64-2bf8ed8e2a1214cd.rlib" "/opt/rustwide/target/debug/deps/libnative_tls-eb108c04ec2796fc.rlib" "/opt/rustwide/target/debug/deps/libopenssl_probe-d850575132083d7c.rlib" "/opt/rustwide/target/debug/deps/libopenssl-4fa1ccc7400c853d.rlib" "/opt/rustwide/target/debug/deps/libbitflags-b7cee2ca4fb438d0.rlib" "/opt/rustwide/target/debug/deps/libforeign_types-c05743815e5b8a9d.rlib" "/opt/rustwide/target/debug/deps/libforeign_types_shared-d149f5491fde2862.rlib" "/opt/rustwide/target/debug/deps/libopenssl_sys-55972d9ca26d58af.rlib" "/opt/rustwide/target/debug/deps/libhyper-28a1bd424c83b53b.rlib" "/opt/rustwide/target/debug/deps/libwant-361582c635a6617d.rlib" "/opt/rustwide/target/debug/deps/libtry_lock-6573df21d991c823.rlib" "/opt/rustwide/target/debug/deps/libhttparse-64f1ffbeda450424.rlib" "/opt/rustwide/target/debug/deps/libh2-91f3ed0d3426fa85.rlib" "/opt/rustwide/target/debug/deps/libindexmap-4a55c90885f25f25.rlib" "/opt/rustwide/target/debug/deps/libhashbrown-567986452cb9bc94.rlib" "/opt/rustwide/target/debug/deps/libtokio_util-621f146c23dfbb2f.rlib" "/opt/rustwide/target/debug/deps/libtower_service-104d6e83d5ce383d.rlib" "/opt/rustwide/target/debug/deps/libtracing-40e5439229c5a22c.rlib" "/opt/rustwide/target/debug/deps/libtracing_core-6fcd779b49c8aaa1.rlib" "/opt/rustwide/target/debug/deps/libhttpdate-07ccb2bff48c32b9.rlib" "/opt/rustwide/target/debug/deps/libhttp_body-3206acd3173dbc27.rlib" "/opt/rustwide/target/debug/deps/liburl-766f8fa2770c8650.rlib" "/opt/rustwide/target/debug/deps/libidna-c62e120fb9daafd7.rlib" "/opt/rustwide/target/debug/deps/libform_urlencoded-e8c43e838ad28fa4.rlib" "/opt/rustwide/target/debug/deps/libpercent_encoding-c39f6500503dd269.rlib" "/opt/rustwide/target/debug/deps/libhttp-d800a5c9346a0da7.rlib" "/opt/rustwide/target/debug/deps/libfnv-18bf5144d055e772.rlib" "/opt/rustwide/target/debug/deps/libsecp256k1-1a60a038673dc096.rlib" "/opt/rustwide/target/debug/deps/libsecp256k1_sys-801e59fc69bd1ccf.rlib" "/opt/rustwide/target/debug/deps/libidna-88509c1b94b83ff7.rlib" "/opt/rustwide/target/debug/deps/libunicode_normalization-9a523c060fbda597.rlib" "/opt/rustwide/target/debug/deps/libtinyvec-e78be141da4aa4a4.rlib" "/opt/rustwide/target/debug/deps/libtinyvec_macros-bfeb7a087f0273ce.rlib" "/opt/rustwide/target/debug/deps/libunicode_bidi-6e4d9a1bf3170bfc.rlib" "/opt/rustwide/target/debug/deps/libmatches-e0861c3f10bd1789.rlib" "/opt/rustwide/target/debug/deps/libfutures_timer-377201e06f6c6302.rlib" "/opt/rustwide/target/debug/deps/libpin_project-c3a332b701ad21db.rlib" "/opt/rustwide/target/debug/deps/libethabi-c8b216a0e60b2bea.rlib" "/opt/rustwide/target/debug/deps/libregex-fca5d61c9acb7c52.rlib" "/opt/rustwide/target/debug/deps/libaho_corasick-4afb869e3e7aedd2.rlib" "/opt/rustwide/target/debug/deps/libregex_syntax-edde019f48871409.rlib" "/opt/rustwide/target/debug/deps/libethereum_types-2c9e0275efea0d2e.rlib" "/opt/rustwide/target/debug/deps/libethbloom-ac1ed77950623ddc.rlib" "/opt/rustwide/target/debug/deps/libtiny_keccak-a526fb48c3739c94.rlib" "/opt/rustwide/target/debug/deps/libprimitive_types-efb381ed955e4784.rlib" "/opt/rustwide/target/debug/deps/libimpl_codec-64a822196cbfd568.rlib" "/opt/rustwide/target/debug/deps/libparity_scale_codec-bf0babe6ce22e7f4.rlib" "/opt/rustwide/target/debug/deps/libarrayvec-f19559cf4c7b17eb.rlib" "/opt/rustwide/target/debug/deps/libbyte_slice_cast-5c9b16c672e6abef.rlib" "/opt/rustwide/target/debug/deps/libimpl_serde-261fea8fe028150f.rlib" "/opt/rustwide/target/debug/deps/libimpl_rlp-b5a2f950e8eb179a.rlib" "/opt/rustwide/target/debug/deps/librlp-20fba7462ecce501.rlib" "/opt/rustwide/target/debug/deps/libfixed_hash-f3772ff0a94e84af.rlib" "/opt/rustwide/target/debug/deps/librand-29bd02c5413378b9.rlib" "/opt/rustwide/target/debug/deps/librand_chacha-71419633bf166464.rlib" "/opt/rustwide/target/debug/deps/libppv_lite86-a99ab8a0983e0261.rlib" "/opt/rustwide/target/debug/deps/librand_core-1a756f143ee54f6a.rlib" "/opt/rustwide/target/debug/deps/libgetrandom-7a6992d66b904e14.rlib" "/opt/rustwide/target/debug/deps/librustc_hex-95472170041180ae.rlib" "/opt/rustwide/target/debug/deps/libsha3-536a205a0205929a.rlib" "/opt/rustwide/target/debug/deps/libkeccak-4a85ad65e23e2c69.rlib" "/opt/rustwide/target/debug/deps/libdigest-1ce85d86a1045a4e.rlib" "/opt/rustwide/target/debug/deps/libblock_buffer-6fdbec726c4d5514.rlib" "/opt/rustwide/target/debug/deps/libcrypto_common-399d71eb863da976.rlib" "/opt/rustwide/target/debug/deps/libgeneric_array-8f7b31e17d791b6e.rlib" "/opt/rustwide/target/debug/deps/libtypenum-62ca5a12b60d0fda.rlib" "/opt/rustwide/target/debug/deps/libuint-122bf5220089a84d.rlib" "/opt/rustwide/target/debug/deps/libcrunchy-76bb1c13370ea62c.rlib" "/opt/rustwide/target/debug/deps/libstatic_assertions-06b6572b5d394a0a.rlib" "/opt/rustwide/target/debug/deps/libhex-05644b5497b79c5b.rlib" "/opt/rustwide/target/debug/deps/libbyteorder-5fe86ab1e600268a.rlib" "/opt/rustwide/target/debug/deps/libthiserror-1c432cfff8eb4e2e.rlib" "/opt/rustwide/target/debug/deps/libjsonrpc_core-6e7778ca3e056199.rlib" "/opt/rustwide/target/debug/deps/libserde_json-7fb31d481fab734c.rlib" "/opt/rustwide/target/debug/deps/libryu-80596ff4214e4d03.rlib" "/opt/rustwide/target/debug/deps/libitoa-324a29e856512b52.rlib" "/opt/rustwide/target/debug/deps/libserde-a44a23094e8fda77.rlib" "/opt/rustwide/target/debug/deps/libfutures-2f49b03422690073.rlib" "/opt/rustwide/target/debug/deps/libfutures_executor-daa69ea4cf5d053a.rlib" "/opt/rustwide/target/debug/deps/libfutures_util-e5f1c25c940dfc6b.rlib" "/opt/rustwide/target/debug/deps/libfutures_io-2b1157adb18058db.rlib" "/opt/rustwide/target/debug/deps/libslab-29fe6a49d400343d.rlib" "/opt/rustwide/target/debug/deps/libfutures_channel-7660940b06fe03bf.rlib" "/opt/rustwide/target/debug/deps/libfutures_sink-33a871b3ecf4afde.rlib" "/opt/rustwide/target/debug/deps/libfutures_task-2e259e3d22bc0a04.rlib" "/opt/rustwide/target/debug/deps/libpin_utils-741f7d9d160e4a16.rlib" "/opt/rustwide/target/debug/deps/libfutures_core-e908833c5c4b5dcf.rlib" "/opt/rustwide/target/debug/deps/libtokio-3f46014bfb5b5aee.rlib" "/opt/rustwide/target/debug/deps/libsignal_hook_registry-9caba4abd34fd167.rlib" "/opt/rustwide/target/debug/deps/libnum_cpus-f75918d7f2649914.rlib" "/opt/rustwide/target/debug/deps/libsocket2-9d713542c423849d.rlib" "/opt/rustwide/target/debug/deps/libmemchr-4fdcfd9ddfba30cb.rlib" "/opt/rustwide/target/debug/deps/libonce_cell-2437d1e94784a961.rlib" "/opt/rustwide/target/debug/deps/libbytes-f5dc1f268a1b4c4c.rlib" "/opt/rustwide/target/debug/deps/libmio-a0166c903ca69127.rlib" "/opt/rustwide/target/debug/deps/liblog-d88d404ed4a3e8b9.rlib" "/opt/rustwide/target/debug/deps/libpin_project_lite-cead9f5d94689600.rlib" "/opt/rustwide/target/debug/deps/libparking_lot-271bebc1e4e81a56.rlib" "/opt/rustwide/target/debug/deps/libparking_lot_core-45a8280fed07d225.rlib" "/opt/rustwide/target/debug/deps/liblibc-273a90682bf4a978.rlib" "/opt/rustwide/target/debug/deps/libcfg_if-61dc7a6799e72b18.rlib" "/opt/rustwide/target/debug/deps/libsmallvec-60de533f7e4075fe.rlib" "/opt/rustwide/target/debug/deps/liblock_api-400daf411a1c055a.rlib" "/opt/rustwide/target/debug/deps/libscopeguard-b35f5c652940acc2.rlib" "/opt/rustwide/rustup-home/toolchains/1.75.0-x86_64-unknown-linux-gnu/lib/rustlib/x86_64-unknown-linux-gnu/lib/libstd-90f6ddbf82de36ec.rlib" "/opt/rustwide/rustup-home/toolchains/1.75.0-x86_64-unknown-linux-gnu/lib/rustlib/x86_64-unknown-linux-gnu/lib/libpanic_unwind-480c41e9d4e1f677.rlib" "/opt/rustwide/rustup-home/toolchains/1.75.0-x86_64-unknown-linux-gnu/lib/rustlib/x86_64-unknown-linux-gnu/lib/libobject-db744c0ca03eed1d.rlib" "/opt/rustwide/rustup-home/toolchains/1.75.0-x86_64-unknown-linux-gnu/lib/rustlib/x86_64-unknown-linux-gnu/lib/libmemchr-8ba652dc7d4b285a.rlib" "/opt/rustwide/rustup-home/toolchains/1.75.0-x86_64-unknown-linux-gnu/lib/rustlib/x86_64-unknown-linux-gnu/lib/libaddr2line-d5f4520a9ebc0d58.rlib" "/opt/rustwide/rustup-home/toolchains/1.75.0-x86_64-unknown-linux-gnu/lib/rustlib/x86_64-unknown-linux-gnu/lib/libgimli-4ad84de58f0cb463.rlib" "/opt/rustwide/rustup-home/toolchains/1.75.0-x86_64-unknown-linux-gnu/lib/rustlib/x86_64-unknown-linux-gnu/lib/librustc_demangle-0d10aae2e0f38735.rlib" "/opt/rustwide/rustup-home/toolchains/1.75.0-x86_64-unknown-linux-gnu/lib/rustlib/x86_64-unknown-linux-gnu/lib/libstd_detect-0c17cff739e6745b.rlib" "/opt/rustwide/rustup-home/toolchains/1.75.0-x86_64-unknown-linux-gnu/lib/rustlib/x86_64-unknown-linux-gnu/lib/libhashbrown-b29e17139dde1aa8.rlib" "/opt/rustwide/rustup-home/toolchains/1.75.0-x86_64-unknown-linux-gnu/lib/rustlib/x86_64-unknown-linux-gnu/lib/librustc_std_workspace_alloc-1f975299829cc7bd.rlib" "/opt/rustwide/rustup-home/toolchains/1.75.0-x86_64-unknown-linux-gnu/lib/rustlib/x86_64-unknown-linux-gnu/lib/libminiz_oxide-86bae3bc3079f89b.rlib" "/opt/rustwide/rustup-home/toolchains/1.75.0-x86_64-unknown-linux-gnu/lib/rustlib/x86_64-unknown-linux-gnu/lib/libadler-321b82c30dffdf5f.rlib" "/opt/rustwide/rustup-home/toolchains/1.75.0-x86_64-unknown-linux-gnu/lib/rustlib/x86_64-unknown-linux-gnu/lib/libunwind-3dd8a6810a0bdfef.rlib" "/opt/rustwide/rustup-home/toolchains/1.75.0-x86_64-unknown-linux-gnu/lib/rustlib/x86_64-unknown-linux-gnu/lib/libcfg_if-eb39a61c0c879984.rlib" "/opt/rustwide/rustup-home/toolchains/1.75.0-x86_64-unknown-linux-gnu/lib/rustlib/x86_64-unknown-linux-gnu/lib/liblibc-aa769569f91c3548.rlib" "/opt/rustwide/rustup-home/toolchains/1.75.0-x86_64-unknown-linux-gnu/lib/rustlib/x86_64-unknown-linux-gnu/lib/liballoc-510a192a50a983ed.rlib" "/opt/rustwide/rustup-home/toolchains/1.75.0-x86_64-unknown-linux-gnu/lib/rustlib/x86_64-unknown-linux-gnu/lib/librustc_std_workspace_core-0577018320f99037.rlib" "/opt/rustwide/rustup-home/toolchains/1.75.0-x86_64-unknown-linux-gnu/lib/rustlib/x86_64-unknown-linux-gnu/lib/libcore-193cf992125ccd4c.rlib" "/opt/rustwide/rustup-home/toolchains/1.75.0-x86_64-unknown-linux-gnu/lib/rustlib/x86_64-unknown-linux-gnu/lib/libcompiler_builtins-8e138eaf26ebb4a8.rlib" "-Wl,-Bdynamic" "-lssl" "-lcrypto" "-lgcc_s" "-lutil" "-lrt" "-lpthread" "-lm" "-ldl" "-lc" "-Wl,--eh-frame-hdr" "-Wl,-z,noexecstack" "-L" "/opt/rustwide/rustup-home/toolchains/1.75.0-x86_64-unknown-linux-gnu/lib/rustlib/x86_64-unknown-linux-gnu/lib" "-o" "/opt/rustwide/target/debug/examples/transport_http-bb7d0d9f59b44e9c" "-Wl,--gc-sections" "-pie" "-Wl,-z,relro,-z,now" "-nodefaultlibs"
[INFO] [stdout]   = note: collect2: fatal error: ld terminated with signal 9 [Killed]
[INFO] [stdout]           compilation terminated.
[INFO] [stdout]           
[INFO] [stdout] 
[INFO] [stdout] 
[INFO] [stdout] error: aborting due to previous error
[INFO] [stdout] 
[INFO] [stdout] 
[INFO] [stderr] error: could not compile `fathom_web3` (example "transport_http") due to 2 previous errors
[INFO] [stdout] error: linking with `cc` failed: exit status: 1
[INFO] [stdout]   |
[INFO] [stdout]   = note: LC_ALL="C" PATH="/opt/rustwide/rustup-home/toolchains/1.75.0-x86_64-unknown-linux-gnu/lib/rustlib/x86_64-unknown-linux-gnu/bin:/opt/rustwide/cargo-home/bin:/usr/local/sbin:/usr/local/bin:/usr/sbin:/usr/bin:/sbin:/bin" VSLANG="1033" "cc" "-m64" "/tmp/rustc0Fs4E8/symbols.o" "/opt/rustwide/target/debug/examples/transport_either-f727b03cb519de6e.transport_either.e9d4c896dec01d4f-cgu.0.rcgu.o" "/opt/rustwide/target/debug/examples/transport_either-f727b03cb519de6e.transport_either.e9d4c896dec01d4f-cgu.1.rcgu.o" "/opt/rustwide/target/debug/examples/transport_either-f727b03cb519de6e.1n8rbq76v8um3ddt.rcgu.o" "-Wl,--as-needed" "-L" "/opt/rustwide/target/debug/deps" "-L" "/opt/rustwide/target/debug/build/secp256k1-sys-24ffafdae817cd03/out" "-L" "/opt/rustwide/rustup-home/toolchains/1.75.0-x86_64-unknown-linux-gnu/lib/rustlib/x86_64-unknown-linux-gnu/lib" "-Wl,-Bstatic" "/opt/rustwide/target/debug/deps/libenv_logger-80d867aca7a65de8.rlib" "/opt/rustwide/target/debug/deps/libatty-06455f9107664a78.rlib" "/opt/rustwide/target/debug/deps/libtermcolor-8398fdf37ae29334.rlib" "/opt/rustwide/target/debug/deps/libhumantime-e2a10e0b2bfa2002.rlib" "/opt/rustwide/target/debug/deps/libfathom_web3-20bf2218f905236f.rlib" "/opt/rustwide/target/debug/deps/libweb3_async_native_tls-4691f62fd23314d5.rlib" "/opt/rustwide/target/debug/deps/libtokio_stream-267d26031e4ea9b7.rlib" "/opt/rustwide/target/debug/deps/libheaders-74f1242fff258149.rlib" "/opt/rustwide/target/debug/deps/libsha1-a04d35f22535fc0d.rlib" "/opt/rustwide/target/debug/deps/libheaders_core-f6c1c7ef966bc75e.rlib" "/opt/rustwide/target/debug/deps/libsoketto-32fd5d20b1a0878c.rlib" "/opt/rustwide/target/debug/deps/libsha1-7c57a67b213b39a1.rlib" "/opt/rustwide/target/debug/deps/libopaque_debug-15273823c1ba1453.rlib" "/opt/rustwide/target/debug/deps/libcpufeatures-68ff2c2a83d8484f.rlib" "/opt/rustwide/target/debug/deps/libblock_buffer-aebf7fcceb395e23.rlib" "/opt/rustwide/target/debug/deps/libdigest-d31a7a7581c0c24e.rlib" "/opt/rustwide/target/debug/deps/libreqwest-3bc7db868e70e841.rlib" "/opt/rustwide/target/debug/deps/libhyper_tls-4ef4ed868c64da65.rlib" "/opt/rustwide/target/debug/deps/libserde_urlencoded-02fdd0010ae8e247.rlib" "/opt/rustwide/target/debug/deps/libipnet-55fdaaa4d0006a30.rlib" "/opt/rustwide/target/debug/deps/libtokio_native_tls-2305ed0e5e5bb3e3.rlib" "/opt/rustwide/target/debug/deps/libmime-450b243d21db2a61.rlib" "/opt/rustwide/target/debug/deps/libencoding_rs-6ac919aaf73aa201.rlib" "/opt/rustwide/target/debug/deps/libbase64-2bf8ed8e2a1214cd.rlib" "/opt/rustwide/target/debug/deps/libnative_tls-eb108c04ec2796fc.rlib" "/opt/rustwide/target/debug/deps/libopenssl_probe-d850575132083d7c.rlib" "/opt/rustwide/target/debug/deps/libopenssl-4fa1ccc7400c853d.rlib" "/opt/rustwide/target/debug/deps/libbitflags-b7cee2ca4fb438d0.rlib" "/opt/rustwide/target/debug/deps/libforeign_types-c05743815e5b8a9d.rlib" "/opt/rustwide/target/debug/deps/libforeign_types_shared-d149f5491fde2862.rlib" "/opt/rustwide/target/debug/deps/libopenssl_sys-55972d9ca26d58af.rlib" "/opt/rustwide/target/debug/deps/libhyper-28a1bd424c83b53b.rlib" "/opt/rustwide/target/debug/deps/libwant-361582c635a6617d.rlib" "/opt/rustwide/target/debug/deps/libtry_lock-6573df21d991c823.rlib" "/opt/rustwide/target/debug/deps/libhttparse-64f1ffbeda450424.rlib" "/opt/rustwide/target/debug/deps/libh2-91f3ed0d3426fa85.rlib" "/opt/rustwide/target/debug/deps/libindexmap-4a55c90885f25f25.rlib" "/opt/rustwide/target/debug/deps/libhashbrown-567986452cb9bc94.rlib" "/opt/rustwide/target/debug/deps/libtokio_util-621f146c23dfbb2f.rlib" "/opt/rustwide/target/debug/deps/libtower_service-104d6e83d5ce383d.rlib" "/opt/rustwide/target/debug/deps/libtracing-40e5439229c5a22c.rlib" "/opt/rustwide/target/debug/deps/libtracing_core-6fcd779b49c8aaa1.rlib" "/opt/rustwide/target/debug/deps/libhttpdate-07ccb2bff48c32b9.rlib" "/opt/rustwide/target/debug/deps/libhttp_body-3206acd3173dbc27.rlib" "/opt/rustwide/target/debug/deps/liburl-766f8fa2770c8650.rlib" "/opt/rustwide/target/debug/deps/libidna-c62e120fb9daafd7.rlib" "/opt/rustwide/target/debug/deps/libform_urlencoded-e8c43e838ad28fa4.rlib" "/opt/rustwide/target/debug/deps/libpercent_encoding-c39f6500503dd269.rlib" "/opt/rustwide/target/debug/deps/libhttp-d800a5c9346a0da7.rlib" "/opt/rustwide/target/debug/deps/libfnv-18bf5144d055e772.rlib" "/opt/rustwide/target/debug/deps/libsecp256k1-1a60a038673dc096.rlib" "/opt/rustwide/target/debug/deps/libsecp256k1_sys-801e59fc69bd1ccf.rlib" "/opt/rustwide/target/debug/deps/libidna-88509c1b94b83ff7.rlib" "/opt/rustwide/target/debug/deps/libunicode_normalization-9a523c060fbda597.rlib" "/opt/rustwide/target/debug/deps/libtinyvec-e78be141da4aa4a4.rlib" "/opt/rustwide/target/debug/deps/libtinyvec_macros-bfeb7a087f0273ce.rlib" "/opt/rustwide/target/debug/deps/libunicode_bidi-6e4d9a1bf3170bfc.rlib" "/opt/rustwide/target/debug/deps/libmatches-e0861c3f10bd1789.rlib" "/opt/rustwide/target/debug/deps/libfutures_timer-377201e06f6c6302.rlib" "/opt/rustwide/target/debug/deps/libpin_project-c3a332b701ad21db.rlib" "/opt/rustwide/target/debug/deps/libethabi-c8b216a0e60b2bea.rlib" "/opt/rustwide/target/debug/deps/libregex-fca5d61c9acb7c52.rlib" "/opt/rustwide/target/debug/deps/libaho_corasick-4afb869e3e7aedd2.rlib" "/opt/rustwide/target/debug/deps/libregex_syntax-edde019f48871409.rlib" "/opt/rustwide/target/debug/deps/libethereum_types-2c9e0275efea0d2e.rlib" "/opt/rustwide/target/debug/deps/libethbloom-ac1ed77950623ddc.rlib" "/opt/rustwide/target/debug/deps/libtiny_keccak-a526fb48c3739c94.rlib" "/opt/rustwide/target/debug/deps/libprimitive_types-efb381ed955e4784.rlib" "/opt/rustwide/target/debug/deps/libimpl_codec-64a822196cbfd568.rlib" "/opt/rustwide/target/debug/deps/libparity_scale_codec-bf0babe6ce22e7f4.rlib" "/opt/rustwide/target/debug/deps/libarrayvec-f19559cf4c7b17eb.rlib" "/opt/rustwide/target/debug/deps/libbyte_slice_cast-5c9b16c672e6abef.rlib" "/opt/rustwide/target/debug/deps/libimpl_serde-261fea8fe028150f.rlib" "/opt/rustwide/target/debug/deps/libimpl_rlp-b5a2f950e8eb179a.rlib" "/opt/rustwide/target/debug/deps/librlp-20fba7462ecce501.rlib" "/opt/rustwide/target/debug/deps/libfixed_hash-f3772ff0a94e84af.rlib" "/opt/rustwide/target/debug/deps/librand-29bd02c5413378b9.rlib" "/opt/rustwide/target/debug/deps/librand_chacha-71419633bf166464.rlib" "/opt/rustwide/target/debug/deps/libppv_lite86-a99ab8a0983e0261.rlib" "/opt/rustwide/target/debug/deps/librand_core-1a756f143ee54f6a.rlib" "/opt/rustwide/target/debug/deps/libgetrandom-7a6992d66b904e14.rlib" "/opt/rustwide/target/debug/deps/librustc_hex-95472170041180ae.rlib" "/opt/rustwide/target/debug/deps/libsha3-536a205a0205929a.rlib" "/opt/rustwide/target/debug/deps/libkeccak-4a85ad65e23e2c69.rlib" "/opt/rustwide/target/debug/deps/libdigest-1ce85d86a1045a4e.rlib" "/opt/rustwide/target/debug/deps/libblock_buffer-6fdbec726c4d5514.rlib" "/opt/rustwide/target/debug/deps/libcrypto_common-399d71eb863da976.rlib" "/opt/rustwide/target/debug/deps/libgeneric_array-8f7b31e17d791b6e.rlib" "/opt/rustwide/target/debug/deps/libtypenum-62ca5a12b60d0fda.rlib" "/opt/rustwide/target/debug/deps/libuint-122bf5220089a84d.rlib" "/opt/rustwide/target/debug/deps/libcrunchy-76bb1c13370ea62c.rlib" "/opt/rustwide/target/debug/deps/libstatic_assertions-06b6572b5d394a0a.rlib" "/opt/rustwide/target/debug/deps/libhex-05644b5497b79c5b.rlib" "/opt/rustwide/target/debug/deps/libbyteorder-5fe86ab1e600268a.rlib" "/opt/rustwide/target/debug/deps/libthiserror-1c432cfff8eb4e2e.rlib" "/opt/rustwide/target/debug/deps/libjsonrpc_core-6e7778ca3e056199.rlib" "/opt/rustwide/target/debug/deps/libserde_json-7fb31d481fab734c.rlib" "/opt/rustwide/target/debug/deps/libryu-80596ff4214e4d03.rlib" "/opt/rustwide/target/debug/deps/libitoa-324a29e856512b52.rlib" "/opt/rustwide/target/debug/deps/libserde-a44a23094e8fda77.rlib" "/opt/rustwide/target/debug/deps/libfutures-2f49b03422690073.rlib" "/opt/rustwide/target/debug/deps/libfutures_executor-daa69ea4cf5d053a.rlib" "/opt/rustwide/target/debug/deps/libfutures_util-e5f1c25c940dfc6b.rlib" "/opt/rustwide/target/debug/deps/libfutures_io-2b1157adb18058db.rlib" "/opt/rustwide/target/debug/deps/libslab-29fe6a49d400343d.rlib" "/opt/rustwide/target/debug/deps/libfutures_channel-7660940b06fe03bf.rlib" "/opt/rustwide/target/debug/deps/libfutures_sink-33a871b3ecf4afde.rlib" "/opt/rustwide/target/debug/deps/libfutures_task-2e259e3d22bc0a04.rlib" "/opt/rustwide/target/debug/deps/libpin_utils-741f7d9d160e4a16.rlib" "/opt/rustwide/target/debug/deps/libfutures_core-e908833c5c4b5dcf.rlib" "/opt/rustwide/target/debug/deps/libtokio-3f46014bfb5b5aee.rlib" "/opt/rustwide/target/debug/deps/libsignal_hook_registry-9caba4abd34fd167.rlib" "/opt/rustwide/target/debug/deps/libnum_cpus-f75918d7f2649914.rlib" "/opt/rustwide/target/debug/deps/libsocket2-9d713542c423849d.rlib" "/opt/rustwide/target/debug/deps/libmemchr-4fdcfd9ddfba30cb.rlib" "/opt/rustwide/target/debug/deps/libonce_cell-2437d1e94784a961.rlib" "/opt/rustwide/target/debug/deps/libbytes-f5dc1f268a1b4c4c.rlib" "/opt/rustwide/target/debug/deps/libmio-a0166c903ca69127.rlib" "/opt/rustwide/target/debug/deps/liblog-d88d404ed4a3e8b9.rlib" "/opt/rustwide/target/debug/deps/libpin_project_lite-cead9f5d94689600.rlib" "/opt/rustwide/target/debug/deps/libparking_lot-271bebc1e4e81a56.rlib" "/opt/rustwide/target/debug/deps/libparking_lot_core-45a8280fed07d225.rlib" "/opt/rustwide/target/debug/deps/liblibc-273a90682bf4a978.rlib" "/opt/rustwide/target/debug/deps/libcfg_if-61dc7a6799e72b18.rlib" "/opt/rustwide/target/debug/deps/libsmallvec-60de533f7e4075fe.rlib" "/opt/rustwide/target/debug/deps/liblock_api-400daf411a1c055a.rlib" "/opt/rustwide/target/debug/deps/libscopeguard-b35f5c652940acc2.rlib" "/opt/rustwide/rustup-home/toolchains/1.75.0-x86_64-unknown-linux-gnu/lib/rustlib/x86_64-unknown-linux-gnu/lib/libstd-90f6ddbf82de36ec.rlib" "/opt/rustwide/rustup-home/toolchains/1.75.0-x86_64-unknown-linux-gnu/lib/rustlib/x86_64-unknown-linux-gnu/lib/libpanic_unwind-480c41e9d4e1f677.rlib" "/opt/rustwide/rustup-home/toolchains/1.75.0-x86_64-unknown-linux-gnu/lib/rustlib/x86_64-unknown-linux-gnu/lib/libobject-db744c0ca03eed1d.rlib" "/opt/rustwide/rustup-home/toolchains/1.75.0-x86_64-unknown-linux-gnu/lib/rustlib/x86_64-unknown-linux-gnu/lib/libmemchr-8ba652dc7d4b285a.rlib" "/opt/rustwide/rustup-home/toolchains/1.75.0-x86_64-unknown-linux-gnu/lib/rustlib/x86_64-unknown-linux-gnu/lib/libaddr2line-d5f4520a9ebc0d58.rlib" "/opt/rustwide/rustup-home/toolchains/1.75.0-x86_64-unknown-linux-gnu/lib/rustlib/x86_64-unknown-linux-gnu/lib/libgimli-4ad84de58f0cb463.rlib" "/opt/rustwide/rustup-home/toolchains/1.75.0-x86_64-unknown-linux-gnu/lib/rustlib/x86_64-unknown-linux-gnu/lib/librustc_demangle-0d10aae2e0f38735.rlib" "/opt/rustwide/rustup-home/toolchains/1.75.0-x86_64-unknown-linux-gnu/lib/rustlib/x86_64-unknown-linux-gnu/lib/libstd_detect-0c17cff739e6745b.rlib" "/opt/rustwide/rustup-home/toolchains/1.75.0-x86_64-unknown-linux-gnu/lib/rustlib/x86_64-unknown-linux-gnu/lib/libhashbrown-b29e17139dde1aa8.rlib" "/opt/rustwide/rustup-home/toolchains/1.75.0-x86_64-unknown-linux-gnu/lib/rustlib/x86_64-unknown-linux-gnu/lib/librustc_std_workspace_alloc-1f975299829cc7bd.rlib" "/opt/rustwide/rustup-home/toolchains/1.75.0-x86_64-unknown-linux-gnu/lib/rustlib/x86_64-unknown-linux-gnu/lib/libminiz_oxide-86bae3bc3079f89b.rlib" "/opt/rustwide/rustup-home/toolchains/1.75.0-x86_64-unknown-linux-gnu/lib/rustlib/x86_64-unknown-linux-gnu/lib/libadler-321b82c30dffdf5f.rlib" "/opt/rustwide/rustup-home/toolchains/1.75.0-x86_64-unknown-linux-gnu/lib/rustlib/x86_64-unknown-linux-gnu/lib/libunwind-3dd8a6810a0bdfef.rlib" "/opt/rustwide/rustup-home/toolchains/1.75.0-x86_64-unknown-linux-gnu/lib/rustlib/x86_64-unknown-linux-gnu/lib/libcfg_if-eb39a61c0c879984.rlib" "/opt/rustwide/rustup-home/toolchains/1.75.0-x86_64-unknown-linux-gnu/lib/rustlib/x86_64-unknown-linux-gnu/lib/liblibc-aa769569f91c3548.rlib" "/opt/rustwide/rustup-home/toolchains/1.75.0-x86_64-unknown-linux-gnu/lib/rustlib/x86_64-unknown-linux-gnu/lib/liballoc-510a192a50a983ed.rlib" "/opt/rustwide/rustup-home/toolchains/1.75.0-x86_64-unknown-linux-gnu/lib/rustlib/x86_64-unknown-linux-gnu/lib/librustc_std_workspace_core-0577018320f99037.rlib" "/opt/rustwide/rustup-home/toolchains/1.75.0-x86_64-unknown-linux-gnu/lib/rustlib/x86_64-unknown-linux-gnu/lib/libcore-193cf992125ccd4c.rlib" "/opt/rustwide/rustup-home/toolchains/1.75.0-x86_64-unknown-linux-gnu/lib/rustlib/x86_64-unknown-linux-gnu/lib/libcompiler_builtins-8e138eaf26ebb4a8.rlib" "-Wl,-Bdynamic" "-lssl" "-lcrypto" "-lgcc_s" "-lutil" "-lrt" "-lpthread" "-lm" "-ldl" "-lc" "-Wl,--eh-frame-hdr" "-Wl,-z,noexecstack" "-L" "/opt/rustwide/rustup-home/toolchains/1.75.0-x86_64-unknown-linux-gnu/lib/rustlib/x86_64-unknown-linux-gnu/lib" "-o" "/opt/rustwide/target/debug/examples/transport_either-f727b03cb519de6e" "-Wl,--gc-sections" "-pie" "-Wl,-z,relro,-z,now" "-nodefaultlibs"
[INFO] [stdout]   = note: collect2: fatal error: ld terminated with signal 9 [Killed]
[INFO] [stdout]           compilation terminated.
[INFO] [stdout]           
[INFO] [stdout] 
[INFO] [stdout] 
[INFO] [stdout] error: aborting due to previous error
[INFO] [stdout] 
[INFO] [stdout] 
[INFO] [stderr] error: could not compile `fathom_web3` (example "transport_either") due to 2 previous errors
[INFO] running `Command { std: "docker" "inspect" "9c5819d118cc108360892bc8ce7522681eafdece96e6ff38af8af6734183729c", kill_on_drop: false }`
[INFO] running `Command { std: "docker" "rm" "-f" "9c5819d118cc108360892bc8ce7522681eafdece96e6ff38af8af6734183729c", kill_on_drop: false }`
[INFO] [stdout] 9c5819d118cc108360892bc8ce7522681eafdece96e6ff38af8af6734183729c
