[INFO] fetching crate fath 0.2.1...
[INFO] testing fath-0.2.1 against 1.75.0 for beta-1.76-1
[INFO] extracting crate fath 0.2.1 into /workspace/builds/worker-6-tc1/source
[INFO] validating manifest of crates.io crate fath 0.2.1 on toolchain 1.75.0
[INFO] running `Command { std: CARGO_HOME="/workspace/cargo-home" RUSTUP_HOME="/workspace/rustup-home" "/workspace/cargo-home/bin/cargo" "+1.75.0" "metadata" "--manifest-path" "Cargo.toml" "--no-deps", kill_on_drop: false }`
[INFO] removed /workspace/builds/worker-6-tc1/source/.cargo/config.toml
[INFO] started tweaking crates.io crate fath 0.2.1
[INFO] finished tweaking crates.io crate fath 0.2.1
[INFO] tweaked toml for crates.io crate fath 0.2.1 written to /workspace/builds/worker-6-tc1/source/Cargo.toml
[INFO] running `Command { std: CARGO_HOME="/workspace/cargo-home" RUSTUP_HOME="/workspace/rustup-home" "/workspace/cargo-home/bin/cargo" "+1.75.0" "generate-lockfile" "--manifest-path" "Cargo.toml", kill_on_drop: false }`
[INFO] [stderr]     Updating crates.io index
[INFO] running `Command { std: CARGO_HOME="/workspace/cargo-home" RUSTUP_HOME="/workspace/rustup-home" "/workspace/cargo-home/bin/cargo" "+1.75.0" "fetch" "--manifest-path" "Cargo.toml", kill_on_drop: false }`
[INFO] [stderr]  Downloading crates ...
[INFO] [stderr]   Downloaded criterion-cycles-per-byte v0.4.0
[INFO] [stderr]   Downloaded doubled v0.3.2
[INFO] [stderr]   Downloaded sleef v0.3.1
[INFO] running `Command { std: "docker" "create" "-v" "/var/lib/crater-agent-workspace/builds/worker-6-tc1/target:/opt/rustwide/target:rw,Z" "-v" "/var/lib/crater-agent-workspace/builds/worker-6-tc1/source:/opt/rustwide/workdir:ro,Z" "-v" "/var/lib/crater-agent-workspace/cargo-home:/opt/rustwide/cargo-home:ro,Z" "-v" "/var/lib/crater-agent-workspace/rustup-home:/opt/rustwide/rustup-home:ro,Z" "-e" "SOURCE_DIR=/opt/rustwide/workdir" "-e" "CARGO_TARGET_DIR=/opt/rustwide/target" "-e" "CARGO_HOME=/opt/rustwide/cargo-home" "-e" "RUSTUP_HOME=/opt/rustwide/rustup-home" "-w" "/opt/rustwide/workdir" "-m" "1610612736" "--user" "0:0" "--network" "none" "ghcr.io/rust-lang/crates-build-env/linux@sha256:2788e3201cd34a07e3172128adcd8b3090168a8e3bcc40d7c032b9dda1df7d1c" "/opt/rustwide/cargo-home/bin/cargo" "+1.75.0" "metadata" "--no-deps" "--format-version=1", kill_on_drop: false }`
[INFO] [stdout] 3490f519089d783a7c74defce297269d4a0d4a22aa09e84264e0fa3b074c9d2f
[INFO] running `Command { std: "docker" "start" "-a" "3490f519089d783a7c74defce297269d4a0d4a22aa09e84264e0fa3b074c9d2f", kill_on_drop: false }`
[INFO] running `Command { std: "docker" "inspect" "3490f519089d783a7c74defce297269d4a0d4a22aa09e84264e0fa3b074c9d2f", kill_on_drop: false }`
[INFO] running `Command { std: "docker" "rm" "-f" "3490f519089d783a7c74defce297269d4a0d4a22aa09e84264e0fa3b074c9d2f", kill_on_drop: false }`
[INFO] [stdout] 3490f519089d783a7c74defce297269d4a0d4a22aa09e84264e0fa3b074c9d2f
[INFO] running `Command { std: "docker" "create" "-v" "/var/lib/crater-agent-workspace/builds/worker-6-tc1/target:/opt/rustwide/target:rw,Z" "-v" "/var/lib/crater-agent-workspace/builds/worker-6-tc1/source:/opt/rustwide/workdir:ro,Z" "-v" "/var/lib/crater-agent-workspace/cargo-home:/opt/rustwide/cargo-home:ro,Z" "-v" "/var/lib/crater-agent-workspace/rustup-home:/opt/rustwide/rustup-home:ro,Z" "-e" "SOURCE_DIR=/opt/rustwide/workdir" "-e" "CARGO_TARGET_DIR=/opt/rustwide/target" "-e" "CARGO_INCREMENTAL=0" "-e" "RUST_BACKTRACE=full" "-e" "RUSTFLAGS=--cap-lints=warn" "-e" "RUSTDOCFLAGS=--cap-lints=warn" "-e" "CARGO_HOME=/opt/rustwide/cargo-home" "-e" "RUSTUP_HOME=/opt/rustwide/rustup-home" "-w" "/opt/rustwide/workdir" "-m" "1610612736" "--user" "0:0" "--network" "none" "ghcr.io/rust-lang/crates-build-env/linux@sha256:2788e3201cd34a07e3172128adcd8b3090168a8e3bcc40d7c032b9dda1df7d1c" "/opt/rustwide/cargo-home/bin/cargo" "+1.75.0" "build" "--frozen" "--message-format=json", kill_on_drop: false }`
[INFO] [stdout] c867d4ed5ec3c99b593477e3a97bac8bf4e2ae97a95eb317d2bbd6d8abca4e75
[INFO] running `Command { std: "docker" "start" "-a" "c867d4ed5ec3c99b593477e3a97bac8bf4e2ae97a95eb317d2bbd6d8abca4e75", kill_on_drop: false }`
[INFO] [stderr]    Compiling fath v0.2.1 (/opt/rustwide/workdir)
[INFO] [stdout] error[E0554]: `#![feature]` may not be used on the stable release channel
[INFO] [stdout]  --> src/lib.rs:1:12
[INFO] [stdout]   |
[INFO] [stdout] 1 | #![feature(core_intrinsics, portable_simd)]
[INFO] [stdout]   |            ^^^^^^^^^^^^^^^
[INFO] [stdout] 
[INFO] [stdout] 
[INFO] [stdout] error[E0554]: `#![feature]` may not be used on the stable release channel
[INFO] [stdout]  --> src/lib.rs:1:29
[INFO] [stdout]   |
[INFO] [stdout] 1 | #![feature(core_intrinsics, portable_simd)]
[INFO] [stdout]   |                             ^^^^^^^^^^^^^
[INFO] [stdout] 
[INFO] [stdout] 
[INFO] [stdout] error: aborting due to 2 previous errors
[INFO] [stdout] 
[INFO] [stdout] 
[INFO] [stdout] For more information about this error, try `rustc --explain E0554`.
[INFO] [stdout] 
[INFO] [stderr] error: could not compile `fath` (lib) due to 3 previous errors
[INFO] running `Command { std: "docker" "inspect" "c867d4ed5ec3c99b593477e3a97bac8bf4e2ae97a95eb317d2bbd6d8abca4e75", kill_on_drop: false }`
[INFO] running `Command { std: "docker" "rm" "-f" "c867d4ed5ec3c99b593477e3a97bac8bf4e2ae97a95eb317d2bbd6d8abca4e75", kill_on_drop: false }`
[INFO] [stdout] c867d4ed5ec3c99b593477e3a97bac8bf4e2ae97a95eb317d2bbd6d8abca4e75
[INFO] testing fath-0.2.1 against beta-2023-12-22 for beta-1.76-1
[INFO] extracting crate fath 0.2.1 into /workspace/builds/worker-6-tc2/source
[INFO] validating manifest of crates.io crate fath 0.2.1 on toolchain beta-2023-12-22
[INFO] running `Command { std: CARGO_HOME="/workspace/cargo-home" RUSTUP_HOME="/workspace/rustup-home" "/workspace/cargo-home/bin/cargo" "+beta-2023-12-22" "metadata" "--manifest-path" "Cargo.toml" "--no-deps", kill_on_drop: false }`
[INFO] removed /workspace/builds/worker-6-tc2/source/.cargo/config.toml
[INFO] started tweaking crates.io crate fath 0.2.1
[INFO] finished tweaking crates.io crate fath 0.2.1
[INFO] tweaked toml for crates.io crate fath 0.2.1 written to /workspace/builds/worker-6-tc2/source/Cargo.toml
[INFO] running `Command { std: CARGO_HOME="/workspace/cargo-home" RUSTUP_HOME="/workspace/rustup-home" "/workspace/cargo-home/bin/cargo" "+beta-2023-12-22" "generate-lockfile" "--manifest-path" "Cargo.toml", kill_on_drop: false }`
[INFO] [stderr]     Updating crates.io index
[INFO] running `Command { std: CARGO_HOME="/workspace/cargo-home" RUSTUP_HOME="/workspace/rustup-home" "/workspace/cargo-home/bin/cargo" "+beta-2023-12-22" "fetch" "--manifest-path" "Cargo.toml", kill_on_drop: false }`
[INFO] running `Command { std: "docker" "create" "-v" "/var/lib/crater-agent-workspace/builds/worker-6-tc2/target:/opt/rustwide/target:rw,Z" "-v" "/var/lib/crater-agent-workspace/builds/worker-6-tc2/source:/opt/rustwide/workdir:ro,Z" "-v" "/var/lib/crater-agent-workspace/cargo-home:/opt/rustwide/cargo-home:ro,Z" "-v" "/var/lib/crater-agent-workspace/rustup-home:/opt/rustwide/rustup-home:ro,Z" "-e" "SOURCE_DIR=/opt/rustwide/workdir" "-e" "CARGO_TARGET_DIR=/opt/rustwide/target" "-e" "CARGO_HOME=/opt/rustwide/cargo-home" "-e" "RUSTUP_HOME=/opt/rustwide/rustup-home" "-w" "/opt/rustwide/workdir" "-m" "1610612736" "--user" "0:0" "--network" "none" "ghcr.io/rust-lang/crates-build-env/linux@sha256:2788e3201cd34a07e3172128adcd8b3090168a8e3bcc40d7c032b9dda1df7d1c" "/opt/rustwide/cargo-home/bin/cargo" "+beta-2023-12-22" "metadata" "--no-deps" "--format-version=1", kill_on_drop: false }`
[INFO] [stdout] db4fa70295ce171a917c40017653753015dfde8088ee79abb9f23bcc3284aaa5
[INFO] running `Command { std: "docker" "start" "-a" "db4fa70295ce171a917c40017653753015dfde8088ee79abb9f23bcc3284aaa5", kill_on_drop: false }`
[INFO] running `Command { std: "docker" "inspect" "db4fa70295ce171a917c40017653753015dfde8088ee79abb9f23bcc3284aaa5", kill_on_drop: false }`
[INFO] running `Command { std: "docker" "rm" "-f" "db4fa70295ce171a917c40017653753015dfde8088ee79abb9f23bcc3284aaa5", kill_on_drop: false }`
[INFO] [stdout] db4fa70295ce171a917c40017653753015dfde8088ee79abb9f23bcc3284aaa5
[INFO] running `Command { std: "docker" "create" "-v" "/var/lib/crater-agent-workspace/builds/worker-6-tc2/target:/opt/rustwide/target:rw,Z" "-v" "/var/lib/crater-agent-workspace/builds/worker-6-tc2/source:/opt/rustwide/workdir:ro,Z" "-v" "/var/lib/crater-agent-workspace/cargo-home:/opt/rustwide/cargo-home:ro,Z" "-v" "/var/lib/crater-agent-workspace/rustup-home:/opt/rustwide/rustup-home:ro,Z" "-e" "SOURCE_DIR=/opt/rustwide/workdir" "-e" "CARGO_TARGET_DIR=/opt/rustwide/target" "-e" "CARGO_INCREMENTAL=0" "-e" "RUST_BACKTRACE=full" "-e" "RUSTFLAGS=--cap-lints=warn" "-e" "RUSTDOCFLAGS=--cap-lints=warn" "-e" "CARGO_HOME=/opt/rustwide/cargo-home" "-e" "RUSTUP_HOME=/opt/rustwide/rustup-home" "-w" "/opt/rustwide/workdir" "-m" "1610612736" "--user" "0:0" "--network" "none" "ghcr.io/rust-lang/crates-build-env/linux@sha256:2788e3201cd34a07e3172128adcd8b3090168a8e3bcc40d7c032b9dda1df7d1c" "/opt/rustwide/cargo-home/bin/cargo" "+beta-2023-12-22" "build" "--frozen" "--message-format=json", kill_on_drop: false }`
[INFO] [stdout] 2a45b39e95fd0b7995540e640a933468775e8037c65388035ce8dccd7a358185
[INFO] running `Command { std: "docker" "start" "-a" "2a45b39e95fd0b7995540e640a933468775e8037c65388035ce8dccd7a358185", kill_on_drop: false }`
[INFO] [stderr]    Compiling fath v0.2.1 (/opt/rustwide/workdir)
[INFO] [stdout] warning: the feature `core_intrinsics` is internal to the compiler or standard library
[INFO] [stdout]  --> src/lib.rs:1:12
[INFO] [stdout]   |
[INFO] [stdout] 1 | #![feature(core_intrinsics, portable_simd)]
[INFO] [stdout]   |            ^^^^^^^^^^^^^^^
[INFO] [stdout]   |
[INFO] [stdout]   = note: using it is strongly discouraged
[INFO] [stdout]   = note: `#[warn(internal_features)]` on by default
[INFO] [stdout] 
[INFO] [stdout] 
[INFO] [stdout] error[E0554]: `#![feature]` may not be used on the beta release channel
[INFO] [stdout]  --> src/lib.rs:1:12
[INFO] [stdout]   |
[INFO] [stdout] 1 | #![feature(core_intrinsics, portable_simd)]
[INFO] [stdout]   |            ^^^^^^^^^^^^^^^
[INFO] [stdout] 
[INFO] [stdout] 
[INFO] [stdout] error[E0554]: `#![feature]` may not be used on the beta release channel
[INFO] [stdout]  --> src/lib.rs:1:29
[INFO] [stdout]   |
[INFO] [stdout] 1 | #![feature(core_intrinsics, portable_simd)]
[INFO] [stdout]   |                             ^^^^^^^^^^^^^
[INFO] [stdout] 
[INFO] [stdout] 
[INFO] [stdout] error[E0599]: no method named `simd_le` found for struct `core::simd::Simd` in the current scope
[INFO] [stdout]    --> src/simd/int.rs:15:27
[INFO] [stdout]     |
[INFO] [stdout] 15  |                     !self.simd_le(Simd::splat(0)).any(),
[INFO] [stdout]     |                           ^^^^^^^ method not found in `Simd<u32, LANES>`
[INFO] [stdout] ...
[INFO] [stdout] 125 | unsigned_impl!(u32, i32, f32, 23);
[INFO] [stdout]     | --------------------------------- in this macro invocation
[INFO] [stdout]    --> /rustc/0e09125c6c3c2fd70d7de961bcf0e51575235fad/library/core/src/../../portable-simd/crates/core_simd/src/simd/cmp/ord.rs:16:8
[INFO] [stdout]     |
[INFO] [stdout]     = note: the method is available for `core::simd::Simd<u32, LANES>` here
[INFO] [stdout]     |
[INFO] [stdout]     = help: items from traits can only be used if the trait is in scope
[INFO] [stdout]     = note: this error originates in the macro `unsigned_impl` (in Nightly builds, run with -Z macro-backtrace for more info)
[INFO] [stdout] help: the following trait is implemented but not in scope; perhaps add a `use` for it:
[INFO] [stdout]     |
[INFO] [stdout] 1   + use core::simd::cmp::SimdPartialOrd;
[INFO] [stdout]     |
[INFO] [stdout] 
[INFO] [stdout] 
[INFO] [stdout] error[E0599]: no method named `cast` found for struct `core::simd::Simd` in the current scope
[INFO] [stdout]    --> src/simd/int.rs:30:30
[INFO] [stdout]     |
[INFO] [stdout] 30  |                         self.cast::<$s>() >> Simd::splat(UNSIGNED_LOG2 as $s),
[INFO] [stdout]     |                              ^^^^ method not found in `Simd<u32, LANES>`
[INFO] [stdout] ...
[INFO] [stdout] 125 | unsigned_impl!(u32, i32, f32, 23);
[INFO] [stdout]     | --------------------------------- in this macro invocation
[INFO] [stdout]    --> /rustc/0e09125c6c3c2fd70d7de961bcf0e51575235fad/library/core/src/../../portable-simd/crates/core_simd/src/simd/num/uint.rs:17:8
[INFO] [stdout]     |
[INFO] [stdout]     = note: the method is available for `core::simd::Simd<u32, LANES>` here
[INFO] [stdout]     |
[INFO] [stdout]     = help: items from traits can only be used if the trait is in scope
[INFO] [stdout]     = note: this error originates in the macro `unsigned_impl` (in Nightly builds, run with -Z macro-backtrace for more info)
[INFO] [stdout] help: the following trait is implemented but not in scope; perhaps add a `use` for it:
[INFO] [stdout]     |
[INFO] [stdout] 1   + use core::simd::num::SimdUint;
[INFO] [stdout]     |
[INFO] [stdout] 
[INFO] [stdout] 
[INFO] [stdout] error[E0599]: no method named `cast` found for struct `core::simd::Simd` in the current scope
[INFO] [stdout]    --> src/simd/int.rs:34:84
[INFO] [stdout]     |
[INFO] [stdout] 34  |                     let adjusted = (self & !(self >> Simd::splat($mant_bits + 1))).cast::<$s>();
[INFO] [stdout]     |                                                                                    ^^^^ method not found in `Simd<u32, LANES>`
[INFO] [stdout] ...
[INFO] [stdout] 125 | unsigned_impl!(u32, i32, f32, 23);
[INFO] [stdout]     | --------------------------------- in this macro invocation
[INFO] [stdout]    --> /rustc/0e09125c6c3c2fd70d7de961bcf0e51575235fad/library/core/src/../../portable-simd/crates/core_simd/src/simd/num/uint.rs:17:8
[INFO] [stdout]     |
[INFO] [stdout]     = note: the method is available for `core::simd::Simd<u32, LANES>` here
[INFO] [stdout]     |
[INFO] [stdout]     = help: items from traits can only be used if the trait is in scope
[INFO] [stdout]     = note: this error originates in the macro `unsigned_impl` (in Nightly builds, run with -Z macro-backtrace for more info)
[INFO] [stdout] help: the following trait is implemented but not in scope; perhaps add a `use` for it:
[INFO] [stdout]     |
[INFO] [stdout] 1   + use core::simd::num::SimdUint;
[INFO] [stdout]     |
[INFO] [stdout] 
[INFO] [stdout] 
[INFO] [stdout] error[E0599]: no method named `cast` found for struct `core::simd::Simd` in the current scope
[INFO] [stdout]    --> src/simd/int.rs:51:33
[INFO] [stdout]     |
[INFO] [stdout] 51  |                         (approx.cast::<$s>()
[INFO] [stdout]     |                                 ^^^^ method not found in `Simd<u32, LANES>`
[INFO] [stdout] ...
[INFO] [stdout] 125 | unsigned_impl!(u32, i32, f32, 23);
[INFO] [stdout]     | --------------------------------- in this macro invocation
[INFO] [stdout]    --> /rustc/0e09125c6c3c2fd70d7de961bcf0e51575235fad/library/core/src/../../portable-simd/crates/core_simd/src/simd/num/uint.rs:17:8
[INFO] [stdout]     |
[INFO] [stdout]     = note: the method is available for `core::simd::Simd<u32, LANES>` here
[INFO] [stdout]     |
[INFO] [stdout]     = help: items from traits can only be used if the trait is in scope
[INFO] [stdout]     = note: this error originates in the macro `unsigned_impl` (in Nightly builds, run with -Z macro-backtrace for more info)
[INFO] [stdout] help: the following trait is implemented but not in scope; perhaps add a `use` for it:
[INFO] [stdout]     |
[INFO] [stdout] 1   + use core::simd::num::SimdUint;
[INFO] [stdout]     |
[INFO] [stdout] 
[INFO] [stdout] 
[INFO] [stdout] error[E0599]: no method named `simd_gt` found for struct `core::simd::Simd` in the current scope
[INFO] [stdout]    --> src/simd/int.rs:52:64
[INFO] [stdout]     |
[INFO] [stdout] 52  |                             + approx.exp_const_coeff::<BASE>().simd_gt(self).to_int())
[INFO] [stdout]     |                                                                ^^^^^^^ method not found in `Simd<u32, LANES>`
[INFO] [stdout] ...
[INFO] [stdout] 125 | unsigned_impl!(u32, i32, f32, 23);
[INFO] [stdout]     | --------------------------------- in this macro invocation
[INFO] [stdout]    --> /rustc/0e09125c6c3c2fd70d7de961bcf0e51575235fad/library/core/src/../../portable-simd/crates/core_simd/src/simd/cmp/ord.rs:20:8
[INFO] [stdout]     |
[INFO] [stdout]     = note: the method is available for `core::simd::Simd<u32, LANES>` here
[INFO] [stdout]     |
[INFO] [stdout]     = help: items from traits can only be used if the trait is in scope
[INFO] [stdout]     = note: this error originates in the macro `unsigned_impl` (in Nightly builds, run with -Z macro-backtrace for more info)
[INFO] [stdout] help: the following trait is implemented but not in scope; perhaps add a `use` for it:
[INFO] [stdout]     |
[INFO] [stdout] 1   + use core::simd::cmp::SimdPartialOrd;
[INFO] [stdout]     |
[INFO] [stdout] 
[INFO] [stdout] 
[INFO] [stdout] error[E0599]: no method named `cast` found for struct `core::simd::Simd` in the current scope
[INFO] [stdout]    --> src/simd/int.rs:62:45
[INFO] [stdout]     |
[INFO] [stdout] 62  |                         let x_signed = self.cast::<$s>();
[INFO] [stdout]     |                                             ^^^^ method not found in `Simd<u32, LANES>`
[INFO] [stdout] ...
[INFO] [stdout] 125 | unsigned_impl!(u32, i32, f32, 23);
[INFO] [stdout]     | --------------------------------- in this macro invocation
[INFO] [stdout]    --> /rustc/0e09125c6c3c2fd70d7de961bcf0e51575235fad/library/core/src/../../portable-simd/crates/core_simd/src/simd/num/uint.rs:17:8
[INFO] [stdout]     |
[INFO] [stdout]     = note: the method is available for `core::simd::Simd<u32, LANES>` here
[INFO] [stdout]     |
[INFO] [stdout]     = help: items from traits can only be used if the trait is in scope
[INFO] [stdout]     = note: this error originates in the macro `unsigned_impl` (in Nightly builds, run with -Z macro-backtrace for more info)
[INFO] [stdout] help: the following trait is implemented but not in scope; perhaps add a `use` for it:
[INFO] [stdout]     |
[INFO] [stdout] 1   + use core::simd::num::SimdUint;
[INFO] [stdout]     |
[INFO] [stdout] 
[INFO] [stdout] 
[INFO] [stdout] error[E0599]: no method named `simd_ge` found for struct `core::simd::Simd` in the current scope
[INFO] [stdout]    --> src/simd/int.rs:80:34
[INFO] [stdout]     |
[INFO] [stdout] 79  |                               result -= self
[INFO] [stdout]     |  _______________________________________-
[INFO] [stdout] 80  | |                                 .simd_ge(Simd::splat((BASE as $u).pow(i)))
[INFO] [stdout]     | |                                 -^^^^^^^ method not found in `Simd<u32, LANES>`
[INFO] [stdout]     | |_________________________________|
[INFO] [stdout]     | 
[INFO] [stdout] ...
[INFO] [stdout] 125 |   unsigned_impl!(u32, i32, f32, 23);
[INFO] [stdout]     |   --------------------------------- in this macro invocation
[INFO] [stdout]    --> /rustc/0e09125c6c3c2fd70d7de961bcf0e51575235fad/library/core/src/../../portable-simd/crates/core_simd/src/simd/cmp/ord.rs:24:8
[INFO] [stdout]     |
[INFO] [stdout]     = note: the method is available for `core::simd::Simd<u32, LANES>` here
[INFO] [stdout]     |
[INFO] [stdout]     = help: items from traits can only be used if the trait is in scope
[INFO] [stdout]     = note: this error originates in the macro `unsigned_impl` (in Nightly builds, run with -Z macro-backtrace for more info)
[INFO] [stdout] help: the following trait is implemented but not in scope; perhaps add a `use` for it:
[INFO] [stdout]     |
[INFO] [stdout] 1   + use core::simd::cmp::SimdPartialOrd;
[INFO] [stdout]     |
[INFO] [stdout] 
[INFO] [stdout] 
[INFO] [stdout] error[E0599]: no method named `simd_eq` found for struct `core::simd::Simd` in the current scope
[INFO] [stdout]    --> src/simd/int.rs:100:26
[INFO] [stdout]     |
[INFO] [stdout] 99  |                       0 => self
[INFO] [stdout]     |  __________________________-
[INFO] [stdout] 100 | |                         .simd_eq(Simd::splat(0))
[INFO] [stdout]     | |                         -^^^^^^^ method not found in `Simd<u32, LANES>`
[INFO] [stdout]     | |_________________________|
[INFO] [stdout]     | 
[INFO] [stdout] ...
[INFO] [stdout] 125 |   unsigned_impl!(u32, i32, f32, 23);
[INFO] [stdout]     |   --------------------------------- in this macro invocation
[INFO] [stdout]    --> /rustc/0e09125c6c3c2fd70d7de961bcf0e51575235fad/library/core/src/../../portable-simd/crates/core_simd/src/simd/cmp/eq.rs:14:8
[INFO] [stdout]     |
[INFO] [stdout]     = note: the method is available for `core::simd::Simd<u32, LANES>` here
[INFO] [stdout]     |
[INFO] [stdout]     = help: items from traits can only be used if the trait is in scope
[INFO] [stdout]     = note: this error originates in the macro `unsigned_impl` (in Nightly builds, run with -Z macro-backtrace for more info)
[INFO] [stdout] help: the following trait is implemented but not in scope; perhaps add a `use` for it:
[INFO] [stdout]     |
[INFO] [stdout] 1   + use core::simd::cmp::SimdPartialEq;
[INFO] [stdout]     |
[INFO] [stdout] 
[INFO] [stdout] 
[INFO] [stdout] error[E0599]: no method named `simd_eq` found for struct `core::simd::Simd` in the current scope
[INFO] [stdout]    --> src/simd/int.rs:112:34
[INFO] [stdout]     |
[INFO] [stdout] 111 |                               result *= (self & Simd::splat(bit))
[INFO] [stdout]     |  _______________________________________-
[INFO] [stdout] 112 | |                                 .simd_eq(Simd::splat(bit))
[INFO] [stdout]     | |                                 -^^^^^^^ method not found in `Simd<u32, LANES>`
[INFO] [stdout]     | |_________________________________|
[INFO] [stdout]     | 
[INFO] [stdout] ...
[INFO] [stdout] 125 |   unsigned_impl!(u32, i32, f32, 23);
[INFO] [stdout]     |   --------------------------------- in this macro invocation
[INFO] [stdout]    --> /rustc/0e09125c6c3c2fd70d7de961bcf0e51575235fad/library/core/src/../../portable-simd/crates/core_simd/src/simd/cmp/eq.rs:14:8
[INFO] [stdout]     |
[INFO] [stdout]     = note: the method is available for `core::simd::Simd<u32, LANES>` here
[INFO] [stdout]     |
[INFO] [stdout]     = help: items from traits can only be used if the trait is in scope
[INFO] [stdout]     = note: this error originates in the macro `unsigned_impl` (in Nightly builds, run with -Z macro-backtrace for more info)
[INFO] [stdout] help: the following trait is implemented but not in scope; perhaps add a `use` for it:
[INFO] [stdout]     |
[INFO] [stdout] 1   + use core::simd::cmp::SimdPartialEq;
[INFO] [stdout]     |
[INFO] [stdout] 
[INFO] [stdout] 
[INFO] [stdout] error[E0599]: no method named `simd_le` found for struct `core::simd::Simd` in the current scope
[INFO] [stdout]    --> src/simd/int.rs:15:27
[INFO] [stdout]     |
[INFO] [stdout] 15  |                     !self.simd_le(Simd::splat(0)).any(),
[INFO] [stdout]     |                           ^^^^^^^ method not found in `Simd<u64, LANES>`
[INFO] [stdout] ...
[INFO] [stdout] 126 | unsigned_impl!(u64, i64, f64, 52);
[INFO] [stdout]     | --------------------------------- in this macro invocation
[INFO] [stdout]    --> /rustc/0e09125c6c3c2fd70d7de961bcf0e51575235fad/library/core/src/../../portable-simd/crates/core_simd/src/simd/cmp/ord.rs:16:8
[INFO] [stdout]     |
[INFO] [stdout]     = note: the method is available for `core::simd::Simd<u64, LANES>` here
[INFO] [stdout]     |
[INFO] [stdout]     = help: items from traits can only be used if the trait is in scope
[INFO] [stdout]     = note: this error originates in the macro `unsigned_impl` (in Nightly builds, run with -Z macro-backtrace for more info)
[INFO] [stdout] help: the following trait is implemented but not in scope; perhaps add a `use` for it:
[INFO] [stdout]     |
[INFO] [stdout] 1   + use core::simd::cmp::SimdPartialOrd;
[INFO] [stdout]     |
[INFO] [stdout] 
[INFO] [stdout] 
[INFO] [stdout] error[E0599]: no method named `cast` found for struct `core::simd::Simd` in the current scope
[INFO] [stdout]    --> src/simd/int.rs:30:30
[INFO] [stdout]     |
[INFO] [stdout] 30  |                         self.cast::<$s>() >> Simd::splat(UNSIGNED_LOG2 as $s),
[INFO] [stdout]     |                              ^^^^ method not found in `Simd<u64, LANES>`
[INFO] [stdout] ...
[INFO] [stdout] 126 | unsigned_impl!(u64, i64, f64, 52);
[INFO] [stdout]     | --------------------------------- in this macro invocation
[INFO] [stdout]    --> /rustc/0e09125c6c3c2fd70d7de961bcf0e51575235fad/library/core/src/../../portable-simd/crates/core_simd/src/simd/num/uint.rs:17:8
[INFO] [stdout]     |
[INFO] [stdout]     = note: the method is available for `core::simd::Simd<u64, LANES>` here
[INFO] [stdout]     |
[INFO] [stdout]     = help: items from traits can only be used if the trait is in scope
[INFO] [stdout]     = note: this error originates in the macro `unsigned_impl` (in Nightly builds, run with -Z macro-backtrace for more info)
[INFO] [stdout] help: the following trait is implemented but not in scope; perhaps add a `use` for it:
[INFO] [stdout]     |
[INFO] [stdout] 1   + use core::simd::num::SimdUint;
[INFO] [stdout]     |
[INFO] [stdout] 
[INFO] [stdout] 
[INFO] [stdout] error[E0599]: no method named `cast` found for struct `core::simd::Simd` in the current scope
[INFO] [stdout]    --> src/simd/int.rs:34:84
[INFO] [stdout]     |
[INFO] [stdout] 34  |                     let adjusted = (self & !(self >> Simd::splat($mant_bits + 1))).cast::<$s>();
[INFO] [stdout]     |                                                                                    ^^^^ method not found in `Simd<u64, LANES>`
[INFO] [stdout] ...
[INFO] [stdout] 126 | unsigned_impl!(u64, i64, f64, 52);
[INFO] [stdout]     | --------------------------------- in this macro invocation
[INFO] [stdout]    --> /rustc/0e09125c6c3c2fd70d7de961bcf0e51575235fad/library/core/src/../../portable-simd/crates/core_simd/src/simd/num/uint.rs:17:8
[INFO] [stdout]     |
[INFO] [stdout]     = note: the method is available for `core::simd::Simd<u64, LANES>` here
[INFO] [stdout]     |
[INFO] [stdout]     = help: items from traits can only be used if the trait is in scope
[INFO] [stdout]     = note: this error originates in the macro `unsigned_impl` (in Nightly builds, run with -Z macro-backtrace for more info)
[INFO] [stdout] help: the following trait is implemented but not in scope; perhaps add a `use` for it:
[INFO] [stdout]     |
[INFO] [stdout] 1   + use core::simd::num::SimdUint;
[INFO] [stdout]     |
[INFO] [stdout] 
[INFO] [stdout] 
[INFO] [stdout] error[E0599]: no method named `cast` found for struct `core::simd::Simd` in the current scope
[INFO] [stdout]    --> src/simd/int.rs:51:33
[INFO] [stdout]     |
[INFO] [stdout] 51  |                         (approx.cast::<$s>()
[INFO] [stdout]     |                                 ^^^^ method not found in `Simd<u64, LANES>`
[INFO] [stdout] ...
[INFO] [stdout] 126 | unsigned_impl!(u64, i64, f64, 52);
[INFO] [stdout]     | --------------------------------- in this macro invocation
[INFO] [stdout]    --> /rustc/0e09125c6c3c2fd70d7de961bcf0e51575235fad/library/core/src/../../portable-simd/crates/core_simd/src/simd/num/uint.rs:17:8
[INFO] [stdout]     |
[INFO] [stdout]     = note: the method is available for `core::simd::Simd<u64, LANES>` here
[INFO] [stdout]     |
[INFO] [stdout]     = help: items from traits can only be used if the trait is in scope
[INFO] [stdout]     = note: this error originates in the macro `unsigned_impl` (in Nightly builds, run with -Z macro-backtrace for more info)
[INFO] [stdout] help: the following trait is implemented but not in scope; perhaps add a `use` for it:
[INFO] [stdout]     |
[INFO] [stdout] 1   + use core::simd::num::SimdUint;
[INFO] [stdout]     |
[INFO] [stdout] 
[INFO] [stdout] 
[INFO] [stdout] error[E0599]: no method named `simd_gt` found for struct `core::simd::Simd` in the current scope
[INFO] [stdout]    --> src/simd/int.rs:52:64
[INFO] [stdout]     |
[INFO] [stdout] 52  |                             + approx.exp_const_coeff::<BASE>().simd_gt(self).to_int())
[INFO] [stdout]     |                                                                ^^^^^^^ method not found in `Simd<u64, LANES>`
[INFO] [stdout] ...
[INFO] [stdout] 126 | unsigned_impl!(u64, i64, f64, 52);
[INFO] [stdout]     | --------------------------------- in this macro invocation
[INFO] [stdout]    --> /rustc/0e09125c6c3c2fd70d7de961bcf0e51575235fad/library/core/src/../../portable-simd/crates/core_simd/src/simd/cmp/ord.rs:20:8
[INFO] [stdout]     |
[INFO] [stdout]     = note: the method is available for `core::simd::Simd<u64, LANES>` here
[INFO] [stdout]     |
[INFO] [stdout]     = help: items from traits can only be used if the trait is in scope
[INFO] [stdout]     = note: this error originates in the macro `unsigned_impl` (in Nightly builds, run with -Z macro-backtrace for more info)
[INFO] [stdout] help: the following trait is implemented but not in scope; perhaps add a `use` for it:
[INFO] [stdout]     |
[INFO] [stdout] 1   + use core::simd::cmp::SimdPartialOrd;
[INFO] [stdout]     |
[INFO] [stdout] 
[INFO] [stdout] 
[INFO] [stdout] error[E0599]: no method named `cast` found for struct `core::simd::Simd` in the current scope
[INFO] [stdout]    --> src/simd/int.rs:62:45
[INFO] [stdout]     |
[INFO] [stdout] 62  |                         let x_signed = self.cast::<$s>();
[INFO] [stdout]     |                                             ^^^^ method not found in `Simd<u64, LANES>`
[INFO] [stdout] ...
[INFO] [stdout] 126 | unsigned_impl!(u64, i64, f64, 52);
[INFO] [stdout]     | --------------------------------- in this macro invocation
[INFO] [stdout]    --> /rustc/0e09125c6c3c2fd70d7de961bcf0e51575235fad/library/core/src/../../portable-simd/crates/core_simd/src/simd/num/uint.rs:17:8
[INFO] [stdout]     |
[INFO] [stdout]     = note: the method is available for `core::simd::Simd<u64, LANES>` here
[INFO] [stdout]     |
[INFO] [stdout]     = help: items from traits can only be used if the trait is in scope
[INFO] [stdout]     = note: this error originates in the macro `unsigned_impl` (in Nightly builds, run with -Z macro-backtrace for more info)
[INFO] [stdout] help: the following trait is implemented but not in scope; perhaps add a `use` for it:
[INFO] [stdout]     |
[INFO] [stdout] 1   + use core::simd::num::SimdUint;
[INFO] [stdout]     |
[INFO] [stdout] 
[INFO] [stdout] 
[INFO] [stdout] error[E0599]: no method named `simd_ge` found for struct `core::simd::Simd` in the current scope
[INFO] [stdout]    --> src/simd/int.rs:80:34
[INFO] [stdout]     |
[INFO] [stdout] 79  |                               result -= self
[INFO] [stdout]     |  _______________________________________-
[INFO] [stdout] 80  | |                                 .simd_ge(Simd::splat((BASE as $u).pow(i)))
[INFO] [stdout]     | |                                 -^^^^^^^ method not found in `Simd<u64, LANES>`
[INFO] [stdout]     | |_________________________________|
[INFO] [stdout]     | 
[INFO] [stdout] ...
[INFO] [stdout] 126 |   unsigned_impl!(u64, i64, f64, 52);
[INFO] [stdout]     |   --------------------------------- in this macro invocation
[INFO] [stdout]    --> /rustc/0e09125c6c3c2fd70d7de961bcf0e51575235fad/library/core/src/../../portable-simd/crates/core_simd/src/simd/cmp/ord.rs:24:8
[INFO] [stdout]     |
[INFO] [stdout]     = note: the method is available for `core::simd::Simd<u64, LANES>` here
[INFO] [stdout]     |
[INFO] [stdout]     = help: items from traits can only be used if the trait is in scope
[INFO] [stdout]     = note: this error originates in the macro `unsigned_impl` (in Nightly builds, run with -Z macro-backtrace for more info)
[INFO] [stdout] help: the following trait is implemented but not in scope; perhaps add a `use` for it:
[INFO] [stdout]     |
[INFO] [stdout] 1   + use core::simd::cmp::SimdPartialOrd;
[INFO] [stdout]     |
[INFO] [stdout] 
[INFO] [stdout] 
[INFO] [stdout] error[E0599]: no method named `simd_eq` found for struct `core::simd::Simd` in the current scope
[INFO] [stdout]    --> src/simd/int.rs:100:26
[INFO] [stdout]     |
[INFO] [stdout] 99  |                       0 => self
[INFO] [stdout]     |  __________________________-
[INFO] [stdout] 100 | |                         .simd_eq(Simd::splat(0))
[INFO] [stdout]     | |                         -^^^^^^^ method not found in `Simd<u64, LANES>`
[INFO] [stdout]     | |_________________________|
[INFO] [stdout]     | 
[INFO] [stdout] ...
[INFO] [stdout] 126 |   unsigned_impl!(u64, i64, f64, 52);
[INFO] [stdout]     |   --------------------------------- in this macro invocation
[INFO] [stdout]    --> /rustc/0e09125c6c3c2fd70d7de961bcf0e51575235fad/library/core/src/../../portable-simd/crates/core_simd/src/simd/cmp/eq.rs:14:8
[INFO] [stdout]     |
[INFO] [stdout]     = note: the method is available for `core::simd::Simd<u64, LANES>` here
[INFO] [stdout]     |
[INFO] [stdout]     = help: items from traits can only be used if the trait is in scope
[INFO] [stdout]     = note: this error originates in the macro `unsigned_impl` (in Nightly builds, run with -Z macro-backtrace for more info)
[INFO] [stdout] help: the following trait is implemented but not in scope; perhaps add a `use` for it:
[INFO] [stdout]     |
[INFO] [stdout] 1   + use core::simd::cmp::SimdPartialEq;
[INFO] [stdout]     |
[INFO] [stdout] 
[INFO] [stdout] 
[INFO] [stdout] error[E0599]: no method named `simd_eq` found for struct `core::simd::Simd` in the current scope
[INFO] [stdout]    --> src/simd/int.rs:112:34
[INFO] [stdout]     |
[INFO] [stdout] 111 |                               result *= (self & Simd::splat(bit))
[INFO] [stdout]     |  _______________________________________-
[INFO] [stdout] 112 | |                                 .simd_eq(Simd::splat(bit))
[INFO] [stdout]     | |                                 -^^^^^^^ method not found in `Simd<u64, LANES>`
[INFO] [stdout]     | |_________________________________|
[INFO] [stdout]     | 
[INFO] [stdout] ...
[INFO] [stdout] 126 |   unsigned_impl!(u64, i64, f64, 52);
[INFO] [stdout]     |   --------------------------------- in this macro invocation
[INFO] [stdout]    --> /rustc/0e09125c6c3c2fd70d7de961bcf0e51575235fad/library/core/src/../../portable-simd/crates/core_simd/src/simd/cmp/eq.rs:14:8
[INFO] [stdout]     |
[INFO] [stdout]     = note: the method is available for `core::simd::Simd<u64, LANES>` here
[INFO] [stdout]     |
[INFO] [stdout]     = help: items from traits can only be used if the trait is in scope
[INFO] [stdout]     = note: this error originates in the macro `unsigned_impl` (in Nightly builds, run with -Z macro-backtrace for more info)
[INFO] [stdout] help: the following trait is implemented but not in scope; perhaps add a `use` for it:
[INFO] [stdout]     |
[INFO] [stdout] 1   + use core::simd::cmp::SimdPartialEq;
[INFO] [stdout]     |
[INFO] [stdout] 
[INFO] [stdout] 
[INFO] [stdout] error: aborting due to 20 previous errors; 1 warning emitted
[INFO] [stdout] 
[INFO] [stdout] 
[INFO] [stdout] Some errors have detailed explanations: E0554, E0599.
[INFO] [stdout] 
[INFO] [stdout] For more information about an error, try `rustc --explain E0554`.
[INFO] [stdout] 
[INFO] [stderr] error: could not compile `fath` (lib) due to 21 previous errors; 1 warning emitted
[INFO] running `Command { std: "docker" "inspect" "2a45b39e95fd0b7995540e640a933468775e8037c65388035ce8dccd7a358185", kill_on_drop: false }`
[INFO] running `Command { std: "docker" "rm" "-f" "2a45b39e95fd0b7995540e640a933468775e8037c65388035ce8dccd7a358185", kill_on_drop: false }`
[INFO] [stdout] 2a45b39e95fd0b7995540e640a933468775e8037c65388035ce8dccd7a358185
