[INFO] fetching crate fastlem 0.1.0...
[INFO] testing fastlem-0.1.0 against 1.75.0 for beta-1.76-1
[INFO] extracting crate fastlem 0.1.0 into /workspace/builds/worker-0-tc1/source
[INFO] validating manifest of crates.io crate fastlem 0.1.0 on toolchain 1.75.0
[INFO] running `Command { std: CARGO_HOME="/workspace/cargo-home" RUSTUP_HOME="/workspace/rustup-home" "/workspace/cargo-home/bin/cargo" "+1.75.0" "metadata" "--manifest-path" "Cargo.toml" "--no-deps", kill_on_drop: false }`
[INFO] started tweaking crates.io crate fastlem 0.1.0
[INFO] finished tweaking crates.io crate fastlem 0.1.0
[INFO] tweaked toml for crates.io crate fastlem 0.1.0 written to /workspace/builds/worker-0-tc1/source/Cargo.toml
[INFO] crate crates.io crate fastlem 0.1.0 already has a lockfile, it will not be regenerated
[INFO] running `Command { std: CARGO_HOME="/workspace/cargo-home" RUSTUP_HOME="/workspace/rustup-home" "/workspace/cargo-home/bin/cargo" "+1.75.0" "fetch" "--manifest-path" "Cargo.toml", kill_on_drop: false }`
[INFO] [stderr]     Updating crates.io index
[INFO] [stderr]     Blocking waiting for file lock on package cache
[INFO] [stderr]  Downloading crates ...
[INFO] [stderr]   Downloaded robust v0.2.3
[INFO] [stderr]   Downloaded delaunator v1.0.2
[INFO] [stderr]   Downloaded rstar v0.11.0
[INFO] [stderr]   Downloaded voronoice v0.2.0
[INFO] [stderr]   Downloaded naturalneighbor v1.1.0
[INFO] [stderr]   Downloaded terrain-graph v1.0.0
[INFO] [stderr]   Downloaded pqueue v0.1.0
[INFO] [stderr]   Downloaded rtree_rs v0.1.4
[INFO] running `Command { std: "docker" "create" "-v" "/var/lib/crater-agent-workspace/builds/worker-0-tc1/target:/opt/rustwide/target:rw,Z" "-v" "/var/lib/crater-agent-workspace/builds/worker-0-tc1/source:/opt/rustwide/workdir:ro,Z" "-v" "/var/lib/crater-agent-workspace/cargo-home:/opt/rustwide/cargo-home:ro,Z" "-v" "/var/lib/crater-agent-workspace/rustup-home:/opt/rustwide/rustup-home:ro,Z" "-e" "SOURCE_DIR=/opt/rustwide/workdir" "-e" "CARGO_TARGET_DIR=/opt/rustwide/target" "-e" "CARGO_HOME=/opt/rustwide/cargo-home" "-e" "RUSTUP_HOME=/opt/rustwide/rustup-home" "-w" "/opt/rustwide/workdir" "-m" "1610612736" "--user" "0:0" "--network" "none" "ghcr.io/rust-lang/crates-build-env/linux@sha256:2788e3201cd34a07e3172128adcd8b3090168a8e3bcc40d7c032b9dda1df7d1c" "/opt/rustwide/cargo-home/bin/cargo" "+1.75.0" "metadata" "--no-deps" "--format-version=1", kill_on_drop: false }`
[INFO] [stdout] 03c3e67c76f5f4d1d49756b7df6b8a8a37edaf9d8465e791903a43ae3416fe74
[INFO] running `Command { std: "docker" "start" "-a" "03c3e67c76f5f4d1d49756b7df6b8a8a37edaf9d8465e791903a43ae3416fe74", kill_on_drop: false }`
[INFO] running `Command { std: "docker" "inspect" "03c3e67c76f5f4d1d49756b7df6b8a8a37edaf9d8465e791903a43ae3416fe74", kill_on_drop: false }`
[INFO] running `Command { std: "docker" "rm" "-f" "03c3e67c76f5f4d1d49756b7df6b8a8a37edaf9d8465e791903a43ae3416fe74", kill_on_drop: false }`
[INFO] [stdout] 03c3e67c76f5f4d1d49756b7df6b8a8a37edaf9d8465e791903a43ae3416fe74
[INFO] running `Command { std: "docker" "create" "-v" "/var/lib/crater-agent-workspace/builds/worker-0-tc1/target:/opt/rustwide/target:rw,Z" "-v" "/var/lib/crater-agent-workspace/builds/worker-0-tc1/source:/opt/rustwide/workdir:ro,Z" "-v" "/var/lib/crater-agent-workspace/cargo-home:/opt/rustwide/cargo-home:ro,Z" "-v" "/var/lib/crater-agent-workspace/rustup-home:/opt/rustwide/rustup-home:ro,Z" "-e" "SOURCE_DIR=/opt/rustwide/workdir" "-e" "CARGO_TARGET_DIR=/opt/rustwide/target" "-e" "CARGO_INCREMENTAL=0" "-e" "RUST_BACKTRACE=full" "-e" "RUSTFLAGS=--cap-lints=warn" "-e" "RUSTDOCFLAGS=--cap-lints=warn" "-e" "CARGO_HOME=/opt/rustwide/cargo-home" "-e" "RUSTUP_HOME=/opt/rustwide/rustup-home" "-w" "/opt/rustwide/workdir" "-m" "1610612736" "--user" "0:0" "--network" "none" "ghcr.io/rust-lang/crates-build-env/linux@sha256:2788e3201cd34a07e3172128adcd8b3090168a8e3bcc40d7c032b9dda1df7d1c" "/opt/rustwide/cargo-home/bin/cargo" "+1.75.0" "build" "--frozen" "--message-format=json", kill_on_drop: false }`
[INFO] [stdout] 24531355e999664ca8ce2fba0c01d1e962a2c06efe00640f156d230647bb7c46
[INFO] running `Command { std: "docker" "start" "-a" "24531355e999664ca8ce2fba0c01d1e962a2c06efe00640f156d230647bb7c46", kill_on_drop: false }`
[INFO] [stderr]    Compiling semver v1.0.20
[INFO] [stderr]    Compiling lock_api v0.4.10
[INFO] [stderr]    Compiling num-traits v0.2.17
[INFO] [stderr]    Compiling byteorder v1.5.0
[INFO] [stderr]    Compiling robust v0.2.3
[INFO] [stderr]    Compiling stable_deref_trait v1.2.0
[INFO] [stderr]    Compiling smallvec v1.11.1
[INFO] [stderr]    Compiling pqueue v0.1.0
[INFO] [stderr]    Compiling rtree_rs v0.1.4
[INFO] [stderr]    Compiling terrain-graph v1.0.0
[INFO] [stderr]    Compiling hash32 v0.2.1
[INFO] [stderr]    Compiling delaunator v1.0.2
[INFO] [stderr]    Compiling voronoice v0.2.0
[INFO] [stderr]    Compiling rustc_version v0.4.0
[INFO] [stderr]    Compiling spin v0.9.8
[INFO] [stderr]    Compiling heapless v0.7.16
[INFO] [stderr]    Compiling rstar v0.11.0
[INFO] [stderr]    Compiling naturalneighbor v1.1.0
[INFO] [stderr]    Compiling fastlem v0.1.0 (/opt/rustwide/workdir)
[INFO] [stderr]     Finished dev [unoptimized + debuginfo] target(s) in 3.01s
[INFO] running `Command { std: "docker" "inspect" "24531355e999664ca8ce2fba0c01d1e962a2c06efe00640f156d230647bb7c46", kill_on_drop: false }`
[INFO] running `Command { std: "docker" "rm" "-f" "24531355e999664ca8ce2fba0c01d1e962a2c06efe00640f156d230647bb7c46", kill_on_drop: false }`
[INFO] [stdout] 24531355e999664ca8ce2fba0c01d1e962a2c06efe00640f156d230647bb7c46
[INFO] running `Command { std: "docker" "create" "-v" "/var/lib/crater-agent-workspace/builds/worker-0-tc1/target:/opt/rustwide/target:rw,Z" "-v" "/var/lib/crater-agent-workspace/builds/worker-0-tc1/source:/opt/rustwide/workdir:ro,Z" "-v" "/var/lib/crater-agent-workspace/cargo-home:/opt/rustwide/cargo-home:ro,Z" "-v" "/var/lib/crater-agent-workspace/rustup-home:/opt/rustwide/rustup-home:ro,Z" "-e" "SOURCE_DIR=/opt/rustwide/workdir" "-e" "CARGO_TARGET_DIR=/opt/rustwide/target" "-e" "CARGO_INCREMENTAL=0" "-e" "RUST_BACKTRACE=full" "-e" "RUSTFLAGS=--cap-lints=warn" "-e" "RUSTDOCFLAGS=--cap-lints=warn" "-e" "CARGO_HOME=/opt/rustwide/cargo-home" "-e" "RUSTUP_HOME=/opt/rustwide/rustup-home" "-w" "/opt/rustwide/workdir" "-m" "1610612736" "--user" "0:0" "--network" "none" "ghcr.io/rust-lang/crates-build-env/linux@sha256:2788e3201cd34a07e3172128adcd8b3090168a8e3bcc40d7c032b9dda1df7d1c" "/opt/rustwide/cargo-home/bin/cargo" "+1.75.0" "test" "--frozen" "--no-run" "--message-format=json", kill_on_drop: false }`
[INFO] [stdout] d5c10ae9851c19ca6a58da1416409498fabfe3b97c4f763db114a60f234c03f6
[INFO] running `Command { std: "docker" "start" "-a" "d5c10ae9851c19ca6a58da1416409498fabfe3b97c4f763db114a60f234c03f6", kill_on_drop: false }`
[INFO] [stderr]    Compiling memoffset v0.9.0
[INFO] [stderr]    Compiling crossbeam-utils v0.8.16
[INFO] [stderr]    Compiling crossbeam-epoch v0.9.15
[INFO] [stderr]    Compiling num-traits v0.2.17
[INFO] [stderr]    Compiling simd-adler32 v0.3.7
[INFO] [stderr]    Compiling rayon-core v1.12.0
[INFO] [stderr]    Compiling adler v1.0.2
[INFO] [stderr]    Compiling libc v0.2.149
[INFO] [stderr]    Compiling crc32fast v1.3.2
[INFO] [stderr]    Compiling miniz_oxide v0.7.1
[INFO] [stderr]    Compiling hash32 v0.2.1
[INFO] [stderr]    Compiling num-integer v0.1.45
[INFO] [stderr]    Compiling either v1.9.0
[INFO] [stderr]    Compiling heapless v0.7.16
[INFO] [stderr]    Compiling num-rational v0.4.1
[INFO] [stderr]    Compiling weezl v0.1.7
[INFO] [stderr]    Compiling fdeflate v0.3.0
[INFO] [stderr]    Compiling flate2 v1.0.27
[INFO] [stderr]    Compiling crossbeam-deque v0.8.3
[INFO] [stderr]    Compiling getrandom v0.2.10
[INFO] [stderr]    Compiling zune-inflate v0.2.54
[INFO] [stderr]    Compiling flume v0.11.0
[INFO] [stderr]    Compiling rand_core v0.6.4
[INFO] [stderr]    Compiling bit_field v0.10.2
[INFO] [stderr]    Compiling bytemuck v1.14.0
[INFO] [stderr]    Compiling lebe v0.5.2
[INFO] [stderr]    Compiling half v2.2.1
[INFO] [stderr]    Compiling color_quant v1.1.0
[INFO] [stderr]    Compiling bitflags v1.3.2
[INFO] [stderr]    Compiling png v0.17.10
[INFO] [stderr]    Compiling rstar v0.11.0
[INFO] [stderr]    Compiling qoi v0.4.1
[INFO] [stderr]    Compiling gif v0.12.0
[INFO] [stderr]    Compiling rand_chacha v0.3.1
[INFO] [stderr]    Compiling rayon v1.8.0
[INFO] [stderr]    Compiling naturalneighbor v1.1.0
[INFO] [stderr]    Compiling exr v1.71.0
[INFO] [stderr]    Compiling rand v0.8.5
[INFO] [stderr]    Compiling fastlem v0.1.0 (/opt/rustwide/workdir)
[INFO] [stderr]    Compiling jpeg-decoder v0.3.0
[INFO] [stderr]    Compiling tiff v0.9.0
[INFO] [stderr]    Compiling image v0.24.7
[INFO] [stdout] error[E0433]: failed to resolve: use of undeclared crate or module `terrain_visualizer`
[INFO] [stdout]   --> tests/random_delaunay.rs:31:17
[INFO] [stdout]    |
[INFO] [stdout] 31 |     let image = terrain_visualizer::Visualizer::new(
[INFO] [stdout]    |                 ^^^^^^^^^^^^^^^^^^ use of undeclared crate or module `terrain_visualizer`
[INFO] [stdout] 
[INFO] [stdout] 
[INFO] [stdout] error[E0433]: failed to resolve: use of undeclared crate or module `terrain_visualizer`
[INFO] [stdout]   --> tests/area.rs:32:17
[INFO] [stdout]    |
[INFO] [stdout] 32 |     let image = terrain_visualizer::Visualizer::new(
[INFO] [stdout]    |                 ^^^^^^^^^^^^^^^^^^ use of undeclared crate or module `terrain_visualizer`
[INFO] [stdout] 
[INFO] [stdout] 
[INFO] [stdout] error[E0433]: failed to resolve: use of undeclared crate or module `terrain_visualizer`
[INFO] [stdout]   --> tests/landscape_evolution.rs:53:17
[INFO] [stdout]    |
[INFO] [stdout] 53 |     let image = terrain_visualizer::Visualizer::new(
[INFO] [stdout]    |                 ^^^^^^^^^^^^^^^^^^ use of undeclared crate or module `terrain_visualizer`
[INFO] [stdout] 
[INFO] [stdout] 
[INFO] [stdout] error[E0433]: failed to resolve: use of undeclared crate or module `terrain_visualizer`
[INFO] [stdout]   --> tests/area.rs:36:28
[INFO] [stdout]    |
[INFO] [stdout] 36 |             .map(|(i, n)| (terrain_visualizer::Site { x: n.x, y: n.y }, areas[i]))
[INFO] [stdout]    |                            ^^^^^^^^^^^^^^^^^^ use of undeclared crate or module `terrain_visualizer`
[INFO] [stdout] 
[INFO] [stdout] 
[INFO] [stderr] error: could not compile `fastlem` (test "area") due to 4 previous errors
[INFO] [stdout] error[E0433]: failed to resolve: use of undeclared crate or module `terrain_visualizer`
[INFO] [stdout]   --> tests/area.rs:37:29
[INFO] [stdout]    |
[INFO] [stdout] 37 |             .collect::<Vec<(terrain_visualizer::Site, f64)>>(),
[INFO] [stdout]    |                             ^^^^^^^^^^^^^^^^^^ use of undeclared crate or module `terrain_visualizer`
[INFO] [stdout] 
[INFO] [stdout] 
[INFO] [stdout] error: aborting due to 3 previous errors
[INFO] [stdout] 
[INFO] [stdout] 
[INFO] [stdout] For more information about this error, try `rustc --explain E0433`.
[INFO] [stdout] 
[INFO] [stderr] warning: build failed, waiting for other jobs to finish...
[INFO] [stdout] error[E0433]: failed to resolve: use of undeclared crate or module `terrain_visualizer`
[INFO] [stdout]   --> tests/landscape_evolution.rs:57:28
[INFO] [stdout]    |
[INFO] [stdout] 57 |             .map(|(i, n)| (terrain_visualizer::Site { x: n.x, y: n.y }, altitudes[i]))
[INFO] [stdout]    |                            ^^^^^^^^^^^^^^^^^^ use of undeclared crate or module `terrain_visualizer`
[INFO] [stdout] 
[INFO] [stdout] 
[INFO] [stdout] error[E0433]: failed to resolve: use of undeclared crate or module `terrain_visualizer`
[INFO] [stdout]   --> tests/random_delaunay.rs:36:21
[INFO] [stdout]    |
[INFO] [stdout] 36 |                     terrain_visualizer::Site { x: n.x, y: n.y },
[INFO] [stdout]    |                     ^^^^^^^^^^^^^^^^^^ use of undeclared crate or module `terrain_visualizer`
[INFO] [stdout] 
[INFO] [stdout] 
[INFO] [stdout] error[E0433]: failed to resolve: use of undeclared crate or module `terrain_visualizer`
[INFO] [stdout]   --> tests/landscape_evolution.rs:58:29
[INFO] [stdout]    |
[INFO] [stdout] 58 |             .collect::<Vec<(terrain_visualizer::Site, f64)>>(),
[INFO] [stdout]    |                             ^^^^^^^^^^^^^^^^^^ use of undeclared crate or module `terrain_visualizer`
[INFO] [stdout] 
[INFO] [stdout] 
[INFO] [stdout] error: aborting due to 3 previous errors
[INFO] [stdout] 
[INFO] [stdout] 
[INFO] [stdout] For more information about this error, try `rustc --explain E0433`.
[INFO] [stdout] 
[INFO] [stdout] error[E0433]: failed to resolve: use of undeclared crate or module `terrain_visualizer`
[INFO] [stdout]   --> tests/random_delaunay.rs:40:29
[INFO] [stdout]    |
[INFO] [stdout] 40 |             .collect::<Vec<(terrain_visualizer::Site, f64)>>(),
[INFO] [stdout]    |                             ^^^^^^^^^^^^^^^^^^ use of undeclared crate or module `terrain_visualizer`
[INFO] [stdout] 
[INFO] [stdout] 
[INFO] [stdout] error: aborting due to 3 previous errors
[INFO] [stdout] 
[INFO] [stdout] 
[INFO] [stdout] For more information about this error, try `rustc --explain E0433`.
[INFO] [stdout] 
[INFO] [stderr] error: could not compile `fastlem` (test "landscape_evolution") due to 4 previous errors
[INFO] [stderr] error: could not compile `fastlem` (test "random_delaunay") due to 4 previous errors
[INFO] running `Command { std: "docker" "inspect" "d5c10ae9851c19ca6a58da1416409498fabfe3b97c4f763db114a60f234c03f6", kill_on_drop: false }`
[INFO] running `Command { std: "docker" "rm" "-f" "d5c10ae9851c19ca6a58da1416409498fabfe3b97c4f763db114a60f234c03f6", kill_on_drop: false }`
[INFO] [stdout] d5c10ae9851c19ca6a58da1416409498fabfe3b97c4f763db114a60f234c03f6
