[INFO] fetching crate farcaster_core 0.6.4...
[INFO] testing farcaster_core-0.6.4 against 1.75.0 for beta-1.76-1
[INFO] extracting crate farcaster_core 0.6.4 into /workspace/builds/worker-0-tc1/source
[INFO] validating manifest of crates.io crate farcaster_core 0.6.4 on toolchain 1.75.0
[INFO] running `Command { std: CARGO_HOME="/workspace/cargo-home" RUSTUP_HOME="/workspace/rustup-home" "/workspace/cargo-home/bin/cargo" "+1.75.0" "metadata" "--manifest-path" "Cargo.toml" "--no-deps", kill_on_drop: false }`
[INFO] started tweaking crates.io crate farcaster_core 0.6.4
[INFO] finished tweaking crates.io crate farcaster_core 0.6.4
[INFO] tweaked toml for crates.io crate farcaster_core 0.6.4 written to /workspace/builds/worker-0-tc1/source/Cargo.toml
[INFO] running `Command { std: CARGO_HOME="/workspace/cargo-home" RUSTUP_HOME="/workspace/rustup-home" "/workspace/cargo-home/bin/cargo" "+1.75.0" "generate-lockfile" "--manifest-path" "Cargo.toml", kill_on_drop: false }`
[INFO] [stderr]     Updating crates.io index
[INFO] running `Command { std: CARGO_HOME="/workspace/cargo-home" RUSTUP_HOME="/workspace/rustup-home" "/workspace/cargo-home/bin/cargo" "+1.75.0" "fetch" "--manifest-path" "Cargo.toml", kill_on_drop: false }`
[INFO] [stderr]  Downloading crates ...
[INFO] [stderr]   Downloaded stringly_conversions v0.1.1
[INFO] [stderr]   Downloaded sealed v0.4.0
[INFO] [stderr]   Downloaded bech32 v0.8.1
[INFO] [stderr]   Downloaded bitcoincore-rpc-json v0.15.0
[INFO] [stderr]   Downloaded parse_arg v0.1.4
[INFO] [stderr]   Downloaded crypto-mac v0.11.1
[INFO] [stderr]   Downloaded hmac v0.11.0
[INFO] [stderr]   Downloaded encoding_derive_helpers v0.8.1
[INFO] [stderr]   Downloaded inet2_addr v0.8.3
[INFO] [stderr]   Downloaded bitcoincore-rpc v0.15.0
[INFO] [stderr]   Downloaded clap_derive v3.2.25
[INFO] [stderr]   Downloaded base64-compat v1.0.0
[INFO] [stderr]   Downloaded secp256k1 v0.22.2
[INFO] [stderr]   Downloaded strict_encoding v0.8.2
[INFO] [stderr]   Downloaded bitcoin_hashes v0.10.0
[INFO] [stderr]   Downloaded amplify_derive v2.11.3
[INFO] [stderr]   Downloaded torut v0.2.1
[INFO] [stderr]   Downloaded bitcoin v0.28.2
[INFO] [stderr]   Downloaded secp256k1-sys v0.5.2
[INFO] [stderr]   Downloaded amplify v3.14.2
[INFO] [stderr]   Downloaded amplify_num v0.4.1
[INFO] [stderr]   Downloaded jsonrpc v0.12.1
[INFO] [stderr]   Downloaded strict_encoding_derive v0.8.0
[INFO] [stderr]   Downloaded base58-monero v1.0.0
[INFO] [stderr]   Downloaded amplify_syn v1.1.6
[INFO] [stderr]   Downloaded sigma_fun v0.4.1
[INFO] [stderr]   Downloaded serde_str_helpers v0.1.2
[INFO] [stderr]   Downloaded encoding_derive_helpers v1.7.6
[INFO] [stderr]   Downloaded ecdsa_fun v0.7.1
[INFO] [stderr]   Downloaded strict_encoding_derive v1.7.6
[INFO] [stderr]   Downloaded secp256kfun v0.7.2
[INFO] [stderr]   Downloaded monero v0.17.3
[INFO] [stderr]   Downloaded secp256kfun_k256_backend v2.0.1
[INFO] running `Command { std: "docker" "create" "-v" "/var/lib/crater-agent-workspace/builds/worker-0-tc1/target:/opt/rustwide/target:rw,Z" "-v" "/var/lib/crater-agent-workspace/builds/worker-0-tc1/source:/opt/rustwide/workdir:ro,Z" "-v" "/var/lib/crater-agent-workspace/cargo-home:/opt/rustwide/cargo-home:ro,Z" "-v" "/var/lib/crater-agent-workspace/rustup-home:/opt/rustwide/rustup-home:ro,Z" "-e" "SOURCE_DIR=/opt/rustwide/workdir" "-e" "CARGO_TARGET_DIR=/opt/rustwide/target" "-e" "CARGO_HOME=/opt/rustwide/cargo-home" "-e" "RUSTUP_HOME=/opt/rustwide/rustup-home" "-w" "/opt/rustwide/workdir" "-m" "1610612736" "--user" "0:0" "--network" "none" "ghcr.io/rust-lang/crates-build-env/linux@sha256:2788e3201cd34a07e3172128adcd8b3090168a8e3bcc40d7c032b9dda1df7d1c" "/opt/rustwide/cargo-home/bin/cargo" "+1.75.0" "metadata" "--no-deps" "--format-version=1", kill_on_drop: false }`
[INFO] [stdout] 4fd0b8a739eaef916cb63e654bea3a0dba0aa5424ba4f0c2097ba07043abce5f
[INFO] running `Command { std: "docker" "start" "-a" "4fd0b8a739eaef916cb63e654bea3a0dba0aa5424ba4f0c2097ba07043abce5f", kill_on_drop: false }`
[INFO] running `Command { std: "docker" "inspect" "4fd0b8a739eaef916cb63e654bea3a0dba0aa5424ba4f0c2097ba07043abce5f", kill_on_drop: false }`
[INFO] running `Command { std: "docker" "rm" "-f" "4fd0b8a739eaef916cb63e654bea3a0dba0aa5424ba4f0c2097ba07043abce5f", kill_on_drop: false }`
[INFO] [stdout] 4fd0b8a739eaef916cb63e654bea3a0dba0aa5424ba4f0c2097ba07043abce5f
[INFO] running `Command { std: "docker" "create" "-v" "/var/lib/crater-agent-workspace/builds/worker-0-tc1/target:/opt/rustwide/target:rw,Z" "-v" "/var/lib/crater-agent-workspace/builds/worker-0-tc1/source:/opt/rustwide/workdir:ro,Z" "-v" "/var/lib/crater-agent-workspace/cargo-home:/opt/rustwide/cargo-home:ro,Z" "-v" "/var/lib/crater-agent-workspace/rustup-home:/opt/rustwide/rustup-home:ro,Z" "-e" "SOURCE_DIR=/opt/rustwide/workdir" "-e" "CARGO_TARGET_DIR=/opt/rustwide/target" "-e" "CARGO_INCREMENTAL=0" "-e" "RUST_BACKTRACE=full" "-e" "RUSTFLAGS=--cap-lints=warn" "-e" "RUSTDOCFLAGS=--cap-lints=warn" "-e" "CARGO_HOME=/opt/rustwide/cargo-home" "-e" "RUSTUP_HOME=/opt/rustwide/rustup-home" "-w" "/opt/rustwide/workdir" "-m" "1610612736" "--user" "0:0" "--network" "none" "ghcr.io/rust-lang/crates-build-env/linux@sha256:2788e3201cd34a07e3172128adcd8b3090168a8e3bcc40d7c032b9dda1df7d1c" "/opt/rustwide/cargo-home/bin/cargo" "+1.75.0" "build" "--frozen" "--message-format=json", kill_on_drop: false }`
[INFO] [stdout] 2d4a5739dfa94e0e83553ac0959613df84e25df698c6fcd5017333a5f3324aa5
[INFO] running `Command { std: "docker" "start" "-a" "2d4a5739dfa94e0e83553ac0959613df84e25df698c6fcd5017333a5f3324aa5", kill_on_drop: false }`
[INFO] [stderr]    Compiling proc-macro2 v1.0.75
[INFO] [stderr]    Compiling unicode-ident v1.0.12
[INFO] [stderr]    Compiling serde v1.0.194
[INFO] [stderr]    Compiling libc v0.2.151
[INFO] [stderr]    Compiling typenum v1.17.0
[INFO] [stderr]    Compiling syn v1.0.109
[INFO] [stderr]    Compiling getrandom v0.1.16
[INFO] [stderr]    Compiling byteorder v1.5.0
[INFO] [stderr]    Compiling amplify_num v0.4.1
[INFO] [stderr]    Compiling subtle v2.4.1
[INFO] [stderr]    Compiling paste v1.0.14
[INFO] [stderr]    Compiling generic-array v0.14.7
[INFO] [stderr]    Compiling block-padding v0.2.1
[INFO] [stderr]    Compiling indexmap v1.9.3
[INFO] [stderr]    Compiling num-traits v0.2.17
[INFO] [stderr]    Compiling proc-macro-error-attr v1.0.4
[INFO] [stderr]    Compiling crunchy v0.2.2
[INFO] [stderr]    Compiling opaque-debug v0.3.0
[INFO] [stderr]    Compiling subtle-ng v2.5.0
[INFO] [stderr]    Compiling proc-macro-error v1.0.4
[INFO] [stderr]    Compiling signature v1.6.4
[INFO] [stderr]    Compiling cpufeatures v0.2.12
[INFO] [stderr]    Compiling tiny-keccak v2.0.2
[INFO] [stderr]    Compiling hashbrown v0.12.3
[INFO] [stderr]    Compiling keccak v0.1.4
[INFO] [stderr]    Compiling thiserror v1.0.56
[INFO] [stderr]    Compiling secp256kfun v0.7.2
[INFO] [stderr]    Compiling ed25519 v1.5.3
[INFO] [stderr]    Compiling unicode-segmentation v1.10.1
[INFO] [stderr]    Compiling radium v0.7.0
[INFO] [stderr]    Compiling iana-time-zone v0.1.59
[INFO] [stderr]    Compiling convert_case v0.4.0
[INFO] [stderr]    Compiling quote v1.0.35
[INFO] [stderr]    Compiling hex v0.4.3
[INFO] [stderr]    Compiling serde_json v1.0.111
[INFO] [stderr]    Compiling bech32 v0.8.1
[INFO] [stderr]    Compiling syn v2.0.48
[INFO] [stderr]    Compiling bytes v1.5.0
[INFO] [stderr]    Compiling linked-hash-map v0.5.6
[INFO] [stderr]    Compiling pin-project-lite v0.2.13
[INFO] [stderr]    Compiling heck v0.3.3
[INFO] [stderr]    Compiling os_str_bytes v6.6.1
[INFO] [stderr]    Compiling yaml-rust v0.4.5
[INFO] [stderr]    Compiling static_assertions v1.1.0
[INFO] [stderr]    Compiling tap v1.0.1
[INFO] [stderr]    Compiling base64 v0.13.1
[INFO] [stderr]    Compiling base32 v0.4.0
[INFO] [stderr]    Compiling cc v1.0.83
[INFO] [stderr]    Compiling getrandom v0.2.11
[INFO] [stderr]    Compiling tokio v1.35.1
[INFO] [stderr]    Compiling heck v0.4.1
[INFO] [stderr]    Compiling rand_core v0.6.4
[INFO] [stderr]    Compiling rand_core v0.5.1
[INFO] [stderr]    Compiling chrono v0.4.31
[INFO] [stderr]    Compiling rustc-hex v2.1.0
[INFO] [stderr]    Compiling clap_lex v0.2.4
[INFO] [stderr]    Compiling atty v0.2.14
[INFO] [stderr]    Compiling rand_chacha v0.2.2
[INFO] [stderr]    Compiling rand_chacha v0.3.1
[INFO] [stderr]    Compiling wyz v0.5.1
[INFO] [stderr]    Compiling termcolor v1.4.0
[INFO] [stderr]    Compiling textwrap v0.16.0
[INFO] [stderr]    Compiling rand v0.7.3
[INFO] [stderr]    Compiling rand v0.8.5
[INFO] [stderr]    Compiling parse_arg v0.1.4
[INFO] [stderr]    Compiling funty v2.0.0
[INFO] [stderr]    Compiling once_cell v1.19.0
[INFO] [stderr]    Compiling hex-literal v0.3.4
[INFO] [stderr]    Compiling secp256k1-sys v0.4.2
[INFO] [stderr]    Compiling secp256k1-sys v0.5.2
[INFO] [stderr]    Compiling amplify_syn v1.1.6
[INFO] [stderr]    Compiling bitvec v1.0.1
[INFO] [stderr]    Compiling fixed-hash v0.7.0
[INFO] [stderr]    Compiling secp256k1 v0.21.3
[INFO] [stderr]    Compiling amplify_derive v2.11.3
[INFO] [stderr]    Compiling derive_more v0.99.17
[INFO] [stderr]    Compiling sealed v0.4.0
[INFO] [stderr]    Compiling clap_derive v3.2.25
[INFO] [stderr]    Compiling serde_derive v1.0.194
[INFO] [stderr]    Compiling zeroize_derive v1.4.2
[INFO] [stderr]    Compiling thiserror-impl v1.0.56
[INFO] [stderr]    Compiling zeroize v1.3.0
[INFO] [stderr]    Compiling base58-monero v1.0.0
[INFO] [stderr]    Compiling amplify v3.14.2
[INFO] [stderr]    Compiling clap v3.2.25
[INFO] [stderr]    Compiling encoding_derive_helpers v0.8.1
[INFO] [stderr]    Compiling encoding_derive_helpers v1.7.6
[INFO] [stderr]    Compiling strict_encoding_derive v0.8.0
[INFO] [stderr]    Compiling strict_encoding_derive v1.7.6
[INFO] [stderr]    Compiling serde_str_helpers v0.1.2
[INFO] [stderr]    Compiling bitcoin_hashes v0.10.0
[INFO] [stderr]    Compiling secp256k1 v0.22.2
[INFO] [stderr]    Compiling serde-big-array v0.4.1
[INFO] [stderr]    Compiling toml v0.5.11
[INFO] [stderr]    Compiling serde_yaml v0.8.26
[INFO] [stderr]    Compiling bincode v1.3.3
[INFO] [stderr]    Compiling uuid v1.6.1
[INFO] [stderr]    Compiling stringly_conversions v0.1.1
[INFO] [stderr]    Compiling digest v0.9.0
[INFO] [stderr]    Compiling block-buffer v0.9.0
[INFO] [stderr]    Compiling secp256kfun_k256_backend v2.0.1
[INFO] [stderr]    Compiling crypto-mac v0.11.1
[INFO] [stderr]    Compiling crypto-common v0.1.6
[INFO] [stderr]    Compiling block-buffer v0.10.4
[INFO] [stderr]    Compiling curve25519-dalek v3.2.1
[INFO] [stderr]    Compiling sha2 v0.9.9
[INFO] [stderr]    Compiling hmac v0.11.0
[INFO] [stderr]    Compiling curve25519-dalek-ng v4.1.1
[INFO] [stderr]    Compiling sha3 v0.9.1
[INFO] [stderr]    Compiling digest v0.10.7
[INFO] [stderr]    Compiling sha3 v0.10.8
[INFO] [stderr]    Compiling ed25519-dalek v1.0.1
[INFO] [stderr]    Compiling monero v0.17.3
[INFO] [stderr]    Compiling sigma_fun v0.4.1
[INFO] [stderr]    Compiling torut v0.2.1
[INFO] [stdout] error[E0432]: unresolved import `serde_crate::__private::size_hint`
[INFO] [stdout]     --> /opt/rustwide/cargo-home/registry/src/index.crates.io-6f17d22bba15001f/monero-0.17.3/src/util/amount.rs:1069:49
[INFO] [stdout]      |
[INFO] [stdout] 1069 |             use serde_crate::{de, Deserializer, __private::size_hint};
[INFO] [stdout]      |                                                 ^^^^^^^^^^^^^^^^^^^^ no `size_hint` in `__private`
[INFO] [stdout] 
[INFO] [stdout] 
[INFO] [stdout] error[E0432]: unresolved import `serde_crate::__private::size_hint`
[INFO] [stdout]     --> /opt/rustwide/cargo-home/registry/src/index.crates.io-6f17d22bba15001f/monero-0.17.3/src/util/amount.rs:1231:49
[INFO] [stdout]      |
[INFO] [stdout] 1231 |             use serde_crate::{de, Deserializer, __private::size_hint};
[INFO] [stdout]      |                                                 ^^^^^^^^^^^^^^^^^^^^ no `size_hint` in `__private`
[INFO] [stdout] 
[INFO] [stdout] 
[INFO] [stderr]    Compiling ecdsa_fun v0.7.1
[INFO] [stdout] error: aborting due to 2 previous errors
[INFO] [stdout] 
[INFO] [stdout] 
[INFO] [stdout] For more information about this error, try `rustc --explain E0432`.
[INFO] [stdout] 
[INFO] [stderr] error: could not compile `monero` (lib) due to 3 previous errors
[INFO] [stderr] warning: build failed, waiting for other jobs to finish...
[INFO] running `Command { std: "docker" "inspect" "2d4a5739dfa94e0e83553ac0959613df84e25df698c6fcd5017333a5f3324aa5", kill_on_drop: false }`
[INFO] running `Command { std: "docker" "rm" "-f" "2d4a5739dfa94e0e83553ac0959613df84e25df698c6fcd5017333a5f3324aa5", kill_on_drop: false }`
[INFO] [stdout] 2d4a5739dfa94e0e83553ac0959613df84e25df698c6fcd5017333a5f3324aa5
[INFO] testing farcaster_core-0.6.4 against beta-2023-12-22 for beta-1.76-1
[INFO] extracting crate farcaster_core 0.6.4 into /workspace/builds/worker-0-tc2/source
[INFO] validating manifest of crates.io crate farcaster_core 0.6.4 on toolchain beta-2023-12-22
[INFO] running `Command { std: CARGO_HOME="/workspace/cargo-home" RUSTUP_HOME="/workspace/rustup-home" "/workspace/cargo-home/bin/cargo" "+beta-2023-12-22" "metadata" "--manifest-path" "Cargo.toml" "--no-deps", kill_on_drop: false }`
[INFO] started tweaking crates.io crate farcaster_core 0.6.4
[INFO] finished tweaking crates.io crate farcaster_core 0.6.4
[INFO] tweaked toml for crates.io crate farcaster_core 0.6.4 written to /workspace/builds/worker-0-tc2/source/Cargo.toml
[INFO] running `Command { std: CARGO_HOME="/workspace/cargo-home" RUSTUP_HOME="/workspace/rustup-home" "/workspace/cargo-home/bin/cargo" "+beta-2023-12-22" "generate-lockfile" "--manifest-path" "Cargo.toml", kill_on_drop: false }`
[INFO] [stderr]     Updating crates.io index
[INFO] running `Command { std: CARGO_HOME="/workspace/cargo-home" RUSTUP_HOME="/workspace/rustup-home" "/workspace/cargo-home/bin/cargo" "+beta-2023-12-22" "fetch" "--manifest-path" "Cargo.toml", kill_on_drop: false }`
[INFO] running `Command { std: "docker" "create" "-v" "/var/lib/crater-agent-workspace/builds/worker-0-tc2/target:/opt/rustwide/target:rw,Z" "-v" "/var/lib/crater-agent-workspace/builds/worker-0-tc2/source:/opt/rustwide/workdir:ro,Z" "-v" "/var/lib/crater-agent-workspace/cargo-home:/opt/rustwide/cargo-home:ro,Z" "-v" "/var/lib/crater-agent-workspace/rustup-home:/opt/rustwide/rustup-home:ro,Z" "-e" "SOURCE_DIR=/opt/rustwide/workdir" "-e" "CARGO_TARGET_DIR=/opt/rustwide/target" "-e" "CARGO_HOME=/opt/rustwide/cargo-home" "-e" "RUSTUP_HOME=/opt/rustwide/rustup-home" "-w" "/opt/rustwide/workdir" "-m" "1610612736" "--user" "0:0" "--network" "none" "ghcr.io/rust-lang/crates-build-env/linux@sha256:2788e3201cd34a07e3172128adcd8b3090168a8e3bcc40d7c032b9dda1df7d1c" "/opt/rustwide/cargo-home/bin/cargo" "+beta-2023-12-22" "metadata" "--no-deps" "--format-version=1", kill_on_drop: false }`
[INFO] [stdout] f900e881a8ed71255a033423dd0e12f188b62c8539c3e04b0b791863e4c3c1d1
[INFO] running `Command { std: "docker" "start" "-a" "f900e881a8ed71255a033423dd0e12f188b62c8539c3e04b0b791863e4c3c1d1", kill_on_drop: false }`
[INFO] running `Command { std: "docker" "inspect" "f900e881a8ed71255a033423dd0e12f188b62c8539c3e04b0b791863e4c3c1d1", kill_on_drop: false }`
[INFO] running `Command { std: "docker" "rm" "-f" "f900e881a8ed71255a033423dd0e12f188b62c8539c3e04b0b791863e4c3c1d1", kill_on_drop: false }`
[INFO] [stdout] f900e881a8ed71255a033423dd0e12f188b62c8539c3e04b0b791863e4c3c1d1
[INFO] running `Command { std: "docker" "create" "-v" "/var/lib/crater-agent-workspace/builds/worker-0-tc2/target:/opt/rustwide/target:rw,Z" "-v" "/var/lib/crater-agent-workspace/builds/worker-0-tc2/source:/opt/rustwide/workdir:ro,Z" "-v" "/var/lib/crater-agent-workspace/cargo-home:/opt/rustwide/cargo-home:ro,Z" "-v" "/var/lib/crater-agent-workspace/rustup-home:/opt/rustwide/rustup-home:ro,Z" "-e" "SOURCE_DIR=/opt/rustwide/workdir" "-e" "CARGO_TARGET_DIR=/opt/rustwide/target" "-e" "CARGO_INCREMENTAL=0" "-e" "RUST_BACKTRACE=full" "-e" "RUSTFLAGS=--cap-lints=warn" "-e" "RUSTDOCFLAGS=--cap-lints=warn" "-e" "CARGO_HOME=/opt/rustwide/cargo-home" "-e" "RUSTUP_HOME=/opt/rustwide/rustup-home" "-w" "/opt/rustwide/workdir" "-m" "1610612736" "--user" "0:0" "--network" "none" "ghcr.io/rust-lang/crates-build-env/linux@sha256:2788e3201cd34a07e3172128adcd8b3090168a8e3bcc40d7c032b9dda1df7d1c" "/opt/rustwide/cargo-home/bin/cargo" "+beta-2023-12-22" "build" "--frozen" "--message-format=json", kill_on_drop: false }`
[INFO] [stdout] 6770220ccbc3a494594d572dfb9bcbafc90eacb8f0025a41781b198c522bbe22
[INFO] running `Command { std: "docker" "start" "-a" "6770220ccbc3a494594d572dfb9bcbafc90eacb8f0025a41781b198c522bbe22", kill_on_drop: false }`
[INFO] [stderr]    Compiling proc-macro2 v1.0.75
[INFO] [stderr]    Compiling unicode-ident v1.0.12
[INFO] [stderr]    Compiling serde v1.0.194
[INFO] [stderr]    Compiling libc v0.2.151
[INFO] [stderr]    Compiling typenum v1.17.0
[INFO] [stderr]    Compiling syn v1.0.109
[INFO] [stderr]    Compiling getrandom v0.1.16
[INFO] [stderr]    Compiling byteorder v1.5.0
[INFO] [stderr]    Compiling amplify_num v0.4.1
[INFO] [stderr]    Compiling subtle v2.4.1
[INFO] [stderr]    Compiling paste v1.0.14
[INFO] [stderr]    Compiling block-padding v0.2.1
[INFO] [stderr]    Compiling generic-array v0.14.7
[INFO] [stderr]    Compiling proc-macro-error-attr v1.0.4
[INFO] [stderr]    Compiling indexmap v1.9.3
[INFO] [stderr]    Compiling num-traits v0.2.17
[INFO] [stderr]    Compiling opaque-debug v0.3.0
[INFO] [stderr]    Compiling crunchy v0.2.2
[INFO] [stderr]    Compiling subtle-ng v2.5.0
[INFO] [stderr]    Compiling proc-macro-error v1.0.4
[INFO] [stderr]    Compiling thiserror v1.0.56
[INFO] [stderr]    Compiling signature v1.6.4
[INFO] [stderr]    Compiling tiny-keccak v2.0.2
[INFO] [stderr]    Compiling secp256kfun v0.7.2
[INFO] [stderr]    Compiling cpufeatures v0.2.12
[INFO] [stderr]    Compiling keccak v0.1.4
[INFO] [stderr]    Compiling hashbrown v0.12.3
[INFO] [stderr]    Compiling ed25519 v1.5.3
[INFO] [stderr]    Compiling iana-time-zone v0.1.59
[INFO] [stderr]    Compiling pin-project-lite v0.2.13
[INFO] [stderr]    Compiling bech32 v0.8.1
[INFO] [stderr]    Compiling quote v1.0.35
[INFO] [stderr]    Compiling unicode-segmentation v1.10.1
[INFO] [stderr]    Compiling hex v0.4.3
[INFO] [stderr]    Compiling linked-hash-map v0.5.6
[INFO] [stderr]    Compiling serde_json v1.0.111
[INFO] [stderr]    Compiling radium v0.7.0
[INFO] [stderr]    Compiling syn v2.0.48
[INFO] [stderr]    Compiling bytes v1.5.0
[INFO] [stderr]    Compiling convert_case v0.4.0
[INFO] [stderr]    Compiling heck v0.3.3
[INFO] [stderr]    Compiling yaml-rust v0.4.5
[INFO] [stderr]    Compiling rustc-hex v2.1.0
[INFO] [stderr]    Compiling tap v1.0.1
[INFO] [stderr]    Compiling static_assertions v1.1.0
[INFO] [stderr]    Compiling heck v0.4.1
[INFO] [stderr]    Compiling base64 v0.13.1
[INFO] [stderr]    Compiling os_str_bytes v6.6.1
[INFO] [stderr]    Compiling cc v1.0.83
[INFO] [stderr]    Compiling getrandom v0.2.11
[INFO] [stderr]    Compiling tokio v1.35.1
[INFO] [stderr]    Compiling rand_core v0.6.4
[INFO] [stderr]    Compiling rand_core v0.5.1
[INFO] [stderr]    Compiling base32 v0.4.0
[INFO] [stderr]    Compiling clap_lex v0.2.4
[INFO] [stderr]    Compiling atty v0.2.14
[INFO] [stderr]    Compiling wyz v0.5.1
[INFO] [stderr]    Compiling rand_chacha v0.3.1
[INFO] [stderr]    Compiling rand_chacha v0.2.2
[INFO] [stderr]    Compiling chrono v0.4.31
[INFO] [stderr]    Compiling textwrap v0.16.0
[INFO] [stderr]    Compiling termcolor v1.4.0
[INFO] [stderr]    Compiling hex-literal v0.3.4
[INFO] [stderr]    Compiling parse_arg v0.1.4
[INFO] [stderr]    Compiling once_cell v1.19.0
[INFO] [stderr]    Compiling rand v0.7.3
[INFO] [stderr]    Compiling rand v0.8.5
[INFO] [stderr]    Compiling funty v2.0.0
[INFO] [stderr]    Compiling amplify_syn v1.1.6
[INFO] [stderr]    Compiling secp256k1-sys v0.5.2
[INFO] [stderr]    Compiling secp256k1-sys v0.4.2
[INFO] [stderr]    Compiling bitvec v1.0.1
[INFO] [stderr]    Compiling fixed-hash v0.7.0
[INFO] [stderr]    Compiling secp256k1 v0.21.3
[INFO] [stderr]    Compiling amplify_derive v2.11.3
[INFO] [stderr]    Compiling derive_more v0.99.17
[INFO] [stderr]    Compiling clap_derive v3.2.25
[INFO] [stderr]    Compiling sealed v0.4.0
[INFO] [stderr]    Compiling serde_derive v1.0.194
[INFO] [stderr]    Compiling zeroize_derive v1.4.2
[INFO] [stderr]    Compiling thiserror-impl v1.0.56
[INFO] [stderr]    Compiling zeroize v1.3.0
[INFO] [stderr]    Compiling base58-monero v1.0.0
[INFO] [stderr]    Compiling amplify v3.14.2
[INFO] [stderr]    Compiling clap v3.2.25
[INFO] [stderr]    Compiling encoding_derive_helpers v0.8.1
[INFO] [stderr]    Compiling encoding_derive_helpers v1.7.6
[INFO] [stderr]    Compiling strict_encoding_derive v0.8.0
[INFO] [stderr]    Compiling strict_encoding_derive v1.7.6
[INFO] [stderr]    Compiling serde_str_helpers v0.1.2
[INFO] [stderr]    Compiling bitcoin_hashes v0.10.0
[INFO] [stderr]    Compiling secp256k1 v0.22.2
[INFO] [stderr]    Compiling serde-big-array v0.4.1
[INFO] [stderr]    Compiling toml v0.5.11
[INFO] [stderr]    Compiling bincode v1.3.3
[INFO] [stderr]    Compiling serde_yaml v0.8.26
[INFO] [stderr]    Compiling uuid v1.6.1
[INFO] [stderr]    Compiling stringly_conversions v0.1.1
[INFO] [stderr]    Compiling digest v0.9.0
[INFO] [stderr]    Compiling block-buffer v0.9.0
[INFO] [stderr]    Compiling crypto-mac v0.11.1
[INFO] [stderr]    Compiling secp256kfun_k256_backend v2.0.1
[INFO] [stderr]    Compiling block-buffer v0.10.4
[INFO] [stderr]    Compiling crypto-common v0.1.6
[INFO] [stderr]    Compiling curve25519-dalek v3.2.1
[INFO] [stderr]    Compiling curve25519-dalek-ng v4.1.1
[INFO] [stderr]    Compiling hmac v0.11.0
[INFO] [stderr]    Compiling sha2 v0.9.9
[INFO] [stderr]    Compiling sha3 v0.9.1
[INFO] [stderr]    Compiling digest v0.10.7
[INFO] [stderr]    Compiling sha3 v0.10.8
[INFO] [stderr]    Compiling sigma_fun v0.4.1
[INFO] [stderr]    Compiling ed25519-dalek v1.0.1
[INFO] [stderr]    Compiling monero v0.17.3
[INFO] [stderr]    Compiling torut v0.2.1
[INFO] [stderr]    Compiling ecdsa_fun v0.7.1
[INFO] [stdout] error[E0432]: unresolved import `serde_crate::__private::size_hint`
[INFO] [stdout]     --> /opt/rustwide/cargo-home/registry/src/index.crates.io-6f17d22bba15001f/monero-0.17.3/src/util/amount.rs:1069:49
[INFO] [stdout]      |
[INFO] [stdout] 1069 |             use serde_crate::{de, Deserializer, __private::size_hint};
[INFO] [stdout]      |                                                 ^^^^^^^^^^^^^^^^^^^^ no `size_hint` in `__private`
[INFO] [stdout] 
[INFO] [stdout] 
[INFO] [stdout] error[E0432]: unresolved import `serde_crate::__private::size_hint`
[INFO] [stdout]     --> /opt/rustwide/cargo-home/registry/src/index.crates.io-6f17d22bba15001f/monero-0.17.3/src/util/amount.rs:1231:49
[INFO] [stdout]      |
[INFO] [stdout] 1231 |             use serde_crate::{de, Deserializer, __private::size_hint};
[INFO] [stdout]      |                                                 ^^^^^^^^^^^^^^^^^^^^ no `size_hint` in `__private`
[INFO] [stdout] 
[INFO] [stdout] 
[INFO] [stdout] error: aborting due to 2 previous errors
[INFO] [stdout] 
[INFO] [stdout] 
[INFO] [stdout] For more information about this error, try `rustc --explain E0432`.
[INFO] [stdout] 
[INFO] [stderr] error: could not compile `monero` (lib) due to 3 previous errors
[INFO] [stderr] warning: build failed, waiting for other jobs to finish...
[INFO] running `Command { std: "docker" "inspect" "6770220ccbc3a494594d572dfb9bcbafc90eacb8f0025a41781b198c522bbe22", kill_on_drop: false }`
[INFO] running `Command { std: "docker" "rm" "-f" "6770220ccbc3a494594d572dfb9bcbafc90eacb8f0025a41781b198c522bbe22", kill_on_drop: false }`
[INFO] [stdout] 6770220ccbc3a494594d572dfb9bcbafc90eacb8f0025a41781b198c522bbe22
