[INFO] fetching crate fapt 0.1.0...
[INFO] testing fapt-0.1.0 against 1.75.0 for beta-1.76-1
[INFO] extracting crate fapt 0.1.0 into /workspace/builds/worker-6-tc1/source
[INFO] validating manifest of crates.io crate fapt 0.1.0 on toolchain 1.75.0
[INFO] running `Command { std: CARGO_HOME="/workspace/cargo-home" RUSTUP_HOME="/workspace/rustup-home" "/workspace/cargo-home/bin/cargo" "+1.75.0" "metadata" "--manifest-path" "Cargo.toml" "--no-deps", kill_on_drop: false }`
[INFO] started tweaking crates.io crate fapt 0.1.0
[INFO] finished tweaking crates.io crate fapt 0.1.0
[INFO] tweaked toml for crates.io crate fapt 0.1.0 written to /workspace/builds/worker-6-tc1/source/Cargo.toml
[INFO] running `Command { std: CARGO_HOME="/workspace/cargo-home" RUSTUP_HOME="/workspace/rustup-home" "/workspace/cargo-home/bin/cargo" "+1.75.0" "generate-lockfile" "--manifest-path" "Cargo.toml", kill_on_drop: false }`
[INFO] [stderr]     Updating crates.io index
[INFO] running `Command { std: CARGO_HOME="/workspace/cargo-home" RUSTUP_HOME="/workspace/rustup-home" "/workspace/cargo-home/bin/cargo" "+1.75.0" "fetch" "--manifest-path" "Cargo.toml", kill_on_drop: false }`
[INFO] [stderr]  Downloading crates ...
[INFO] [stderr]   Downloaded libflate v0.1.27
[INFO] [stderr]   Downloaded md-5 v0.8.0
[INFO] [stderr]   Downloaded take_mut v0.2.2
[INFO] [stderr]   Downloaded iowrap v0.2.1
[INFO] [stderr]   Downloaded directories v1.0.2
[INFO] [stderr]   Downloaded gpgrv v0.2.3
[INFO] [stderr]   Downloaded deb-version v0.1.1
[INFO] [stderr]   Downloaded mailparse v0.6.5
[INFO] [stderr]   Downloaded insideout v0.2.0
[INFO] [stderr]   Downloaded distro-keyring v0.1.0
[INFO] [stderr]   Downloaded tempfile-fast v0.3.4
[INFO] [stderr]   Downloaded jemallocator v0.1.9
[INFO] [stderr]   Downloaded jemalloc-sys v0.1.8
[INFO] running `Command { std: "docker" "create" "-v" "/var/lib/crater-agent-workspace/builds/worker-6-tc1/target:/opt/rustwide/target:rw,Z" "-v" "/var/lib/crater-agent-workspace/builds/worker-6-tc1/source:/opt/rustwide/workdir:ro,Z" "-v" "/var/lib/crater-agent-workspace/cargo-home:/opt/rustwide/cargo-home:ro,Z" "-v" "/var/lib/crater-agent-workspace/rustup-home:/opt/rustwide/rustup-home:ro,Z" "-e" "SOURCE_DIR=/opt/rustwide/workdir" "-e" "CARGO_TARGET_DIR=/opt/rustwide/target" "-e" "CARGO_HOME=/opt/rustwide/cargo-home" "-e" "RUSTUP_HOME=/opt/rustwide/rustup-home" "-w" "/opt/rustwide/workdir" "-m" "1610612736" "--user" "0:0" "--network" "none" "ghcr.io/rust-lang/crates-build-env/linux@sha256:2788e3201cd34a07e3172128adcd8b3090168a8e3bcc40d7c032b9dda1df7d1c" "/opt/rustwide/cargo-home/bin/cargo" "+1.75.0" "metadata" "--no-deps" "--format-version=1", kill_on_drop: false }`
[INFO] [stdout] b8398c4b42606a04a351396717a1f6585a7c943a4b861cdb16d066e9b6df8f31
[INFO] running `Command { std: "docker" "start" "-a" "b8398c4b42606a04a351396717a1f6585a7c943a4b861cdb16d066e9b6df8f31", kill_on_drop: false }`
[INFO] running `Command { std: "docker" "inspect" "b8398c4b42606a04a351396717a1f6585a7c943a4b861cdb16d066e9b6df8f31", kill_on_drop: false }`
[INFO] running `Command { std: "docker" "rm" "-f" "b8398c4b42606a04a351396717a1f6585a7c943a4b861cdb16d066e9b6df8f31", kill_on_drop: false }`
[INFO] [stdout] b8398c4b42606a04a351396717a1f6585a7c943a4b861cdb16d066e9b6df8f31
[INFO] running `Command { std: "docker" "create" "-v" "/var/lib/crater-agent-workspace/builds/worker-6-tc1/target:/opt/rustwide/target:rw,Z" "-v" "/var/lib/crater-agent-workspace/builds/worker-6-tc1/source:/opt/rustwide/workdir:ro,Z" "-v" "/var/lib/crater-agent-workspace/cargo-home:/opt/rustwide/cargo-home:ro,Z" "-v" "/var/lib/crater-agent-workspace/rustup-home:/opt/rustwide/rustup-home:ro,Z" "-e" "SOURCE_DIR=/opt/rustwide/workdir" "-e" "CARGO_TARGET_DIR=/opt/rustwide/target" "-e" "CARGO_INCREMENTAL=0" "-e" "RUST_BACKTRACE=full" "-e" "RUSTFLAGS=--cap-lints=warn" "-e" "RUSTDOCFLAGS=--cap-lints=warn" "-e" "CARGO_HOME=/opt/rustwide/cargo-home" "-e" "RUSTUP_HOME=/opt/rustwide/rustup-home" "-w" "/opt/rustwide/workdir" "-m" "1610612736" "--user" "0:0" "--network" "none" "ghcr.io/rust-lang/crates-build-env/linux@sha256:2788e3201cd34a07e3172128adcd8b3090168a8e3bcc40d7c032b9dda1df7d1c" "/opt/rustwide/cargo-home/bin/cargo" "+1.75.0" "build" "--frozen" "--message-format=json", kill_on_drop: false }`
[INFO] [stdout] 81725bc4352ed6931c5f749fb2097c52513a4a353a9d53de3a981a1012690db6
[INFO] running `Command { std: "docker" "start" "-a" "81725bc4352ed6931c5f749fb2097c52513a4a353a9d53de3a981a1012690db6", kill_on_drop: false }`
[INFO] [stderr]    Compiling autocfg v1.1.0
[INFO] [stderr]    Compiling libc v0.2.151
[INFO] [stderr]    Compiling byteorder v1.5.0
[INFO] [stderr]    Compiling cfg-if v0.1.10
[INFO] [stderr]    Compiling proc-macro2 v1.0.75
[INFO] [stderr]    Compiling cfg-if v1.0.0
[INFO] [stderr]    Compiling unicode-ident v1.0.12
[INFO] [stderr]    Compiling futures v0.1.31
[INFO] [stderr]    Compiling semver-parser v0.7.0
[INFO] [stderr]    Compiling maybe-uninit v2.0.0
[INFO] [stderr]    Compiling lazy_static v1.4.0
[INFO] [stderr]    Compiling either v1.9.0
[INFO] [stderr]    Compiling log v0.4.20
[INFO] [stderr]    Compiling tinyvec_macros v0.1.1
[INFO] [stderr]    Compiling rand_core v0.4.2
[INFO] [stderr]    Compiling scopeguard v1.2.0
[INFO] [stderr]    Compiling unicode-bidi v0.3.14
[INFO] [stderr]    Compiling fnv v1.0.7
[INFO] [stderr]    Compiling tinyvec v1.6.0
[INFO] [stderr]    Compiling typenum v1.17.0
[INFO] [stderr]    Compiling pkg-config v0.3.28
[INFO] [stderr]    Compiling vcpkg v0.2.15
[INFO] [stderr]    Compiling matches v0.1.10
[INFO] [stderr]    Compiling syn v1.0.109
[INFO] [stderr]    Compiling semver v0.9.0
[INFO] [stderr]    Compiling autocfg v0.1.8
[INFO] [stderr]    Compiling memchr v2.7.1
[INFO] [stderr]    Compiling rand_core v0.3.1
[INFO] [stderr]    Compiling lock_api v0.3.4
[INFO] [stderr]    Compiling version_check v0.9.4
[INFO] [stderr]    Compiling semver v1.0.21
[INFO] [stderr]    Compiling rustc_version v0.2.3
[INFO] [stderr]    Compiling crossbeam-utils v0.7.2
[INFO] [stderr]    Compiling slab v0.4.9
[INFO] [stderr]    Compiling num-traits v0.2.17
[INFO] [stderr]    Compiling memoffset v0.5.6
[INFO] [stderr]    Compiling crossbeam-epoch v0.8.2
[INFO] [stderr]    Compiling parking_lot_core v0.6.3
[INFO] [stderr]    Compiling parking_lot v0.9.0
[INFO] [stderr]    Compiling smallvec v0.6.14
[INFO] [stderr]    Compiling quote v1.0.35
[INFO] [stderr]    Compiling num-integer v0.1.45
[INFO] [stderr]    Compiling adler v1.0.2
[INFO] [stderr]    Compiling encoding_index_tests v0.1.4
[INFO] [stderr]    Compiling itoa v0.4.8
[INFO] [stderr]    Compiling unicode-normalization v0.1.22
[INFO] [stderr]    Compiling bitflags v2.4.1
[INFO] [stderr]    Compiling miniz_oxide v0.7.1
[INFO] [stderr]    Compiling syn v2.0.48
[INFO] [stderr]    Compiling unicase v2.7.0
[INFO] [stderr]    Compiling indexmap v1.9.3
[INFO] [stderr]    Compiling crc32fast v1.3.2
[INFO] [stderr]    Compiling gimli v0.28.1
[INFO] [stderr]    Compiling serde v1.0.194
[INFO] [stderr]    Compiling failure_derive v0.1.8
[INFO] [stderr]    Compiling unicode-xid v0.2.4
[INFO] [stderr]    Compiling byte-tools v0.3.1
[INFO] [stderr]    Compiling block-padding v0.1.5
[INFO] [stderr]    Compiling idna v0.1.5
[INFO] [stderr]    Compiling crossbeam-deque v0.7.4
[INFO] [stderr]    Compiling tokio-executor v0.1.10
[INFO] [stderr]    Compiling tokio-sync v0.1.8
[INFO] [stderr]    Compiling generic-array v0.12.4
[INFO] [stderr]    Compiling crossbeam-queue v0.2.3
[INFO] [stderr]    Compiling object v0.32.2
[INFO] [stderr]    Compiling rand_pcg v0.1.2
[INFO] [stderr]    Compiling rand_chacha v0.1.1
[INFO] [stderr]    Compiling num-bigint v0.2.6
[INFO] [stderr]    Compiling percent-encoding v1.0.1
[INFO] [stderr]    Compiling foreign-types-shared v0.1.1
[INFO] [stderr]    Compiling percent-encoding v2.3.1
[INFO] [stderr]    Compiling cc v1.0.83
[INFO] [stderr]    Compiling iovec v0.1.4
[INFO] [stderr]    Compiling num_cpus v1.16.0
[INFO] [stderr]    Compiling net2 v0.2.39
[INFO] [stderr]    Compiling time v0.1.45
[INFO] [stderr]    Compiling bytes v0.4.12
[INFO] [stderr]    Compiling openssl v0.10.62
[INFO] [stderr]    Compiling httparse v1.8.0
[INFO] [stderr]    Compiling rustc-demangle v0.1.23
[INFO] [stderr]    Compiling mio v0.6.23
[INFO] [stderr]    Compiling tokio-io v0.1.13
[INFO] [stderr]    Compiling http v0.1.21
[INFO] [stderr]    Compiling hashbrown v0.12.3
[INFO] [stderr]    Compiling tokio-buf v0.1.1
[INFO] [stderr]    Compiling string v0.2.1
[INFO] [stderr]    Compiling tokio-threadpool v0.1.18
[INFO] [stderr]    Compiling form_urlencoded v1.2.1
[INFO] [stderr]    Compiling url v1.7.2
[INFO] [stderr]    Compiling getrandom v0.2.11
[INFO] [stderr]    Compiling tokio-reactor v0.1.12
[INFO] [stderr]    Compiling foreign-types v0.3.2
[INFO] [stderr]    Compiling rustc_version v0.4.0
[INFO] [stderr]    Compiling digest v0.8.1
[INFO] [stderr]    Compiling block-buffer v0.7.3
[INFO] [stderr]    Compiling tokio-current-thread v0.1.7
[INFO] [stderr]    Compiling tokio-timer v0.2.13
[INFO] [stderr]    Compiling tokio-tcp v0.1.4
[INFO] [stderr]    Compiling idna v0.5.0
[INFO] [stderr]    Compiling hyper v0.12.36
[INFO] [stderr]    Compiling num-iter v0.1.43
[INFO] [stderr]    Compiling rand v0.6.5
[INFO] [stderr]    Compiling openssl-sys v0.9.98
[INFO] [stderr]    Compiling backtrace v0.3.69
[INFO] [stderr]    Compiling num-complex v0.2.4
[INFO] [stderr]    Compiling num-rational v0.2.4
[INFO] [stderr]    Compiling once_cell v1.19.0
[INFO] [stderr]    Compiling opaque-debug v0.2.3
[INFO] [stderr]    Compiling try-lock v0.2.5
[INFO] [stderr]    Compiling serde_json v1.0.111
[INFO] [stderr]    Compiling native-tls v0.2.11
[INFO] [stderr]    Compiling rustix v0.38.28
[INFO] [stderr]    Compiling synstructure v0.12.6
[INFO] [stderr]    Compiling want v0.2.0
[INFO] [stderr]    Compiling url v2.5.0
[INFO] [stderr]    Compiling addr2line v0.21.0
[INFO] [stderr]    Compiling tokio v0.1.22
[INFO] [stderr]    Compiling cast v0.2.7
[INFO] [stderr]    Compiling mime_guess v2.0.4
[INFO] [stderr]    Compiling rand_core v0.6.4
[INFO] [stderr]    Compiling futures-cpupool v0.1.8
[INFO] [stderr]    Compiling rand_os v0.1.3
[INFO] [stderr]    Compiling h2 v0.1.26
[INFO] [stderr]    Compiling http-body v0.1.0
[INFO] [stderr]    Compiling idna v0.2.3
[INFO] [stderr]    Compiling rand_xorshift v0.1.1
[INFO] [stderr]    Compiling rand_isaac v0.1.1
[INFO] [stderr]    Compiling rand_hc v0.1.0
[INFO] [stderr]    Compiling rand_jitter v0.1.4
[INFO] [stderr]    Compiling version_check v0.1.5
[INFO] [stderr]    Compiling openssl-probe v0.1.5
[INFO] [stderr]    Compiling ryu v1.0.16
[INFO] [stderr]    Compiling ppv-lite86 v0.2.17
[INFO] [stderr]    Compiling fake-simd v0.1.2
[INFO] [stderr]    Compiling itoa v1.0.10
[INFO] [stderr]    Compiling linux-raw-sys v0.4.12
[INFO] [stderr]    Compiling publicsuffix v1.5.6
[INFO] [stderr]    Compiling nom v4.2.3
[INFO] [stderr]    Compiling cookie v0.12.0
[INFO] [stderr]    Compiling encoding-index-singlebyte v1.20141219.5
[INFO] [stderr]    Compiling encoding-index-tradchinese v1.20141219.5
[INFO] [stderr]    Compiling rand_chacha v0.3.1
[INFO] [stderr]    Compiling encoding-index-simpchinese v1.20141219.5
[INFO] [stderr]    Compiling encoding-index-japanese v1.20141219.5
[INFO] [stderr]    Compiling encoding-index-korean v1.20141219.5
[INFO] [stderr]    Compiling try_from v0.3.2
[INFO] [stderr]    Compiling safemem v0.3.3
[INFO] [stderr]    Compiling adler32 v1.2.0
[INFO] [stderr]    Compiling rle-decode-fast v1.0.3
[INFO] [stderr]    Compiling fastrand v2.0.1
[INFO] [stderr]    Compiling mime v0.3.17
[INFO] [stderr]    Compiling dtoa v0.4.8
[INFO] [stderr]    Compiling take_mut v0.2.2
[INFO] [stderr]    Compiling encoding v0.2.33
[INFO] [stderr]    Compiling uuid v0.7.4
[INFO] [stderr]    Compiling base64 v0.9.3
[INFO] [stderr]    Compiling libflate v0.1.27
[INFO] [stderr]    Compiling rand v0.8.5
[INFO] [stderr]    Compiling num v0.2.1
[INFO] [stderr]    Compiling sha-1 v0.8.2
[INFO] [stderr]    Compiling sha2 v0.8.2
[INFO] [stderr]    Compiling flate2 v1.0.28
[INFO] [stderr]    Compiling iowrap v0.2.1
[INFO] [stderr]    Compiling base64 v0.10.1
[INFO] [stderr]    Compiling encoding_rs v0.8.33
[INFO] [stderr]    Compiling iana-time-zone v0.1.59
[INFO] [stderr]    Compiling hex v0.4.3
[INFO] [stderr]    Compiling failure v0.1.8
[INFO] [stderr]    Compiling serde_derive v1.0.194
[INFO] [stderr]    Compiling openssl-macros v0.1.1
[INFO] [stderr]    Compiling base64 v0.11.0
[INFO] [stderr]    Compiling quoted_printable v0.4.8
[INFO] [stderr]    Compiling chrono v0.4.31
[INFO] [stderr]    Compiling md-5 v0.8.0
[INFO] [stderr]    Compiling directories v1.0.2
[INFO] [stderr]    Compiling filetime v0.2.23
[INFO] [stderr]    Compiling gpgrv v0.2.3
[INFO] [stderr]    Compiling mailparse v0.6.5
[INFO] [stderr]    Compiling deb-version v0.1.1
[INFO] [stderr]    Compiling insideout v0.2.0
[INFO] [stderr]    Compiling distro-keyring v0.1.0
[INFO] [stderr]    Compiling hex v0.3.2
[INFO] [stderr]    Compiling tempfile v3.9.0
[INFO] [stderr]    Compiling tempfile-fast v0.3.4
[INFO] [stderr]    Compiling hyper-tls v0.3.2
[INFO] [stderr]    Compiling serde_urlencoded v0.5.5
[INFO] [stderr]    Compiling cookie_store v0.7.0
[INFO] [stderr]    Compiling reqwest v0.9.24
[INFO] [stderr]    Compiling fapt v0.1.0 (/opt/rustwide/workdir)
[INFO] [stdout] warning: use of deprecated macro `take_while1_s`: Please use `take_while1` instead
[INFO] [stdout]    --> src/parse/deps.rs:103:1
[INFO] [stdout]     |
[INFO] [stdout] 103 | named!(package_name<CompleteStr, CompleteStr>, take_while1_s!(is_package_name_char));
[INFO] [stdout]     | ^^^^^^^^^^^^^^^^^^^^^^^^^^^^^^^^^^^^^^^^^^^^^^^^^^^^^^^^^^^^^^^^^^^^^^^^^^^^^^^^^^^^
[INFO] [stdout]     |
[INFO] [stdout]     = note: `#[warn(deprecated)]` on by default
[INFO] [stdout]     = note: this warning originates in the macro `named` (in Nightly builds, run with -Z macro-backtrace for more info)
[INFO] [stdout] 
[INFO] [stdout] 
[INFO] [stdout] warning: use of deprecated macro `take_while1_s`: Please use `take_while1` instead
[INFO] [stdout]    --> src/parse/deps.rs:103:1
[INFO] [stdout]     |
[INFO] [stdout] 103 | named!(package_name<CompleteStr, CompleteStr>, take_while1_s!(is_package_name_char));
[INFO] [stdout]     | ^^^^^^^^^^^^^^^^^^^^^^^^^^^^^^^^^^^^^^^^^^^^^^^^^^^^^^^^^^^^^^^^^^^^^^^^^^^^^^^^^^^^
[INFO] [stdout]     |
[INFO] [stdout]     = note: this warning originates in the macro `take_while1_s` which comes from the expansion of the macro `named` (in Nightly builds, run with -Z macro-backtrace for more info)
[INFO] [stdout] 
[INFO] [stdout] 
[INFO] [stdout] warning: use of deprecated macro `take_while1_s`: Please use `take_while1` instead
[INFO] [stdout]    --> src/parse/deps.rs:104:1
[INFO] [stdout]     |
[INFO] [stdout] 104 | named!(version<CompleteStr, CompleteStr>, take_while1_s!(is_version_char));
[INFO] [stdout]     | ^^^^^^^^^^^^^^^^^^^^^^^^^^^^^^^^^^^^^^^^^^^^^^^^^^^^^^^^^^^^^^^^^^^^^^^^^^
[INFO] [stdout]     |
[INFO] [stdout]     = note: this warning originates in the macro `named` (in Nightly builds, run with -Z macro-backtrace for more info)
[INFO] [stdout] 
[INFO] [stdout] 
[INFO] [stdout] warning: use of deprecated macro `take_while1_s`: Please use `take_while1` instead
[INFO] [stdout]    --> src/parse/deps.rs:104:1
[INFO] [stdout]     |
[INFO] [stdout] 104 | named!(version<CompleteStr, CompleteStr>, take_while1_s!(is_version_char));
[INFO] [stdout]     | ^^^^^^^^^^^^^^^^^^^^^^^^^^^^^^^^^^^^^^^^^^^^^^^^^^^^^^^^^^^^^^^^^^^^^^^^^^
[INFO] [stdout]     |
[INFO] [stdout]     = note: this warning originates in the macro `take_while1_s` which comes from the expansion of the macro `named` (in Nightly builds, run with -Z macro-backtrace for more info)
[INFO] [stdout] 
[INFO] [stdout] 
[INFO] [stdout] warning: use of deprecated macro `take_while1_s`: Please use `take_while1` instead
[INFO] [stdout]    --> src/parse/deps.rs:123:1
[INFO] [stdout]     |
[INFO] [stdout] 123 | / named!(arch_part<CompleteStr, (bool, CompleteStr)>,
[INFO] [stdout] 124 | |     do_parse!(
[INFO] [stdout] 125 | |         bang: opt!(tag!("!")) >>
[INFO] [stdout] 126 | |         arch: take_while1_s!(is_arch_char) >>
[INFO] [stdout] 127 | |         ( (bang.is_none(), arch) )
[INFO] [stdout] 128 | |     )
[INFO] [stdout] 129 | | );
[INFO] [stdout]     | |_^
[INFO] [stdout]     |
[INFO] [stdout]     = note: this warning originates in the macro `do_parse` which comes from the expansion of the macro `named` (in Nightly builds, run with -Z macro-backtrace for more info)
[INFO] [stdout] 
[INFO] [stdout] 
[INFO] [stdout] warning: use of deprecated macro `take_while1_s`: Please use `take_while1` instead
[INFO] [stdout]    --> src/parse/deps.rs:123:1
[INFO] [stdout]     |
[INFO] [stdout] 123 | / named!(arch_part<CompleteStr, (bool, CompleteStr)>,
[INFO] [stdout] 124 | |     do_parse!(
[INFO] [stdout] 125 | |         bang: opt!(tag!("!")) >>
[INFO] [stdout] 126 | |         arch: take_while1_s!(is_arch_char) >>
[INFO] [stdout] 127 | |         ( (bang.is_none(), arch) )
[INFO] [stdout] 128 | |     )
[INFO] [stdout] 129 | | );
[INFO] [stdout]     | |_^
[INFO] [stdout]     |
[INFO] [stdout]     = note: this warning originates in the macro `take_while1_s` which comes from the expansion of the macro `named` (in Nightly builds, run with -Z macro-backtrace for more info)
[INFO] [stdout] 
[INFO] [stdout] 
[INFO] [stdout] warning: use of deprecated macro `take_until_s`: Please use `take_until` instead
[INFO] [stdout]    --> src/parse/deps.rs:139:1
[INFO] [stdout]     |
[INFO] [stdout] 139 | / named!(stage_filter<CompleteStr, CompleteStr>,
[INFO] [stdout] 140 | |     delimited!(
[INFO] [stdout] 141 | |         tag!("<"),
[INFO] [stdout] 142 | |         take_until_s!(">"),
[INFO] [stdout] 143 | |         tag!(">")
[INFO] [stdout] 144 | |     )
[INFO] [stdout] 145 | | );
[INFO] [stdout]     | |_^
[INFO] [stdout]     |
[INFO] [stdout]     = note: this warning originates in the macro `tuple_parser` which comes from the expansion of the macro `named` (in Nightly builds, run with -Z macro-backtrace for more info)
[INFO] [stdout] 
[INFO] [stdout] 
[INFO] [stdout] warning: use of deprecated macro `take_while1_s`: Please use `take_while1` instead
[INFO] [stdout]    --> src/parse/deps.rs:147:1
[INFO] [stdout]     |
[INFO] [stdout] 147 | / named!(arch_suffix<CompleteStr, CompleteStr>,
[INFO] [stdout] 148 | |     preceded!(tag!(":"), take_while1_s!(is_arch_char))
[INFO] [stdout] 149 | | );
[INFO] [stdout]     | |_^
[INFO] [stdout]     |
[INFO] [stdout]     = note: this warning originates in the macro `tuple_parser` which comes from the expansion of the macro `named` (in Nightly builds, run with -Z macro-backtrace for more info)
[INFO] [stdout] 
[INFO] [stdout] 
[INFO] [stdout] warning: use of deprecated macro `take_while1_s`: Please use `take_while1` instead
[INFO] [stdout]    --> src/parse/deps.rs:147:1
[INFO] [stdout]     |
[INFO] [stdout] 147 | / named!(arch_suffix<CompleteStr, CompleteStr>,
[INFO] [stdout] 148 | |     preceded!(tag!(":"), take_while1_s!(is_arch_char))
[INFO] [stdout] 149 | | );
[INFO] [stdout]     | |_^
[INFO] [stdout]     |
[INFO] [stdout]     = note: this warning originates in the macro `take_while1_s` which comes from the expansion of the macro `named` (in Nightly builds, run with -Z macro-backtrace for more info)
[INFO] [stdout] 
[INFO] [stdout] 
[INFO] [stdout] warning: use of deprecated macro `take_until_and_consume_s`: Please use `take_until_and_consume` instead
[INFO] [stdout]   --> src/parse/ident.rs:14:1
[INFO] [stdout]    |
[INFO] [stdout] 14 | / named!(ident<CompleteStr, Result<Identity, Error>>,
[INFO] [stdout] 15 | |     do_parse!(
[INFO] [stdout] 16 | |         name: take_until_and_consume_s!(" <") >>
[INFO] [stdout] 17 | |         email: take_until_and_consume_s!(">") >>
[INFO] [stdout] ...  |
[INFO] [stdout] 24 | |     )
[INFO] [stdout] 25 | | );
[INFO] [stdout]    | |_^
[INFO] [stdout]    |
[INFO] [stdout]    = note: this warning originates in the macro `do_parse` which comes from the expansion of the macro `named` (in Nightly builds, run with -Z macro-backtrace for more info)
[INFO] [stdout] 
[INFO] [stdout] 
[INFO] [stdout] warning: use of deprecated macro `take_until_and_consume_s`: Please use `take_until_and_consume` instead
[INFO] [stdout]   --> src/parse/ident.rs:14:1
[INFO] [stdout]    |
[INFO] [stdout] 14 | / named!(ident<CompleteStr, Result<Identity, Error>>,
[INFO] [stdout] 15 | |     do_parse!(
[INFO] [stdout] 16 | |         name: take_until_and_consume_s!(" <") >>
[INFO] [stdout] 17 | |         email: take_until_and_consume_s!(">") >>
[INFO] [stdout] ...  |
[INFO] [stdout] 24 | |     )
[INFO] [stdout] 25 | | );
[INFO] [stdout]    | |_^
[INFO] [stdout]    |
[INFO] [stdout]    = note: this warning originates in the macro `do_parse` which comes from the expansion of the macro `named` (in Nightly builds, run with -Z macro-backtrace for more info)
[INFO] [stdout] 
[INFO] [stdout] 
[INFO] [stdout] warning: use of deprecated method `chrono::TimeZone::timestamp`: use `timestamp_opt()` instead
[INFO] [stdout]   --> src/rfc822.rs:90:20
[INFO] [stdout]    |
[INFO] [stdout] 90 |     Ok(chrono::Utc.timestamp(signed_epoch, 0))
[INFO] [stdout]    |                    ^^^^^^^^^
[INFO] [stdout] 
[INFO] [stdout] 
[INFO] [stdout] warning: multiple fields are never read
[INFO] [stdout]   --> src/release.rs:45:5
[INFO] [stdout]    |
[INFO] [stdout] 44 | pub struct ReleaseFile {
[INFO] [stdout]    |            ----------- fields in this struct
[INFO] [stdout] 45 |     origin: String,
[INFO] [stdout]    |     ^^^^^^
[INFO] [stdout] 46 |     label: String,
[INFO] [stdout]    |     ^^^^^
[INFO] [stdout] 47 |     suite: Option<String>,
[INFO] [stdout]    |     ^^^^^
[INFO] [stdout] 48 |     codename: Option<String>,
[INFO] [stdout]    |     ^^^^^^^^
[INFO] [stdout] 49 |     changelogs: Option<String>,
[INFO] [stdout]    |     ^^^^^^^^^^
[INFO] [stdout] 50 |     date: DateTime<Utc>,
[INFO] [stdout]    |     ^^^^
[INFO] [stdout] 51 |     valid_until: Option<DateTime<Utc>>,
[INFO] [stdout]    |     ^^^^^^^^^^^
[INFO] [stdout] ...
[INFO] [stdout] 54 |     components: Vec<String>,
[INFO] [stdout]    |     ^^^^^^^^^^
[INFO] [stdout] 55 |     description: Option<String>,
[INFO] [stdout]    |     ^^^^^^^^^^^
[INFO] [stdout]    |
[INFO] [stdout]    = note: `ReleaseFile` has derived impls for the traits `Clone` and `Debug`, but these are intentionally ignored during dead code analysis
[INFO] [stdout]    = note: `#[warn(dead_code)]` on by default
[INFO] [stdout] 
[INFO] [stdout] 
[INFO] [stdout] warning: field `locality` is never read
[INFO] [stdout]    --> src/system.rs:198:5
[INFO] [stdout]     |
[INFO] [stdout] 197 | pub struct NamedBlock {
[INFO] [stdout]     |            ---------- field in this struct
[INFO] [stdout] 198 |     locality: String,
[INFO] [stdout]     |     ^^^^^^^^
[INFO] [stdout]     |
[INFO] [stdout]     = note: `NamedBlock` has derived impls for the traits `Debug` and `Clone`, but these are intentionally ignored during dead code analysis
[INFO] [stdout] 
[INFO] [stdout] 
[INFO] [stdout] warning: 14 warnings emitted
[INFO] [stdout] 
[INFO] [stdout] 
[INFO] [stderr]     Finished dev [unoptimized + debuginfo] target(s) in 14.10s
[INFO] [stderr] warning: the following packages contain code that will be rejected by a future version of Rust: nom v4.2.3
[INFO] [stderr] note: to see what the problems were, use the option `--future-incompat-report`, or run `cargo report future-incompatibilities --id 1`
[INFO] running `Command { std: "docker" "inspect" "81725bc4352ed6931c5f749fb2097c52513a4a353a9d53de3a981a1012690db6", kill_on_drop: false }`
[INFO] running `Command { std: "docker" "rm" "-f" "81725bc4352ed6931c5f749fb2097c52513a4a353a9d53de3a981a1012690db6", kill_on_drop: false }`
[INFO] [stdout] 81725bc4352ed6931c5f749fb2097c52513a4a353a9d53de3a981a1012690db6
[INFO] running `Command { std: "docker" "create" "-v" "/var/lib/crater-agent-workspace/builds/worker-6-tc1/target:/opt/rustwide/target:rw,Z" "-v" "/var/lib/crater-agent-workspace/builds/worker-6-tc1/source:/opt/rustwide/workdir:ro,Z" "-v" "/var/lib/crater-agent-workspace/cargo-home:/opt/rustwide/cargo-home:ro,Z" "-v" "/var/lib/crater-agent-workspace/rustup-home:/opt/rustwide/rustup-home:ro,Z" "-e" "SOURCE_DIR=/opt/rustwide/workdir" "-e" "CARGO_TARGET_DIR=/opt/rustwide/target" "-e" "CARGO_INCREMENTAL=0" "-e" "RUST_BACKTRACE=full" "-e" "RUSTFLAGS=--cap-lints=warn" "-e" "RUSTDOCFLAGS=--cap-lints=warn" "-e" "CARGO_HOME=/opt/rustwide/cargo-home" "-e" "RUSTUP_HOME=/opt/rustwide/rustup-home" "-w" "/opt/rustwide/workdir" "-m" "1610612736" "--user" "0:0" "--network" "none" "ghcr.io/rust-lang/crates-build-env/linux@sha256:2788e3201cd34a07e3172128adcd8b3090168a8e3bcc40d7c032b9dda1df7d1c" "/opt/rustwide/cargo-home/bin/cargo" "+1.75.0" "test" "--frozen" "--no-run" "--message-format=json", kill_on_drop: false }`
[INFO] [stdout] 27ef8a7486cc891173ee90fdd30ddebf1cfae216020f3da03296ad921195ecfd
[INFO] running `Command { std: "docker" "start" "-a" "27ef8a7486cc891173ee90fdd30ddebf1cfae216020f3da03296ad921195ecfd", kill_on_drop: false }`
[INFO] [stdout] warning: use of deprecated macro `take_while1_s`: Please use `take_while1` instead
[INFO] [stdout]    --> src/parse/deps.rs:103:1
[INFO] [stdout]     |
[INFO] [stdout] 103 | named!(package_name<CompleteStr, CompleteStr>, take_while1_s!(is_package_name_char));
[INFO] [stdout]     | ^^^^^^^^^^^^^^^^^^^^^^^^^^^^^^^^^^^^^^^^^^^^^^^^^^^^^^^^^^^^^^^^^^^^^^^^^^^^^^^^^^^^
[INFO] [stdout]     |
[INFO] [stdout]     = note: `#[warn(deprecated)]` on by default
[INFO] [stdout]     = note: this warning originates in the macro `named` (in Nightly builds, run with -Z macro-backtrace for more info)
[INFO] [stdout] 
[INFO] [stdout] 
[INFO] [stdout] warning: use of deprecated macro `take_while1_s`: Please use `take_while1` instead
[INFO] [stdout]    --> src/parse/deps.rs:103:1
[INFO] [stdout]     |
[INFO] [stdout] 103 | named!(package_name<CompleteStr, CompleteStr>, take_while1_s!(is_package_name_char));
[INFO] [stdout]     | ^^^^^^^^^^^^^^^^^^^^^^^^^^^^^^^^^^^^^^^^^^^^^^^^^^^^^^^^^^^^^^^^^^^^^^^^^^^^^^^^^^^^
[INFO] [stdout]     |
[INFO] [stdout]     = note: this warning originates in the macro `take_while1_s` which comes from the expansion of the macro `named` (in Nightly builds, run with -Z macro-backtrace for more info)
[INFO] [stdout] 
[INFO] [stdout] 
[INFO] [stdout] warning: use of deprecated macro `take_while1_s`: Please use `take_while1` instead
[INFO] [stdout]    --> src/parse/deps.rs:104:1
[INFO] [stdout]     |
[INFO] [stdout] 104 | named!(version<CompleteStr, CompleteStr>, take_while1_s!(is_version_char));
[INFO] [stdout]     | ^^^^^^^^^^^^^^^^^^^^^^^^^^^^^^^^^^^^^^^^^^^^^^^^^^^^^^^^^^^^^^^^^^^^^^^^^^
[INFO] [stdout]     |
[INFO] [stdout]     = note: this warning originates in the macro `named` (in Nightly builds, run with -Z macro-backtrace for more info)
[INFO] [stdout] 
[INFO] [stdout] 
[INFO] [stdout] warning: use of deprecated macro `take_while1_s`: Please use `take_while1` instead
[INFO] [stdout]    --> src/parse/deps.rs:104:1
[INFO] [stdout]     |
[INFO] [stdout] 104 | named!(version<CompleteStr, CompleteStr>, take_while1_s!(is_version_char));
[INFO] [stdout]     | ^^^^^^^^^^^^^^^^^^^^^^^^^^^^^^^^^^^^^^^^^^^^^^^^^^^^^^^^^^^^^^^^^^^^^^^^^^
[INFO] [stdout]     |
[INFO] [stdout]     = note: this warning originates in the macro `take_while1_s` which comes from the expansion of the macro `named` (in Nightly builds, run with -Z macro-backtrace for more info)
[INFO] [stdout] 
[INFO] [stdout] 
[INFO] [stdout] warning: use of deprecated macro `take_while1_s`: Please use `take_while1` instead
[INFO] [stdout]    --> src/parse/deps.rs:123:1
[INFO] [stdout]     |
[INFO] [stdout] 123 | / named!(arch_part<CompleteStr, (bool, CompleteStr)>,
[INFO] [stdout] 124 | |     do_parse!(
[INFO] [stdout] 125 | |         bang: opt!(tag!("!")) >>
[INFO] [stdout] 126 | |         arch: take_while1_s!(is_arch_char) >>
[INFO] [stdout] 127 | |         ( (bang.is_none(), arch) )
[INFO] [stdout] 128 | |     )
[INFO] [stdout] 129 | | );
[INFO] [stdout]     | |_^
[INFO] [stdout]     |
[INFO] [stdout]     = note: this warning originates in the macro `do_parse` which comes from the expansion of the macro `named` (in Nightly builds, run with -Z macro-backtrace for more info)
[INFO] [stdout] 
[INFO] [stdout] 
[INFO] [stdout] warning: use of deprecated macro `take_while1_s`: Please use `take_while1` instead
[INFO] [stdout]    --> src/parse/deps.rs:123:1
[INFO] [stdout]     |
[INFO] [stdout] 123 | / named!(arch_part<CompleteStr, (bool, CompleteStr)>,
[INFO] [stdout] 124 | |     do_parse!(
[INFO] [stdout] 125 | |         bang: opt!(tag!("!")) >>
[INFO] [stdout] 126 | |         arch: take_while1_s!(is_arch_char) >>
[INFO] [stdout] 127 | |         ( (bang.is_none(), arch) )
[INFO] [stdout] 128 | |     )
[INFO] [stdout] 129 | | );
[INFO] [stdout]     | |_^
[INFO] [stdout]     |
[INFO] [stdout]     = note: this warning originates in the macro `take_while1_s` which comes from the expansion of the macro `named` (in Nightly builds, run with -Z macro-backtrace for more info)
[INFO] [stdout] 
[INFO] [stdout] 
[INFO] [stdout] warning: use of deprecated macro `take_until_s`: Please use `take_until` instead
[INFO] [stdout]    --> src/parse/deps.rs:139:1
[INFO] [stdout]     |
[INFO] [stdout] 139 | / named!(stage_filter<CompleteStr, CompleteStr>,
[INFO] [stdout] 140 | |     delimited!(
[INFO] [stdout] 141 | |         tag!("<"),
[INFO] [stdout] 142 | |         take_until_s!(">"),
[INFO] [stdout] 143 | |         tag!(">")
[INFO] [stdout] 144 | |     )
[INFO] [stdout] 145 | | );
[INFO] [stdout]     | |_^
[INFO] [stdout]     |
[INFO] [stdout]     = note: this warning originates in the macro `tuple_parser` which comes from the expansion of the macro `named` (in Nightly builds, run with -Z macro-backtrace for more info)
[INFO] [stdout] 
[INFO] [stdout] 
[INFO] [stdout] warning: use of deprecated macro `take_while1_s`: Please use `take_while1` instead
[INFO] [stdout]    --> src/parse/deps.rs:147:1
[INFO] [stdout]     |
[INFO] [stdout] 147 | / named!(arch_suffix<CompleteStr, CompleteStr>,
[INFO] [stdout] 148 | |     preceded!(tag!(":"), take_while1_s!(is_arch_char))
[INFO] [stdout] 149 | | );
[INFO] [stdout]     | |_^
[INFO] [stdout]     |
[INFO] [stdout]     = note: this warning originates in the macro `tuple_parser` which comes from the expansion of the macro `named` (in Nightly builds, run with -Z macro-backtrace for more info)
[INFO] [stdout] 
[INFO] [stdout] 
[INFO] [stdout] warning: use of deprecated macro `take_while1_s`: Please use `take_while1` instead
[INFO] [stdout]    --> src/parse/deps.rs:147:1
[INFO] [stdout]     |
[INFO] [stdout] 147 | / named!(arch_suffix<CompleteStr, CompleteStr>,
[INFO] [stdout] 148 | |     preceded!(tag!(":"), take_while1_s!(is_arch_char))
[INFO] [stdout] 149 | | );
[INFO] [stdout]     | |_^
[INFO] [stdout]     |
[INFO] [stdout]     = note: this warning originates in the macro `take_while1_s` which comes from the expansion of the macro `named` (in Nightly builds, run with -Z macro-backtrace for more info)
[INFO] [stdout] 
[INFO] [stdout] 
[INFO] [stdout] warning: use of deprecated macro `take_until_and_consume_s`: Please use `take_until_and_consume` instead
[INFO] [stdout]   --> src/parse/ident.rs:14:1
[INFO] [stdout]    |
[INFO] [stdout] 14 | / named!(ident<CompleteStr, Result<Identity, Error>>,
[INFO] [stdout] 15 | |     do_parse!(
[INFO] [stdout] 16 | |         name: take_until_and_consume_s!(" <") >>
[INFO] [stdout] 17 | |         email: take_until_and_consume_s!(">") >>
[INFO] [stdout] ...  |
[INFO] [stdout] 24 | |     )
[INFO] [stdout] 25 | | );
[INFO] [stdout]    | |_^
[INFO] [stdout]    |
[INFO] [stdout]    = note: this warning originates in the macro `do_parse` which comes from the expansion of the macro `named` (in Nightly builds, run with -Z macro-backtrace for more info)
[INFO] [stdout] 
[INFO] [stdout] 
[INFO] [stdout] warning: use of deprecated macro `take_until_and_consume_s`: Please use `take_until_and_consume` instead
[INFO] [stdout]   --> src/parse/ident.rs:14:1
[INFO] [stdout]    |
[INFO] [stdout] 14 | / named!(ident<CompleteStr, Result<Identity, Error>>,
[INFO] [stdout] 15 | |     do_parse!(
[INFO] [stdout] 16 | |         name: take_until_and_consume_s!(" <") >>
[INFO] [stdout] 17 | |         email: take_until_and_consume_s!(">") >>
[INFO] [stdout] ...  |
[INFO] [stdout] 24 | |     )
[INFO] [stdout] 25 | | );
[INFO] [stdout]    | |_^
[INFO] [stdout]    |
[INFO] [stdout]    = note: this warning originates in the macro `do_parse` which comes from the expansion of the macro `named` (in Nightly builds, run with -Z macro-backtrace for more info)
[INFO] [stdout] 
[INFO] [stdout] 
[INFO] [stdout] warning: use of deprecated method `chrono::TimeZone::timestamp`: use `timestamp_opt()` instead
[INFO] [stdout]   --> src/rfc822.rs:90:20
[INFO] [stdout]    |
[INFO] [stdout] 90 |     Ok(chrono::Utc.timestamp(signed_epoch, 0))
[INFO] [stdout]    |                    ^^^^^^^^^
[INFO] [stdout] 
[INFO] [stdout] 
[INFO] [stdout] warning: multiple fields are never read
[INFO] [stdout]   --> src/release.rs:45:5
[INFO] [stdout]    |
[INFO] [stdout] 44 | pub struct ReleaseFile {
[INFO] [stdout]    |            ----------- fields in this struct
[INFO] [stdout] 45 |     origin: String,
[INFO] [stdout]    |     ^^^^^^
[INFO] [stdout] 46 |     label: String,
[INFO] [stdout]    |     ^^^^^
[INFO] [stdout] 47 |     suite: Option<String>,
[INFO] [stdout]    |     ^^^^^
[INFO] [stdout] 48 |     codename: Option<String>,
[INFO] [stdout]    |     ^^^^^^^^
[INFO] [stdout] 49 |     changelogs: Option<String>,
[INFO] [stdout]    |     ^^^^^^^^^^
[INFO] [stdout] 50 |     date: DateTime<Utc>,
[INFO] [stdout]    |     ^^^^
[INFO] [stdout] 51 |     valid_until: Option<DateTime<Utc>>,
[INFO] [stdout]    |     ^^^^^^^^^^^
[INFO] [stdout] ...
[INFO] [stdout] 54 |     components: Vec<String>,
[INFO] [stdout]    |     ^^^^^^^^^^
[INFO] [stdout] 55 |     description: Option<String>,
[INFO] [stdout]    |     ^^^^^^^^^^^
[INFO] [stdout]    |
[INFO] [stdout]    = note: `ReleaseFile` has derived impls for the traits `Clone` and `Debug`, but these are intentionally ignored during dead code analysis
[INFO] [stdout]    = note: `#[warn(dead_code)]` on by default
[INFO] [stdout] 
[INFO] [stdout] 
[INFO] [stderr]    Compiling fapt v0.1.0 (/opt/rustwide/workdir)
[INFO] [stdout] warning: field `locality` is never read
[INFO] [stdout]    --> src/system.rs:198:5
[INFO] [stdout]     |
[INFO] [stdout] 197 | pub struct NamedBlock {
[INFO] [stdout]     |            ---------- field in this struct
[INFO] [stdout] 198 |     locality: String,
[INFO] [stdout]     |     ^^^^^^^^
[INFO] [stdout]     |
[INFO] [stdout]     = note: `NamedBlock` has derived impls for the traits `Debug` and `Clone`, but these are intentionally ignored during dead code analysis
[INFO] [stdout] 
[INFO] [stdout] 
[INFO] [stdout] warning: 14 warnings emitted
[INFO] [stdout] 
[INFO] [stdout] 
[INFO] [stdout] error: couldn't read tests/lists/trusty.list: No such file or directory (os error 2)
[INFO] [stdout]   --> tests/objectify.rs:63:26
[INFO] [stdout]    |
[INFO] [stdout] 63 |         io::Cursor::new(&include_bytes!("lists/trusty.list")[..]),
[INFO] [stdout]    |                          ^^^^^^^^^^^^^^^^^^^^^^^^^^^^^^^^^^^
[INFO] [stdout]    |
[INFO] [stdout]    = note: this error originates in the macro `include_bytes` (in Nightly builds, run with -Z macro-backtrace for more info)
[INFO] [stdout] 
[INFO] [stdout] 
[INFO] [stdout] warning: use of deprecated macro `take_while1_s`: Please use `take_while1` instead
[INFO] [stdout]    --> src/parse/deps.rs:103:1
[INFO] [stdout]     |
[INFO] [stdout] 103 | named!(package_name<CompleteStr, CompleteStr>, take_while1_s!(is_package_name_char));
[INFO] [stdout]     | ^^^^^^^^^^^^^^^^^^^^^^^^^^^^^^^^^^^^^^^^^^^^^^^^^^^^^^^^^^^^^^^^^^^^^^^^^^^^^^^^^^^^
[INFO] [stdout]     |
[INFO] [stdout]     = note: `#[warn(deprecated)]` on by default
[INFO] [stdout]     = note: this warning originates in the macro `named` (in Nightly builds, run with -Z macro-backtrace for more info)
[INFO] [stdout] 
[INFO] [stdout] 
[INFO] [stdout] warning: use of deprecated macro `take_while1_s`: Please use `take_while1` instead
[INFO] [stdout]    --> src/parse/deps.rs:103:1
[INFO] [stdout]     |
[INFO] [stdout] 103 | named!(package_name<CompleteStr, CompleteStr>, take_while1_s!(is_package_name_char));
[INFO] [stdout]     | ^^^^^^^^^^^^^^^^^^^^^^^^^^^^^^^^^^^^^^^^^^^^^^^^^^^^^^^^^^^^^^^^^^^^^^^^^^^^^^^^^^^^
[INFO] [stdout]     |
[INFO] [stdout]     = note: this warning originates in the macro `take_while1_s` which comes from the expansion of the macro `named` (in Nightly builds, run with -Z macro-backtrace for more info)
[INFO] [stdout] 
[INFO] [stdout] 
[INFO] [stdout] warning: use of deprecated macro `take_while1_s`: Please use `take_while1` instead
[INFO] [stdout]    --> src/parse/deps.rs:104:1
[INFO] [stdout]     |
[INFO] [stdout] 104 | named!(version<CompleteStr, CompleteStr>, take_while1_s!(is_version_char));
[INFO] [stdout]     | ^^^^^^^^^^^^^^^^^^^^^^^^^^^^^^^^^^^^^^^^^^^^^^^^^^^^^^^^^^^^^^^^^^^^^^^^^^
[INFO] [stdout]     |
[INFO] [stdout]     = note: this warning originates in the macro `named` (in Nightly builds, run with -Z macro-backtrace for more info)
[INFO] [stdout] 
[INFO] [stdout] 
[INFO] [stdout] warning: use of deprecated macro `take_while1_s`: Please use `take_while1` instead
[INFO] [stdout]    --> src/parse/deps.rs:104:1
[INFO] [stdout]     |
[INFO] [stdout] 104 | named!(version<CompleteStr, CompleteStr>, take_while1_s!(is_version_char));
[INFO] [stdout]     | ^^^^^^^^^^^^^^^^^^^^^^^^^^^^^^^^^^^^^^^^^^^^^^^^^^^^^^^^^^^^^^^^^^^^^^^^^^
[INFO] [stdout]     |
[INFO] [stdout]     = note: this warning originates in the macro `take_while1_s` which comes from the expansion of the macro `named` (in Nightly builds, run with -Z macro-backtrace for more info)
[INFO] [stdout] 
[INFO] [stdout] 
[INFO] [stdout] warning: use of deprecated macro `take_while1_s`: Please use `take_while1` instead
[INFO] [stdout]    --> src/parse/deps.rs:123:1
[INFO] [stdout]     |
[INFO] [stdout] 123 | / named!(arch_part<CompleteStr, (bool, CompleteStr)>,
[INFO] [stdout] 124 | |     do_parse!(
[INFO] [stdout] 125 | |         bang: opt!(tag!("!")) >>
[INFO] [stdout] 126 | |         arch: take_while1_s!(is_arch_char) >>
[INFO] [stdout] 127 | |         ( (bang.is_none(), arch) )
[INFO] [stdout] 128 | |     )
[INFO] [stdout] 129 | | );
[INFO] [stdout]     | |_^
[INFO] [stdout]     |
[INFO] [stdout]     = note: this warning originates in the macro `do_parse` which comes from the expansion of the macro `named` (in Nightly builds, run with -Z macro-backtrace for more info)
[INFO] [stdout] 
[INFO] [stdout] 
[INFO] [stdout] warning: use of deprecated macro `take_while1_s`: Please use `take_while1` instead
[INFO] [stdout]    --> src/parse/deps.rs:123:1
[INFO] [stdout]     |
[INFO] [stdout] 123 | / named!(arch_part<CompleteStr, (bool, CompleteStr)>,
[INFO] [stdout] 124 | |     do_parse!(
[INFO] [stdout] 125 | |         bang: opt!(tag!("!")) >>
[INFO] [stdout] 126 | |         arch: take_while1_s!(is_arch_char) >>
[INFO] [stdout] 127 | |         ( (bang.is_none(), arch) )
[INFO] [stdout] 128 | |     )
[INFO] [stdout] 129 | | );
[INFO] [stdout]     | |_^
[INFO] [stdout]     |
[INFO] [stdout]     = note: this warning originates in the macro `take_while1_s` which comes from the expansion of the macro `named` (in Nightly builds, run with -Z macro-backtrace for more info)
[INFO] [stdout] 
[INFO] [stdout] 
[INFO] [stdout] warning: use of deprecated macro `take_until_s`: Please use `take_until` instead
[INFO] [stdout]    --> src/parse/deps.rs:139:1
[INFO] [stdout]     |
[INFO] [stdout] 139 | / named!(stage_filter<CompleteStr, CompleteStr>,
[INFO] [stdout] 140 | |     delimited!(
[INFO] [stdout] 141 | |         tag!("<"),
[INFO] [stdout] 142 | |         take_until_s!(">"),
[INFO] [stdout] 143 | |         tag!(">")
[INFO] [stdout] 144 | |     )
[INFO] [stdout] 145 | | );
[INFO] [stdout]     | |_^
[INFO] [stdout]     |
[INFO] [stdout]     = note: this warning originates in the macro `tuple_parser` which comes from the expansion of the macro `named` (in Nightly builds, run with -Z macro-backtrace for more info)
[INFO] [stdout] 
[INFO] [stdout] 
[INFO] [stdout] warning: use of deprecated macro `take_while1_s`: Please use `take_while1` instead
[INFO] [stdout]    --> src/parse/deps.rs:147:1
[INFO] [stdout]     |
[INFO] [stdout] 147 | / named!(arch_suffix<CompleteStr, CompleteStr>,
[INFO] [stdout] 148 | |     preceded!(tag!(":"), take_while1_s!(is_arch_char))
[INFO] [stdout] 149 | | );
[INFO] [stdout]     | |_^
[INFO] [stdout]     |
[INFO] [stdout]     = note: this warning originates in the macro `tuple_parser` which comes from the expansion of the macro `named` (in Nightly builds, run with -Z macro-backtrace for more info)
[INFO] [stdout] 
[INFO] [stdout] 
[INFO] [stdout] warning: use of deprecated macro `take_while1_s`: Please use `take_while1` instead
[INFO] [stdout]    --> src/parse/deps.rs:147:1
[INFO] [stdout]     |
[INFO] [stdout] 147 | / named!(arch_suffix<CompleteStr, CompleteStr>,
[INFO] [stdout] 148 | |     preceded!(tag!(":"), take_while1_s!(is_arch_char))
[INFO] [stdout] 149 | | );
[INFO] [stdout]     | |_^
[INFO] [stdout]     |
[INFO] [stdout]     = note: this warning originates in the macro `take_while1_s` which comes from the expansion of the macro `named` (in Nightly builds, run with -Z macro-backtrace for more info)
[INFO] [stdout] 
[INFO] [stdout] 
[INFO] [stdout] warning: use of deprecated macro `take_until_and_consume_s`: Please use `take_until_and_consume` instead
[INFO] [stdout]   --> src/parse/ident.rs:14:1
[INFO] [stdout]    |
[INFO] [stdout] 14 | / named!(ident<CompleteStr, Result<Identity, Error>>,
[INFO] [stdout] 15 | |     do_parse!(
[INFO] [stdout] 16 | |         name: take_until_and_consume_s!(" <") >>
[INFO] [stdout] 17 | |         email: take_until_and_consume_s!(">") >>
[INFO] [stdout] ...  |
[INFO] [stdout] 24 | |     )
[INFO] [stdout] 25 | | );
[INFO] [stdout]    | |_^
[INFO] [stdout]    |
[INFO] [stdout]    = note: this warning originates in the macro `do_parse` which comes from the expansion of the macro `named` (in Nightly builds, run with -Z macro-backtrace for more info)
[INFO] [stdout] 
[INFO] [stdout] 
[INFO] [stdout] warning: use of deprecated macro `take_until_and_consume_s`: Please use `take_until_and_consume` instead
[INFO] [stdout]   --> src/parse/ident.rs:14:1
[INFO] [stdout]    |
[INFO] [stdout] 14 | / named!(ident<CompleteStr, Result<Identity, Error>>,
[INFO] [stdout] 15 | |     do_parse!(
[INFO] [stdout] 16 | |         name: take_until_and_consume_s!(" <") >>
[INFO] [stdout] 17 | |         email: take_until_and_consume_s!(">") >>
[INFO] [stdout] ...  |
[INFO] [stdout] 24 | |     )
[INFO] [stdout] 25 | | );
[INFO] [stdout]    | |_^
[INFO] [stdout]    |
[INFO] [stdout]    = note: this warning originates in the macro `do_parse` which comes from the expansion of the macro `named` (in Nightly builds, run with -Z macro-backtrace for more info)
[INFO] [stdout] 
[INFO] [stdout] 
[INFO] [stdout] error[E0277]: the size for values of type `str` cannot be known at compilation time
[INFO] [stdout]   --> tests/objectify.rs:66:13
[INFO] [stdout]    |
[INFO] [stdout] 66 |         let section = section?;
[INFO] [stdout]    |             ^^^^^^^ doesn't have a size known at compile-time
[INFO] [stdout]    |
[INFO] [stdout]    = help: the trait `Sized` is not implemented for `str`
[INFO] [stdout]    = note: all local variables must have a statically known size
[INFO] [stdout]    = help: unsized locals are gated as an unstable feature
[INFO] [stdout] 
[INFO] [stdout] 
[INFO] [stdout] error[E0277]: the size for values of type `str` cannot be known at compilation time
[INFO] [stdout]   --> tests/objectify.rs:66:23
[INFO] [stdout]    |
[INFO] [stdout] 66 |         let section = section?;
[INFO] [stdout]    |                       ^^^^^^^^ doesn't have a size known at compile-time
[INFO] [stdout]    |
[INFO] [stdout]    = help: the trait `Sized` is not implemented for `str`
[INFO] [stdout]    = note: all local variables must have a statically known size
[INFO] [stdout]    = help: unsized locals are gated as an unstable feature
[INFO] [stdout] 
[INFO] [stdout] 
[INFO] [stdout] error[E0277]: the size for values of type `str` cannot be known at compilation time
[INFO] [stdout]   --> tests/objectify.rs:66:30
[INFO] [stdout]    |
[INFO] [stdout] 66 |         let section = section?;
[INFO] [stdout]    |                              ^ doesn't have a size known at compile-time
[INFO] [stdout]    |
[INFO] [stdout]    = help: the trait `Sized` is not implemented for `str`
[INFO] [stdout] note: required by a bound in `Break`
[INFO] [stdout]   --> /rustc/82e1608dfa6e0b5569232559e3d385fea5a93112/library/core/src/ops/control_flow.rs:93:5
[INFO] [stdout] 
[INFO] [stdout] 
[INFO] [stdout] error: aborting due to 4 previous errors
[INFO] [stdout] 
[INFO] [stdout] 
[INFO] [stdout] For more information about this error, try `rustc --explain E0277`.
[INFO] [stdout] 
[INFO] [stderr] error: could not compile `fapt` (test "objectify") due to 5 previous errors
[INFO] [stderr] warning: build failed, waiting for other jobs to finish...
[INFO] [stdout] warning: use of deprecated method `chrono::TimeZone::timestamp`: use `timestamp_opt()` instead
[INFO] [stdout]   --> src/rfc822.rs:90:20
[INFO] [stdout]    |
[INFO] [stdout] 90 |     Ok(chrono::Utc.timestamp(signed_epoch, 0))
[INFO] [stdout]    |                    ^^^^^^^^^
[INFO] [stdout] 
[INFO] [stdout] 
[INFO] [stdout] warning: multiple fields are never read
[INFO] [stdout]   --> src/release.rs:45:5
[INFO] [stdout]    |
[INFO] [stdout] 44 | pub struct ReleaseFile {
[INFO] [stdout]    |            ----------- fields in this struct
[INFO] [stdout] 45 |     origin: String,
[INFO] [stdout]    |     ^^^^^^
[INFO] [stdout] 46 |     label: String,
[INFO] [stdout]    |     ^^^^^
[INFO] [stdout] 47 |     suite: Option<String>,
[INFO] [stdout]    |     ^^^^^
[INFO] [stdout] 48 |     codename: Option<String>,
[INFO] [stdout]    |     ^^^^^^^^
[INFO] [stdout] 49 |     changelogs: Option<String>,
[INFO] [stdout]    |     ^^^^^^^^^^
[INFO] [stdout] 50 |     date: DateTime<Utc>,
[INFO] [stdout]    |     ^^^^
[INFO] [stdout] 51 |     valid_until: Option<DateTime<Utc>>,
[INFO] [stdout]    |     ^^^^^^^^^^^
[INFO] [stdout] ...
[INFO] [stdout] 54 |     components: Vec<String>,
[INFO] [stdout]    |     ^^^^^^^^^^
[INFO] [stdout] 55 |     description: Option<String>,
[INFO] [stdout]    |     ^^^^^^^^^^^
[INFO] [stdout]    |
[INFO] [stdout]    = note: `ReleaseFile` has derived impls for the traits `Clone` and `Debug`, but these are intentionally ignored during dead code analysis
[INFO] [stdout]    = note: `#[warn(dead_code)]` on by default
[INFO] [stdout] 
[INFO] [stdout] 
[INFO] [stdout] warning: field `locality` is never read
[INFO] [stdout]    --> src/system.rs:198:5
[INFO] [stdout]     |
[INFO] [stdout] 197 | pub struct NamedBlock {
[INFO] [stdout]     |            ---------- field in this struct
[INFO] [stdout] 198 |     locality: String,
[INFO] [stdout]     |     ^^^^^^^^
[INFO] [stdout]     |
[INFO] [stdout]     = note: `NamedBlock` has derived impls for the traits `Debug` and `Clone`, but these are intentionally ignored during dead code analysis
[INFO] [stdout] 
[INFO] [stdout] 
[INFO] [stdout] error: linking with `cc` failed: exit status: 1
[INFO] [stdout]   |
[INFO] [stdout]   = note: LC_ALL="C" PATH="/opt/rustwide/rustup-home/toolchains/1.75.0-x86_64-unknown-linux-gnu/lib/rustlib/x86_64-unknown-linux-gnu/bin:/opt/rustwide/cargo-home/bin:/usr/local/sbin:/usr/local/bin:/usr/sbin:/usr/bin:/sbin:/bin" VSLANG="1033" "cc" "-m64" "/tmp/rustcT7e7Cr/symbols.o" "/opt/rustwide/target/debug/examples/list_latest_source_map-561d657b70c74196.list_latest_source_map.d92134f9a71888a5-cgu.0.rcgu.o" "/opt/rustwide/target/debug/examples/list_latest_source_map-561d657b70c74196.list_latest_source_map.d92134f9a71888a5-cgu.1.rcgu.o" "/opt/rustwide/target/debug/examples/list_latest_source_map-561d657b70c74196.list_latest_source_map.d92134f9a71888a5-cgu.2.rcgu.o" "/opt/rustwide/target/debug/examples/list_latest_source_map-561d657b70c74196.wu7m71kg4nejm31.rcgu.o" "-Wl,--as-needed" "-L" "/opt/rustwide/target/debug/deps" "-L" "/opt/rustwide/rustup-home/toolchains/1.75.0-x86_64-unknown-linux-gnu/lib/rustlib/x86_64-unknown-linux-gnu/lib" "-Wl,-Bstatic" "/opt/rustwide/target/debug/deps/libfapt-529624b819e4a247.rlib" "/opt/rustwide/target/debug/deps/libdirectories-18cc525a8eda0da6.rlib" "/opt/rustwide/target/debug/deps/libmailparse-0b8b9f0ddda41438.rlib" "/opt/rustwide/target/debug/deps/libquoted_printable-bad9b933b7735b8d.rlib" "/opt/rustwide/target/debug/deps/libencoding-4dd272db3d8bc387.rlib" "/opt/rustwide/target/debug/deps/libencoding_index_tradchinese-49d2ad2a1a25967e.rlib" "/opt/rustwide/target/debug/deps/libencoding_index_simpchinese-b94e8fdd53e01b5a.rlib" "/opt/rustwide/target/debug/deps/libencoding_index_japanese-b8ce3ff4a9f6d607.rlib" "/opt/rustwide/target/debug/deps/libencoding_index_korean-e7c1522b7ba72fc2.rlib" "/opt/rustwide/target/debug/deps/libencoding_index_singlebyte-d54da7a63c6786ce.rlib" "/opt/rustwide/target/debug/deps/libbase64-e6f1209c6d7b0dbb.rlib" "/opt/rustwide/target/debug/deps/libsafemem-4745ed10c8b13fe0.rlib" "/opt/rustwide/target/debug/deps/libdistro_keyring-de6c93ca236b3bde.rlib" "/opt/rustwide/target/debug/deps/libgpgrv-34db5abbbc2af18c.rlib" "/opt/rustwide/target/debug/deps/liblibflate-6cce31391a0742da.rlib" "/opt/rustwide/target/debug/deps/libtake_mut-158c057afde741f3.rlib" "/opt/rustwide/target/debug/deps/librle_decode_fast-52e5739432589f3f.rlib" "/opt/rustwide/target/debug/deps/libadler32-8dd0b9a34d7f5b64.rlib" "/opt/rustwide/target/debug/deps/libsha1-7b68b4c5fffb7cf2.rlib" "/opt/rustwide/target/debug/deps/libcast-f2476fcaca5db3d9.rlib" "/opt/rustwide/target/debug/deps/libnum-08beed57c82289cb.rlib" "/opt/rustwide/target/debug/deps/libnum_rational-d06505e3d8f6853d.rlib" "/opt/rustwide/target/debug/deps/libnum_iter-6fbac31b1f5453a9.rlib" "/opt/rustwide/target/debug/deps/libnum_complex-49d528ab8eb0646a.rlib" "/opt/rustwide/target/debug/deps/libnum_bigint-2db817fae6229f62.rlib" "/opt/rustwide/target/debug/deps/libnum_integer-4af2a22ed037d483.rlib" "/opt/rustwide/target/debug/deps/libiowrap-743103e9ef034d70.rlib" "/opt/rustwide/target/debug/deps/libbase64-ab28fc5b32af1eae.rlib" "/opt/rustwide/target/debug/deps/libdeb_version-ce913c3383a15334.rlib" "/opt/rustwide/target/debug/deps/libinsideout-c35f92d7a416e2bb.rlib" "/opt/rustwide/target/debug/deps/libtempfile_fast-acb36f89606010d0.rlib" "/opt/rustwide/target/debug/deps/libtempfile-4dca041aec06f7c2.rlib" "/opt/rustwide/target/debug/deps/libfastrand-10bb5c97af1a52e6.rlib" "/opt/rustwide/target/debug/deps/librustix-2285ce4e54243f11.rlib" "/opt/rustwide/target/debug/deps/liblinux_raw_sys-2091734e5f15aeaa.rlib" "/opt/rustwide/target/debug/deps/librand-6b1751f97fc780d8.rlib" "/opt/rustwide/target/debug/deps/librand_chacha-190d94af5566d2d7.rlib" "/opt/rustwide/target/debug/deps/libppv_lite86-9f808eb911999ef2.rlib" "/opt/rustwide/target/debug/deps/librand_core-6b5cc83d202a6ca4.rlib" "/opt/rustwide/target/debug/deps/libgetrandom-6f8cebb06b407ea9.rlib" "/opt/rustwide/target/debug/deps/libreqwest-c853a16504233a84.rlib" "/opt/rustwide/target/debug/deps/libuuid-07ac31c31612f604.rlib" "/opt/rustwide/target/debug/deps/librand-947e72c3948ad058.rlib" "/opt/rustwide/target/debug/deps/librand_xorshift-9b7e196cd50c4e67.rlib" "/opt/rustwide/target/debug/deps/librand_pcg-39107a4cc57ccea5.rlib" "/opt/rustwide/target/debug/deps/librand_hc-677515abc5e770db.rlib" "/opt/rustwide/target/debug/deps/librand_chacha-adff71a8c2e03c9d.rlib" "/opt/rustwide/target/debug/deps/librand_isaac-9055555a0ce64bea.rlib" "/opt/rustwide/target/debug/deps/librand_core-2d6f500acd6a936c.rlib" "/opt/rustwide/target/debug/deps/librand_os-81d1ff4e38564a0d.rlib" "/opt/rustwide/target/debug/deps/librand_jitter-e0716e2be2341726.rlib" "/opt/rustwide/target/debug/deps/librand_core-5f8dc8f8f4491b97.rlib" "/opt/rustwide/target/debug/deps/libserde_urlencoded-abd9312278bec992.rlib" "/opt/rustwide/target/debug/deps/libdtoa-665aa5830ef0260e.rlib" "/opt/rustwide/target/debug/deps/libmime_guess-b52504f9ddbbfa9c.rlib" "/opt/rustwide/target/debug/deps/libunicase-131885e46c9d146d.rlib" "/opt/rustwide/target/debug/deps/libmime-7e306270d8ceb372.rlib" "/opt/rustwide/target/debug/deps/libflate2-2bb4b5915f036a54.rlib" "/opt/rustwide/target/debug/deps/libcrc32fast-664446237529ebff.rlib" "/opt/rustwide/target/debug/deps/libhyper_tls-fe29b6181d2b6a69.rlib" "/opt/rustwide/target/debug/deps/libnative_tls-bf799fe3f2c8b163.rlib" "/opt/rustwide/target/debug/deps/libopenssl_probe-d850575132083d7c.rlib" "/opt/rustwide/target/debug/deps/libopenssl-ef89910d5814dbd0.rlib" "/opt/rustwide/target/debug/deps/libonce_cell-63be820ac0ed0954.rlib" "/opt/rustwide/target/debug/deps/libbitflags-912d270082a3a4ea.rlib" "/opt/rustwide/target/debug/deps/libforeign_types-c05743815e5b8a9d.rlib" "/opt/rustwide/target/debug/deps/libforeign_types_shared-d149f5491fde2862.rlib" "/opt/rustwide/target/debug/deps/libopenssl_sys-f8e76e4ab1799714.rlib" "/opt/rustwide/target/debug/deps/libhyper-84f53504ab9aae84.rlib" "/opt/rustwide/target/debug/deps/libwant-95ecb7e0961c771e.rlib" "/opt/rustwide/target/debug/deps/libtry_lock-ba0ec0947155aa20.rlib" "/opt/rustwide/target/debug/deps/libtokio-617f16bbd884836c.rlib" "/opt/rustwide/target/debug/deps/libtokio_timer-5879a73f13d790e8.rlib" "/opt/rustwide/target/debug/deps/libtokio_threadpool-bd88e86d0dbc0c63.rlib" "/opt/rustwide/target/debug/deps/libcrossbeam_queue-c5563bd9f963b5a9.rlib" "/opt/rustwide/target/debug/deps/libcrossbeam_deque-b16be8723014cb64.rlib" "/opt/rustwide/target/debug/deps/libcrossbeam_epoch-2eefb546c17400b4.rlib" "/opt/rustwide/target/debug/deps/libmemoffset-391bf7ec82acb482.rlib" "/opt/rustwide/target/debug/deps/libtokio_tcp-5b99681cb9ee607f.rlib" "/opt/rustwide/target/debug/deps/libtokio_reactor-78e08a16d9b67eae.rlib" "/opt/rustwide/target/debug/deps/libtokio_sync-08ea48bc61321deb.rlib" "/opt/rustwide/target/debug/deps/libparking_lot-c84c5cc8015054ea.rlib" "/opt/rustwide/target/debug/deps/libparking_lot_core-e9a5455203bd3274.rlib" "/opt/rustwide/target/debug/deps/libsmallvec-d0609e27bcb54d1d.rlib" "/opt/rustwide/target/debug/deps/libmaybe_uninit-5d087cbaeefa52e2.rlib" "/opt/rustwide/target/debug/deps/liblock_api-66bae9b5c6af1fce.rlib" "/opt/rustwide/target/debug/deps/libscopeguard-012e5ed929fc2fe6.rlib" "/opt/rustwide/target/debug/deps/libtokio_current_thread-0ec463f1ca04bf29.rlib" "/opt/rustwide/target/debug/deps/libtokio_executor-1cf9988edc02426a.rlib" "/opt/rustwide/target/debug/deps/libcrossbeam_utils-642de20fe914a5f2.rlib" "/opt/rustwide/target/debug/deps/liblazy_static-591486ebcb9a7ead.rlib" "/opt/rustwide/target/debug/deps/libmio-4b6685f79126fbef.rlib" "/opt/rustwide/target/debug/deps/libnet2-07be40c26687f8c4.rlib" "/opt/rustwide/target/debug/deps/libhttparse-64f1ffbeda450424.rlib" "/opt/rustwide/target/debug/deps/libhttp_body-d9cd57b33cff5a0a.rlib" "/opt/rustwide/target/debug/deps/libtokio_buf-641ddc17bbd86cae.rlib" "/opt/rustwide/target/debug/deps/libh2-fbafcd56a326a3fd.rlib" "/opt/rustwide/target/debug/deps/libindexmap-7b2113ac7fccbab6.rlib" "/opt/rustwide/target/debug/deps/libhashbrown-567986452cb9bc94.rlib" "/opt/rustwide/target/debug/deps/libstring-279ac8139682368b.rlib" "/opt/rustwide/target/debug/deps/libslab-6eb39baadbe9101c.rlib" "/opt/rustwide/target/debug/deps/libtokio_io-cdb793a9651fdd5e.rlib" "/opt/rustwide/target/debug/deps/libfutures_cpupool-20fe1a787abc7079.rlib" "/opt/rustwide/target/debug/deps/libnum_cpus-d4708e9618b376f9.rlib" "/opt/rustwide/target/debug/deps/libhttp-03cb19406190c0d0.rlib" "/opt/rustwide/target/debug/deps/libitoa-88dc5e7d606068cc.rlib" "/opt/rustwide/target/debug/deps/libfnv-18bf5144d055e772.rlib" "/opt/rustwide/target/debug/deps/libfutures-8d8915a23f05644b.rlib" "/opt/rustwide/target/debug/deps/libencoding_rs-000c97fafd38c2ed.rlib" "/opt/rustwide/target/debug/deps/libcookie_store-a4b9a065589317ac.rlib" "/opt/rustwide/target/debug/deps/libserde_json-118fee5e21b12310.rlib" "/opt/rustwide/target/debug/deps/libryu-5f304b1b6393964f.rlib" "/opt/rustwide/target/debug/deps/libitoa-5f181af53b99b92c.rlib" "/opt/rustwide/target/debug/deps/liblog-4f472032e8cdd371.rlib" "/opt/rustwide/target/debug/deps/libpublicsuffix-45b8396eeddd9523.rlib" "/opt/rustwide/target/debug/deps/libidna-ad9dbac65afa869f.rlib" "/opt/rustwide/target/debug/deps/liburl-6415f4a0e2585893.rlib" "/opt/rustwide/target/debug/deps/libidna-f4c6dc12c81bea2a.rlib" "/opt/rustwide/target/debug/deps/libform_urlencoded-ef5eb70334031c86.rlib" "/opt/rustwide/target/debug/deps/libpercent_encoding-fe0d57427b4d92e0.rlib" "/opt/rustwide/target/debug/deps/libtry_from-f76d6ad68028474c.rlib" "/opt/rustwide/target/debug/deps/libcfg_if-925b73a2e437f0c3.rlib" "/opt/rustwide/target/debug/deps/libserde-6d80ced2e43a1842.rlib" "/opt/rustwide/target/debug/deps/libcookie-a849b1e0a0050e04.rlib" "/opt/rustwide/target/debug/deps/libtime-29918f4542d2a484.rlib" "/opt/rustwide/target/debug/deps/liburl-5eb6abafa299dfb6.rlib" "/opt/rustwide/target/debug/deps/libpercent_encoding-139f6dad4c5bd392.rlib" "/opt/rustwide/target/debug/deps/libidna-1c39b7924ead49eb.rlib" "/opt/rustwide/target/debug/deps/libunicode_normalization-e1c1be84a555e587.rlib" "/opt/rustwide/target/debug/deps/libtinyvec-cf6c9f6b792a5507.rlib" "/opt/rustwide/target/debug/deps/libtinyvec_macros-b1cb7f53f58c9f87.rlib" "/opt/rustwide/target/debug/deps/libunicode_bidi-9e36a2b0928c1d80.rlib" "/opt/rustwide/target/debug/deps/libmatches-5e4cb3d4c3233fbd.rlib" "/opt/rustwide/target/debug/deps/libbytes-2c3443e881dd6e9d.rlib" "/opt/rustwide/target/debug/deps/libeither-ff4e6ab7d60eb8c1.rlib" "/opt/rustwide/target/debug/deps/libiovec-829156e2f90dc6bd.rlib" "/opt/rustwide/target/debug/deps/libbase64-30cb3015b498dd6d.rlib" "/opt/rustwide/target/debug/deps/libfiletime-d95cce41dea7042b.rlib" "/opt/rustwide/target/debug/deps/libchrono-5f9a1c6abb1bd003.rlib" "/opt/rustwide/target/debug/deps/libnum_traits-021f0c8717b1cfd6.rlib" "/opt/rustwide/target/debug/deps/libiana_time_zone-528d9768cce5eb89.rlib" "/opt/rustwide/target/debug/deps/libsha2-21040f0ff553877f.rlib" "/opt/rustwide/target/debug/deps/libdigest-3cac8537a9fce698.rlib" "/opt/rustwide/target/debug/deps/libopaque_debug-804d9e13b6282a7a.rlib" "/opt/rustwide/target/debug/deps/libfake_simd-f5f63bdff85047cd.rlib" "/opt/rustwide/target/debug/deps/libblock_buffer-73e51baf97a5ab63.rlib" "/opt/rustwide/target/debug/deps/libgeneric_array-293301e9541471d9.rlib" "/opt/rustwide/target/debug/deps/libtypenum-da95465dc70d2c95.rlib" "/opt/rustwide/target/debug/deps/libblock_padding-2267d541f673c456.rlib" "/opt/rustwide/target/debug/deps/libbyte_tools-2219004c21e9b9ac.rlib" "/opt/rustwide/target/debug/deps/libbyteorder-e9468b374a0c0c11.rlib" "/opt/rustwide/target/debug/deps/libhex-9358b02fec5bb9c3.rlib" "/opt/rustwide/target/debug/deps/libnom-237246f9b22ad031.rlib" "/opt/rustwide/target/debug/deps/libfailure-da0637e6af491fa0.rlib" "/opt/rustwide/target/debug/deps/libbacktrace-c17a0da2a098c0e4.rlib" "/opt/rustwide/target/debug/deps/libminiz_oxide-f272f5814aa49507.rlib" "/opt/rustwide/target/debug/deps/libadler-c8f2240c56a0abca.rlib" "/opt/rustwide/target/debug/deps/libobject-da3f7a8aaaa9564a.rlib" "/opt/rustwide/target/debug/deps/libmemchr-7da5465362ee94c1.rlib" "/opt/rustwide/target/debug/deps/liblibc-4f34ddd04c373408.rlib" "/opt/rustwide/target/debug/deps/libaddr2line-2d4126a5dc567f39.rlib" "/opt/rustwide/target/debug/deps/libgimli-7f4f1abc0cbbfdc4.rlib" "/opt/rustwide/target/debug/deps/libcfg_if-61dc7a6799e72b18.rlib" "/opt/rustwide/target/debug/deps/librustc_demangle-7ef8571a19a75907.rlib" "/opt/rustwide/rustup-home/toolchains/1.75.0-x86_64-unknown-linux-gnu/lib/rustlib/x86_64-unknown-linux-gnu/lib/libstd-90f6ddbf82de36ec.rlib" "/opt/rustwide/rustup-home/toolchains/1.75.0-x86_64-unknown-linux-gnu/lib/rustlib/x86_64-unknown-linux-gnu/lib/libpanic_unwind-480c41e9d4e1f677.rlib" "/opt/rustwide/rustup-home/toolchains/1.75.0-x86_64-unknown-linux-gnu/lib/rustlib/x86_64-unknown-linux-gnu/lib/libobject-db744c0ca03eed1d.rlib" "/opt/rustwide/rustup-home/toolchains/1.75.0-x86_64-unknown-linux-gnu/lib/rustlib/x86_64-unknown-linux-gnu/lib/libmemchr-8ba652dc7d4b285a.rlib" "/opt/rustwide/rustup-home/toolchains/1.75.0-x86_64-unknown-linux-gnu/lib/rustlib/x86_64-unknown-linux-gnu/lib/libaddr2line-d5f4520a9ebc0d58.rlib" "/opt/rustwide/rustup-home/toolchains/1.75.0-x86_64-unknown-linux-gnu/lib/rustlib/x86_64-unknown-linux-gnu/lib/libgimli-4ad84de58f0cb463.rlib" "/opt/rustwide/rustup-home/toolchains/1.75.0-x86_64-unknown-linux-gnu/lib/rustlib/x86_64-unknown-linux-gnu/lib/librustc_demangle-0d10aae2e0f38735.rlib" "/opt/rustwide/rustup-home/toolchains/1.75.0-x86_64-unknown-linux-gnu/lib/rustlib/x86_64-unknown-linux-gnu/lib/libstd_detect-0c17cff739e6745b.rlib" "/opt/rustwide/rustup-home/toolchains/1.75.0-x86_64-unknown-linux-gnu/lib/rustlib/x86_64-unknown-linux-gnu/lib/libhashbrown-b29e17139dde1aa8.rlib" "/opt/rustwide/rustup-home/toolchains/1.75.0-x86_64-unknown-linux-gnu/lib/rustlib/x86_64-unknown-linux-gnu/lib/librustc_std_workspace_alloc-1f975299829cc7bd.rlib" "/opt/rustwide/rustup-home/toolchains/1.75.0-x86_64-unknown-linux-gnu/lib/rustlib/x86_64-unknown-linux-gnu/lib/libminiz_oxide-86bae3bc3079f89b.rlib" "/opt/rustwide/rustup-home/toolchains/1.75.0-x86_64-unknown-linux-gnu/lib/rustlib/x86_64-unknown-linux-gnu/lib/libadler-321b82c30dffdf5f.rlib" "/opt/rustwide/rustup-home/toolchains/1.75.0-x86_64-unknown-linux-gnu/lib/rustlib/x86_64-unknown-linux-gnu/lib/libunwind-3dd8a6810a0bdfef.rlib" "/opt/rustwide/rustup-home/toolchains/1.75.0-x86_64-unknown-linux-gnu/lib/rustlib/x86_64-unknown-linux-gnu/lib/libcfg_if-eb39a61c0c879984.rlib" "/opt/rustwide/rustup-home/toolchains/1.75.0-x86_64-unknown-linux-gnu/lib/rustlib/x86_64-unknown-linux-gnu/lib/liblibc-aa769569f91c3548.rlib" "/opt/rustwide/rustup-home/toolchains/1.75.0-x86_64-unknown-linux-gnu/lib/rustlib/x86_64-unknown-linux-gnu/lib/liballoc-510a192a50a983ed.rlib" "/opt/rustwide/rustup-home/toolchains/1.75.0-x86_64-unknown-linux-gnu/lib/rustlib/x86_64-unknown-linux-gnu/lib/librustc_std_workspace_core-0577018320f99037.rlib" "/opt/rustwide/rustup-home/toolchains/1.75.0-x86_64-unknown-linux-gnu/lib/rustlib/x86_64-unknown-linux-gnu/lib/libcore-193cf992125ccd4c.rlib" "/opt/rustwide/rustup-home/toolchains/1.75.0-x86_64-unknown-linux-gnu/lib/rustlib/x86_64-unknown-linux-gnu/lib/libcompiler_builtins-8e138eaf26ebb4a8.rlib" "-Wl,-Bdynamic" "-lssl" "-lcrypto" "-lgcc_s" "-lutil" "-lrt" "-lpthread" "-lm" "-ldl" "-lc" "-Wl,--eh-frame-hdr" "-Wl,-z,noexecstack" "-L" "/opt/rustwide/rustup-home/toolchains/1.75.0-x86_64-unknown-linux-gnu/lib/rustlib/x86_64-unknown-linux-gnu/lib" "-o" "/opt/rustwide/target/debug/examples/list_latest_source_map-561d657b70c74196" "-Wl,--gc-sections" "-pie" "-Wl,-z,relro,-z,now" "-nodefaultlibs"
[INFO] [stdout]   = note: collect2: fatal error: ld terminated with signal 9 [Killed]
[INFO] [stdout]           compilation terminated.
[INFO] [stdout]           
[INFO] [stdout] 
[INFO] [stdout] 
[INFO] [stdout] error: aborting due to previous error
[INFO] [stdout] 
[INFO] [stdout] 
[INFO] [stderr] error: could not compile `fapt` (example "list_latest_source_map") due to 2 previous errors
[INFO] [stdout] warning: 14 warnings emitted
[INFO] [stdout] 
[INFO] [stdout] 
[INFO] running `Command { std: "docker" "inspect" "27ef8a7486cc891173ee90fdd30ddebf1cfae216020f3da03296ad921195ecfd", kill_on_drop: false }`
[INFO] running `Command { std: "docker" "rm" "-f" "27ef8a7486cc891173ee90fdd30ddebf1cfae216020f3da03296ad921195ecfd", kill_on_drop: false }`
[INFO] [stdout] 27ef8a7486cc891173ee90fdd30ddebf1cfae216020f3da03296ad921195ecfd
