[INFO] fetching crate fancy-prompt 0.3.1...
[INFO] testing fancy-prompt-0.3.1 against 1.75.0 for beta-1.76-1
[INFO] extracting crate fancy-prompt 0.3.1 into /workspace/builds/worker-5-tc1/source
[INFO] validating manifest of crates.io crate fancy-prompt 0.3.1 on toolchain 1.75.0
[INFO] running `Command { std: CARGO_HOME="/workspace/cargo-home" RUSTUP_HOME="/workspace/rustup-home" "/workspace/cargo-home/bin/cargo" "+1.75.0" "metadata" "--manifest-path" "Cargo.toml" "--no-deps", kill_on_drop: false }`
[INFO] started tweaking crates.io crate fancy-prompt 0.3.1
[INFO] finished tweaking crates.io crate fancy-prompt 0.3.1
[INFO] tweaked toml for crates.io crate fancy-prompt 0.3.1 written to /workspace/builds/worker-5-tc1/source/Cargo.toml
[INFO] crate crates.io crate fancy-prompt 0.3.1 already has a lockfile, it will not be regenerated
[INFO] running `Command { std: CARGO_HOME="/workspace/cargo-home" RUSTUP_HOME="/workspace/rustup-home" "/workspace/cargo-home/bin/cargo" "+1.75.0" "fetch" "--manifest-path" "Cargo.toml", kill_on_drop: false }`
[INFO] [stderr]  Downloading crates ...
[INFO] [stderr]   Downloaded proc-macro2 v1.0.53
[INFO] [stderr]   Downloaded clap_lex v0.3.3
[INFO] [stderr]   Downloaded terminal_size v0.2.5
[INFO] [stderr]   Downloaded openssl-sys v0.9.83
[INFO] [stderr]   Downloaded serde v1.0.158
[INFO] [stderr]   Downloaded clap v4.1.13
[INFO] [stderr]   Downloaded syn v2.0.10
[INFO] running `Command { std: "docker" "create" "-v" "/var/lib/crater-agent-workspace/builds/worker-5-tc1/target:/opt/rustwide/target:rw,Z" "-v" "/var/lib/crater-agent-workspace/builds/worker-5-tc1/source:/opt/rustwide/workdir:ro,Z" "-v" "/var/lib/crater-agent-workspace/cargo-home:/opt/rustwide/cargo-home:ro,Z" "-v" "/var/lib/crater-agent-workspace/rustup-home:/opt/rustwide/rustup-home:ro,Z" "-e" "SOURCE_DIR=/opt/rustwide/workdir" "-e" "CARGO_TARGET_DIR=/opt/rustwide/target" "-e" "CARGO_HOME=/opt/rustwide/cargo-home" "-e" "RUSTUP_HOME=/opt/rustwide/rustup-home" "-w" "/opt/rustwide/workdir" "-m" "1610612736" "--user" "0:0" "--network" "none" "ghcr.io/rust-lang/crates-build-env/linux@sha256:2788e3201cd34a07e3172128adcd8b3090168a8e3bcc40d7c032b9dda1df7d1c" "/opt/rustwide/cargo-home/bin/cargo" "+1.75.0" "metadata" "--no-deps" "--format-version=1", kill_on_drop: false }`
[INFO] [stdout] dd70b8f867cfe3be1287e5fbfd62422a02950fd13527a7f4f24011182888d03c
[INFO] running `Command { std: "docker" "start" "-a" "dd70b8f867cfe3be1287e5fbfd62422a02950fd13527a7f4f24011182888d03c", kill_on_drop: false }`
[INFO] running `Command { std: "docker" "inspect" "dd70b8f867cfe3be1287e5fbfd62422a02950fd13527a7f4f24011182888d03c", kill_on_drop: false }`
[INFO] running `Command { std: "docker" "rm" "-f" "dd70b8f867cfe3be1287e5fbfd62422a02950fd13527a7f4f24011182888d03c", kill_on_drop: false }`
[INFO] [stdout] dd70b8f867cfe3be1287e5fbfd62422a02950fd13527a7f4f24011182888d03c
[INFO] running `Command { std: "docker" "create" "-v" "/var/lib/crater-agent-workspace/builds/worker-5-tc1/target:/opt/rustwide/target:rw,Z" "-v" "/var/lib/crater-agent-workspace/builds/worker-5-tc1/source:/opt/rustwide/workdir:ro,Z" "-v" "/var/lib/crater-agent-workspace/cargo-home:/opt/rustwide/cargo-home:ro,Z" "-v" "/var/lib/crater-agent-workspace/rustup-home:/opt/rustwide/rustup-home:ro,Z" "-e" "SOURCE_DIR=/opt/rustwide/workdir" "-e" "CARGO_TARGET_DIR=/opt/rustwide/target" "-e" "CARGO_INCREMENTAL=0" "-e" "RUST_BACKTRACE=full" "-e" "RUSTFLAGS=--cap-lints=warn" "-e" "RUSTDOCFLAGS=--cap-lints=warn" "-e" "CARGO_HOME=/opt/rustwide/cargo-home" "-e" "RUSTUP_HOME=/opt/rustwide/rustup-home" "-w" "/opt/rustwide/workdir" "-m" "1610612736" "--user" "0:0" "--network" "none" "ghcr.io/rust-lang/crates-build-env/linux@sha256:2788e3201cd34a07e3172128adcd8b3090168a8e3bcc40d7c032b9dda1df7d1c" "/opt/rustwide/cargo-home/bin/cargo" "+1.75.0" "build" "--frozen" "--message-format=json", kill_on_drop: false }`
[INFO] [stdout] 6dd7c9618887c62901bd27ad898564a80a054ddb4579a11f667deb000ef21260
[INFO] running `Command { std: "docker" "start" "-a" "6dd7c9618887c62901bd27ad898564a80a054ddb4579a11f667deb000ef21260", kill_on_drop: false }`
[INFO] [stderr]    Compiling libc v0.2.140
[INFO] [stderr]    Compiling pkg-config v0.3.26
[INFO] [stderr]    Compiling io-lifetimes v1.0.9
[INFO] [stderr]    Compiling rustix v0.36.11
[INFO] [stderr]    Compiling tinyvec_macros v0.1.1
[INFO] [stderr]    Compiling memchr v2.5.0
[INFO] [stderr]    Compiling linux-raw-sys v0.1.4
[INFO] [stderr]    Compiling log v0.4.17
[INFO] [stderr]    Compiling unicode-bidi v0.3.13
[INFO] [stderr]    Compiling percent-encoding v2.2.0
[INFO] [stderr]    Compiling os_str_bytes v6.5.0
[INFO] [stderr]    Compiling num_threads v0.1.6
[INFO] [stderr]    Compiling same-file v1.0.6
[INFO] [stderr]    Compiling once_cell v1.17.1
[INFO] [stderr]    Compiling openssl-probe v0.1.5
[INFO] [stderr]    Compiling tinyvec v1.6.0
[INFO] [stderr]    Compiling form_urlencoded v1.1.0
[INFO] [stderr]    Compiling termcolor v1.2.0
[INFO] [stderr]    Compiling strsim v0.10.0
[INFO] [stderr]    Compiling match_cfg v0.1.0
[INFO] [stderr]    Compiling clap_lex v0.3.3
[INFO] [stderr]    Compiling itoa v1.0.6
[INFO] [stderr]    Compiling regex-syntax v0.6.29
[INFO] [stderr]    Compiling time-core v0.1.0
[INFO] [stderr]    Compiling walkdir v2.3.3
[INFO] [stderr]    Compiling aho-corasick v0.7.20
[INFO] [stderr]    Compiling unicode-normalization v0.1.22
[INFO] [stderr]    Compiling jobserver v0.1.26
[INFO] [stderr]    Compiling cc v1.0.79
[INFO] [stderr]    Compiling idna v0.3.0
[INFO] [stderr]    Compiling dirs-sys-next v0.1.2
[INFO] [stderr]    Compiling time v0.3.20
[INFO] [stderr]    Compiling hostname v0.3.1
[INFO] [stderr]    Compiling users v0.11.0
[INFO] [stderr]    Compiling dirs-next v2.0.0
[INFO] [stderr]    Compiling url v2.3.1
[INFO] [stderr]    Compiling term v0.7.0
[INFO] [stderr]    Compiling openssl-sys v0.9.83
[INFO] [stderr]    Compiling libz-sys v1.1.8
[INFO] [stderr]    Compiling libssh2-sys v0.2.23
[INFO] [stderr]    Compiling libgit2-sys v0.14.2+1.5.1
[INFO] [stderr]    Compiling regex v1.7.3
[INFO] [stderr]    Compiling terminal_size v0.2.5
[INFO] [stderr]    Compiling is-terminal v0.4.5
[INFO] [stderr]    Compiling clap v4.1.13
[INFO] [stderr]    Compiling git2 v0.16.1
[INFO] [stderr]    Compiling fancy-prompt v0.3.1 (/opt/rustwide/workdir)
[INFO] [stderr]     Finished dev [unoptimized + debuginfo] target(s) in 9.32s
[INFO] running `Command { std: "docker" "inspect" "6dd7c9618887c62901bd27ad898564a80a054ddb4579a11f667deb000ef21260", kill_on_drop: false }`
[INFO] running `Command { std: "docker" "rm" "-f" "6dd7c9618887c62901bd27ad898564a80a054ddb4579a11f667deb000ef21260", kill_on_drop: false }`
[INFO] [stdout] 6dd7c9618887c62901bd27ad898564a80a054ddb4579a11f667deb000ef21260
[INFO] running `Command { std: "docker" "create" "-v" "/var/lib/crater-agent-workspace/builds/worker-5-tc1/target:/opt/rustwide/target:rw,Z" "-v" "/var/lib/crater-agent-workspace/builds/worker-5-tc1/source:/opt/rustwide/workdir:ro,Z" "-v" "/var/lib/crater-agent-workspace/cargo-home:/opt/rustwide/cargo-home:ro,Z" "-v" "/var/lib/crater-agent-workspace/rustup-home:/opt/rustwide/rustup-home:ro,Z" "-e" "SOURCE_DIR=/opt/rustwide/workdir" "-e" "CARGO_TARGET_DIR=/opt/rustwide/target" "-e" "CARGO_INCREMENTAL=0" "-e" "RUST_BACKTRACE=full" "-e" "RUSTFLAGS=--cap-lints=warn" "-e" "RUSTDOCFLAGS=--cap-lints=warn" "-e" "CARGO_HOME=/opt/rustwide/cargo-home" "-e" "RUSTUP_HOME=/opt/rustwide/rustup-home" "-w" "/opt/rustwide/workdir" "-m" "1610612736" "--user" "0:0" "--network" "none" "ghcr.io/rust-lang/crates-build-env/linux@sha256:2788e3201cd34a07e3172128adcd8b3090168a8e3bcc40d7c032b9dda1df7d1c" "/opt/rustwide/cargo-home/bin/cargo" "+1.75.0" "test" "--frozen" "--no-run" "--message-format=json", kill_on_drop: false }`
[INFO] [stdout] a5bbce2dda1f51959258f04a6a3f37e330d6ce1827d2bc0813d0877c746fb0c9
[INFO] running `Command { std: "docker" "start" "-a" "a5bbce2dda1f51959258f04a6a3f37e330d6ce1827d2bc0813d0877c746fb0c9", kill_on_drop: false }`
[INFO] [stderr]    Compiling fancy-prompt v0.3.1 (/opt/rustwide/workdir)
[INFO] [stdout] error[E0432]: unresolved import `chrono`
[INFO] [stdout]   --> src/main.rs:27:9
[INFO] [stdout]    |
[INFO] [stdout] 27 |     use chrono::TimeZone;
[INFO] [stdout]    |         ^^^^^^ use of undeclared crate or module `chrono`
[INFO] [stdout] 
[INFO] [stdout] 
[INFO] [stdout] error[E0433]: failed to resolve: use of undeclared crate or module `chrono`
[INFO] [stdout]   --> src/main.rs:42:19
[INFO] [stdout]    |
[INFO] [stdout] 42 |             time: chrono::Local
[INFO] [stdout]    |                   ^^^^^^ use of undeclared crate or module `chrono`
[INFO] [stdout] 
[INFO] [stdout] 
[INFO] [stdout] error: aborting due to 2 previous errors
[INFO] [stdout] 
[INFO] [stdout] 
[INFO] [stdout] Some errors have detailed explanations: E0432, E0433.
[INFO] [stdout] 
[INFO] [stdout] For more information about an error, try `rustc --explain E0432`.
[INFO] [stdout] 
[INFO] [stderr] error: could not compile `fancy-prompt` (bin "fancy-prompt" test) due to 3 previous errors
[INFO] running `Command { std: "docker" "inspect" "a5bbce2dda1f51959258f04a6a3f37e330d6ce1827d2bc0813d0877c746fb0c9", kill_on_drop: false }`
[INFO] running `Command { std: "docker" "rm" "-f" "a5bbce2dda1f51959258f04a6a3f37e330d6ce1827d2bc0813d0877c746fb0c9", kill_on_drop: false }`
[INFO] [stdout] a5bbce2dda1f51959258f04a6a3f37e330d6ce1827d2bc0813d0877c746fb0c9
[INFO] testing fancy-prompt-0.3.1 against beta-2023-12-22 for beta-1.76-1
[INFO] extracting crate fancy-prompt 0.3.1 into /workspace/builds/worker-5-tc2/source
[INFO] validating manifest of crates.io crate fancy-prompt 0.3.1 on toolchain beta-2023-12-22
[INFO] running `Command { std: CARGO_HOME="/workspace/cargo-home" RUSTUP_HOME="/workspace/rustup-home" "/workspace/cargo-home/bin/cargo" "+beta-2023-12-22" "metadata" "--manifest-path" "Cargo.toml" "--no-deps", kill_on_drop: false }`
[INFO] started tweaking crates.io crate fancy-prompt 0.3.1
[INFO] finished tweaking crates.io crate fancy-prompt 0.3.1
[INFO] tweaked toml for crates.io crate fancy-prompt 0.3.1 written to /workspace/builds/worker-5-tc2/source/Cargo.toml
[INFO] crate crates.io crate fancy-prompt 0.3.1 already has a lockfile, it will not be regenerated
[INFO] running `Command { std: CARGO_HOME="/workspace/cargo-home" RUSTUP_HOME="/workspace/rustup-home" "/workspace/cargo-home/bin/cargo" "+beta-2023-12-22" "fetch" "--manifest-path" "Cargo.toml", kill_on_drop: false }`
[INFO] running `Command { std: "docker" "create" "-v" "/var/lib/crater-agent-workspace/builds/worker-5-tc2/target:/opt/rustwide/target:rw,Z" "-v" "/var/lib/crater-agent-workspace/builds/worker-5-tc2/source:/opt/rustwide/workdir:ro,Z" "-v" "/var/lib/crater-agent-workspace/cargo-home:/opt/rustwide/cargo-home:ro,Z" "-v" "/var/lib/crater-agent-workspace/rustup-home:/opt/rustwide/rustup-home:ro,Z" "-e" "SOURCE_DIR=/opt/rustwide/workdir" "-e" "CARGO_TARGET_DIR=/opt/rustwide/target" "-e" "CARGO_HOME=/opt/rustwide/cargo-home" "-e" "RUSTUP_HOME=/opt/rustwide/rustup-home" "-w" "/opt/rustwide/workdir" "-m" "1610612736" "--user" "0:0" "--network" "none" "ghcr.io/rust-lang/crates-build-env/linux@sha256:2788e3201cd34a07e3172128adcd8b3090168a8e3bcc40d7c032b9dda1df7d1c" "/opt/rustwide/cargo-home/bin/cargo" "+beta-2023-12-22" "metadata" "--no-deps" "--format-version=1", kill_on_drop: false }`
[INFO] [stdout] 1061509a0c49000f98015683acaca13a355c5ca50a66c624c8fcba4706443dbb
[INFO] running `Command { std: "docker" "start" "-a" "1061509a0c49000f98015683acaca13a355c5ca50a66c624c8fcba4706443dbb", kill_on_drop: false }`
[INFO] running `Command { std: "docker" "inspect" "1061509a0c49000f98015683acaca13a355c5ca50a66c624c8fcba4706443dbb", kill_on_drop: false }`
[INFO] running `Command { std: "docker" "rm" "-f" "1061509a0c49000f98015683acaca13a355c5ca50a66c624c8fcba4706443dbb", kill_on_drop: false }`
[INFO] [stdout] 1061509a0c49000f98015683acaca13a355c5ca50a66c624c8fcba4706443dbb
[INFO] running `Command { std: "docker" "create" "-v" "/var/lib/crater-agent-workspace/builds/worker-5-tc2/target:/opt/rustwide/target:rw,Z" "-v" "/var/lib/crater-agent-workspace/builds/worker-5-tc2/source:/opt/rustwide/workdir:ro,Z" "-v" "/var/lib/crater-agent-workspace/cargo-home:/opt/rustwide/cargo-home:ro,Z" "-v" "/var/lib/crater-agent-workspace/rustup-home:/opt/rustwide/rustup-home:ro,Z" "-e" "SOURCE_DIR=/opt/rustwide/workdir" "-e" "CARGO_TARGET_DIR=/opt/rustwide/target" "-e" "CARGO_INCREMENTAL=0" "-e" "RUST_BACKTRACE=full" "-e" "RUSTFLAGS=--cap-lints=warn" "-e" "RUSTDOCFLAGS=--cap-lints=warn" "-e" "CARGO_HOME=/opt/rustwide/cargo-home" "-e" "RUSTUP_HOME=/opt/rustwide/rustup-home" "-w" "/opt/rustwide/workdir" "-m" "1610612736" "--user" "0:0" "--network" "none" "ghcr.io/rust-lang/crates-build-env/linux@sha256:2788e3201cd34a07e3172128adcd8b3090168a8e3bcc40d7c032b9dda1df7d1c" "/opt/rustwide/cargo-home/bin/cargo" "+beta-2023-12-22" "build" "--frozen" "--message-format=json", kill_on_drop: false }`
[INFO] [stdout] dd26b5c3d6738f4b8900c08056e63d36fb1f6657b5d6eddb5e55ef35cf94c47e
[INFO] running `Command { std: "docker" "start" "-a" "dd26b5c3d6738f4b8900c08056e63d36fb1f6657b5d6eddb5e55ef35cf94c47e", kill_on_drop: false }`
[INFO] [stderr]    Compiling libc v0.2.140
[INFO] [stderr]    Compiling pkg-config v0.3.26
[INFO] [stderr]    Compiling io-lifetimes v1.0.9
[INFO] [stderr]    Compiling tinyvec_macros v0.1.1
[INFO] [stderr]    Compiling rustix v0.36.11
[INFO] [stderr]    Compiling linux-raw-sys v0.1.4
[INFO] [stderr]    Compiling memchr v2.5.0
[INFO] [stderr]    Compiling log v0.4.17
[INFO] [stderr]    Compiling percent-encoding v2.2.0
[INFO] [stderr]    Compiling unicode-bidi v0.3.13
[INFO] [stderr]    Compiling os_str_bytes v6.5.0
[INFO] [stderr]    Compiling regex-syntax v0.6.29
[INFO] [stderr]    Compiling strsim v0.10.0
[INFO] [stderr]    Compiling same-file v1.0.6
[INFO] [stderr]    Compiling num_threads v0.1.6
[INFO] [stderr]    Compiling tinyvec v1.6.0
[INFO] [stderr]    Compiling form_urlencoded v1.1.0
[INFO] [stderr]    Compiling time-core v0.1.0
[INFO] [stderr]    Compiling clap_lex v0.3.3
[INFO] [stderr]    Compiling match_cfg v0.1.0
[INFO] [stderr]    Compiling itoa v1.0.6
[INFO] [stderr]    Compiling once_cell v1.17.1
[INFO] [stderr]    Compiling openssl-probe v0.1.5
[INFO] [stderr]    Compiling termcolor v1.2.0
[INFO] [stderr]    Compiling walkdir v2.3.3
[INFO] [stderr]    Compiling aho-corasick v0.7.20
[INFO] [stderr]    Compiling unicode-normalization v0.1.22
[INFO] [stderr]    Compiling jobserver v0.1.26
[INFO] [stderr]    Compiling idna v0.3.0
[INFO] [stderr]    Compiling cc v1.0.79
[INFO] [stderr]    Compiling dirs-sys-next v0.1.2
[INFO] [stderr]    Compiling hostname v0.3.1
[INFO] [stderr]    Compiling time v0.3.20
[INFO] [stderr]    Compiling users v0.11.0
[INFO] [stderr]    Compiling url v2.3.1
[INFO] [stderr]    Compiling dirs-next v2.0.0
[INFO] [stderr]    Compiling regex v1.7.3
[INFO] [stderr]    Compiling term v0.7.0
[INFO] [stderr]    Compiling libz-sys v1.1.8
[INFO] [stderr]    Compiling openssl-sys v0.9.83
[INFO] [stderr]    Compiling libssh2-sys v0.2.23
[INFO] [stderr]    Compiling libgit2-sys v0.14.2+1.5.1
[INFO] [stderr]    Compiling is-terminal v0.4.5
[INFO] [stderr]    Compiling terminal_size v0.2.5
[INFO] [stderr]    Compiling clap v4.1.13
[INFO] [stderr]    Compiling git2 v0.16.1
[INFO] [stderr]    Compiling fancy-prompt v0.3.1 (/opt/rustwide/workdir)
[INFO] [stderr]     Finished dev [unoptimized + debuginfo] target(s) in 10.58s
[INFO] running `Command { std: "docker" "inspect" "dd26b5c3d6738f4b8900c08056e63d36fb1f6657b5d6eddb5e55ef35cf94c47e", kill_on_drop: false }`
[INFO] running `Command { std: "docker" "rm" "-f" "dd26b5c3d6738f4b8900c08056e63d36fb1f6657b5d6eddb5e55ef35cf94c47e", kill_on_drop: false }`
[INFO] [stdout] dd26b5c3d6738f4b8900c08056e63d36fb1f6657b5d6eddb5e55ef35cf94c47e
[INFO] running `Command { std: "docker" "create" "-v" "/var/lib/crater-agent-workspace/builds/worker-5-tc2/target:/opt/rustwide/target:rw,Z" "-v" "/var/lib/crater-agent-workspace/builds/worker-5-tc2/source:/opt/rustwide/workdir:ro,Z" "-v" "/var/lib/crater-agent-workspace/cargo-home:/opt/rustwide/cargo-home:ro,Z" "-v" "/var/lib/crater-agent-workspace/rustup-home:/opt/rustwide/rustup-home:ro,Z" "-e" "SOURCE_DIR=/opt/rustwide/workdir" "-e" "CARGO_TARGET_DIR=/opt/rustwide/target" "-e" "CARGO_INCREMENTAL=0" "-e" "RUST_BACKTRACE=full" "-e" "RUSTFLAGS=--cap-lints=warn" "-e" "RUSTDOCFLAGS=--cap-lints=warn" "-e" "CARGO_HOME=/opt/rustwide/cargo-home" "-e" "RUSTUP_HOME=/opt/rustwide/rustup-home" "-w" "/opt/rustwide/workdir" "-m" "1610612736" "--user" "0:0" "--network" "none" "ghcr.io/rust-lang/crates-build-env/linux@sha256:2788e3201cd34a07e3172128adcd8b3090168a8e3bcc40d7c032b9dda1df7d1c" "/opt/rustwide/cargo-home/bin/cargo" "+beta-2023-12-22" "test" "--frozen" "--no-run" "--message-format=json", kill_on_drop: false }`
[INFO] [stdout] fd3af3caf1b1a5f00e83b3cba55a2b5f54a805ad5e71d4111910ed3b58828dcd
[INFO] running `Command { std: "docker" "start" "-a" "fd3af3caf1b1a5f00e83b3cba55a2b5f54a805ad5e71d4111910ed3b58828dcd", kill_on_drop: false }`
[INFO] [stderr]    Compiling fancy-prompt v0.3.1 (/opt/rustwide/workdir)
[INFO] [stdout] error[E0432]: unresolved import `chrono`
[INFO] [stdout]   --> src/main.rs:27:9
[INFO] [stdout]    |
[INFO] [stdout] 27 |     use chrono::TimeZone;
[INFO] [stdout]    |         ^^^^^^ use of undeclared crate or module `chrono`
[INFO] [stdout] 
[INFO] [stdout] 
[INFO] [stdout] error[E0433]: failed to resolve: use of undeclared crate or module `chrono`
[INFO] [stdout]   --> src/main.rs:42:19
[INFO] [stdout]    |
[INFO] [stdout] 42 |             time: chrono::Local
[INFO] [stdout]    |                   ^^^^^^ use of undeclared crate or module `chrono`
[INFO] [stdout] 
[INFO] [stdout] 
[INFO] [stdout] error: aborting due to 2 previous errors
[INFO] [stdout] 
[INFO] [stdout] 
[INFO] [stdout] Some errors have detailed explanations: E0432, E0433.
[INFO] [stdout] 
[INFO] [stdout] For more information about an error, try `rustc --explain E0432`.
[INFO] [stdout] 
[INFO] [stderr] error: could not compile `fancy-prompt` (bin "fancy-prompt" test) due to 3 previous errors
[INFO] running `Command { std: "docker" "inspect" "fd3af3caf1b1a5f00e83b3cba55a2b5f54a805ad5e71d4111910ed3b58828dcd", kill_on_drop: false }`
[INFO] running `Command { std: "docker" "rm" "-f" "fd3af3caf1b1a5f00e83b3cba55a2b5f54a805ad5e71d4111910ed3b58828dcd", kill_on_drop: false }`
[INFO] [stdout] fd3af3caf1b1a5f00e83b3cba55a2b5f54a805ad5e71d4111910ed3b58828dcd
