[INFO] fetching crate fakeyou 0.1.1...
[INFO] testing fakeyou-0.1.1 against 1.75.0 for beta-1.76-1
[INFO] extracting crate fakeyou 0.1.1 into /workspace/builds/worker-0-tc1/source
[INFO] validating manifest of crates.io crate fakeyou 0.1.1 on toolchain 1.75.0
[INFO] running `Command { std: CARGO_HOME="/workspace/cargo-home" RUSTUP_HOME="/workspace/rustup-home" "/workspace/cargo-home/bin/cargo" "+1.75.0" "metadata" "--manifest-path" "Cargo.toml" "--no-deps", kill_on_drop: false }`
[INFO] started tweaking crates.io crate fakeyou 0.1.1
[INFO] finished tweaking crates.io crate fakeyou 0.1.1
[INFO] tweaked toml for crates.io crate fakeyou 0.1.1 written to /workspace/builds/worker-0-tc1/source/Cargo.toml
[INFO] running `Command { std: CARGO_HOME="/workspace/cargo-home" RUSTUP_HOME="/workspace/rustup-home" "/workspace/cargo-home/bin/cargo" "+1.75.0" "generate-lockfile" "--manifest-path" "Cargo.toml", kill_on_drop: false }`
[INFO] [stderr]     Blocking waiting for file lock on package cache
[INFO] [stderr]     Updating crates.io index
[INFO] running `Command { std: CARGO_HOME="/workspace/cargo-home" RUSTUP_HOME="/workspace/rustup-home" "/workspace/cargo-home/bin/cargo" "+1.75.0" "fetch" "--manifest-path" "Cargo.toml", kill_on_drop: false }`
[INFO] [stderr]     Blocking waiting for file lock on package cache
[INFO] [stderr]  Downloading crates ...
[INFO] [stderr]   Downloaded symphonia v0.5.3
[INFO] [stderr]   Downloaded symphonia-bundle-mp3 v0.5.3
[INFO] [stderr]   Downloaded cookie_store v0.16.2
[INFO] [stderr]   Downloaded claxon v0.4.3
[INFO] [stderr]   Downloaded uuid-macro-internal v1.6.1
[INFO] [stderr]   Downloaded symphonia-metadata v0.5.3
[INFO] [stderr]   Downloaded symphonia-core v0.5.3
[INFO] running `Command { std: "docker" "create" "-v" "/var/lib/crater-agent-workspace/builds/worker-0-tc1/target:/opt/rustwide/target:rw,Z" "-v" "/var/lib/crater-agent-workspace/builds/worker-0-tc1/source:/opt/rustwide/workdir:ro,Z" "-v" "/var/lib/crater-agent-workspace/cargo-home:/opt/rustwide/cargo-home:ro,Z" "-v" "/var/lib/crater-agent-workspace/rustup-home:/opt/rustwide/rustup-home:ro,Z" "-e" "SOURCE_DIR=/opt/rustwide/workdir" "-e" "CARGO_TARGET_DIR=/opt/rustwide/target" "-e" "CARGO_HOME=/opt/rustwide/cargo-home" "-e" "RUSTUP_HOME=/opt/rustwide/rustup-home" "-w" "/opt/rustwide/workdir" "-m" "1610612736" "--user" "0:0" "--network" "none" "ghcr.io/rust-lang/crates-build-env/linux@sha256:2788e3201cd34a07e3172128adcd8b3090168a8e3bcc40d7c032b9dda1df7d1c" "/opt/rustwide/cargo-home/bin/cargo" "+1.75.0" "metadata" "--no-deps" "--format-version=1", kill_on_drop: false }`
[INFO] [stdout] 5d3883e81c5a64a9b20001e99008c5e39d1845b229ad806152eff960d4dd76c5
[INFO] running `Command { std: "docker" "start" "-a" "5d3883e81c5a64a9b20001e99008c5e39d1845b229ad806152eff960d4dd76c5", kill_on_drop: false }`
[INFO] running `Command { std: "docker" "inspect" "5d3883e81c5a64a9b20001e99008c5e39d1845b229ad806152eff960d4dd76c5", kill_on_drop: false }`
[INFO] running `Command { std: "docker" "rm" "-f" "5d3883e81c5a64a9b20001e99008c5e39d1845b229ad806152eff960d4dd76c5", kill_on_drop: false }`
[INFO] [stdout] 5d3883e81c5a64a9b20001e99008c5e39d1845b229ad806152eff960d4dd76c5
[INFO] running `Command { std: "docker" "create" "-v" "/var/lib/crater-agent-workspace/builds/worker-0-tc1/target:/opt/rustwide/target:rw,Z" "-v" "/var/lib/crater-agent-workspace/builds/worker-0-tc1/source:/opt/rustwide/workdir:ro,Z" "-v" "/var/lib/crater-agent-workspace/cargo-home:/opt/rustwide/cargo-home:ro,Z" "-v" "/var/lib/crater-agent-workspace/rustup-home:/opt/rustwide/rustup-home:ro,Z" "-e" "SOURCE_DIR=/opt/rustwide/workdir" "-e" "CARGO_TARGET_DIR=/opt/rustwide/target" "-e" "CARGO_INCREMENTAL=0" "-e" "RUST_BACKTRACE=full" "-e" "RUSTFLAGS=--cap-lints=warn" "-e" "RUSTDOCFLAGS=--cap-lints=warn" "-e" "CARGO_HOME=/opt/rustwide/cargo-home" "-e" "RUSTUP_HOME=/opt/rustwide/rustup-home" "-w" "/opt/rustwide/workdir" "-m" "1610612736" "--user" "0:0" "--network" "none" "ghcr.io/rust-lang/crates-build-env/linux@sha256:2788e3201cd34a07e3172128adcd8b3090168a8e3bcc40d7c032b9dda1df7d1c" "/opt/rustwide/cargo-home/bin/cargo" "+1.75.0" "build" "--frozen" "--message-format=json", kill_on_drop: false }`
[INFO] [stdout] e6ec2d1a078654f14627052244a0f6ac22aff8a161d225ff8b235845de0ded46
[INFO] running `Command { std: "docker" "start" "-a" "e6ec2d1a078654f14627052244a0f6ac22aff8a161d225ff8b235845de0ded46", kill_on_drop: false }`
[INFO] [stderr]    Compiling proc-macro2 v1.0.75
[INFO] [stderr]    Compiling unicode-bidi v0.3.14
[INFO] [stderr]    Compiling alsa-sys v0.3.1
[INFO] [stderr]    Compiling arrayvec v0.7.4
[INFO] [stderr]    Compiling tokio v1.35.1
[INFO] [stderr]    Compiling bytemuck v1.14.0
[INFO] [stderr]    Compiling openssl-sys v0.9.98
[INFO] [stderr]    Compiling cookie v0.16.2
[INFO] [stderr]    Compiling smallvec v1.11.2
[INFO] [stderr]    Compiling time v0.3.31
[INFO] [stderr]    Compiling nix v0.24.3
[INFO] [stderr]    Compiling psl-types v2.0.11
[INFO] [stderr]    Compiling matches v0.1.10
[INFO] [stderr]    Compiling cpal v0.15.2
[INFO] [stderr]    Compiling ogg v0.8.0
[INFO] [stderr]    Compiling serde_json v1.0.111
[INFO] [stderr]    Compiling dasp_sample v0.11.0
[INFO] [stderr]    Compiling serde_urlencoded v0.7.1
[INFO] [stderr]    Compiling symphonia-core v0.5.3
[INFO] [stderr]    Compiling hound v3.5.1
[INFO] [stderr]    Compiling parking_lot_core v0.9.9
[INFO] [stderr]    Compiling claxon v0.4.3
[INFO] [stderr]    Compiling lewton v0.10.2
[INFO] [stderr]    Compiling parking_lot v0.12.1
[INFO] [stderr]    Compiling idna v0.3.0
[INFO] [stderr]    Compiling idna v0.5.0
[INFO] [stderr]    Compiling idna v0.2.3
[INFO] [stderr]    Compiling alsa v0.7.1
[INFO] [stderr]    Compiling openssl v0.10.62
[INFO] [stderr]    Compiling native-tls v0.2.11
[INFO] [stderr]    Compiling publicsuffix v2.2.3
[INFO] [stderr]    Compiling quote v1.0.35
[INFO] [stderr]    Compiling url v2.5.0
[INFO] [stderr]    Compiling symphonia-metadata v0.5.3
[INFO] [stderr]    Compiling syn v2.0.48
[INFO] [stderr]    Compiling symphonia-bundle-mp3 v0.5.3
[INFO] [stderr]    Compiling symphonia v0.5.3
[INFO] [stderr]    Compiling rodio v0.17.3
[INFO] [stderr]    Compiling tokio-util v0.7.10
[INFO] [stderr]    Compiling h2 v0.3.22
[INFO] [stderr]    Compiling openssl-macros v0.1.1
[INFO] [stderr]    Compiling serde_derive v1.0.194
[INFO] [stderr]    Compiling thiserror-impl v1.0.56
[INFO] [stderr]    Compiling uuid-macro-internal v1.6.1
[INFO] [stderr]    Compiling uuid v1.6.1
[INFO] [stderr]    Compiling thiserror v1.0.56
[INFO] [stderr]    Compiling hyper v0.14.28
[INFO] [stderr]    Compiling cookie_store v0.16.2
[INFO] [stderr]    Compiling tokio-native-tls v0.3.1
[INFO] [stderr]    Compiling hyper-tls v0.5.0
[INFO] [stderr]    Compiling reqwest v0.11.23
[INFO] [stderr]    Compiling fakeyou v0.1.1 (/opt/rustwide/workdir)
[INFO] [stdout] error: cannot find derive macro `Deserialize` in this scope
[INFO] [stdout]   --> src/lib.rs:99:17
[INFO] [stdout]    |
[INFO] [stdout] 99 | #[derive(Debug, Deserialize, Serialize)]
[INFO] [stdout]    |                 ^^^^^^^^^^^
[INFO] [stdout]    |
[INFO] [stdout] note: `Deserialize` is imported here, but it is only a trait, without a derive macro
[INFO] [stdout]   --> src/lib.rs:58:24
[INFO] [stdout]    |
[INFO] [stdout] 58 | use serde::{Serialize, Deserialize};
[INFO] [stdout]    |                        ^^^^^^^^^^^
[INFO] [stdout] 
[INFO] [stdout] 
[INFO] [stdout] error: cannot find derive macro `Serialize` in this scope
[INFO] [stdout]   --> src/lib.rs:99:30
[INFO] [stdout]    |
[INFO] [stdout] 99 | #[derive(Debug, Deserialize, Serialize)]
[INFO] [stdout]    |                              ^^^^^^^^^
[INFO] [stdout]    |
[INFO] [stdout] note: `Serialize` is imported here, but it is only a trait, without a derive macro
[INFO] [stdout]   --> src/lib.rs:58:13
[INFO] [stdout]    |
[INFO] [stdout] 58 | use serde::{Serialize, Deserialize};
[INFO] [stdout]    |             ^^^^^^^^^
[INFO] [stdout] 
[INFO] [stdout] 
[INFO] [stdout] error: cannot find derive macro `Deserialize` in this scope
[INFO] [stdout]    --> src/lib.rs:106:17
[INFO] [stdout]     |
[INFO] [stdout] 106 | #[derive(Debug, Deserialize, Serialize)]
[INFO] [stdout]     |                 ^^^^^^^^^^^
[INFO] [stdout]     |
[INFO] [stdout] note: `Deserialize` is imported here, but it is only a trait, without a derive macro
[INFO] [stdout]    --> src/lib.rs:58:24
[INFO] [stdout]     |
[INFO] [stdout] 58  | use serde::{Serialize, Deserialize};
[INFO] [stdout]     |                        ^^^^^^^^^^^
[INFO] [stdout] 
[INFO] [stdout] 
[INFO] [stdout] error: cannot find derive macro `Serialize` in this scope
[INFO] [stdout]    --> src/lib.rs:106:30
[INFO] [stdout]     |
[INFO] [stdout] 106 | #[derive(Debug, Deserialize, Serialize)]
[INFO] [stdout]     |                              ^^^^^^^^^
[INFO] [stdout]     |
[INFO] [stdout] note: `Serialize` is imported here, but it is only a trait, without a derive macro
[INFO] [stdout]    --> src/lib.rs:58:13
[INFO] [stdout]     |
[INFO] [stdout] 58  | use serde::{Serialize, Deserialize};
[INFO] [stdout]     |             ^^^^^^^^^
[INFO] [stdout] 
[INFO] [stdout] 
[INFO] [stdout] error[E0277]: the trait bound `TtsJobRequest: Serialize` is not satisfied
[INFO] [stdout]    --> src/lib.rs:342:75
[INFO] [stdout]     |
[INFO] [stdout] 342 |         let response = self.post("https://api.fakeyou.com/tts/inference", job_request)?;
[INFO] [stdout]     |                             ----                                          ^^^^^^^^^^^ the trait `Serialize` is not implemented for `TtsJobRequest`
[INFO] [stdout]     |                             |
[INFO] [stdout]     |                             required by a bound introduced by this call
[INFO] [stdout]     |
[INFO] [stdout]     = help: the following other types implement trait `Serialize`:
[INFO] [stdout]               bool
[INFO] [stdout]               char
[INFO] [stdout]               isize
[INFO] [stdout]               i8
[INFO] [stdout]               i16
[INFO] [stdout]               i32
[INFO] [stdout]               i64
[INFO] [stdout]               i128
[INFO] [stdout]             and 135 others
[INFO] [stdout] note: required by a bound in `FakeYouClient::post`
[INFO] [stdout]    --> src/lib.rs:393:15
[INFO] [stdout]     |
[INFO] [stdout] 393 |     fn post<T:Serialize>(&self, url: &str, json: T) -> Result<reqwest::blocking::Response, Error> {
[INFO] [stdout]     |               ^^^^^^^^^ required by this bound in `FakeYouClient::post`
[INFO] [stdout] 
[INFO] [stdout] 
[INFO] [stdout] error[E0277]: the trait bound `TtsJobResponse: Deserialize<'_>` is not satisfied
[INFO] [stdout]     --> src/lib.rs:347:24
[INFO] [stdout]      |
[INFO] [stdout] 347  |         let response = serde_json::from_str(&json);
[INFO] [stdout]      |                        ^^^^^^^^^^^^^^^^^^^^ the trait `Deserialize<'_>` is not implemented for `TtsJobResponse`
[INFO] [stdout]      |
[INFO] [stdout]      = help: the following other types implement trait `Deserialize<'de>`:
[INFO] [stdout]                bool
[INFO] [stdout]                char
[INFO] [stdout]                isize
[INFO] [stdout]                i8
[INFO] [stdout]                i16
[INFO] [stdout]                i32
[INFO] [stdout]                i64
[INFO] [stdout]                i128
[INFO] [stdout]              and 135 others
[INFO] [stdout] note: required by a bound in `serde_json::from_str`
[INFO] [stdout]     --> /opt/rustwide/cargo-home/registry/src/index.crates.io-6f17d22bba15001f/serde_json-1.0.111/src/de.rs:2676:8
[INFO] [stdout]      |
[INFO] [stdout] 2674 | pub fn from_str<'a, T>(s: &'a str) -> Result<T>
[INFO] [stdout]      |        -------- required by a bound in this function
[INFO] [stdout] 2675 | where
[INFO] [stdout] 2676 |     T: de::Deserialize<'a>,
[INFO] [stdout]      |        ^^^^^^^^^^^^^^^^^^^ required by this bound in `from_str`
[INFO] [stdout] 
[INFO] [stdout] 
[INFO] [stdout] error: aborting due to 6 previous errors
[INFO] [stdout] 
[INFO] [stdout] 
[INFO] [stdout] For more information about this error, try `rustc --explain E0277`.
[INFO] [stdout] 
[INFO] [stderr] error: could not compile `fakeyou` (lib) due to 7 previous errors
[INFO] [stderr] warning: build failed, waiting for other jobs to finish...
[INFO] running `Command { std: "docker" "inspect" "e6ec2d1a078654f14627052244a0f6ac22aff8a161d225ff8b235845de0ded46", kill_on_drop: false }`
[INFO] running `Command { std: "docker" "rm" "-f" "e6ec2d1a078654f14627052244a0f6ac22aff8a161d225ff8b235845de0ded46", kill_on_drop: false }`
[INFO] [stdout] e6ec2d1a078654f14627052244a0f6ac22aff8a161d225ff8b235845de0ded46
[INFO] testing fakeyou-0.1.1 against beta-2023-12-22 for beta-1.76-1
[INFO] extracting crate fakeyou 0.1.1 into /workspace/builds/worker-0-tc2/source
[INFO] validating manifest of crates.io crate fakeyou 0.1.1 on toolchain beta-2023-12-22
[INFO] running `Command { std: CARGO_HOME="/workspace/cargo-home" RUSTUP_HOME="/workspace/rustup-home" "/workspace/cargo-home/bin/cargo" "+beta-2023-12-22" "metadata" "--manifest-path" "Cargo.toml" "--no-deps", kill_on_drop: false }`
[INFO] started tweaking crates.io crate fakeyou 0.1.1
[INFO] finished tweaking crates.io crate fakeyou 0.1.1
[INFO] tweaked toml for crates.io crate fakeyou 0.1.1 written to /workspace/builds/worker-0-tc2/source/Cargo.toml
[INFO] running `Command { std: CARGO_HOME="/workspace/cargo-home" RUSTUP_HOME="/workspace/rustup-home" "/workspace/cargo-home/bin/cargo" "+beta-2023-12-22" "generate-lockfile" "--manifest-path" "Cargo.toml", kill_on_drop: false }`
[INFO] [stderr]     Updating crates.io index
[INFO] running `Command { std: CARGO_HOME="/workspace/cargo-home" RUSTUP_HOME="/workspace/rustup-home" "/workspace/cargo-home/bin/cargo" "+beta-2023-12-22" "fetch" "--manifest-path" "Cargo.toml", kill_on_drop: false }`
[INFO] running `Command { std: "docker" "create" "-v" "/var/lib/crater-agent-workspace/builds/worker-0-tc2/target:/opt/rustwide/target:rw,Z" "-v" "/var/lib/crater-agent-workspace/builds/worker-0-tc2/source:/opt/rustwide/workdir:ro,Z" "-v" "/var/lib/crater-agent-workspace/cargo-home:/opt/rustwide/cargo-home:ro,Z" "-v" "/var/lib/crater-agent-workspace/rustup-home:/opt/rustwide/rustup-home:ro,Z" "-e" "SOURCE_DIR=/opt/rustwide/workdir" "-e" "CARGO_TARGET_DIR=/opt/rustwide/target" "-e" "CARGO_HOME=/opt/rustwide/cargo-home" "-e" "RUSTUP_HOME=/opt/rustwide/rustup-home" "-w" "/opt/rustwide/workdir" "-m" "1610612736" "--user" "0:0" "--network" "none" "ghcr.io/rust-lang/crates-build-env/linux@sha256:2788e3201cd34a07e3172128adcd8b3090168a8e3bcc40d7c032b9dda1df7d1c" "/opt/rustwide/cargo-home/bin/cargo" "+beta-2023-12-22" "metadata" "--no-deps" "--format-version=1", kill_on_drop: false }`
[INFO] [stdout] f55a3a3f5f151b3a8b5c7cb67058ac2a46766cbcf6c3d4695aeb3ddcd45d6ff0
[INFO] running `Command { std: "docker" "start" "-a" "f55a3a3f5f151b3a8b5c7cb67058ac2a46766cbcf6c3d4695aeb3ddcd45d6ff0", kill_on_drop: false }`
[INFO] running `Command { std: "docker" "inspect" "f55a3a3f5f151b3a8b5c7cb67058ac2a46766cbcf6c3d4695aeb3ddcd45d6ff0", kill_on_drop: false }`
[INFO] running `Command { std: "docker" "rm" "-f" "f55a3a3f5f151b3a8b5c7cb67058ac2a46766cbcf6c3d4695aeb3ddcd45d6ff0", kill_on_drop: false }`
[INFO] [stdout] f55a3a3f5f151b3a8b5c7cb67058ac2a46766cbcf6c3d4695aeb3ddcd45d6ff0
[INFO] running `Command { std: "docker" "create" "-v" "/var/lib/crater-agent-workspace/builds/worker-0-tc2/target:/opt/rustwide/target:rw,Z" "-v" "/var/lib/crater-agent-workspace/builds/worker-0-tc2/source:/opt/rustwide/workdir:ro,Z" "-v" "/var/lib/crater-agent-workspace/cargo-home:/opt/rustwide/cargo-home:ro,Z" "-v" "/var/lib/crater-agent-workspace/rustup-home:/opt/rustwide/rustup-home:ro,Z" "-e" "SOURCE_DIR=/opt/rustwide/workdir" "-e" "CARGO_TARGET_DIR=/opt/rustwide/target" "-e" "CARGO_INCREMENTAL=0" "-e" "RUST_BACKTRACE=full" "-e" "RUSTFLAGS=--cap-lints=warn" "-e" "RUSTDOCFLAGS=--cap-lints=warn" "-e" "CARGO_HOME=/opt/rustwide/cargo-home" "-e" "RUSTUP_HOME=/opt/rustwide/rustup-home" "-w" "/opt/rustwide/workdir" "-m" "1610612736" "--user" "0:0" "--network" "none" "ghcr.io/rust-lang/crates-build-env/linux@sha256:2788e3201cd34a07e3172128adcd8b3090168a8e3bcc40d7c032b9dda1df7d1c" "/opt/rustwide/cargo-home/bin/cargo" "+beta-2023-12-22" "build" "--frozen" "--message-format=json", kill_on_drop: false }`
[INFO] [stdout] cb38963bd8e07537ced90673e7608860167317a14abcd9ad244bccc3ccf56374
[INFO] running `Command { std: "docker" "start" "-a" "cb38963bd8e07537ced90673e7608860167317a14abcd9ad244bccc3ccf56374", kill_on_drop: false }`
[INFO] [stderr]    Compiling proc-macro2 v1.0.75
[INFO] [stderr]    Compiling unicode-bidi v0.3.14
[INFO] [stderr]    Compiling alsa-sys v0.3.1
[INFO] [stderr]    Compiling tokio v1.35.1
[INFO] [stderr]    Compiling arrayvec v0.7.4
[INFO] [stderr]    Compiling openssl-sys v0.9.98
[INFO] [stderr]    Compiling bytemuck v1.14.0
[INFO] [stderr]    Compiling cookie v0.16.2
[INFO] [stderr]    Compiling smallvec v1.11.2
[INFO] [stderr]    Compiling time v0.3.31
[INFO] [stderr]    Compiling nix v0.24.3
[INFO] [stderr]    Compiling psl-types v2.0.11
[INFO] [stderr]    Compiling cpal v0.15.2
[INFO] [stderr]    Compiling matches v0.1.10
[INFO] [stderr]    Compiling ogg v0.8.0
[INFO] [stderr]    Compiling serde_json v1.0.111
[INFO] [stderr]    Compiling dasp_sample v0.11.0
[INFO] [stderr]    Compiling serde_urlencoded v0.7.1
[INFO] [stderr]    Compiling symphonia-core v0.5.3
[INFO] [stderr]    Compiling lewton v0.10.2
[INFO] [stderr]    Compiling parking_lot_core v0.9.9
[INFO] [stderr]    Compiling claxon v0.4.3
[INFO] [stderr]    Compiling idna v0.3.0
[INFO] [stderr]    Compiling idna v0.5.0
[INFO] [stderr]    Compiling parking_lot v0.12.1
[INFO] [stderr]    Compiling idna v0.2.3
[INFO] [stderr]    Compiling hound v3.5.1
[INFO] [stderr]    Compiling alsa v0.7.1
[INFO] [stderr]    Compiling openssl v0.10.62
[INFO] [stderr]    Compiling native-tls v0.2.11
[INFO] [stderr]    Compiling url v2.5.0
[INFO] [stderr]    Compiling quote v1.0.35
[INFO] [stderr]    Compiling publicsuffix v2.2.3
[INFO] [stderr]    Compiling syn v2.0.48
[INFO] [stderr]    Compiling symphonia-metadata v0.5.3
[INFO] [stderr]    Compiling symphonia-bundle-mp3 v0.5.3
[INFO] [stderr]    Compiling symphonia v0.5.3
[INFO] [stderr]    Compiling rodio v0.17.3
[INFO] [stderr]    Compiling tokio-util v0.7.10
[INFO] [stderr]    Compiling openssl-macros v0.1.1
[INFO] [stderr]    Compiling serde_derive v1.0.194
[INFO] [stderr]    Compiling uuid-macro-internal v1.6.1
[INFO] [stderr]    Compiling thiserror-impl v1.0.56
[INFO] [stderr]    Compiling h2 v0.3.22
[INFO] [stderr]    Compiling uuid v1.6.1
[INFO] [stderr]    Compiling thiserror v1.0.56
[INFO] [stderr]    Compiling hyper v0.14.28
[INFO] [stderr]    Compiling cookie_store v0.16.2
[INFO] [stderr]    Compiling tokio-native-tls v0.3.1
[INFO] [stderr]    Compiling hyper-tls v0.5.0
[INFO] [stderr]    Compiling reqwest v0.11.23
[INFO] [stderr]    Compiling fakeyou v0.1.1 (/opt/rustwide/workdir)
[INFO] [stdout] error: cannot find derive macro `Deserialize` in this scope
[INFO] [stdout]   --> src/lib.rs:99:17
[INFO] [stdout]    |
[INFO] [stdout] 99 | #[derive(Debug, Deserialize, Serialize)]
[INFO] [stdout]    |                 ^^^^^^^^^^^
[INFO] [stdout]    |
[INFO] [stdout] note: `Deserialize` is imported here, but it is only a trait, without a derive macro
[INFO] [stdout]   --> src/lib.rs:58:24
[INFO] [stdout]    |
[INFO] [stdout] 58 | use serde::{Serialize, Deserialize};
[INFO] [stdout]    |                        ^^^^^^^^^^^
[INFO] [stdout] 
[INFO] [stdout] 
[INFO] [stdout] error: cannot find derive macro `Serialize` in this scope
[INFO] [stdout]   --> src/lib.rs:99:30
[INFO] [stdout]    |
[INFO] [stdout] 99 | #[derive(Debug, Deserialize, Serialize)]
[INFO] [stdout]    |                              ^^^^^^^^^
[INFO] [stdout]    |
[INFO] [stdout] note: `Serialize` is imported here, but it is only a trait, without a derive macro
[INFO] [stdout]   --> src/lib.rs:58:13
[INFO] [stdout]    |
[INFO] [stdout] 58 | use serde::{Serialize, Deserialize};
[INFO] [stdout]    |             ^^^^^^^^^
[INFO] [stdout] 
[INFO] [stdout] 
[INFO] [stdout] error: cannot find derive macro `Deserialize` in this scope
[INFO] [stdout]    --> src/lib.rs:106:17
[INFO] [stdout]     |
[INFO] [stdout] 106 | #[derive(Debug, Deserialize, Serialize)]
[INFO] [stdout]     |                 ^^^^^^^^^^^
[INFO] [stdout]     |
[INFO] [stdout] note: `Deserialize` is imported here, but it is only a trait, without a derive macro
[INFO] [stdout]    --> src/lib.rs:58:24
[INFO] [stdout]     |
[INFO] [stdout] 58  | use serde::{Serialize, Deserialize};
[INFO] [stdout]     |                        ^^^^^^^^^^^
[INFO] [stdout] 
[INFO] [stdout] 
[INFO] [stdout] error: cannot find derive macro `Serialize` in this scope
[INFO] [stdout]    --> src/lib.rs:106:30
[INFO] [stdout]     |
[INFO] [stdout] 106 | #[derive(Debug, Deserialize, Serialize)]
[INFO] [stdout]     |                              ^^^^^^^^^
[INFO] [stdout]     |
[INFO] [stdout] note: `Serialize` is imported here, but it is only a trait, without a derive macro
[INFO] [stdout]    --> src/lib.rs:58:13
[INFO] [stdout]     |
[INFO] [stdout] 58  | use serde::{Serialize, Deserialize};
[INFO] [stdout]     |             ^^^^^^^^^
[INFO] [stdout] 
[INFO] [stdout] 
[INFO] [stdout] error[E0277]: the trait bound `TtsJobRequest: Serialize` is not satisfied
[INFO] [stdout]    --> src/lib.rs:342:75
[INFO] [stdout]     |
[INFO] [stdout] 342 |         let response = self.post("https://api.fakeyou.com/tts/inference", job_request)?;
[INFO] [stdout]     |                             ----                                          ^^^^^^^^^^^ the trait `Serialize` is not implemented for `TtsJobRequest`
[INFO] [stdout]     |                             |
[INFO] [stdout]     |                             required by a bound introduced by this call
[INFO] [stdout]     |
[INFO] [stdout]     = help: the following other types implement trait `Serialize`:
[INFO] [stdout]               bool
[INFO] [stdout]               char
[INFO] [stdout]               isize
[INFO] [stdout]               i8
[INFO] [stdout]               i16
[INFO] [stdout]               i32
[INFO] [stdout]               i64
[INFO] [stdout]               i128
[INFO] [stdout]             and 135 others
[INFO] [stdout] note: required by a bound in `FakeYouClient::post`
[INFO] [stdout]    --> src/lib.rs:393:15
[INFO] [stdout]     |
[INFO] [stdout] 393 |     fn post<T:Serialize>(&self, url: &str, json: T) -> Result<reqwest::blocking::Response, Error> {
[INFO] [stdout]     |               ^^^^^^^^^ required by this bound in `FakeYouClient::post`
[INFO] [stdout] 
[INFO] [stdout] 
[INFO] [stdout] error[E0277]: the trait bound `TtsJobResponse: Deserialize<'_>` is not satisfied
[INFO] [stdout]     --> src/lib.rs:347:24
[INFO] [stdout]      |
[INFO] [stdout] 347  |         let response = serde_json::from_str(&json);
[INFO] [stdout]      |                        ^^^^^^^^^^^^^^^^^^^^ the trait `Deserialize<'_>` is not implemented for `TtsJobResponse`
[INFO] [stdout]      |
[INFO] [stdout]      = help: the following other types implement trait `Deserialize<'de>`:
[INFO] [stdout]                bool
[INFO] [stdout]                char
[INFO] [stdout]                isize
[INFO] [stdout]                i8
[INFO] [stdout]                i16
[INFO] [stdout]                i32
[INFO] [stdout]                i64
[INFO] [stdout]                i128
[INFO] [stdout]              and 135 others
[INFO] [stdout] note: required by a bound in `serde_json::from_str`
[INFO] [stdout]     --> /opt/rustwide/cargo-home/registry/src/index.crates.io-6f17d22bba15001f/serde_json-1.0.111/src/de.rs:2676:8
[INFO] [stdout]      |
[INFO] [stdout] 2674 | pub fn from_str<'a, T>(s: &'a str) -> Result<T>
[INFO] [stdout]      |        -------- required by a bound in this function
[INFO] [stdout] 2675 | where
[INFO] [stdout] 2676 |     T: de::Deserialize<'a>,
[INFO] [stdout]      |        ^^^^^^^^^^^^^^^^^^^ required by this bound in `from_str`
[INFO] [stdout] 
[INFO] [stdout] 
[INFO] [stdout] error: aborting due to 6 previous errors
[INFO] [stdout] 
[INFO] [stdout] 
[INFO] [stdout] For more information about this error, try `rustc --explain E0277`.
[INFO] [stdout] 
[INFO] [stderr] error: could not compile `fakeyou` (lib) due to 7 previous errors
[INFO] [stderr] warning: build failed, waiting for other jobs to finish...
[INFO] running `Command { std: "docker" "inspect" "cb38963bd8e07537ced90673e7608860167317a14abcd9ad244bccc3ccf56374", kill_on_drop: false }`
[INFO] running `Command { std: "docker" "rm" "-f" "cb38963bd8e07537ced90673e7608860167317a14abcd9ad244bccc3ccf56374", kill_on_drop: false }`
[INFO] [stdout] cb38963bd8e07537ced90673e7608860167317a14abcd9ad244bccc3ccf56374
