[INFO] fetching crate ezwordle 0.4.1...
[INFO] testing ezwordle-0.4.1 against 1.75.0 for beta-1.76-1
[INFO] extracting crate ezwordle 0.4.1 into /workspace/builds/worker-5-tc1/source
[INFO] validating manifest of crates.io crate ezwordle 0.4.1 on toolchain 1.75.0
[INFO] running `Command { std: CARGO_HOME="/workspace/cargo-home" RUSTUP_HOME="/workspace/rustup-home" "/workspace/cargo-home/bin/cargo" "+1.75.0" "metadata" "--manifest-path" "Cargo.toml" "--no-deps", kill_on_drop: false }`
[INFO] started tweaking crates.io crate ezwordle 0.4.1
[INFO] finished tweaking crates.io crate ezwordle 0.4.1
[INFO] tweaked toml for crates.io crate ezwordle 0.4.1 written to /workspace/builds/worker-5-tc1/source/Cargo.toml
[INFO] crate crates.io crate ezwordle 0.4.1 already has a lockfile, it will not be regenerated
[INFO] running `Command { std: CARGO_HOME="/workspace/cargo-home" RUSTUP_HOME="/workspace/rustup-home" "/workspace/cargo-home/bin/cargo" "+1.75.0" "fetch" "--manifest-path" "Cargo.toml", kill_on_drop: false }`
[INFO] running `Command { std: "docker" "create" "-v" "/var/lib/crater-agent-workspace/builds/worker-5-tc1/target:/opt/rustwide/target:rw,Z" "-v" "/var/lib/crater-agent-workspace/builds/worker-5-tc1/source:/opt/rustwide/workdir:ro,Z" "-v" "/var/lib/crater-agent-workspace/cargo-home:/opt/rustwide/cargo-home:ro,Z" "-v" "/var/lib/crater-agent-workspace/rustup-home:/opt/rustwide/rustup-home:ro,Z" "-e" "SOURCE_DIR=/opt/rustwide/workdir" "-e" "CARGO_TARGET_DIR=/opt/rustwide/target" "-e" "CARGO_HOME=/opt/rustwide/cargo-home" "-e" "RUSTUP_HOME=/opt/rustwide/rustup-home" "-w" "/opt/rustwide/workdir" "-m" "1610612736" "--user" "0:0" "--network" "none" "ghcr.io/rust-lang/crates-build-env/linux@sha256:2788e3201cd34a07e3172128adcd8b3090168a8e3bcc40d7c032b9dda1df7d1c" "/opt/rustwide/cargo-home/bin/cargo" "+1.75.0" "metadata" "--no-deps" "--format-version=1", kill_on_drop: false }`
[INFO] [stdout] 4b632ea51ce1db9067da9372e8a8275e5445f3bf29c34314a4e8e54b82a53c6b
[INFO] running `Command { std: "docker" "start" "-a" "4b632ea51ce1db9067da9372e8a8275e5445f3bf29c34314a4e8e54b82a53c6b", kill_on_drop: false }`
[INFO] running `Command { std: "docker" "inspect" "4b632ea51ce1db9067da9372e8a8275e5445f3bf29c34314a4e8e54b82a53c6b", kill_on_drop: false }`
[INFO] running `Command { std: "docker" "rm" "-f" "4b632ea51ce1db9067da9372e8a8275e5445f3bf29c34314a4e8e54b82a53c6b", kill_on_drop: false }`
[INFO] [stdout] 4b632ea51ce1db9067da9372e8a8275e5445f3bf29c34314a4e8e54b82a53c6b
[INFO] running `Command { std: "docker" "create" "-v" "/var/lib/crater-agent-workspace/builds/worker-5-tc1/target:/opt/rustwide/target:rw,Z" "-v" "/var/lib/crater-agent-workspace/builds/worker-5-tc1/source:/opt/rustwide/workdir:ro,Z" "-v" "/var/lib/crater-agent-workspace/cargo-home:/opt/rustwide/cargo-home:ro,Z" "-v" "/var/lib/crater-agent-workspace/rustup-home:/opt/rustwide/rustup-home:ro,Z" "-e" "SOURCE_DIR=/opt/rustwide/workdir" "-e" "CARGO_TARGET_DIR=/opt/rustwide/target" "-e" "CARGO_INCREMENTAL=0" "-e" "RUST_BACKTRACE=full" "-e" "RUSTFLAGS=--cap-lints=warn" "-e" "RUSTDOCFLAGS=--cap-lints=warn" "-e" "CARGO_HOME=/opt/rustwide/cargo-home" "-e" "RUSTUP_HOME=/opt/rustwide/rustup-home" "-w" "/opt/rustwide/workdir" "-m" "1610612736" "--user" "0:0" "--network" "none" "ghcr.io/rust-lang/crates-build-env/linux@sha256:2788e3201cd34a07e3172128adcd8b3090168a8e3bcc40d7c032b9dda1df7d1c" "/opt/rustwide/cargo-home/bin/cargo" "+1.75.0" "build" "--frozen" "--message-format=json", kill_on_drop: false }`
[INFO] [stdout] e423173c2c427ddf0a3e5b37220388b4a161705017d1ed2798ea780139f07abf
[INFO] running `Command { std: "docker" "start" "-a" "e423173c2c427ddf0a3e5b37220388b4a161705017d1ed2798ea780139f07abf", kill_on_drop: false }`
[INFO] [stderr]    Compiling libc v0.2.121
[INFO] [stderr]    Compiling regex-syntax v0.6.25
[INFO] [stderr]    Compiling once_cell v1.10.0
[INFO] [stderr]    Compiling lazy_static v1.4.0
[INFO] [stderr]    Compiling number_prefix v0.4.0
[INFO] [stderr]    Compiling terminal_size v0.1.17
[INFO] [stderr]    Compiling console v0.15.0
[INFO] [stderr]    Compiling regex v1.5.5
[INFO] [stderr]    Compiling indicatif v0.16.2
[INFO] [stderr]    Compiling ezwordle v0.4.1 (/opt/rustwide/workdir)
[INFO] [stderr]     Finished dev [unoptimized + debuginfo] target(s) in 3.16s
[INFO] running `Command { std: "docker" "inspect" "e423173c2c427ddf0a3e5b37220388b4a161705017d1ed2798ea780139f07abf", kill_on_drop: false }`
[INFO] running `Command { std: "docker" "rm" "-f" "e423173c2c427ddf0a3e5b37220388b4a161705017d1ed2798ea780139f07abf", kill_on_drop: false }`
[INFO] [stdout] e423173c2c427ddf0a3e5b37220388b4a161705017d1ed2798ea780139f07abf
[INFO] running `Command { std: "docker" "create" "-v" "/var/lib/crater-agent-workspace/builds/worker-5-tc1/target:/opt/rustwide/target:rw,Z" "-v" "/var/lib/crater-agent-workspace/builds/worker-5-tc1/source:/opt/rustwide/workdir:ro,Z" "-v" "/var/lib/crater-agent-workspace/cargo-home:/opt/rustwide/cargo-home:ro,Z" "-v" "/var/lib/crater-agent-workspace/rustup-home:/opt/rustwide/rustup-home:ro,Z" "-e" "SOURCE_DIR=/opt/rustwide/workdir" "-e" "CARGO_TARGET_DIR=/opt/rustwide/target" "-e" "CARGO_INCREMENTAL=0" "-e" "RUST_BACKTRACE=full" "-e" "RUSTFLAGS=--cap-lints=warn" "-e" "RUSTDOCFLAGS=--cap-lints=warn" "-e" "CARGO_HOME=/opt/rustwide/cargo-home" "-e" "RUSTUP_HOME=/opt/rustwide/rustup-home" "-w" "/opt/rustwide/workdir" "-m" "1610612736" "--user" "0:0" "--network" "none" "ghcr.io/rust-lang/crates-build-env/linux@sha256:2788e3201cd34a07e3172128adcd8b3090168a8e3bcc40d7c032b9dda1df7d1c" "/opt/rustwide/cargo-home/bin/cargo" "+1.75.0" "test" "--frozen" "--no-run" "--message-format=json", kill_on_drop: false }`
[INFO] [stdout] 3eab9aa910c805154912035c60098d4e83d32e639d5268c16d103983bf43e906
[INFO] running `Command { std: "docker" "start" "-a" "3eab9aa910c805154912035c60098d4e83d32e639d5268c16d103983bf43e906", kill_on_drop: false }`
[INFO] [stderr]    Compiling ezwordle v0.4.1 (/opt/rustwide/workdir)
[INFO] [stdout] error[E0425]: cannot find function `guess_entropy` in module `words`
[INFO] [stdout]   --> tests/test0.rs:35:31
[INFO] [stdout]    |
[INFO] [stdout] 35 |     let entropy: f64 = words::guess_entropy(guess.clone(), wordlist.clone());
[INFO] [stdout]    |                               ^^^^^^^^^^^^^ not found in `words`
[INFO] [stdout] 
[INFO] [stdout] 
[INFO] [stdout] warning: unused import: `std::env`
[INFO] [stdout]  --> tests/test0.rs:4:5
[INFO] [stdout]   |
[INFO] [stdout] 4 | use std::env;
[INFO] [stdout]   |     ^^^^^^^^
[INFO] [stdout]   |
[INFO] [stdout]   = note: `#[warn(unused_imports)]` on by default
[INFO] [stdout] 
[INFO] [stdout] 
[INFO] [stdout] error[E0061]: this function takes 0 arguments but 1 argument was supplied
[INFO] [stdout]   --> tests/test0.rs:23:20
[INFO] [stdout]    |
[INFO] [stdout] 23 |     let wordlist = words::get_words("src/words/words.txt");
[INFO] [stdout]    |                    ^^^^^^^^^^^^^^^^ ---------------------
[INFO] [stdout]    |                                     |
[INFO] [stdout]    |                                     unexpected argument of type `&'static str`
[INFO] [stdout]    |                                     help: remove the extra argument
[INFO] [stdout]    |
[INFO] [stdout] note: function defined here
[INFO] [stdout]   --> /opt/rustwide/workdir/src/util/words.rs:13:8
[INFO] [stdout]    |
[INFO] [stdout] 13 | pub fn get_words() -> Vec<String> {
[INFO] [stdout]    |        ^^^^^^^^^
[INFO] [stdout] 
[INFO] [stdout] 
[INFO] [stdout] error[E0061]: this function takes 0 arguments but 1 argument was supplied
[INFO] [stdout]   --> tests/test0.rs:33:20
[INFO] [stdout]    |
[INFO] [stdout] 33 |     let wordlist = words::get_words("src/words/words.txt");
[INFO] [stdout]    |                    ^^^^^^^^^^^^^^^^ ---------------------
[INFO] [stdout]    |                                     |
[INFO] [stdout]    |                                     unexpected argument of type `&'static str`
[INFO] [stdout]    |                                     help: remove the extra argument
[INFO] [stdout]    |
[INFO] [stdout] note: function defined here
[INFO] [stdout]   --> /opt/rustwide/workdir/src/util/words.rs:13:8
[INFO] [stdout]    |
[INFO] [stdout] 13 | pub fn get_words() -> Vec<String> {
[INFO] [stdout]    |        ^^^^^^^^^
[INFO] [stdout] 
[INFO] [stdout] 
[INFO] [stdout] error: aborting due to 3 previous errors; 1 warning emitted
[INFO] [stdout] 
[INFO] [stdout] 
[INFO] [stdout] Some errors have detailed explanations: E0061, E0425.
[INFO] [stdout] 
[INFO] [stdout] For more information about an error, try `rustc --explain E0061`.
[INFO] [stdout] 
[INFO] [stderr] error: could not compile `ezwordle` (test "test0") due to 4 previous errors; 1 warning emitted
[INFO] [stderr] warning: build failed, waiting for other jobs to finish...
[INFO] running `Command { std: "docker" "inspect" "3eab9aa910c805154912035c60098d4e83d32e639d5268c16d103983bf43e906", kill_on_drop: false }`
[INFO] running `Command { std: "docker" "rm" "-f" "3eab9aa910c805154912035c60098d4e83d32e639d5268c16d103983bf43e906", kill_on_drop: false }`
[INFO] [stdout] 3eab9aa910c805154912035c60098d4e83d32e639d5268c16d103983bf43e906
[INFO] testing ezwordle-0.4.1 against beta-2023-12-22 for beta-1.76-1
[INFO] extracting crate ezwordle 0.4.1 into /workspace/builds/worker-5-tc2/source
[INFO] validating manifest of crates.io crate ezwordle 0.4.1 on toolchain beta-2023-12-22
[INFO] running `Command { std: CARGO_HOME="/workspace/cargo-home" RUSTUP_HOME="/workspace/rustup-home" "/workspace/cargo-home/bin/cargo" "+beta-2023-12-22" "metadata" "--manifest-path" "Cargo.toml" "--no-deps", kill_on_drop: false }`
[INFO] started tweaking crates.io crate ezwordle 0.4.1
[INFO] finished tweaking crates.io crate ezwordle 0.4.1
[INFO] tweaked toml for crates.io crate ezwordle 0.4.1 written to /workspace/builds/worker-5-tc2/source/Cargo.toml
[INFO] crate crates.io crate ezwordle 0.4.1 already has a lockfile, it will not be regenerated
[INFO] running `Command { std: CARGO_HOME="/workspace/cargo-home" RUSTUP_HOME="/workspace/rustup-home" "/workspace/cargo-home/bin/cargo" "+beta-2023-12-22" "fetch" "--manifest-path" "Cargo.toml", kill_on_drop: false }`
[INFO] [stderr]     Blocking waiting for file lock on package cache
[INFO] running `Command { std: "docker" "create" "-v" "/var/lib/crater-agent-workspace/builds/worker-5-tc2/target:/opt/rustwide/target:rw,Z" "-v" "/var/lib/crater-agent-workspace/builds/worker-5-tc2/source:/opt/rustwide/workdir:ro,Z" "-v" "/var/lib/crater-agent-workspace/cargo-home:/opt/rustwide/cargo-home:ro,Z" "-v" "/var/lib/crater-agent-workspace/rustup-home:/opt/rustwide/rustup-home:ro,Z" "-e" "SOURCE_DIR=/opt/rustwide/workdir" "-e" "CARGO_TARGET_DIR=/opt/rustwide/target" "-e" "CARGO_HOME=/opt/rustwide/cargo-home" "-e" "RUSTUP_HOME=/opt/rustwide/rustup-home" "-w" "/opt/rustwide/workdir" "-m" "1610612736" "--user" "0:0" "--network" "none" "ghcr.io/rust-lang/crates-build-env/linux@sha256:2788e3201cd34a07e3172128adcd8b3090168a8e3bcc40d7c032b9dda1df7d1c" "/opt/rustwide/cargo-home/bin/cargo" "+beta-2023-12-22" "metadata" "--no-deps" "--format-version=1", kill_on_drop: false }`
[INFO] [stdout] 30925e75267fc24e1308549922a76c6d4a2c8a0b88fdb7d2f3935fd1564bb946
[INFO] running `Command { std: "docker" "start" "-a" "30925e75267fc24e1308549922a76c6d4a2c8a0b88fdb7d2f3935fd1564bb946", kill_on_drop: false }`
[INFO] running `Command { std: "docker" "inspect" "30925e75267fc24e1308549922a76c6d4a2c8a0b88fdb7d2f3935fd1564bb946", kill_on_drop: false }`
[INFO] running `Command { std: "docker" "rm" "-f" "30925e75267fc24e1308549922a76c6d4a2c8a0b88fdb7d2f3935fd1564bb946", kill_on_drop: false }`
[INFO] [stdout] 30925e75267fc24e1308549922a76c6d4a2c8a0b88fdb7d2f3935fd1564bb946
[INFO] running `Command { std: "docker" "create" "-v" "/var/lib/crater-agent-workspace/builds/worker-5-tc2/target:/opt/rustwide/target:rw,Z" "-v" "/var/lib/crater-agent-workspace/builds/worker-5-tc2/source:/opt/rustwide/workdir:ro,Z" "-v" "/var/lib/crater-agent-workspace/cargo-home:/opt/rustwide/cargo-home:ro,Z" "-v" "/var/lib/crater-agent-workspace/rustup-home:/opt/rustwide/rustup-home:ro,Z" "-e" "SOURCE_DIR=/opt/rustwide/workdir" "-e" "CARGO_TARGET_DIR=/opt/rustwide/target" "-e" "CARGO_INCREMENTAL=0" "-e" "RUST_BACKTRACE=full" "-e" "RUSTFLAGS=--cap-lints=warn" "-e" "RUSTDOCFLAGS=--cap-lints=warn" "-e" "CARGO_HOME=/opt/rustwide/cargo-home" "-e" "RUSTUP_HOME=/opt/rustwide/rustup-home" "-w" "/opt/rustwide/workdir" "-m" "1610612736" "--user" "0:0" "--network" "none" "ghcr.io/rust-lang/crates-build-env/linux@sha256:2788e3201cd34a07e3172128adcd8b3090168a8e3bcc40d7c032b9dda1df7d1c" "/opt/rustwide/cargo-home/bin/cargo" "+beta-2023-12-22" "build" "--frozen" "--message-format=json", kill_on_drop: false }`
[INFO] [stdout] daede46c02ce29e3738e50345f73a86935733c1b546004c718a999579b88a1aa
[INFO] running `Command { std: "docker" "start" "-a" "daede46c02ce29e3738e50345f73a86935733c1b546004c718a999579b88a1aa", kill_on_drop: false }`
[INFO] [stderr]    Compiling libc v0.2.121
[INFO] [stderr]    Compiling once_cell v1.10.0
[INFO] [stderr]    Compiling regex-syntax v0.6.25
[INFO] [stderr]    Compiling lazy_static v1.4.0
[INFO] [stderr]    Compiling number_prefix v0.4.0
[INFO] [stderr]    Compiling terminal_size v0.1.17
[INFO] [stderr]    Compiling console v0.15.0
[INFO] [stderr]    Compiling regex v1.5.5
[INFO] [stderr]    Compiling indicatif v0.16.2
[INFO] [stderr]    Compiling ezwordle v0.4.1 (/opt/rustwide/workdir)
[INFO] [stderr]     Finished dev [unoptimized + debuginfo] target(s) in 1.98s
[INFO] running `Command { std: "docker" "inspect" "daede46c02ce29e3738e50345f73a86935733c1b546004c718a999579b88a1aa", kill_on_drop: false }`
[INFO] running `Command { std: "docker" "rm" "-f" "daede46c02ce29e3738e50345f73a86935733c1b546004c718a999579b88a1aa", kill_on_drop: false }`
[INFO] [stdout] daede46c02ce29e3738e50345f73a86935733c1b546004c718a999579b88a1aa
[INFO] running `Command { std: "docker" "create" "-v" "/var/lib/crater-agent-workspace/builds/worker-5-tc2/target:/opt/rustwide/target:rw,Z" "-v" "/var/lib/crater-agent-workspace/builds/worker-5-tc2/source:/opt/rustwide/workdir:ro,Z" "-v" "/var/lib/crater-agent-workspace/cargo-home:/opt/rustwide/cargo-home:ro,Z" "-v" "/var/lib/crater-agent-workspace/rustup-home:/opt/rustwide/rustup-home:ro,Z" "-e" "SOURCE_DIR=/opt/rustwide/workdir" "-e" "CARGO_TARGET_DIR=/opt/rustwide/target" "-e" "CARGO_INCREMENTAL=0" "-e" "RUST_BACKTRACE=full" "-e" "RUSTFLAGS=--cap-lints=warn" "-e" "RUSTDOCFLAGS=--cap-lints=warn" "-e" "CARGO_HOME=/opt/rustwide/cargo-home" "-e" "RUSTUP_HOME=/opt/rustwide/rustup-home" "-w" "/opt/rustwide/workdir" "-m" "1610612736" "--user" "0:0" "--network" "none" "ghcr.io/rust-lang/crates-build-env/linux@sha256:2788e3201cd34a07e3172128adcd8b3090168a8e3bcc40d7c032b9dda1df7d1c" "/opt/rustwide/cargo-home/bin/cargo" "+beta-2023-12-22" "test" "--frozen" "--no-run" "--message-format=json", kill_on_drop: false }`
[INFO] [stdout] b695ddd5248ad8dfd748882445e8e049eb5eb6b577982832e4c6d1806315756b
[INFO] running `Command { std: "docker" "start" "-a" "b695ddd5248ad8dfd748882445e8e049eb5eb6b577982832e4c6d1806315756b", kill_on_drop: false }`
[INFO] [stderr]    Compiling ezwordle v0.4.1 (/opt/rustwide/workdir)
[INFO] [stdout] error[E0425]: cannot find function `guess_entropy` in module `words`
[INFO] [stdout]   --> tests/test0.rs:35:31
[INFO] [stdout]    |
[INFO] [stdout] 35 |     let entropy: f64 = words::guess_entropy(guess.clone(), wordlist.clone());
[INFO] [stdout]    |                               ^^^^^^^^^^^^^ not found in `words`
[INFO] [stdout] 
[INFO] [stdout] 
[INFO] [stdout] warning: unused import: `std::env`
[INFO] [stdout]  --> tests/test0.rs:4:5
[INFO] [stdout]   |
[INFO] [stdout] 4 | use std::env;
[INFO] [stdout]   |     ^^^^^^^^
[INFO] [stdout]   |
[INFO] [stdout]   = note: `#[warn(unused_imports)]` on by default
[INFO] [stdout] 
[INFO] [stdout] 
[INFO] [stdout] error[E0061]: this function takes 0 arguments but 1 argument was supplied
[INFO] [stdout]   --> tests/test0.rs:23:20
[INFO] [stdout]    |
[INFO] [stdout] 23 |     let wordlist = words::get_words("src/words/words.txt");
[INFO] [stdout]    |                    ^^^^^^^^^^^^^^^^ ---------------------
[INFO] [stdout]    |                                     |
[INFO] [stdout]    |                                     unexpected argument of type `&'static str`
[INFO] [stdout]    |                                     help: remove the extra argument
[INFO] [stdout]    |
[INFO] [stdout] note: function defined here
[INFO] [stdout]   --> /opt/rustwide/workdir/src/util/words.rs:13:8
[INFO] [stdout]    |
[INFO] [stdout] 13 | pub fn get_words() -> Vec<String> {
[INFO] [stdout]    |        ^^^^^^^^^
[INFO] [stdout] 
[INFO] [stdout] 
[INFO] [stdout] error[E0061]: this function takes 0 arguments but 1 argument was supplied
[INFO] [stdout]   --> tests/test0.rs:33:20
[INFO] [stdout]    |
[INFO] [stdout] 33 |     let wordlist = words::get_words("src/words/words.txt");
[INFO] [stdout]    |                    ^^^^^^^^^^^^^^^^ ---------------------
[INFO] [stdout]    |                                     |
[INFO] [stdout]    |                                     unexpected argument of type `&'static str`
[INFO] [stdout]    |                                     help: remove the extra argument
[INFO] [stdout]    |
[INFO] [stdout] note: function defined here
[INFO] [stdout]   --> /opt/rustwide/workdir/src/util/words.rs:13:8
[INFO] [stdout]    |
[INFO] [stdout] 13 | pub fn get_words() -> Vec<String> {
[INFO] [stdout]    |        ^^^^^^^^^
[INFO] [stdout] 
[INFO] [stdout] 
[INFO] [stdout] error: aborting due to 3 previous errors; 1 warning emitted
[INFO] [stdout] 
[INFO] [stdout] 
[INFO] [stdout] Some errors have detailed explanations: E0061, E0425.
[INFO] [stdout] 
[INFO] [stdout] For more information about an error, try `rustc --explain E0061`.
[INFO] [stdout] 
[INFO] [stderr] error: could not compile `ezwordle` (test "test0") due to 4 previous errors; 1 warning emitted
[INFO] [stderr] warning: build failed, waiting for other jobs to finish...
[INFO] running `Command { std: "docker" "inspect" "b695ddd5248ad8dfd748882445e8e049eb5eb6b577982832e4c6d1806315756b", kill_on_drop: false }`
[INFO] running `Command { std: "docker" "rm" "-f" "b695ddd5248ad8dfd748882445e8e049eb5eb6b577982832e4c6d1806315756b", kill_on_drop: false }`
[INFO] [stdout] b695ddd5248ad8dfd748882445e8e049eb5eb6b577982832e4c6d1806315756b
