[INFO] fetching crate extrasafe-multiarch 0.1.6...
[INFO] testing extrasafe-multiarch-0.1.6 against 1.75.0 for beta-1.76-1
[INFO] extracting crate extrasafe-multiarch 0.1.6 into /workspace/builds/worker-1-tc1/source
[INFO] validating manifest of crates.io crate extrasafe-multiarch 0.1.6 on toolchain 1.75.0
[INFO] running `Command { std: CARGO_HOME="/workspace/cargo-home" RUSTUP_HOME="/workspace/rustup-home" "/workspace/cargo-home/bin/cargo" "+1.75.0" "metadata" "--manifest-path" "Cargo.toml" "--no-deps", kill_on_drop: false }`
[INFO] started tweaking crates.io crate extrasafe-multiarch 0.1.6
[INFO] finished tweaking crates.io crate extrasafe-multiarch 0.1.6
[INFO] tweaked toml for crates.io crate extrasafe-multiarch 0.1.6 written to /workspace/builds/worker-1-tc1/source/Cargo.toml
[INFO] crate crates.io crate extrasafe-multiarch 0.1.6 already has a lockfile, it will not be regenerated
[INFO] running `Command { std: CARGO_HOME="/workspace/cargo-home" RUSTUP_HOME="/workspace/rustup-home" "/workspace/cargo-home/bin/cargo" "+1.75.0" "fetch" "--manifest-path" "Cargo.toml", kill_on_drop: false }`
[INFO] [stderr]     Updating crates.io index
[INFO] [stderr]  Downloading crates ...
[INFO] [stderr]   Downloaded tokio-tungstenite v0.18.0
[INFO] [stderr]   Downloaded libseccomp-sys v0.2.1
[INFO] [stderr]   Downloaded libseccomp v0.3.0
[INFO] [stderr]   Downloaded tungstenite v0.18.0
[INFO] [stderr]   Downloaded headers v0.3.8
[INFO] [stderr]   Downloaded syscalls v0.6.13
[INFO] [stderr]   Downloaded openssl v0.10.56
[INFO] [stderr]   Downloaded openssl-sys v0.9.91
[INFO] [stderr]   Downloaded warp v0.3.5
[INFO] [stderr]   Downloaded rusqlite v0.26.3
[INFO] running `Command { std: "docker" "create" "-v" "/var/lib/crater-agent-workspace/builds/worker-1-tc1/target:/opt/rustwide/target:rw,Z" "-v" "/var/lib/crater-agent-workspace/builds/worker-1-tc1/source:/opt/rustwide/workdir:ro,Z" "-v" "/var/lib/crater-agent-workspace/cargo-home:/opt/rustwide/cargo-home:ro,Z" "-v" "/var/lib/crater-agent-workspace/rustup-home:/opt/rustwide/rustup-home:ro,Z" "-e" "SOURCE_DIR=/opt/rustwide/workdir" "-e" "CARGO_TARGET_DIR=/opt/rustwide/target" "-e" "CARGO_HOME=/opt/rustwide/cargo-home" "-e" "RUSTUP_HOME=/opt/rustwide/rustup-home" "-w" "/opt/rustwide/workdir" "-m" "1610612736" "--user" "0:0" "--network" "none" "ghcr.io/rust-lang/crates-build-env/linux@sha256:2788e3201cd34a07e3172128adcd8b3090168a8e3bcc40d7c032b9dda1df7d1c" "/opt/rustwide/cargo-home/bin/cargo" "+1.75.0" "metadata" "--no-deps" "--format-version=1", kill_on_drop: false }`
[INFO] [stdout] dd1aaa725733eb795100617dd4ae960315e5caa89d6be7ab32b3dd28804a16dc
[INFO] running `Command { std: "docker" "start" "-a" "dd1aaa725733eb795100617dd4ae960315e5caa89d6be7ab32b3dd28804a16dc", kill_on_drop: false }`
[INFO] running `Command { std: "docker" "inspect" "dd1aaa725733eb795100617dd4ae960315e5caa89d6be7ab32b3dd28804a16dc", kill_on_drop: false }`
[INFO] running `Command { std: "docker" "rm" "-f" "dd1aaa725733eb795100617dd4ae960315e5caa89d6be7ab32b3dd28804a16dc", kill_on_drop: false }`
[INFO] [stdout] dd1aaa725733eb795100617dd4ae960315e5caa89d6be7ab32b3dd28804a16dc
[INFO] running `Command { std: "docker" "create" "-v" "/var/lib/crater-agent-workspace/builds/worker-1-tc1/target:/opt/rustwide/target:rw,Z" "-v" "/var/lib/crater-agent-workspace/builds/worker-1-tc1/source:/opt/rustwide/workdir:ro,Z" "-v" "/var/lib/crater-agent-workspace/cargo-home:/opt/rustwide/cargo-home:ro,Z" "-v" "/var/lib/crater-agent-workspace/rustup-home:/opt/rustwide/rustup-home:ro,Z" "-e" "SOURCE_DIR=/opt/rustwide/workdir" "-e" "CARGO_TARGET_DIR=/opt/rustwide/target" "-e" "CARGO_INCREMENTAL=0" "-e" "RUST_BACKTRACE=full" "-e" "RUSTFLAGS=--cap-lints=warn" "-e" "RUSTDOCFLAGS=--cap-lints=warn" "-e" "CARGO_HOME=/opt/rustwide/cargo-home" "-e" "RUSTUP_HOME=/opt/rustwide/rustup-home" "-w" "/opt/rustwide/workdir" "-m" "1610612736" "--user" "0:0" "--network" "none" "ghcr.io/rust-lang/crates-build-env/linux@sha256:2788e3201cd34a07e3172128adcd8b3090168a8e3bcc40d7c032b9dda1df7d1c" "/opt/rustwide/cargo-home/bin/cargo" "+1.75.0" "build" "--frozen" "--message-format=json", kill_on_drop: false }`
[INFO] [stdout] b8d9b524690a372b7a6a94877b644eb9c9a9b9ff62b9ee064cb23d189f0297be
[INFO] running `Command { std: "docker" "start" "-a" "b8d9b524690a372b7a6a94877b644eb9c9a9b9ff62b9ee064cb23d189f0297be", kill_on_drop: false }`
[INFO] [stderr]    Compiling libc v0.2.147
[INFO] [stderr]    Compiling libseccomp-sys v0.2.1
[INFO] [stderr]    Compiling libseccomp v0.3.0
[INFO] [stderr]    Compiling cc v1.0.82
[INFO] [stderr]    Compiling syscalls v0.6.13
[INFO] [stderr]    Compiling extrasafe-multiarch v0.1.6 (/opt/rustwide/workdir)
[INFO] [stdout] warning: deny(non_ascii_idents) is ignored unless specified at crate level
[INFO] [stdout]  --> src/x86_64.rs:1:9
[INFO] [stdout]   |
[INFO] [stdout] 1 | #![deny(non_ascii_idents)]
[INFO] [stdout]   |         ^^^^^^^^^^^^^^^^
[INFO] [stdout]   |
[INFO] [stdout]   = note: `#[warn(unused_attributes)]` on by default
[INFO] [stdout] 
[INFO] [stdout] 
[INFO] [stdout] warning: 1 warning emitted
[INFO] [stdout] 
[INFO] [stdout] 
[INFO] [stderr]     Finished dev [unoptimized + debuginfo] target(s) in 2.83s
[INFO] running `Command { std: "docker" "inspect" "b8d9b524690a372b7a6a94877b644eb9c9a9b9ff62b9ee064cb23d189f0297be", kill_on_drop: false }`
[INFO] running `Command { std: "docker" "rm" "-f" "b8d9b524690a372b7a6a94877b644eb9c9a9b9ff62b9ee064cb23d189f0297be", kill_on_drop: false }`
[INFO] [stdout] b8d9b524690a372b7a6a94877b644eb9c9a9b9ff62b9ee064cb23d189f0297be
[INFO] running `Command { std: "docker" "create" "-v" "/var/lib/crater-agent-workspace/builds/worker-1-tc1/target:/opt/rustwide/target:rw,Z" "-v" "/var/lib/crater-agent-workspace/builds/worker-1-tc1/source:/opt/rustwide/workdir:ro,Z" "-v" "/var/lib/crater-agent-workspace/cargo-home:/opt/rustwide/cargo-home:ro,Z" "-v" "/var/lib/crater-agent-workspace/rustup-home:/opt/rustwide/rustup-home:ro,Z" "-e" "SOURCE_DIR=/opt/rustwide/workdir" "-e" "CARGO_TARGET_DIR=/opt/rustwide/target" "-e" "CARGO_INCREMENTAL=0" "-e" "RUST_BACKTRACE=full" "-e" "RUSTFLAGS=--cap-lints=warn" "-e" "RUSTDOCFLAGS=--cap-lints=warn" "-e" "CARGO_HOME=/opt/rustwide/cargo-home" "-e" "RUSTUP_HOME=/opt/rustwide/rustup-home" "-w" "/opt/rustwide/workdir" "-m" "1610612736" "--user" "0:0" "--network" "none" "ghcr.io/rust-lang/crates-build-env/linux@sha256:2788e3201cd34a07e3172128adcd8b3090168a8e3bcc40d7c032b9dda1df7d1c" "/opt/rustwide/cargo-home/bin/cargo" "+1.75.0" "test" "--frozen" "--no-run" "--message-format=json", kill_on_drop: false }`
[INFO] [stdout] 1b74a84a73a05cf20e13481c6fcbb233791de14dafaa1862ef698a9cb9fede1e
[INFO] running `Command { std: "docker" "start" "-a" "1b74a84a73a05cf20e13481c6fcbb233791de14dafaa1862ef698a9cb9fede1e", kill_on_drop: false }`
[INFO] [stderr]    Compiling unicode-ident v1.0.11
[INFO] [stderr]    Compiling pin-project-lite v0.2.12
[INFO] [stderr]    Compiling log v0.4.20
[INFO] [stderr]    Compiling socket2 v0.5.3
[INFO] [stderr]    Compiling mio v0.8.8
[INFO] [stderr]    Compiling getrandom v0.2.10
[INFO] [stderr]    Compiling slab v0.4.8
[INFO] [stderr]    Compiling openssl-sys v0.9.91
[INFO] [stderr]    Compiling proc-macro2 v1.0.66
[INFO] [stderr]    Compiling futures-util v0.3.28
[INFO] [stderr]    Compiling tracing-core v0.1.31
[INFO] [stderr]    Compiling crossbeam-utils v0.8.16
[INFO] [stderr]    Compiling unicase v2.6.0
[INFO] [stderr]    Compiling quote v1.0.33
[INFO] [stderr]    Compiling tokio v1.32.0
[INFO] [stderr]    Compiling tracing v0.1.37
[INFO] [stderr]    Compiling hashbrown v0.12.3
[INFO] [stderr]    Compiling syn v2.0.29
[INFO] [stderr]    Compiling serde v1.0.183
[INFO] [stderr]    Compiling openssl v0.10.56
[INFO] [stderr]    Compiling digest v0.10.7
[INFO] [stderr]    Compiling rand_core v0.6.4
[INFO] [stderr]    Compiling indexmap v1.9.3
[INFO] [stderr]    Compiling thiserror v1.0.47
[INFO] [stderr]    Compiling native-tls v0.2.11
[INFO] [stderr]    Compiling memchr v2.5.0
[INFO] [stderr]    Compiling sha1 v0.10.5
[INFO] [stderr]    Compiling rand_chacha v0.3.1
[INFO] [stderr]    Compiling http-body v0.4.5
[INFO] [stderr]    Compiling socket2 v0.4.9
[INFO] [stderr]    Compiling rand v0.8.5
[INFO] [stderr]    Compiling mime_guess v2.0.4
[INFO] [stderr]    Compiling ahash v0.7.6
[INFO] [stderr]    Compiling libsqlite3-sys v0.23.2
[INFO] [stderr]    Compiling encoding_rs v0.8.32
[INFO] [stderr]    Compiling multer v2.1.0
[INFO] [stderr]    Compiling crossbeam-queue v0.3.8
[INFO] [stderr]    Compiling serde_json v1.0.105
[INFO] [stderr]    Compiling rustix v0.38.8
[INFO] [stderr]    Compiling crossbeam-epoch v0.9.15
[INFO] [stderr]    Compiling hashbrown v0.11.2
[INFO] [stderr]    Compiling spin v0.9.8
[INFO] [stderr]    Compiling headers v0.3.8
[INFO] [stderr]    Compiling crossbeam-deque v0.8.3
[INFO] [stderr]    Compiling hashlink v0.7.0
[INFO] [stderr]    Compiling tokio-util v0.7.8
[INFO] [stderr]    Compiling tokio-stream v0.1.14
[INFO] [stderr]    Compiling h2 v0.3.20
[INFO] [stderr]    Compiling serde_urlencoded v0.7.1
[INFO] [stderr]    Compiling rustls-pemfile v1.0.3
[INFO] [stderr]    Compiling crossbeam-channel v0.5.8
[INFO] [stderr]    Compiling openssl-macros v0.1.1
[INFO] [stderr]    Compiling thiserror-impl v1.0.47
[INFO] [stderr]    Compiling pin-project-internal v1.1.3
[INFO] [stderr]    Compiling fallible-iterator v0.2.0
[INFO] [stderr]    Compiling fallible-streaming-iterator v0.1.9
[INFO] [stderr]    Compiling scoped-tls v1.0.1
[INFO] [stderr]    Compiling smallvec v1.11.0
[INFO] [stderr]    Compiling tempfile v3.8.0
[INFO] [stderr]    Compiling rusqlite v0.26.3
[INFO] [stderr]    Compiling crossbeam v0.8.2
[INFO] [stdout] warning: deny(non_ascii_idents) is ignored unless specified at crate level
[INFO] [stdout]  --> src/x86_64.rs:1:9
[INFO] [stdout]   |
[INFO] [stdout] 1 | #![deny(non_ascii_idents)]
[INFO] [stdout]   |         ^^^^^^^^^^^^^^^^
[INFO] [stdout]   |
[INFO] [stdout]   = note: `#[warn(unused_attributes)]` on by default
[INFO] [stdout] 
[INFO] [stdout] 
[INFO] [stdout] warning: 1 warning emitted
[INFO] [stdout] 
[INFO] [stdout] 
[INFO] [stderr]    Compiling pin-project v1.1.3
[INFO] [stderr]    Compiling tungstenite v0.18.0
[INFO] [stderr]    Compiling tokio-tungstenite v0.18.0
[INFO] [stderr]    Compiling hyper v0.14.27
[INFO] [stderr]    Compiling tokio-native-tls v0.3.1
[INFO] [stderr]    Compiling hyper-tls v0.5.0
[INFO] [stderr]    Compiling warp v0.3.5
[INFO] [stderr]    Compiling reqwest v0.11.18
[INFO] [stderr]    Compiling extrasafe-multiarch v0.1.6 (/opt/rustwide/workdir)
[INFO] [stdout] error[E0433]: failed to resolve: use of undeclared crate or module `extrasafe`
[INFO] [stdout]  --> tests/thread_multi.rs:1:5
[INFO] [stdout]   |
[INFO] [stdout] 1 | use extrasafe::builtins::SystemIO;
[INFO] [stdout]   |     ^^^^^^^^^ use of undeclared crate or module `extrasafe`
[INFO] [stdout] 
[INFO] [stdout] 
[INFO] [stdout] error[E0433]: failed to resolve: use of undeclared crate or module `extrasafe`
[INFO] [stdout]  --> examples/user-guide.rs:2:9
[INFO] [stdout]   |
[INFO] [stdout] 2 |     use extrasafe::builtins::{Networking, SystemIO};
[INFO] [stdout]   |         ^^^^^^^^^ use of undeclared crate or module `extrasafe`
[INFO] [stdout] 
[INFO] [stdout] 
[INFO] [stdout] error[E0433]: failed to resolve: use of undeclared crate or module `extrasafe`
[INFO] [stdout]  --> tests/network.rs:3:5
[INFO] [stdout]   |
[INFO] [stdout] 3 | use extrasafe::{
[INFO] [stdout]   |     ^^^^^^^^^ use of undeclared crate or module `extrasafe`
[INFO] [stdout] 
[INFO] [stdout] 
[INFO] [stdout] error[E0433]: failed to resolve: use of undeclared crate or module `extrasafe`
[INFO] [stdout]  --> tests/inherit_filters.rs:3:5
[INFO] [stdout]   |
[INFO] [stdout] 3 | use extrasafe::builtins::danger_zone::{ForkAndExec, Threads};
[INFO] [stdout]   |     ^^^^^^^^^ use of undeclared crate or module `extrasafe`
[INFO] [stdout] 
[INFO] [stdout] 
[INFO] [stdout] error[E0433]: failed to resolve: use of undeclared crate or module `extrasafe`
[INFO] [stdout]   --> examples/server_with_database.rs:25:5
[INFO] [stdout]    |
[INFO] [stdout] 25 | use extrasafe::builtins::{danger_zone::Threads, Networking, SystemIO};
[INFO] [stdout]    |     ^^^^^^^^^ use of undeclared crate or module `extrasafe`
[INFO] [stdout] 
[INFO] [stdout] 
[INFO] [stdout] error[E0433]: failed to resolve: use of undeclared crate or module `extrasafe`
[INFO] [stdout]   --> examples/no_files_allow_stdout.rs:10:15
[INFO] [stdout]    |
[INFO] [stdout] 10 |     let res = extrasafe::SafetyContext::new()
[INFO] [stdout]    |               ^^^^^^^^^ use of undeclared crate or module `extrasafe`
[INFO] [stdout]    |
[INFO] [stdout] help: consider importing this struct
[INFO] [stdout]    |
[INFO] [stdout] 1  + use extrasafe_multiarch::SafetyContext;
[INFO] [stdout]    |
[INFO] [stdout] help: if you import `SafetyContext`, refer to it directly
[INFO] [stdout]    |
[INFO] [stdout] 10 -     let res = extrasafe::SafetyContext::new()
[INFO] [stdout] 10 +     let res = SafetyContext::new()
[INFO] [stdout]    |
[INFO] [stdout] 
[INFO] [stdout] 
[INFO] [stdout] error[E0433]: failed to resolve: use of undeclared crate or module `extrasafe`
[INFO] [stdout]   --> examples/no_files_allow_stdout.rs:12:13
[INFO] [stdout]    |
[INFO] [stdout] 12 |             extrasafe::builtins::SystemIO::nothing()
[INFO] [stdout]    |             ^^^^^^^^^ use of undeclared crate or module `extrasafe`
[INFO] [stdout]    |
[INFO] [stdout] help: consider importing this struct
[INFO] [stdout]    |
[INFO] [stdout] 1  + use extrasafe_multiarch::builtins::SystemIO;
[INFO] [stdout]    |
[INFO] [stdout] help: if you import `SystemIO`, refer to it directly
[INFO] [stdout]    |
[INFO] [stdout] 12 -             extrasafe::builtins::SystemIO::nothing()
[INFO] [stdout] 12 +             SystemIO::nothing()
[INFO] [stdout]    |
[INFO] [stdout] 
[INFO] [stdout] 
[INFO] [stdout] error[E0432]: unresolved import `extrasafe`
[INFO] [stdout]   --> examples/server_with_database.rs:26:5
[INFO] [stdout]    |
[INFO] [stdout] 26 | use extrasafe::SafetyContext;
[INFO] [stdout]    |     ^^^^^^^^^ use of undeclared crate or module `extrasafe`
[INFO] [stdout] 
[INFO] [stdout] 
[INFO] [stdout] error[E0432]: unresolved import `extrasafe`
[INFO] [stdout]  --> tests/network.rs:3:5
[INFO] [stdout]   |
[INFO] [stdout] 3 | use extrasafe::{
[INFO] [stdout]   |     ^^^^^^^^^ use of undeclared crate or module `extrasafe`
[INFO] [stdout] 
[INFO] [stdout] 
[INFO] [stdout] error[E0432]: unresolved import `extrasafe`
[INFO] [stdout]  --> tests/inherit_filters.rs:4:5
[INFO] [stdout]   |
[INFO] [stdout] 4 | use extrasafe::SafetyContext;
[INFO] [stdout]   |     ^^^^^^^^^ use of undeclared crate or module `extrasafe`
[INFO] [stdout] 
[INFO] [stdout] 
[INFO] [stdout] error[E0433]: failed to resolve: use of undeclared crate or module `extrasafe`
[INFO] [stdout]  --> tests/test_ref_ruleset.rs:2:5
[INFO] [stdout]   |
[INFO] [stdout] 2 | use extrasafe::builtins::BasicCapabilities;
[INFO] [stdout]   |     ^^^^^^^^^ use of undeclared crate or module `extrasafe`
[INFO] [stdout] 
[INFO] [stdout] 
[INFO] [stdout] error[E0432]: unresolved import `extrasafe`
[INFO] [stdout]  --> tests/test_ref_ruleset.rs:1:5
[INFO] [stdout]   |
[INFO] [stdout] 1 | use extrasafe::RuleSet;
[INFO] [stdout]   |     ^^^^^^^^^ use of undeclared crate or module `extrasafe`
[INFO] [stdout] 
[INFO] [stdout] 
[INFO] [stdout] error: aborting due to 2 previous errors
[INFO] [stdout] 
[INFO] [stdout] 
[INFO] [stdout] error[E0433]: failed to resolve: use of undeclared crate or module `extrasafe`
[INFO] [stdout]  --> tests/use_fd.rs:1:5
[INFO] [stdout]   |
[INFO] [stdout] 1 | use extrasafe::builtins::SystemIO;
[INFO] [stdout]   |     ^^^^^^^^^ use of undeclared crate or module `extrasafe`
[INFO] [stdout] 
[INFO] [stdout] 
[INFO] [stdout] error[E0432]: unresolved import `extrasafe`
[INFO] [stdout]  --> tests/use_fd.rs:2:5
[INFO] [stdout]   |
[INFO] [stdout] 2 | use extrasafe::*;
[INFO] [stdout]   |     ^^^^^^^^^ use of undeclared crate or module `extrasafe`
[INFO] [stdout] 
[INFO] [stdout] 
[INFO] [stdout] error[E0433]: failed to resolve: use of undeclared crate or module `extrasafe`
[INFO] [stdout]   --> examples/user-guide.rs:25:9
[INFO] [stdout]    |
[INFO] [stdout] 25 |     use extrasafe::syscalls::Sysno;
[INFO] [stdout]    |         ^^^^^^^^^ use of undeclared crate or module `extrasafe`
[INFO] [stdout] 
[INFO] [stdout] 
[INFO] [stdout] error[E0432]: unresolved import `extrasafe`
[INFO] [stdout]   --> examples/user-guide.rs:24:9
[INFO] [stdout]    |
[INFO] [stdout] 24 |     use extrasafe::{Rule, RuleSet};
[INFO] [stdout]    |         ^^^^^^^^^ use of undeclared crate or module `extrasafe`
[INFO] [stdout] 
[INFO] [stdout] 
[INFO] [stdout] For more information about this error, try `rustc --explain E0433`.
[INFO] [stdout] 
[INFO] [stdout] error[E0433]: failed to resolve: use of undeclared crate or module `extrasafe`
[INFO] [stdout]   --> tests/thread_multi.rs:18:9
[INFO] [stdout]    |
[INFO] [stdout] 18 |         extrasafe::SafetyContext::new()
[INFO] [stdout]    |         ^^^^^^^^^ use of undeclared crate or module `extrasafe`
[INFO] [stdout]    |
[INFO] [stdout] help: consider importing this struct
[INFO] [stdout]    |
[INFO] [stdout] 1  + use extrasafe_multiarch::SafetyContext;
[INFO] [stdout]    |
[INFO] [stdout] help: if you import `SafetyContext`, refer to it directly
[INFO] [stdout]    |
[INFO] [stdout] 18 -         extrasafe::SafetyContext::new()
[INFO] [stdout] 18 +         SafetyContext::new()
[INFO] [stdout]    |
[INFO] [stdout] 
[INFO] [stdout] 
[INFO] [stderr] error: could not compile `extrasafe-multiarch` (example "no_files_allow_stdout") due to 3 previous errors
[INFO] [stderr] warning: build failed, waiting for other jobs to finish...
[INFO] [stdout] error: aborting due to 2 previous errors
[INFO] [stdout] 
[INFO] [stdout] 
[INFO] [stdout] Some errors have detailed explanations: E0432, E0433.
[INFO] [stdout] 
[INFO] [stdout] For more information about an error, try `rustc --explain E0432`.
[INFO] [stdout] 
[INFO] [stderr] error: could not compile `extrasafe-multiarch` (test "inherit_filters") due to 3 previous errors
[INFO] [stdout] error: aborting due to 2 previous errors
[INFO] [stdout] 
[INFO] [stdout] 
[INFO] [stdout] error[E0433]: failed to resolve: use of undeclared type `SafetyContext`
[INFO] [stdout]   --> tests/use_fd.rs:26:15
[INFO] [stdout]    |
[INFO] [stdout] 26 |     let res = SafetyContext::new()
[INFO] [stdout]    |               ^^^^^^^^^^^^^ use of undeclared type `SafetyContext`
[INFO] [stdout]    |
[INFO] [stdout] help: consider importing this struct
[INFO] [stdout]    |
[INFO] [stdout] 1  + use extrasafe_multiarch::SafetyContext;
[INFO] [stdout]    |
[INFO] [stdout] 
[INFO] [stdout] 
[INFO] [stdout] error[E0433]: failed to resolve: use of undeclared crate or module `extrasafe`
[INFO] [stdout]  --> examples/user-guide.rs:4:15
[INFO] [stdout]   |
[INFO] [stdout] 4 |     let ctx = extrasafe::SafetyContext::new();
[INFO] [stdout]   |               ^^^^^^^^^ use of undeclared crate or module `extrasafe`
[INFO] [stdout]   |
[INFO] [stdout] help: consider importing this struct
[INFO] [stdout]   |
[INFO] [stdout] 1 + use extrasafe_multiarch::SafetyContext;
[INFO] [stdout]   |
[INFO] [stdout] help: if you import `SafetyContext`, refer to it directly
[INFO] [stdout]   |
[INFO] [stdout] 4 -     let ctx = extrasafe::SafetyContext::new();
[INFO] [stdout] 4 +     let ctx = SafetyContext::new();
[INFO] [stdout]   |
[INFO] [stdout] 
[INFO] [stdout] 
[INFO] [stdout] error: aborting due to 2 previous errors
[INFO] [stdout] 
[INFO] [stdout] 
[INFO] [stdout] error[E0433]: failed to resolve: use of undeclared crate or module `extrasafe`
[INFO] [stdout]   --> examples/user-guide.rs:52:5
[INFO] [stdout]    |
[INFO] [stdout] 52 |     extrasafe::SafetyContext::new()
[INFO] [stdout]    |     ^^^^^^^^^ use of undeclared crate or module `extrasafe`
[INFO] [stdout]    |
[INFO] [stdout] help: consider importing this struct
[INFO] [stdout]    |
[INFO] [stdout] 1  + use extrasafe_multiarch::SafetyContext;
[INFO] [stdout]    |
[INFO] [stdout] help: if you import `SafetyContext`, refer to it directly
[INFO] [stdout]    |
[INFO] [stdout] 52 -     extrasafe::SafetyContext::new()
[INFO] [stdout] 52 +     SafetyContext::new()
[INFO] [stdout]    |
[INFO] [stdout] 
[INFO] [stdout] 
[INFO] [stdout] Some errors have detailed explanations: E0432, E0433.
[INFO] [stdout] 
[INFO] [stdout] For more information about an error, try `rustc --explain E0432`.
[INFO] [stdout] 
[INFO] [stdout] For more information about this error, try `rustc --explain E0433`.
[INFO] [stdout] 
[INFO] [stdout] error[E0433]: failed to resolve: use of undeclared crate or module `extrasafe`
[INFO] [stdout]  --> tests/test_ref_ruleset.rs:8:5
[INFO] [stdout]   |
[INFO] [stdout] 8 |     extrasafe::SafetyContext::new().enable(ruleset)?.apply_to_current_thread()
[INFO] [stdout]   |     ^^^^^^^^^ use of undeclared crate or module `extrasafe`
[INFO] [stdout]   |
[INFO] [stdout] help: consider importing this struct
[INFO] [stdout]   |
[INFO] [stdout] 1 + use extrasafe_multiarch::SafetyContext;
[INFO] [stdout]   |
[INFO] [stdout] help: if you import `SafetyContext`, refer to it directly
[INFO] [stdout]   |
[INFO] [stdout] 8 -     extrasafe::SafetyContext::new().enable(ruleset)?.apply_to_current_thread()
[INFO] [stdout] 8 +     SafetyContext::new().enable(ruleset)?.apply_to_current_thread()
[INFO] [stdout]   |
[INFO] [stdout] 
[INFO] [stdout] 
[INFO] [stderr] error: could not compile `extrasafe-multiarch` (test "thread_multi") due to 3 previous errors
[INFO] [stderr] error: could not compile `extrasafe-multiarch` (test "network") due to 3 previous errors
[INFO] [stdout] error: aborting due to 3 previous errors
[INFO] [stdout] 
[INFO] [stdout] 
[INFO] [stdout] error: aborting due to 5 previous errors
[INFO] [stdout] 
[INFO] [stdout] 
[INFO] [stdout] Some errors have detailed explanations: E0432, E0433.
[INFO] [stdout] 
[INFO] [stdout] For more information about an error, try `rustc --explain E0432`.
[INFO] [stdout] 
[INFO] [stdout] Some errors have detailed explanations: E0432, E0433.
[INFO] [stdout] 
[INFO] [stdout] For more information about an error, try `rustc --explain E0432`.
[INFO] [stdout] 
[INFO] [stderr] error: could not compile `extrasafe-multiarch` (test "use_fd") due to 4 previous errors
[INFO] [stderr] error: could not compile `extrasafe-multiarch` (example "user-guide") due to 6 previous errors
[INFO] [stdout] error[E0433]: failed to resolve: use of undeclared crate or module `extrasafe`
[INFO] [stdout]  --> tests/test_ref_ruleset.rs:6:32
[INFO] [stdout]   |
[INFO] [stdout] 6 | fn ref_ruleset() -> Result<(), extrasafe::ExtraSafeError> {
[INFO] [stdout]   |                                ^^^^^^^^^ use of undeclared crate or module `extrasafe`
[INFO] [stdout] 
[INFO] [stdout] 
[INFO] [stdout] error: aborting due to 4 previous errors
[INFO] [stdout] 
[INFO] [stdout] 
[INFO] [stdout] Some errors have detailed explanations: E0432, E0433.
[INFO] [stdout] 
[INFO] [stdout] For more information about an error, try `rustc --explain E0432`.
[INFO] [stdout] 
[INFO] [stderr] error: could not compile `extrasafe-multiarch` (test "test_ref_ruleset") due to 5 previous errors
[INFO] [stdout] error: aborting due to 2 previous errors
[INFO] [stdout] 
[INFO] [stdout] 
[INFO] [stdout] Some errors have detailed explanations: E0432, E0433.
[INFO] [stdout] 
[INFO] [stdout] For more information about an error, try `rustc --explain E0432`.
[INFO] [stdout] 
[INFO] [stderr] error: could not compile `extrasafe-multiarch` (example "server_with_database") due to 3 previous errors
[INFO] running `Command { std: "docker" "inspect" "1b74a84a73a05cf20e13481c6fcbb233791de14dafaa1862ef698a9cb9fede1e", kill_on_drop: false }`
[INFO] running `Command { std: "docker" "rm" "-f" "1b74a84a73a05cf20e13481c6fcbb233791de14dafaa1862ef698a9cb9fede1e", kill_on_drop: false }`
[INFO] [stdout] 1b74a84a73a05cf20e13481c6fcbb233791de14dafaa1862ef698a9cb9fede1e
