[INFO] fetching crate expert 0.0.1...
[INFO] testing expert-0.0.1 against 1.75.0 for beta-1.76-1
[INFO] extracting crate expert 0.0.1 into /workspace/builds/worker-0-tc1/source
[INFO] validating manifest of crates.io crate expert 0.0.1 on toolchain 1.75.0
[INFO] running `Command { std: CARGO_HOME="/workspace/cargo-home" RUSTUP_HOME="/workspace/rustup-home" "/workspace/cargo-home/bin/cargo" "+1.75.0" "metadata" "--manifest-path" "Cargo.toml" "--no-deps", kill_on_drop: false }`
[INFO] started tweaking crates.io crate expert 0.0.1
[INFO] finished tweaking crates.io crate expert 0.0.1
[INFO] tweaked toml for crates.io crate expert 0.0.1 written to /workspace/builds/worker-0-tc1/source/Cargo.toml
[INFO] running `Command { std: CARGO_HOME="/workspace/cargo-home" RUSTUP_HOME="/workspace/rustup-home" "/workspace/cargo-home/bin/cargo" "+1.75.0" "generate-lockfile" "--manifest-path" "Cargo.toml", kill_on_drop: false }`
[INFO] [stderr]     Updating crates.io index
[INFO] running `Command { std: CARGO_HOME="/workspace/cargo-home" RUSTUP_HOME="/workspace/rustup-home" "/workspace/cargo-home/bin/cargo" "+1.75.0" "fetch" "--manifest-path" "Cargo.toml", kill_on_drop: false }`
[INFO] [stderr]  Downloading crates ...
[INFO] [stderr]   Downloaded parking_lot_core v0.2.14
[INFO] [stderr]   Downloaded ordered-float v0.5.2
[INFO] [stderr]   Downloaded owning_ref v0.3.3
[INFO] [stderr]   Downloaded parking_lot v0.4.8
[INFO] [stderr]   Downloaded itertools v0.6.5
[INFO] [stderr]   Downloaded float-cmp v0.2.5
[INFO] [stderr]   Downloaded interpolate_idents v0.1.8
[INFO] [stderr]   Downloaded string-interner v0.6.4
[INFO] running `Command { std: "docker" "create" "-v" "/var/lib/crater-agent-workspace/builds/worker-0-tc1/target:/opt/rustwide/target:rw,Z" "-v" "/var/lib/crater-agent-workspace/builds/worker-0-tc1/source:/opt/rustwide/workdir:ro,Z" "-v" "/var/lib/crater-agent-workspace/cargo-home:/opt/rustwide/cargo-home:ro,Z" "-v" "/var/lib/crater-agent-workspace/rustup-home:/opt/rustwide/rustup-home:ro,Z" "-e" "SOURCE_DIR=/opt/rustwide/workdir" "-e" "CARGO_TARGET_DIR=/opt/rustwide/target" "-e" "CARGO_HOME=/opt/rustwide/cargo-home" "-e" "RUSTUP_HOME=/opt/rustwide/rustup-home" "-w" "/opt/rustwide/workdir" "-m" "1610612736" "--user" "0:0" "--network" "none" "ghcr.io/rust-lang/crates-build-env/linux@sha256:2788e3201cd34a07e3172128adcd8b3090168a8e3bcc40d7c032b9dda1df7d1c" "/opt/rustwide/cargo-home/bin/cargo" "+1.75.0" "metadata" "--no-deps" "--format-version=1", kill_on_drop: false }`
[INFO] [stdout] 328ef4902c85ca080cb7308d3f2a174d3d9f7afbbe99d10a69f1717a911cc743
[INFO] running `Command { std: "docker" "start" "-a" "328ef4902c85ca080cb7308d3f2a174d3d9f7afbbe99d10a69f1717a911cc743", kill_on_drop: false }`
[INFO] running `Command { std: "docker" "inspect" "328ef4902c85ca080cb7308d3f2a174d3d9f7afbbe99d10a69f1717a911cc743", kill_on_drop: false }`
[INFO] running `Command { std: "docker" "rm" "-f" "328ef4902c85ca080cb7308d3f2a174d3d9f7afbbe99d10a69f1717a911cc743", kill_on_drop: false }`
[INFO] [stdout] 328ef4902c85ca080cb7308d3f2a174d3d9f7afbbe99d10a69f1717a911cc743
[INFO] running `Command { std: "docker" "create" "-v" "/var/lib/crater-agent-workspace/builds/worker-0-tc1/target:/opt/rustwide/target:rw,Z" "-v" "/var/lib/crater-agent-workspace/builds/worker-0-tc1/source:/opt/rustwide/workdir:ro,Z" "-v" "/var/lib/crater-agent-workspace/cargo-home:/opt/rustwide/cargo-home:ro,Z" "-v" "/var/lib/crater-agent-workspace/rustup-home:/opt/rustwide/rustup-home:ro,Z" "-e" "SOURCE_DIR=/opt/rustwide/workdir" "-e" "CARGO_TARGET_DIR=/opt/rustwide/target" "-e" "CARGO_INCREMENTAL=0" "-e" "RUST_BACKTRACE=full" "-e" "RUSTFLAGS=--cap-lints=warn" "-e" "RUSTDOCFLAGS=--cap-lints=warn" "-e" "CARGO_HOME=/opt/rustwide/cargo-home" "-e" "RUSTUP_HOME=/opt/rustwide/rustup-home" "-w" "/opt/rustwide/workdir" "-m" "1610612736" "--user" "0:0" "--network" "none" "ghcr.io/rust-lang/crates-build-env/linux@sha256:2788e3201cd34a07e3172128adcd8b3090168a8e3bcc40d7c032b9dda1df7d1c" "/opt/rustwide/cargo-home/bin/cargo" "+1.75.0" "build" "--frozen" "--message-format=json", kill_on_drop: false }`
[INFO] [stdout] d40b3cde682c43aba2e5295dbdf29ae7f287dadd0b242247971035872b300089
[INFO] running `Command { std: "docker" "start" "-a" "d40b3cde682c43aba2e5295dbdf29ae7f287dadd0b242247971035872b300089", kill_on_drop: false }`
[INFO] [stderr]    Compiling num-integer v0.1.45
[INFO] [stderr]    Compiling num-iter v0.1.43
[INFO] [stderr]    Compiling stable_deref_trait v1.2.0
[INFO] [stderr]    Compiling void v1.0.2
[INFO] [stderr]    Compiling either v1.9.0
[INFO] [stderr]    Compiling cc v1.0.83
[INFO] [stderr]    Compiling interpolate_idents v0.1.8
[INFO] [stderr]    Compiling num-complex v0.1.43
[INFO] [stderr]    Compiling smallvec v0.6.14
[INFO] [stderr]    Compiling string-interner v0.6.4
[INFO] [stderr]    Compiling owning_ref v0.3.3
[INFO] [stderr]    Compiling unreachable v1.0.0
[INFO] [stdout] error[E0557]: feature has been removed
[INFO] [stdout]  --> /opt/rustwide/cargo-home/registry/src/index.crates.io-6f17d22bba15001f/interpolate_idents-0.1.8/src/lib.rs:1:12
[INFO] [stdout]   |
[INFO] [stdout] 1 | #![feature(plugin_registrar, rustc_private)]
[INFO] [stdout]   |            ^^^^^^^^^^^^^^^^ feature has been removed
[INFO] [stdout]   |
[INFO] [stdout]   = note: plugins are no longer supported
[INFO] [stdout] 
[INFO] [stdout] 
[INFO] [stdout] error[E0462]: found staticlib `rustc` instead of rlib or dylib
[INFO] [stdout]  --> /opt/rustwide/cargo-home/registry/src/index.crates.io-6f17d22bba15001f/interpolate_idents-0.1.8/src/lib.rs:3:1
[INFO] [stdout]   |
[INFO] [stdout] 3 | extern crate rustc;
[INFO] [stdout]   | ^^^^^^^^^^^^^^^^^^^
[INFO] [stdout]   |
[INFO] [stdout]   = note: the following crate versions were found:
[INFO] [stdout]           crate `rustc`: /opt/rustwide/rustup-home/toolchains/1.75.0-x86_64-unknown-linux-gnu/lib/rustlib/x86_64-unknown-linux-gnu/lib/librustc-stable_rt.safestack.a
[INFO] [stdout]           crate `rustc`: /opt/rustwide/rustup-home/toolchains/1.75.0-x86_64-unknown-linux-gnu/lib/rustlib/x86_64-unknown-linux-gnu/lib/librustc-stable_rt.lsan.a
[INFO] [stdout]           crate `rustc`: /opt/rustwide/rustup-home/toolchains/1.75.0-x86_64-unknown-linux-gnu/lib/rustlib/x86_64-unknown-linux-gnu/lib/librustc-stable_rt.tsan.a
[INFO] [stdout]           crate `rustc`: /opt/rustwide/rustup-home/toolchains/1.75.0-x86_64-unknown-linux-gnu/lib/rustlib/x86_64-unknown-linux-gnu/lib/librustc-stable_rt.msan.a
[INFO] [stdout]           crate `rustc`: /opt/rustwide/rustup-home/toolchains/1.75.0-x86_64-unknown-linux-gnu/lib/rustlib/x86_64-unknown-linux-gnu/lib/librustc-stable_rt.asan.a
[INFO] [stdout]   = help: please recompile that crate using --crate-type lib
[INFO] [stdout] 
[INFO] [stdout] 
[INFO] [stdout] error[E0463]: can't find crate for `rustc_plugin`
[INFO] [stdout]  --> /opt/rustwide/cargo-home/registry/src/index.crates.io-6f17d22bba15001f/interpolate_idents-0.1.8/src/lib.rs:4:1
[INFO] [stdout]   |
[INFO] [stdout] 4 | extern crate rustc_plugin;
[INFO] [stdout]   | ^^^^^^^^^^^^^^^^^^^^^^^^^^ can't find crate
[INFO] [stdout]   |
[INFO] [stdout]   = help: maybe you need to install the missing components with: `rustup component add rust-src rustc-dev llvm-tools-preview`
[INFO] [stdout] 
[INFO] [stdout] 
[INFO] [stdout] error[E0463]: can't find crate for `syntax`
[INFO] [stdout]  --> /opt/rustwide/cargo-home/registry/src/index.crates.io-6f17d22bba15001f/interpolate_idents-0.1.8/src/lib.rs:5:1
[INFO] [stdout]   |
[INFO] [stdout] 5 | extern crate syntax;
[INFO] [stdout]   | ^^^^^^^^^^^^^^^^^^^^ can't find crate
[INFO] [stdout] 
[INFO] [stdout] 
[INFO] [stdout] error: cannot find attribute `plugin_registrar` in this scope
[INFO] [stdout]   --> /opt/rustwide/cargo-home/registry/src/index.crates.io-6f17d22bba15001f/interpolate_idents-0.1.8/src/lib.rs:16:3
[INFO] [stdout]    |
[INFO] [stdout] 16 | #[plugin_registrar]
[INFO] [stdout]    |   ^^^^^^^^^^^^^^^^
[INFO] [stdout]    |
[INFO] [stdout]    = note: `plugin_registrar` is in scope, but it is a function, not an attribute
[INFO] [stdout] 
[INFO] [stdout] 
[INFO] [stdout] error[E0554]: `#![feature]` may not be used on the stable release channel
[INFO] [stdout]  --> /opt/rustwide/cargo-home/registry/src/index.crates.io-6f17d22bba15001f/interpolate_idents-0.1.8/src/lib.rs:1:1
[INFO] [stdout]   |
[INFO] [stdout] 1 | #![feature(plugin_registrar, rustc_private)]
[INFO] [stdout]   | ^^^^^^^^^^^^^^^^^^^^^^^^^^^^^^^^^^^^^^^^^^^^
[INFO] [stdout] 
[INFO] [stdout] 
[INFO] [stderr]    Compiling ordered-float v0.5.2
[INFO] [stdout] error: aborting due to 6 previous errors
[INFO] [stdout] 
[INFO] [stdout] 
[INFO] [stdout] Some errors have detailed explanations: E0462, E0463, E0554, E0557.
[INFO] [stdout] 
[INFO] [stdout] For more information about an error, try `rustc --explain E0462`.
[INFO] [stdout] 
[INFO] [stderr] error: could not compile `interpolate_idents` (lib) due to 7 previous errors
[INFO] [stderr] warning: build failed, waiting for other jobs to finish...
[INFO] running `Command { std: "docker" "inspect" "d40b3cde682c43aba2e5295dbdf29ae7f287dadd0b242247971035872b300089", kill_on_drop: false }`
[INFO] running `Command { std: "docker" "rm" "-f" "d40b3cde682c43aba2e5295dbdf29ae7f287dadd0b242247971035872b300089", kill_on_drop: false }`
[INFO] [stdout] d40b3cde682c43aba2e5295dbdf29ae7f287dadd0b242247971035872b300089
[INFO] testing expert-0.0.1 against beta-2023-12-22 for beta-1.76-1
[INFO] extracting crate expert 0.0.1 into /workspace/builds/worker-0-tc2/source
[INFO] validating manifest of crates.io crate expert 0.0.1 on toolchain beta-2023-12-22
[INFO] running `Command { std: CARGO_HOME="/workspace/cargo-home" RUSTUP_HOME="/workspace/rustup-home" "/workspace/cargo-home/bin/cargo" "+beta-2023-12-22" "metadata" "--manifest-path" "Cargo.toml" "--no-deps", kill_on_drop: false }`
[INFO] started tweaking crates.io crate expert 0.0.1
[INFO] finished tweaking crates.io crate expert 0.0.1
[INFO] tweaked toml for crates.io crate expert 0.0.1 written to /workspace/builds/worker-0-tc2/source/Cargo.toml
[INFO] running `Command { std: CARGO_HOME="/workspace/cargo-home" RUSTUP_HOME="/workspace/rustup-home" "/workspace/cargo-home/bin/cargo" "+beta-2023-12-22" "generate-lockfile" "--manifest-path" "Cargo.toml", kill_on_drop: false }`
[INFO] [stderr]     Updating crates.io index
[INFO] running `Command { std: CARGO_HOME="/workspace/cargo-home" RUSTUP_HOME="/workspace/rustup-home" "/workspace/cargo-home/bin/cargo" "+beta-2023-12-22" "fetch" "--manifest-path" "Cargo.toml", kill_on_drop: false }`
[INFO] running `Command { std: "docker" "create" "-v" "/var/lib/crater-agent-workspace/builds/worker-0-tc2/target:/opt/rustwide/target:rw,Z" "-v" "/var/lib/crater-agent-workspace/builds/worker-0-tc2/source:/opt/rustwide/workdir:ro,Z" "-v" "/var/lib/crater-agent-workspace/cargo-home:/opt/rustwide/cargo-home:ro,Z" "-v" "/var/lib/crater-agent-workspace/rustup-home:/opt/rustwide/rustup-home:ro,Z" "-e" "SOURCE_DIR=/opt/rustwide/workdir" "-e" "CARGO_TARGET_DIR=/opt/rustwide/target" "-e" "CARGO_HOME=/opt/rustwide/cargo-home" "-e" "RUSTUP_HOME=/opt/rustwide/rustup-home" "-w" "/opt/rustwide/workdir" "-m" "1610612736" "--user" "0:0" "--network" "none" "ghcr.io/rust-lang/crates-build-env/linux@sha256:2788e3201cd34a07e3172128adcd8b3090168a8e3bcc40d7c032b9dda1df7d1c" "/opt/rustwide/cargo-home/bin/cargo" "+beta-2023-12-22" "metadata" "--no-deps" "--format-version=1", kill_on_drop: false }`
[INFO] [stdout] a765f6e6c96ac5810086755b61fbfd3b1024f048890716b63d6bb56c53745733
[INFO] running `Command { std: "docker" "start" "-a" "a765f6e6c96ac5810086755b61fbfd3b1024f048890716b63d6bb56c53745733", kill_on_drop: false }`
[INFO] running `Command { std: "docker" "inspect" "a765f6e6c96ac5810086755b61fbfd3b1024f048890716b63d6bb56c53745733", kill_on_drop: false }`
[INFO] running `Command { std: "docker" "rm" "-f" "a765f6e6c96ac5810086755b61fbfd3b1024f048890716b63d6bb56c53745733", kill_on_drop: false }`
[INFO] [stdout] a765f6e6c96ac5810086755b61fbfd3b1024f048890716b63d6bb56c53745733
[INFO] running `Command { std: "docker" "create" "-v" "/var/lib/crater-agent-workspace/builds/worker-0-tc2/target:/opt/rustwide/target:rw,Z" "-v" "/var/lib/crater-agent-workspace/builds/worker-0-tc2/source:/opt/rustwide/workdir:ro,Z" "-v" "/var/lib/crater-agent-workspace/cargo-home:/opt/rustwide/cargo-home:ro,Z" "-v" "/var/lib/crater-agent-workspace/rustup-home:/opt/rustwide/rustup-home:ro,Z" "-e" "SOURCE_DIR=/opt/rustwide/workdir" "-e" "CARGO_TARGET_DIR=/opt/rustwide/target" "-e" "CARGO_INCREMENTAL=0" "-e" "RUST_BACKTRACE=full" "-e" "RUSTFLAGS=--cap-lints=warn" "-e" "RUSTDOCFLAGS=--cap-lints=warn" "-e" "CARGO_HOME=/opt/rustwide/cargo-home" "-e" "RUSTUP_HOME=/opt/rustwide/rustup-home" "-w" "/opt/rustwide/workdir" "-m" "1610612736" "--user" "0:0" "--network" "none" "ghcr.io/rust-lang/crates-build-env/linux@sha256:2788e3201cd34a07e3172128adcd8b3090168a8e3bcc40d7c032b9dda1df7d1c" "/opt/rustwide/cargo-home/bin/cargo" "+beta-2023-12-22" "build" "--frozen" "--message-format=json", kill_on_drop: false }`
[INFO] [stdout] 527b01f4a2734f275e600e44460043443160e9a05bded76c5e498877231bf0f8
[INFO] running `Command { std: "docker" "start" "-a" "527b01f4a2734f275e600e44460043443160e9a05bded76c5e498877231bf0f8", kill_on_drop: false }`
[INFO] [stderr]    Compiling num-integer v0.1.45
[INFO] [stderr]    Compiling num-iter v0.1.43
[INFO] [stderr]    Compiling void v1.0.2
[INFO] [stderr]    Compiling stable_deref_trait v1.2.0
[INFO] [stderr]    Compiling cc v1.0.83
[INFO] [stderr]    Compiling either v1.9.0
[INFO] [stderr]    Compiling interpolate_idents v0.1.8
[INFO] [stderr]    Compiling smallvec v0.6.14
[INFO] [stderr]    Compiling num-complex v0.1.43
[INFO] [stderr]    Compiling string-interner v0.6.4
[INFO] [stdout] error[E0557]: feature has been removed
[INFO] [stdout]  --> /opt/rustwide/cargo-home/registry/src/index.crates.io-6f17d22bba15001f/interpolate_idents-0.1.8/src/lib.rs:1:12
[INFO] [stdout]   |
[INFO] [stdout] 1 | #![feature(plugin_registrar, rustc_private)]
[INFO] [stdout]   |            ^^^^^^^^^^^^^^^^ feature has been removed
[INFO] [stdout]   |
[INFO] [stdout]   = note: plugins are no longer supported
[INFO] [stdout] 
[INFO] [stdout] 
[INFO] [stdout] error[E0462]: found staticlib `rustc` instead of rlib or dylib
[INFO] [stdout]  --> /opt/rustwide/cargo-home/registry/src/index.crates.io-6f17d22bba15001f/interpolate_idents-0.1.8/src/lib.rs:3:1
[INFO] [stdout]   |
[INFO] [stdout] 3 | extern crate rustc;
[INFO] [stdout]   | ^^^^^^^^^^^^^^^^^^^
[INFO] [stdout]   |
[INFO] [stdout]   = note: the following crate versions were found:
[INFO] [stdout]           crate `rustc`: /opt/rustwide/rustup-home/toolchains/beta-2023-12-22-x86_64-unknown-linux-gnu/lib/rustlib/x86_64-unknown-linux-gnu/lib/librustc-beta_rt.lsan.a
[INFO] [stdout]           crate `rustc`: /opt/rustwide/rustup-home/toolchains/beta-2023-12-22-x86_64-unknown-linux-gnu/lib/rustlib/x86_64-unknown-linux-gnu/lib/librustc-beta_rt.msan.a
[INFO] [stdout]           crate `rustc`: /opt/rustwide/rustup-home/toolchains/beta-2023-12-22-x86_64-unknown-linux-gnu/lib/rustlib/x86_64-unknown-linux-gnu/lib/librustc-beta_rt.asan.a
[INFO] [stdout]           crate `rustc`: /opt/rustwide/rustup-home/toolchains/beta-2023-12-22-x86_64-unknown-linux-gnu/lib/rustlib/x86_64-unknown-linux-gnu/lib/librustc-beta_rt.safestack.a
[INFO] [stdout]           crate `rustc`: /opt/rustwide/rustup-home/toolchains/beta-2023-12-22-x86_64-unknown-linux-gnu/lib/rustlib/x86_64-unknown-linux-gnu/lib/librustc-beta_rt.tsan.a
[INFO] [stdout]   = help: please recompile that crate using --crate-type lib
[INFO] [stdout] 
[INFO] [stdout] 
[INFO] [stdout] error[E0463]: can't find crate for `rustc_plugin`
[INFO] [stdout]  --> /opt/rustwide/cargo-home/registry/src/index.crates.io-6f17d22bba15001f/interpolate_idents-0.1.8/src/lib.rs:4:1
[INFO] [stdout]   |
[INFO] [stdout] 4 | extern crate rustc_plugin;
[INFO] [stdout]   | ^^^^^^^^^^^^^^^^^^^^^^^^^^ can't find crate
[INFO] [stdout]   |
[INFO] [stdout]   = help: maybe you need to install the missing components with: `rustup component add rust-src rustc-dev llvm-tools-preview`
[INFO] [stdout] 
[INFO] [stdout] 
[INFO] [stdout] error[E0463]: can't find crate for `syntax`
[INFO] [stdout]  --> /opt/rustwide/cargo-home/registry/src/index.crates.io-6f17d22bba15001f/interpolate_idents-0.1.8/src/lib.rs:5:1
[INFO] [stdout]   |
[INFO] [stdout] 5 | extern crate syntax;
[INFO] [stdout]   | ^^^^^^^^^^^^^^^^^^^^ can't find crate
[INFO] [stdout] 
[INFO] [stdout] 
[INFO] [stderr]    Compiling owning_ref v0.3.3
[INFO] [stderr]    Compiling unreachable v1.0.0
[INFO] [stdout] error: cannot find attribute `plugin_registrar` in this scope
[INFO] [stdout]   --> /opt/rustwide/cargo-home/registry/src/index.crates.io-6f17d22bba15001f/interpolate_idents-0.1.8/src/lib.rs:16:3
[INFO] [stdout]    |
[INFO] [stdout] 16 | #[plugin_registrar]
[INFO] [stdout]    |   ^^^^^^^^^^^^^^^^
[INFO] [stdout]    |
[INFO] [stdout]    = note: `plugin_registrar` is in scope, but it is a function, not an attribute
[INFO] [stdout] 
[INFO] [stdout] 
[INFO] [stdout] error[E0554]: `#![feature]` may not be used on the beta release channel
[INFO] [stdout]  --> /opt/rustwide/cargo-home/registry/src/index.crates.io-6f17d22bba15001f/interpolate_idents-0.1.8/src/lib.rs:1:1
[INFO] [stdout]   |
[INFO] [stdout] 1 | #![feature(plugin_registrar, rustc_private)]
[INFO] [stdout]   | ^^^^^^^^^^^^^^^^^^^^^^^^^^^^^^^^^^^^^^^^^^^^
[INFO] [stdout] 
[INFO] [stdout] 
[INFO] [stdout] error: aborting due to 6 previous errors
[INFO] [stdout] 
[INFO] [stdout] 
[INFO] [stdout] Some errors have detailed explanations: E0462, E0463, E0554, E0557.
[INFO] [stdout] 
[INFO] [stdout] For more information about an error, try `rustc --explain E0462`.
[INFO] [stdout] 
[INFO] [stderr]    Compiling ordered-float v0.5.2
[INFO] [stderr] error: could not compile `interpolate_idents` (lib) due to 7 previous errors
[INFO] [stderr] warning: build failed, waiting for other jobs to finish...
[INFO] running `Command { std: "docker" "inspect" "527b01f4a2734f275e600e44460043443160e9a05bded76c5e498877231bf0f8", kill_on_drop: false }`
[INFO] running `Command { std: "docker" "rm" "-f" "527b01f4a2734f275e600e44460043443160e9a05bded76c5e498877231bf0f8", kill_on_drop: false }`
[INFO] [stdout] 527b01f4a2734f275e600e44460043443160e9a05bded76c5e498877231bf0f8
