[INFO] fetching crate exon-bed 0.5.3...
[INFO] testing exon-bed-0.5.3 against 1.75.0 for beta-1.76-1
[INFO] extracting crate exon-bed 0.5.3 into /workspace/builds/worker-7-tc1/source
[INFO] validating manifest of crates.io crate exon-bed 0.5.3 on toolchain 1.75.0
[INFO] running `Command { std: CARGO_HOME="/workspace/cargo-home" RUSTUP_HOME="/workspace/rustup-home" "/workspace/cargo-home/bin/cargo" "+1.75.0" "metadata" "--manifest-path" "Cargo.toml" "--no-deps", kill_on_drop: false }`
[INFO] started tweaking crates.io crate exon-bed 0.5.3
[INFO] finished tweaking crates.io crate exon-bed 0.5.3
[INFO] tweaked toml for crates.io crate exon-bed 0.5.3 written to /workspace/builds/worker-7-tc1/source/Cargo.toml
[INFO] running `Command { std: CARGO_HOME="/workspace/cargo-home" RUSTUP_HOME="/workspace/rustup-home" "/workspace/cargo-home/bin/cargo" "+1.75.0" "generate-lockfile" "--manifest-path" "Cargo.toml", kill_on_drop: false }`
[INFO] [stderr]     Updating crates.io index
[INFO] running `Command { std: CARGO_HOME="/workspace/cargo-home" RUSTUP_HOME="/workspace/rustup-home" "/workspace/cargo-home/bin/cargo" "+1.75.0" "fetch" "--manifest-path" "Cargo.toml", kill_on_drop: false }`
[INFO] [stderr]  Downloading crates ...
[INFO] [stderr]   Downloaded sqlparser_derive v0.2.2
[INFO] [stderr]   Downloaded arrow-ipc v49.0.0
[INFO] [stderr]   Downloaded arrow-schema v49.0.0
[INFO] [stderr]   Downloaded seq-macro v0.3.5
[INFO] [stderr]   Downloaded arrow-select v49.0.0
[INFO] [stderr]   Downloaded datafusion-execution v34.0.0
[INFO] [stderr]   Downloaded arrow-row v49.0.0
[INFO] [stderr]   Downloaded arrow-arith v49.0.0
[INFO] [stderr]   Downloaded zstd v0.13.0
[INFO] [stderr]   Downloaded arrow-buffer v49.0.0
[INFO] [stderr]   Downloaded datafusion-common v34.0.0
[INFO] [stderr]   Downloaded object_store v0.7.1
[INFO] [stderr]   Downloaded sqlparser v0.40.0
[INFO] [stderr]   Downloaded datafusion-optimizer v34.0.0
[INFO] [stderr]   Downloaded datafusion v34.0.0
[INFO] [stderr]   Downloaded arrow-array v49.0.0
[INFO] [stderr]   Downloaded datafusion-expr v34.0.0
[INFO] [stderr]   Downloaded object_store v0.8.0
[INFO] [stderr]   Downloaded datafusion-physical-expr v34.0.0
[INFO] [stderr]   Downloaded parquet v49.0.0
[INFO] [stderr]   Downloaded datafusion-physical-plan v34.0.0
[INFO] [stderr]   Downloaded datafusion-sql v34.0.0
[INFO] [stderr]   Downloaded noodles-bed v0.10.0
[INFO] [stderr]   Downloaded arrow-json v49.0.0
[INFO] [stderr]   Downloaded exon-common v0.5.5
[INFO] [stderr]   Downloaded arrow-ord v49.0.0
[INFO] [stderr]   Downloaded noodles v0.59.0
[INFO] [stderr]   Downloaded noodles-core v0.12.0
[INFO] [stderr]   Downloaded arrow v49.0.0
[INFO] [stderr]   Downloaded arrow-cast v49.0.0
[INFO] [stderr]   Downloaded arrow-data v49.0.0
[INFO] [stderr]   Downloaded thrift v0.17.0
[INFO] [stderr]   Downloaded arrow-csv v49.0.0
[INFO] [stderr]   Downloaded arrow-string v49.0.0
[INFO] [stderr]   Downloaded zstd-safe v7.0.0
[INFO] running `Command { std: "docker" "create" "-v" "/var/lib/crater-agent-workspace/builds/worker-7-tc1/target:/opt/rustwide/target:rw,Z" "-v" "/var/lib/crater-agent-workspace/builds/worker-7-tc1/source:/opt/rustwide/workdir:ro,Z" "-v" "/var/lib/crater-agent-workspace/cargo-home:/opt/rustwide/cargo-home:ro,Z" "-v" "/var/lib/crater-agent-workspace/rustup-home:/opt/rustwide/rustup-home:ro,Z" "-e" "SOURCE_DIR=/opt/rustwide/workdir" "-e" "CARGO_TARGET_DIR=/opt/rustwide/target" "-e" "CARGO_HOME=/opt/rustwide/cargo-home" "-e" "RUSTUP_HOME=/opt/rustwide/rustup-home" "-w" "/opt/rustwide/workdir" "-m" "1610612736" "--user" "0:0" "--network" "none" "ghcr.io/rust-lang/crates-build-env/linux@sha256:2788e3201cd34a07e3172128adcd8b3090168a8e3bcc40d7c032b9dda1df7d1c" "/opt/rustwide/cargo-home/bin/cargo" "+1.75.0" "metadata" "--no-deps" "--format-version=1", kill_on_drop: false }`
[INFO] [stdout] c27d6eb6fa9047188a681ff69b50fade4c9fef9c9418f7b0c1ac672950627b5c
[INFO] running `Command { std: "docker" "start" "-a" "c27d6eb6fa9047188a681ff69b50fade4c9fef9c9418f7b0c1ac672950627b5c", kill_on_drop: false }`
[INFO] running `Command { std: "docker" "inspect" "c27d6eb6fa9047188a681ff69b50fade4c9fef9c9418f7b0c1ac672950627b5c", kill_on_drop: false }`
[INFO] running `Command { std: "docker" "rm" "-f" "c27d6eb6fa9047188a681ff69b50fade4c9fef9c9418f7b0c1ac672950627b5c", kill_on_drop: false }`
[INFO] [stdout] c27d6eb6fa9047188a681ff69b50fade4c9fef9c9418f7b0c1ac672950627b5c
[INFO] running `Command { std: "docker" "create" "-v" "/var/lib/crater-agent-workspace/builds/worker-7-tc1/target:/opt/rustwide/target:rw,Z" "-v" "/var/lib/crater-agent-workspace/builds/worker-7-tc1/source:/opt/rustwide/workdir:ro,Z" "-v" "/var/lib/crater-agent-workspace/cargo-home:/opt/rustwide/cargo-home:ro,Z" "-v" "/var/lib/crater-agent-workspace/rustup-home:/opt/rustwide/rustup-home:ro,Z" "-e" "SOURCE_DIR=/opt/rustwide/workdir" "-e" "CARGO_TARGET_DIR=/opt/rustwide/target" "-e" "CARGO_INCREMENTAL=0" "-e" "RUST_BACKTRACE=full" "-e" "RUSTFLAGS=--cap-lints=warn" "-e" "RUSTDOCFLAGS=--cap-lints=warn" "-e" "CARGO_HOME=/opt/rustwide/cargo-home" "-e" "RUSTUP_HOME=/opt/rustwide/rustup-home" "-w" "/opt/rustwide/workdir" "-m" "1610612736" "--user" "0:0" "--network" "none" "ghcr.io/rust-lang/crates-build-env/linux@sha256:2788e3201cd34a07e3172128adcd8b3090168a8e3bcc40d7c032b9dda1df7d1c" "/opt/rustwide/cargo-home/bin/cargo" "+1.75.0" "build" "--frozen" "--message-format=json", kill_on_drop: false }`
[INFO] [stdout] 4d6b4ca27c80ddd4e0f300f7e1bc6f5482a3f36930402006c7bdd5b151891a97
[INFO] running `Command { std: "docker" "start" "-a" "4d6b4ca27c80ddd4e0f300f7e1bc6f5482a3f36930402006c7bdd5b151891a97", kill_on_drop: false }`
[INFO] [stderr]    Compiling libm v0.2.8
[INFO] [stderr]    Compiling num-traits v0.2.17
[INFO] [stderr]    Compiling num-integer v0.1.45
[INFO] [stderr]    Compiling getrandom v0.2.11
[INFO] [stderr]    Compiling ahash v0.8.7
[INFO] [stderr]    Compiling zerocopy v0.7.32
[INFO] [stderr]    Compiling allocator-api2 v0.2.16
[INFO] [stderr]    Compiling siphasher v0.3.11
[INFO] [stderr]    Compiling jobserver v0.1.27
[INFO] [stderr]    Compiling phf_shared v0.11.2
[INFO] [stderr]    Compiling static_assertions v1.1.0
[INFO] [stderr]    Compiling regex-syntax v0.8.2
[INFO] [stderr]    Compiling rand_core v0.6.4
[INFO] [stderr]    Compiling cc v1.0.83
[INFO] [stderr]    Compiling rand v0.8.5
[INFO] [stderr]    Compiling hashbrown v0.14.3
[INFO] [stderr]    Compiling phf v0.11.2
[INFO] [stderr]    Compiling lexical-util v0.8.5
[INFO] [stderr]    Compiling heck v0.4.1
[INFO] [stderr]    Compiling arrow-schema v49.0.0
[INFO] [stderr]    Compiling rustversion v1.0.14
[INFO] [stderr]    Compiling phf_generator v0.11.2
[INFO] [stderr]    Compiling regex-automata v0.4.3
[INFO] [stderr]    Compiling phf_codegen v0.11.2
[INFO] [stderr]    Compiling lexical-parse-integer v0.8.6
[INFO] [stderr]    Compiling lexical-write-integer v0.8.5
[INFO] [stderr]    Compiling lock_api v0.4.11
[INFO] [stderr]    Compiling lexical-parse-float v0.8.5
[INFO] [stderr]    Compiling serde v1.0.194
[INFO] [stderr]    Compiling lexical-write-float v0.8.5
[INFO] [stderr]    Compiling parking_lot_core v0.9.9
[INFO] [stderr]    Compiling num-complex v0.4.4
[INFO] [stderr]    Compiling half v2.3.1
[INFO] [stderr]    Compiling num-bigint v0.4.4
[INFO] [stderr]    Compiling num-iter v0.1.43
[INFO] [stderr]    Compiling chrono v0.4.31
[INFO] [stderr]    Compiling lexical-core v0.8.5
[INFO] [stderr]    Compiling scopeguard v1.2.0
[INFO] [stderr]    Compiling smallvec v1.11.2
[INFO] [stderr]    Compiling futures-io v0.3.30
[INFO] [stderr]    Compiling flatbuffers v23.5.26
[INFO] [stderr]    Compiling strum_macros v0.25.3
[INFO] [stderr]    Compiling regex v1.10.2
[INFO] [stderr]    Compiling zstd-sys v2.0.9+zstd.1.5.5
[INFO] [stderr]    Compiling unicode-width v0.1.11
[INFO] [stderr]    Compiling parse-zoneinfo v0.3.0
[INFO] [stderr]    Compiling tinyvec_macros v0.1.1
[INFO] [stderr]    Compiling syn v1.0.109
[INFO] [stderr]    Compiling num-rational v0.4.1
[INFO] [stderr]    Compiling num v0.4.1
[INFO] [stderr]    Compiling chrono-tz-build v0.2.1
[INFO] [stderr]    Compiling arrow-buffer v49.0.0
[INFO] [stderr]    Compiling tinyvec v1.6.0
[INFO] [stderr]    Compiling parking_lot v0.12.1
[INFO] [stderr]    Compiling futures-channel v0.3.30
[INFO] [stderr]    Compiling arrow-data v49.0.0
[INFO] [stderr]    Compiling doc-comment v0.3.3
[INFO] [stderr]    Compiling chrono-tz v0.8.5
[INFO] [stderr]    Compiling serde_json v1.0.111
[INFO] [stderr]    Compiling indexmap v2.1.0
[INFO] [stderr]    Compiling futures-util v0.3.30
[INFO] [stderr]    Compiling unicode-normalization v0.1.22
[INFO] [stderr]    Compiling tokio v1.35.1
[INFO] [stderr]    Compiling csv-core v0.1.11
[INFO] [stderr]    Compiling unicode-bidi v0.3.14
[INFO] [stderr]    Compiling strum v0.25.0
[INFO] [stderr]    Compiling comfy-table v7.1.0
[INFO] [stderr]    Compiling zstd-safe v7.0.0
[INFO] [stderr]    Compiling idna v0.5.0
[INFO] [stderr]    Compiling csv v1.3.0
[INFO] [stderr]    Compiling same-file v1.0.6
[INFO] [stderr]    Compiling alloc-no-stdlib v2.0.4
[INFO] [stderr]    Compiling adler v1.0.2
[INFO] [stderr]    Compiling walkdir v2.4.0
[INFO] [stderr]    Compiling miniz_oxide v0.7.1
[INFO] [stderr]    Compiling alloc-stdlib v0.2.2
[INFO] [stderr]    Compiling url v2.5.0
[INFO] [stderr]    Compiling itertools v0.11.0
[INFO] [stderr]    Compiling futures-executor v0.3.30
[INFO] [stderr]    Compiling arrow-buffer v48.0.1
[INFO] [stderr]    Compiling futures v0.3.30
[INFO] [stderr]    Compiling humantime v2.1.0
[INFO] [stderr]    Compiling paste v1.0.14
[INFO] [stderr]    Compiling arrow-schema v48.0.1
[INFO] [stderr]    Compiling snap v1.1.1
[INFO] [stderr]    Compiling flate2 v1.0.28
[INFO] [stderr]    Compiling arrow-data v48.0.1
[INFO] [stderr]    Compiling brotli-decompressor v2.5.1
[INFO] [stderr]    Compiling arrow-array v49.0.0
[INFO] [stderr]    Compiling ordered-float v2.10.1
[INFO] [stderr]    Compiling snafu-derive v0.7.5
[INFO] [stderr]    Compiling twox-hash v1.6.3
[INFO] [stderr]    Compiling byteorder v1.5.0
[INFO] [stderr]    Compiling integer-encoding v3.0.4
[INFO] [stderr]    Compiling thrift v0.17.0
[INFO] [stderr]    Compiling lz4_flex v0.11.1
[INFO] [stderr]    Compiling arrow-array v48.0.1
[INFO] [stderr]    Compiling brotli v3.4.0
[INFO] [stderr]    Compiling sqlparser_derive v0.2.2
[INFO] [stderr]    Compiling arrow-select v49.0.0
[INFO] [stderr]    Compiling arrow-arith v49.0.0
[INFO] [stderr]    Compiling arrow-row v49.0.0
[INFO] [stderr]    Compiling seq-macro v0.3.5
[INFO] [stderr]    Compiling arrow-cast v49.0.0
[INFO] [stderr]    Compiling snafu v0.7.5
[INFO] [stderr]    Compiling object_store v0.8.0
[INFO] [stderr]    Compiling arrow-string v49.0.0
[INFO] [stderr]    Compiling arrow-ipc v49.0.0
[INFO] [stderr]    Compiling arrow-json v49.0.0
[INFO] [stderr]    Compiling arrow-csv v49.0.0
[INFO] [stderr]    Compiling arrow-ord v49.0.0
[INFO] [stderr]    Compiling arrow v49.0.0
[INFO] [stderr]    Compiling sqlparser v0.40.0
[INFO] [stderr]    Compiling ppv-lite86 v0.2.17
[INFO] [stderr]    Compiling arrow-select v48.0.1
[INFO] [stderr]    Compiling rand_chacha v0.3.1
[INFO] [stderr]    Compiling blake3 v1.5.0
[INFO] [stderr]    Compiling rustix v0.38.28
[INFO] [stderr]    Compiling lzma-sys v0.1.20
[INFO] [stderr]    Compiling bzip2-sys v0.1.11+1.0.8
[INFO] [stderr]    Compiling fixedbitset v0.4.2
[INFO] [stderr]    Compiling linux-raw-sys v0.4.12
[INFO] [stderr]    Compiling constant_time_eq v0.3.0
[INFO] [stderr]    Compiling arrayref v0.3.7
[INFO] [stderr]    Compiling arrayvec v0.7.4
[INFO] [stderr]    Compiling bitflags v2.4.1
[INFO] [stderr]    Compiling petgraph v0.6.4
[INFO] [stderr]    Compiling blake2 v0.10.6
[INFO] [stderr]    Compiling md-5 v0.10.6
[INFO] [stderr]    Compiling uuid v1.6.1
[INFO] [stderr]    Compiling unicode-segmentation v1.10.1
[INFO] [stderr]    Compiling tempfile v3.9.0
[INFO] [stderr]    Compiling arrow-cast v48.0.1
[INFO] [stderr]    Compiling dashmap v5.5.3
[INFO] [stderr]    Compiling xz2 v0.1.7
[INFO] [stderr]    Compiling tokio-util v0.7.10
[INFO] [stderr]    Compiling glob v0.3.1
[INFO] [stderr]    Compiling noodles-core v0.12.0
[INFO] [stderr]    Compiling noodles-bed v0.10.0
[INFO] [stderr]    Compiling arrow-string v48.0.1
[INFO] [stderr]    Compiling arrow-ord v48.0.1
[INFO] [stderr]    Compiling arrow-ipc v48.0.1
[INFO] [stderr]    Compiling arrow-json v48.0.1
[INFO] [stderr]    Compiling arrow-csv v48.0.1
[INFO] [stderr]    Compiling arrow-row v48.0.1
[INFO] [stderr]    Compiling arrow-arith v48.0.1
[INFO] [stderr]    Compiling noodles v0.59.0
[INFO] [stderr]    Compiling object_store v0.7.1
[INFO] [stderr]    Compiling arrow v48.0.1
[INFO] [stderr]    Compiling bzip2 v0.4.4
[INFO] [stderr]    Compiling zstd v0.13.0
[INFO] [stderr]    Compiling parquet v49.0.0
[INFO] [stderr]    Compiling async-compression v0.4.5
[INFO] [stderr]    Compiling datafusion-common v34.0.0
[INFO] [stderr]    Compiling datafusion-expr v34.0.0
[INFO] [stderr]    Compiling datafusion-physical-expr v34.0.0
[INFO] [stderr]    Compiling datafusion-execution v34.0.0
[INFO] [stderr]    Compiling datafusion-sql v34.0.0
[INFO] [stderr]    Compiling datafusion-optimizer v34.0.0
[INFO] [stderr]    Compiling datafusion-physical-plan v34.0.0
[INFO] [stderr]    Compiling datafusion v34.0.0
[INFO] [stderr]    Compiling exon-common v0.5.5
[INFO] [stderr]    Compiling exon-bed v0.5.3 (/opt/rustwide/workdir)
[INFO] [stdout] error[E0053]: method `finish` has an incompatible type for trait
[INFO] [stdout]    --> src/array_builder.rs:172:5
[INFO] [stdout]     |
[INFO] [stdout] 172 |     fn finish(&mut self) -> Vec<ArrayRef> {
[INFO] [stdout]     |     ^^^^^^^^^^^^^^^^^^^^^^^^^^^^^^^^^^^^^ expected trait `arrow_array::array::Array`, found trait `arrow::array::Array`
[INFO] [stdout]     |
[INFO] [stdout]     = note: expected signature `fn(&mut BEDArrayBuilder) -> Vec<Arc<(dyn arrow_array::array::Array + 'static)>>`
[INFO] [stdout]                found signature `fn(&mut BEDArrayBuilder) -> Vec<Arc<(dyn arrow::array::Array + 'static)>>`
[INFO] [stdout]     = note: perhaps two different versions of crate `arrow_array` are being used?
[INFO] [stdout] 
[INFO] [stdout] 
[INFO] [stdout] error[E0308]: mismatched types
[INFO] [stdout]    --> src/batch_reader.rs:76:57
[INFO] [stdout]     |
[INFO] [stdout] 76  |         let batch = array_builder.try_into_record_batch(schema)?;
[INFO] [stdout]     |                                   --------------------- ^^^^^^ expected `arrow_schema::schema::Schema`, found `arrow::datatypes::Schema`
[INFO] [stdout]     |                                   |
[INFO] [stdout]     |                                   arguments to this method are incorrect
[INFO] [stdout]     |
[INFO] [stdout]     = note: `arrow::datatypes::Schema` and `arrow_schema::schema::Schema` have similar names, but are actually distinct types
[INFO] [stdout] note: `arrow::datatypes::Schema` is defined in crate `arrow_schema`
[INFO] [stdout]    --> /opt/rustwide/cargo-home/registry/src/index.crates.io-6f17d22bba15001f/arrow-schema-48.0.1/src/schema.rs:123:1
[INFO] [stdout]     |
[INFO] [stdout] 123 | pub struct Schema {
[INFO] [stdout]     | ^^^^^^^^^^^^^^^^^
[INFO] [stdout] note: `arrow_schema::schema::Schema` is defined in crate `arrow_schema`
[INFO] [stdout]    --> /opt/rustwide/cargo-home/registry/src/index.crates.io-6f17d22bba15001f/arrow-schema-49.0.0/src/schema.rs:181:1
[INFO] [stdout]     |
[INFO] [stdout] 181 | pub struct Schema {
[INFO] [stdout]     | ^^^^^^^^^^^^^^^^^
[INFO] [stdout]     = note: perhaps two different versions of crate `arrow_schema` are being used?
[INFO] [stdout] note: method defined here
[INFO] [stdout]    --> /opt/rustwide/cargo-home/registry/src/index.crates.io-6f17d22bba15001f/exon-common-0.5.5/src/array_builder.rs:25:8
[INFO] [stdout]     |
[INFO] [stdout] 25  |     fn try_into_record_batch(
[INFO] [stdout]     |        ^^^^^^^^^^^^^^^^^^^^^
[INFO] [stdout] 
[INFO] [stdout] 
[INFO] [stdout] error[E0277]: `?` couldn't convert the error to `ArrowError`
[INFO] [stdout]   --> src/batch_reader.rs:76:64
[INFO] [stdout]    |
[INFO] [stdout] 76 |         let batch = array_builder.try_into_record_batch(schema)?;
[INFO] [stdout]    |                                                                ^ the trait `From<arrow_schema::error::ArrowError>` is not implemented for `ArrowError`
[INFO] [stdout]    |
[INFO] [stdout]    = note: the question mark operation (`?`) implicitly performs a conversion on the error value using the `From` trait
[INFO] [stdout]    = help: the following other types implement trait `From<T>`:
[INFO] [stdout]              <ArrowError as From<std::io::Error>>
[INFO] [stdout]              <ArrowError as From<FromUtf8Error>>
[INFO] [stdout]              <ArrowError as From<IntoInnerError<W>>>
[INFO] [stdout]    = note: required for `Result<Option<arrow::array::RecordBatch>, ArrowError>` to implement `FromResidual<Result<Infallible, arrow_schema::error::ArrowError>>`
[INFO] [stdout] 
[INFO] [stdout] 
[INFO] [stdout] error[E0308]: `?` operator has incompatible types
[INFO] [stdout]   --> src/batch_reader.rs:79:41
[INFO] [stdout]    |
[INFO] [stdout] 79 |             Some(projection) => Ok(Some(batch.project(projection)?)),
[INFO] [stdout]    |                                         ^^^^^^^^^^^^^^^^^^^^^^^^^^ expected `arrow::array::RecordBatch`, found `RecordBatch`
[INFO] [stdout]    |
[INFO] [stdout]    = note: `?` operator cannot convert from `arrow_array::record_batch::RecordBatch` to `arrow::array::RecordBatch`
[INFO] [stdout]    = note: `RecordBatch` and `arrow::array::RecordBatch` have similar names, but are actually distinct types
[INFO] [stdout] note: `RecordBatch` is defined in crate `arrow_array`
[INFO] [stdout]   --> /opt/rustwide/cargo-home/registry/src/index.crates.io-6f17d22bba15001f/arrow-array-49.0.0/src/record_batch.rs:72:1
[INFO] [stdout]    |
[INFO] [stdout] 72 | pub struct RecordBatch {
[INFO] [stdout]    | ^^^^^^^^^^^^^^^^^^^^^^
[INFO] [stdout] note: `arrow::array::RecordBatch` is defined in crate `arrow_array`
[INFO] [stdout]   --> /opt/rustwide/cargo-home/registry/src/index.crates.io-6f17d22bba15001f/arrow-array-48.0.1/src/record_batch.rs:72:1
[INFO] [stdout]    |
[INFO] [stdout] 72 | pub struct RecordBatch {
[INFO] [stdout]    | ^^^^^^^^^^^^^^^^^^^^^^
[INFO] [stdout]    = note: perhaps two different versions of crate `arrow_array` are being used?
[INFO] [stdout] 
[INFO] [stdout] 
[INFO] [stdout] error[E0277]: `?` couldn't convert the error to `ArrowError`
[INFO] [stdout]   --> src/batch_reader.rs:79:66
[INFO] [stdout]    |
[INFO] [stdout] 79 |             Some(projection) => Ok(Some(batch.project(projection)?)),
[INFO] [stdout]    |                                                                  ^ the trait `From<arrow_schema::error::ArrowError>` is not implemented for `ArrowError`
[INFO] [stdout]    |
[INFO] [stdout]    = note: the question mark operation (`?`) implicitly performs a conversion on the error value using the `From` trait
[INFO] [stdout]    = help: the following other types implement trait `From<T>`:
[INFO] [stdout]              <ArrowError as From<std::io::Error>>
[INFO] [stdout]              <ArrowError as From<FromUtf8Error>>
[INFO] [stdout]              <ArrowError as From<IntoInnerError<W>>>
[INFO] [stdout]    = note: required for `Result<Option<arrow::array::RecordBatch>, ArrowError>` to implement `FromResidual<Result<Infallible, arrow_schema::error::ArrowError>>`
[INFO] [stdout] 
[INFO] [stdout] 
[INFO] [stdout] error[E0308]: mismatched types
[INFO] [stdout]   --> src/batch_reader.rs:80:29
[INFO] [stdout]    |
[INFO] [stdout] 80 |             None => Ok(Some(batch)),
[INFO] [stdout]    |                        ---- ^^^^^ expected `arrow::array::RecordBatch`, found `RecordBatch`
[INFO] [stdout]    |                        |
[INFO] [stdout]    |                        arguments to this enum variant are incorrect
[INFO] [stdout]    |
[INFO] [stdout]    = note: `RecordBatch` and `arrow::array::RecordBatch` have similar names, but are actually distinct types
[INFO] [stdout] note: `RecordBatch` is defined in crate `arrow_array`
[INFO] [stdout]   --> /opt/rustwide/cargo-home/registry/src/index.crates.io-6f17d22bba15001f/arrow-array-49.0.0/src/record_batch.rs:72:1
[INFO] [stdout]    |
[INFO] [stdout] 72 | pub struct RecordBatch {
[INFO] [stdout]    | ^^^^^^^^^^^^^^^^^^^^^^
[INFO] [stdout] note: `arrow::array::RecordBatch` is defined in crate `arrow_array`
[INFO] [stdout]   --> /opt/rustwide/cargo-home/registry/src/index.crates.io-6f17d22bba15001f/arrow-array-48.0.1/src/record_batch.rs:72:1
[INFO] [stdout]    |
[INFO] [stdout] 72 | pub struct RecordBatch {
[INFO] [stdout]    | ^^^^^^^^^^^^^^^^^^^^^^
[INFO] [stdout]    = note: perhaps two different versions of crate `arrow_array` are being used?
[INFO] [stdout] help: the type constructed contains `arrow_array::record_batch::RecordBatch` due to the type of the argument passed
[INFO] [stdout]   --> src/batch_reader.rs:80:24
[INFO] [stdout]    |
[INFO] [stdout] 80 |             None => Ok(Some(batch)),
[INFO] [stdout]    |                        ^^^^^-----^
[INFO] [stdout]    |                             |
[INFO] [stdout]    |                             this argument influences the type of `Some`
[INFO] [stdout] note: tuple variant defined here
[INFO] [stdout]   --> /rustc/82e1608dfa6e0b5569232559e3d385fea5a93112/library/core/src/option.rs:577:5
[INFO] [stdout] 
[INFO] [stdout] 
[INFO] [stdout] error[E0308]: mismatched types
[INFO] [stdout]    --> src/array_builder.rs:51:35
[INFO] [stdout]     |
[INFO] [stdout] 51  |         TableSchema::new(Arc::new(schema), projection)
[INFO] [stdout]     |                          -------- ^^^^^^ expected `arrow_schema::schema::Schema`, found `arrow::datatypes::Schema`
[INFO] [stdout]     |                          |
[INFO] [stdout]     |                          arguments to this function are incorrect
[INFO] [stdout]     |
[INFO] [stdout]     = note: `arrow::datatypes::Schema` and `arrow_schema::schema::Schema` have similar names, but are actually distinct types
[INFO] [stdout] note: `arrow::datatypes::Schema` is defined in crate `arrow_schema`
[INFO] [stdout]    --> /opt/rustwide/cargo-home/registry/src/index.crates.io-6f17d22bba15001f/arrow-schema-48.0.1/src/schema.rs:123:1
[INFO] [stdout]     |
[INFO] [stdout] 123 | pub struct Schema {
[INFO] [stdout]     | ^^^^^^^^^^^^^^^^^
[INFO] [stdout] note: `arrow_schema::schema::Schema` is defined in crate `arrow_schema`
[INFO] [stdout]    --> /opt/rustwide/cargo-home/registry/src/index.crates.io-6f17d22bba15001f/arrow-schema-49.0.0/src/schema.rs:181:1
[INFO] [stdout]     |
[INFO] [stdout] 181 | pub struct Schema {
[INFO] [stdout]     | ^^^^^^^^^^^^^^^^^
[INFO] [stdout]     = note: perhaps two different versions of crate `arrow_schema` are being used?
[INFO] [stdout] note: associated function defined here
[INFO] [stdout]    --> /rustc/82e1608dfa6e0b5569232559e3d385fea5a93112/library/alloc/src/sync.rs:386:12
[INFO] [stdout] 
[INFO] [stdout] 
[INFO] [stdout] error: aborting due to 7 previous errors
[INFO] [stdout] 
[INFO] [stdout] 
[INFO] [stdout] Some errors have detailed explanations: E0053, E0277, E0308.
[INFO] [stdout] 
[INFO] [stdout] For more information about an error, try `rustc --explain E0053`.
[INFO] [stdout] 
[INFO] [stderr] error: could not compile `exon-bed` (lib) due to 8 previous errors
[INFO] [stderr] warning: build failed, waiting for other jobs to finish...
[INFO] running `Command { std: "docker" "inspect" "4d6b4ca27c80ddd4e0f300f7e1bc6f5482a3f36930402006c7bdd5b151891a97", kill_on_drop: false }`
[INFO] running `Command { std: "docker" "rm" "-f" "4d6b4ca27c80ddd4e0f300f7e1bc6f5482a3f36930402006c7bdd5b151891a97", kill_on_drop: false }`
[INFO] [stdout] 4d6b4ca27c80ddd4e0f300f7e1bc6f5482a3f36930402006c7bdd5b151891a97
