[INFO] fetching crate exc-binance 0.7.0-alpha.0...
[INFO] testing exc-binance-0.7.0-alpha.0 against 1.75.0 for beta-1.76-1
[INFO] extracting crate exc-binance 0.7.0-alpha.0 into /workspace/builds/worker-5-tc1/source
[INFO] validating manifest of crates.io crate exc-binance 0.7.0-alpha.0 on toolchain 1.75.0
[INFO] running `Command { std: CARGO_HOME="/workspace/cargo-home" RUSTUP_HOME="/workspace/rustup-home" "/workspace/cargo-home/bin/cargo" "+1.75.0" "metadata" "--manifest-path" "Cargo.toml" "--no-deps", kill_on_drop: false }`
[INFO] started tweaking crates.io crate exc-binance 0.7.0-alpha.0
[INFO] finished tweaking crates.io crate exc-binance 0.7.0-alpha.0
[INFO] tweaked toml for crates.io crate exc-binance 0.7.0-alpha.0 written to /workspace/builds/worker-5-tc1/source/Cargo.toml
[INFO] crate crates.io crate exc-binance 0.7.0-alpha.0 already has a lockfile, it will not be regenerated
[INFO] running `Command { std: CARGO_HOME="/workspace/cargo-home" RUSTUP_HOME="/workspace/rustup-home" "/workspace/cargo-home/bin/cargo" "+1.75.0" "fetch" "--manifest-path" "Cargo.toml", kill_on_drop: false }`
[INFO] [stderr]     Updating crates.io index
[INFO] [stderr]  Downloading crates ...
[INFO] [stderr]   Downloaded exc-core v0.7.0-alpha.0
[INFO] [stderr]   Downloaded proc-macro-crate v2.0.0
[INFO] [stderr]   Downloaded serde_with_macros v3.4.0
[INFO] [stderr]   Downloaded exc-make v0.7.0-alpha.0
[INFO] [stderr]   Downloaded rust_decimal_macros v1.33.1
[INFO] [stderr]   Downloaded tokio-tower v0.6.0
[INFO] [stderr]   Downloaded borsh-derive v1.2.0
[INFO] [stderr]   Downloaded rkyv_derive v0.7.42
[INFO] [stderr]   Downloaded rkyv v0.7.42
[INFO] [stderr]   Downloaded borsh v1.2.0
[INFO] [stderr]   Downloaded tower-make v0.3.0
[INFO] [stderr]   Downloaded exc-types v0.7.0-alpha.0
[INFO] [stderr]   Downloaded exc-service v0.7.0-alpha.0
[INFO] [stderr]   Downloaded positions v0.2.1
[INFO] [stderr]   Downloaded exc-symbol v0.7.0-alpha.0
[INFO] [stderr]   Downloaded indicator v0.4.2
[INFO] running `Command { std: "docker" "create" "-v" "/var/lib/crater-agent-workspace/builds/worker-5-tc1/target:/opt/rustwide/target:rw,Z" "-v" "/var/lib/crater-agent-workspace/builds/worker-5-tc1/source:/opt/rustwide/workdir:ro,Z" "-v" "/var/lib/crater-agent-workspace/cargo-home:/opt/rustwide/cargo-home:ro,Z" "-v" "/var/lib/crater-agent-workspace/rustup-home:/opt/rustwide/rustup-home:ro,Z" "-e" "SOURCE_DIR=/opt/rustwide/workdir" "-e" "CARGO_TARGET_DIR=/opt/rustwide/target" "-e" "CARGO_HOME=/opt/rustwide/cargo-home" "-e" "RUSTUP_HOME=/opt/rustwide/rustup-home" "-w" "/opt/rustwide/workdir" "-m" "1610612736" "--user" "0:0" "--network" "none" "ghcr.io/rust-lang/crates-build-env/linux@sha256:2788e3201cd34a07e3172128adcd8b3090168a8e3bcc40d7c032b9dda1df7d1c" "/opt/rustwide/cargo-home/bin/cargo" "+1.75.0" "metadata" "--no-deps" "--format-version=1", kill_on_drop: false }`
[INFO] [stdout] aa7a831dd1fa4dba28a617b6079f01365b694da4e709b9296f057d5a9e24ffa3
[INFO] running `Command { std: "docker" "start" "-a" "aa7a831dd1fa4dba28a617b6079f01365b694da4e709b9296f057d5a9e24ffa3", kill_on_drop: false }`
[INFO] running `Command { std: "docker" "inspect" "aa7a831dd1fa4dba28a617b6079f01365b694da4e709b9296f057d5a9e24ffa3", kill_on_drop: false }`
[INFO] running `Command { std: "docker" "rm" "-f" "aa7a831dd1fa4dba28a617b6079f01365b694da4e709b9296f057d5a9e24ffa3", kill_on_drop: false }`
[INFO] [stdout] aa7a831dd1fa4dba28a617b6079f01365b694da4e709b9296f057d5a9e24ffa3
[INFO] running `Command { std: "docker" "create" "-v" "/var/lib/crater-agent-workspace/builds/worker-5-tc1/target:/opt/rustwide/target:rw,Z" "-v" "/var/lib/crater-agent-workspace/builds/worker-5-tc1/source:/opt/rustwide/workdir:ro,Z" "-v" "/var/lib/crater-agent-workspace/cargo-home:/opt/rustwide/cargo-home:ro,Z" "-v" "/var/lib/crater-agent-workspace/rustup-home:/opt/rustwide/rustup-home:ro,Z" "-e" "SOURCE_DIR=/opt/rustwide/workdir" "-e" "CARGO_TARGET_DIR=/opt/rustwide/target" "-e" "CARGO_INCREMENTAL=0" "-e" "RUST_BACKTRACE=full" "-e" "RUSTFLAGS=--cap-lints=warn" "-e" "RUSTDOCFLAGS=--cap-lints=warn" "-e" "CARGO_HOME=/opt/rustwide/cargo-home" "-e" "RUSTUP_HOME=/opt/rustwide/rustup-home" "-w" "/opt/rustwide/workdir" "-m" "1610612736" "--user" "0:0" "--network" "none" "ghcr.io/rust-lang/crates-build-env/linux@sha256:2788e3201cd34a07e3172128adcd8b3090168a8e3bcc40d7c032b9dda1df7d1c" "/opt/rustwide/cargo-home/bin/cargo" "+1.75.0" "build" "--frozen" "--message-format=json", kill_on_drop: false }`
[INFO] [stdout] 80af42b9952820f0264fa673221f425c1a45fa9e965d13ab0310a29e4f9296ea
[INFO] running `Command { std: "docker" "start" "-a" "80af42b9952820f0264fa673221f425c1a45fa9e965d13ab0310a29e4f9296ea", kill_on_drop: false }`
[INFO] [stderr]    Compiling proc-macro2 v1.0.69
[INFO] [stderr]    Compiling libc v0.2.150
[INFO] [stderr]    Compiling version_check v0.9.4
[INFO] [stderr]    Compiling pin-project-lite v0.2.13
[INFO] [stderr]    Compiling fnv v1.0.7
[INFO] [stderr]    Compiling futures-core v0.3.29
[INFO] [stderr]    Compiling serde v1.0.193
[INFO] [stderr]    Compiling futures-sink v0.3.29
[INFO] [stderr]    Compiling bytes v1.5.0
[INFO] [stderr]    Compiling slab v0.4.9
[INFO] [stderr]    Compiling itoa v1.0.9
[INFO] [stderr]    Compiling futures-channel v0.3.29
[INFO] [stderr]    Compiling futures-task v0.3.29
[INFO] [stderr]    Compiling futures-util v0.3.29
[INFO] [stderr]    Compiling once_cell v1.18.0
[INFO] [stderr]    Compiling futures-io v0.3.29
[INFO] [stderr]    Compiling memchr v2.6.4
[INFO] [stderr]    Compiling pin-utils v0.1.0
[INFO] [stderr]    Compiling quote v1.0.33
[INFO] [stderr]    Compiling ident_case v1.0.1
[INFO] [stderr]    Compiling strsim v0.10.0
[INFO] [stderr]    Compiling typenum v1.17.0
[INFO] [stderr]    Compiling generic-array v0.14.7
[INFO] [stderr]    Compiling syn v2.0.39
[INFO] [stderr]    Compiling thiserror v1.0.50
[INFO] [stderr]    Compiling tinyvec_macros v0.1.1
[INFO] [stderr]    Compiling httparse v1.8.0
[INFO] [stderr]    Compiling tinyvec v1.6.0
[INFO] [stderr]    Compiling socket2 v0.5.5
[INFO] [stderr]    Compiling mio v0.8.9
[INFO] [stderr]    Compiling num_cpus v1.16.0
[INFO] [stderr]    Compiling getrandom v0.2.11
[INFO] [stderr]    Compiling cc v1.0.83
[INFO] [stderr]    Compiling tracing-core v0.1.32
[INFO] [stderr]    Compiling http v0.2.11
[INFO] [stderr]    Compiling untrusted v0.9.0
[INFO] [stderr]    Compiling spin v0.9.8
[INFO] [stderr]    Compiling tower-service v0.3.2
[INFO] [stderr]    Compiling ahash v0.8.6
[INFO] [stderr]    Compiling indexmap v1.9.3
[INFO] [stderr]    Compiling num-traits v0.2.17
[INFO] [stderr]    Compiling crossbeam-utils v0.8.16
[INFO] [stderr]    Compiling rustls v0.21.9
[INFO] [stderr]    Compiling hashbrown v0.12.3
[INFO] [stderr]    Compiling time-core v0.1.2
[INFO] [stderr]    Compiling ring v0.17.5
[INFO] [stderr]    Compiling try-lock v0.2.4
[INFO] [stderr]    Compiling subtle v2.5.0
[INFO] [stderr]    Compiling powerfmt v0.2.0
[INFO] [stderr]    Compiling zerocopy v0.7.26
[INFO] [stderr]    Compiling block-buffer v0.10.4
[INFO] [stderr]    Compiling crypto-common v0.1.6
[INFO] [stderr]    Compiling want v0.3.1
[INFO] [stderr]    Compiling digest v0.10.7
[INFO] [stderr]    Compiling time-macros v0.2.15
[INFO] [stderr]    Compiling http-body v0.4.5
[INFO] [stderr]    Compiling socket2 v0.4.10
[INFO] [stderr]    Compiling memoffset v0.9.0
[INFO] [stderr]    Compiling rust_decimal v1.33.1
[INFO] [stderr]    Compiling syn v1.0.109
[INFO] [stderr]    Compiling anyhow v1.0.75
[INFO] [stderr]    Compiling percent-encoding v2.3.1
[INFO] [stderr]    Compiling tower-layer v0.3.2
[INFO] [stderr]    Compiling httpdate v1.0.3
[INFO] [stderr]    Compiling form_urlencoded v1.2.1
[INFO] [stderr]    Compiling unicode-normalization v0.1.22
[INFO] [stderr]    Compiling rand_core v0.6.4
[INFO] [stderr]    Compiling crossbeam-epoch v0.9.15
[INFO] [stderr]    Compiling cpufeatures v0.2.11
[INFO] [stderr]    Compiling unicode-bidi v0.3.13
[INFO] [stderr]    Compiling ppv-lite86 v0.2.17
[INFO] [stderr]    Compiling idna v0.5.0
[INFO] [stderr]    Compiling rand_chacha v0.3.1
[INFO] [stderr]    Compiling crossbeam-queue v0.3.8
[INFO] [stderr]    Compiling darling_core v0.20.3
[INFO] [stderr]    Compiling humantime v2.1.0
[INFO] [stderr]    Compiling convert_case v0.4.0
[INFO] [stderr]    Compiling scopeguard v1.2.0
[INFO] [stderr]    Compiling url v2.5.0
[INFO] [stderr]    Compiling rand v0.8.5
[INFO] [stderr]    Compiling sha1 v0.10.6
[INFO] [stderr]    Compiling byteorder v1.5.0
[INFO] [stderr]    Compiling data-encoding v2.5.0
[INFO] [stderr]    Compiling webpki-roots v0.25.3
[INFO] [stderr]    Compiling utf-8 v0.7.6
[INFO] [stderr]    Compiling crossbeam-deque v0.8.3
[INFO] [stderr]    Compiling crossbeam-channel v0.5.8
[INFO] [stderr]    Compiling tower-make v0.3.0
[INFO] [stderr]    Compiling ryu v1.0.15
[INFO] [stderr]    Compiling sct v0.7.1
[INFO] [stderr]    Compiling rustls-webpki v0.101.7
[INFO] [stderr]    Compiling serde_json v1.0.108
[INFO] [stderr]    Compiling serde_derive v1.0.193
[INFO] [stderr]    Compiling futures-macro v0.3.29
[INFO] [stderr]    Compiling tokio-macros v2.2.0
[INFO] [stderr]    Compiling thiserror-impl v1.0.50
[INFO] [stderr]    Compiling tracing-attributes v0.1.27
[INFO] [stderr]    Compiling pin-project-internal v1.1.3
[INFO] [stderr]    Compiling darling_macro v0.20.3
[INFO] [stderr]    Compiling tokio v1.34.0
[INFO] [stderr]    Compiling darling v0.20.3
[INFO] [stderr]    Compiling serde_with_macros v2.3.3
[INFO] [stderr]    Compiling derive_more v0.99.17
[INFO] [stderr]    Compiling tracing v0.1.40
[INFO] [stderr]    Compiling pin-project v1.1.3
[INFO] [stderr]    Compiling async-stream-impl v0.3.5
[INFO] [stderr]    Compiling serde_with_macros v3.4.0
[INFO] [stderr]    Compiling tungstenite v0.20.1
[INFO] [stderr]    Compiling async-stream v0.3.5
[INFO] [stderr]    Compiling crossbeam v0.8.2
[INFO] [stderr]    Compiling either v1.9.0
[INFO] [stderr]    Compiling sha2 v0.10.8
[INFO] [stderr]    Compiling hmac v0.12.1
[INFO] [stderr]    Compiling hex v0.4.3
[INFO] [stderr]    Compiling futures-executor v0.3.29
[INFO] [stderr]    Compiling futures v0.3.29
[INFO] [stderr]    Compiling tokio-util v0.7.10
[INFO] [stderr]    Compiling hyper v0.14.27
[INFO] [stderr]    Compiling tower v0.4.13
[INFO] [stderr]    Compiling tokio-rustls v0.24.1
[INFO] [stderr]    Compiling tokio-stream v0.1.14
[INFO] [stderr]    Compiling tokio-tungstenite v0.20.1
[INFO] [stderr]    Compiling tokio-tower v0.6.0
[INFO] [stderr]    Compiling deranged v0.3.9
[INFO] [stderr]    Compiling hashbrown v0.13.2
[INFO] [stderr]    Compiling smol_str v0.1.24
[INFO] [stderr]    Compiling serde_with v2.3.3
[INFO] [stderr]    Compiling serde_urlencoded v0.7.1
[INFO] [stderr]    Compiling exc-service v0.7.0-alpha.0
[INFO] [stderr]    Compiling hyper-rustls v0.24.2
[INFO] [stderr]    Compiling serde_with v3.4.0
[INFO] [stderr]    Compiling positions v0.2.1
[INFO] [stderr]    Compiling time v0.3.30
[INFO] [stderr]    Compiling indicator v0.4.2
[INFO] [stderr]    Compiling exc-symbol v0.7.0-alpha.0
[INFO] [stderr]    Compiling exc-types v0.7.0-alpha.0
[INFO] [stderr]    Compiling exc-make v0.7.0-alpha.0
[INFO] [stderr]    Compiling exc-core v0.7.0-alpha.0
[INFO] [stderr]    Compiling exc-binance v0.7.0-alpha.0 (/opt/rustwide/workdir)
[INFO] [stderr]     Finished dev [unoptimized + debuginfo] target(s) in 1m 29s
[INFO] running `Command { std: "docker" "inspect" "80af42b9952820f0264fa673221f425c1a45fa9e965d13ab0310a29e4f9296ea", kill_on_drop: false }`
[INFO] running `Command { std: "docker" "rm" "-f" "80af42b9952820f0264fa673221f425c1a45fa9e965d13ab0310a29e4f9296ea", kill_on_drop: false }`
[INFO] [stdout] 80af42b9952820f0264fa673221f425c1a45fa9e965d13ab0310a29e4f9296ea
[INFO] running `Command { std: "docker" "create" "-v" "/var/lib/crater-agent-workspace/builds/worker-5-tc1/target:/opt/rustwide/target:rw,Z" "-v" "/var/lib/crater-agent-workspace/builds/worker-5-tc1/source:/opt/rustwide/workdir:ro,Z" "-v" "/var/lib/crater-agent-workspace/cargo-home:/opt/rustwide/cargo-home:ro,Z" "-v" "/var/lib/crater-agent-workspace/rustup-home:/opt/rustwide/rustup-home:ro,Z" "-e" "SOURCE_DIR=/opt/rustwide/workdir" "-e" "CARGO_TARGET_DIR=/opt/rustwide/target" "-e" "CARGO_INCREMENTAL=0" "-e" "RUST_BACKTRACE=full" "-e" "RUSTFLAGS=--cap-lints=warn" "-e" "RUSTDOCFLAGS=--cap-lints=warn" "-e" "CARGO_HOME=/opt/rustwide/cargo-home" "-e" "RUSTUP_HOME=/opt/rustwide/rustup-home" "-w" "/opt/rustwide/workdir" "-m" "1610612736" "--user" "0:0" "--network" "none" "ghcr.io/rust-lang/crates-build-env/linux@sha256:2788e3201cd34a07e3172128adcd8b3090168a8e3bcc40d7c032b9dda1df7d1c" "/opt/rustwide/cargo-home/bin/cargo" "+1.75.0" "test" "--frozen" "--no-run" "--message-format=json", kill_on_drop: false }`
[INFO] [stdout] c71cfacbbe9c7fafc414877eb373d8e722520ba99046bab0c9dd1a862a136a0d
[INFO] running `Command { std: "docker" "start" "-a" "c71cfacbbe9c7fafc414877eb373d8e722520ba99046bab0c9dd1a862a136a0d", kill_on_drop: false }`
[INFO] [stderr]    Compiling lock_api v0.4.11
[INFO] [stderr]    Compiling smallvec v1.11.2
[INFO] [stderr]    Compiling parking_lot_core v0.9.9
[INFO] [stderr]    Compiling log v0.4.20
[INFO] [stderr]    Compiling signal-hook-registry v1.4.1
[INFO] [stderr]    Compiling strsim v0.10.0
[INFO] [stderr]    Compiling tracing-core v0.1.32
[INFO] [stderr]    Compiling indexmap v1.9.3
[INFO] [stderr]    Compiling darling_core v0.20.3
[INFO] [stderr]    Compiling syn v1.0.109
[INFO] [stderr]    Compiling rustls v0.21.9
[INFO] [stderr]    Compiling parking_lot v0.12.1
[INFO] [stderr]    Compiling tracing v0.1.40
[INFO] [stderr]    Compiling proc-macro-error-attr v1.0.4
[INFO] [stderr]    Compiling num-traits v0.2.17
[INFO] [stderr]    Compiling tokio v1.34.0
[INFO] [stderr]    Compiling proc-macro-error v1.0.4
[INFO] [stderr]    Compiling regex-syntax v0.8.2
[INFO] [stderr]    Compiling rust_decimal v1.33.1
[INFO] [stderr]    Compiling regex-syntax v0.6.29
[INFO] [stderr]    Compiling overload v0.1.1
[INFO] [stderr]    Compiling lazy_static v1.4.0
[INFO] [stderr]    Compiling heck v0.4.1
[INFO] [stderr]    Compiling os_str_bytes v6.6.1
[INFO] [stderr]    Compiling arrayvec v0.7.4
[INFO] [stderr]    Compiling clap_lex v0.2.4
[INFO] [stderr]    Compiling darling_macro v0.20.3
[INFO] [stderr]    Compiling tungstenite v0.20.1
[INFO] [stderr]    Compiling regex-automata v0.4.3
[INFO] [stderr]    Compiling darling v0.20.3
[INFO] [stderr]    Compiling serde_with_macros v2.3.3
[INFO] [stderr]    Compiling serde_with_macros v3.4.0
[INFO] [stderr]    Compiling serde_with v2.3.3
[INFO] [stderr]    Compiling regex-automata v0.1.10
[INFO] [stderr]    Compiling regex v1.10.2
[INFO] [stderr]    Compiling positions v0.2.1
[INFO] [stderr]    Compiling serde_with v3.4.0
[INFO] [stderr]    Compiling tokio-util v0.7.10
[INFO] [stderr]    Compiling hyper v0.14.27
[INFO] [stderr]    Compiling tower v0.4.13
[INFO] [stderr]    Compiling exc-symbol v0.7.0-alpha.0
[INFO] [stderr]    Compiling derive_more v0.99.17
[INFO] [stderr]    Compiling tokio-rustls v0.24.1
[INFO] [stderr]    Compiling tokio-stream v0.1.14
[INFO] [stderr]    Compiling tokio-tungstenite v0.20.1
[INFO] [stderr]    Compiling clap_derive v3.2.25
[INFO] [stderr]    Compiling matchers v0.1.0
[INFO] [stderr]    Compiling tokio-tower v0.6.0
[INFO] [stderr]    Compiling sharded-slab v0.1.7
[INFO] [stderr]    Compiling nu-ansi-term v0.46.0
[INFO] [stderr]    Compiling tracing-log v0.2.0
[INFO] [stderr]    Compiling atty v0.2.14
[INFO] [stderr]    Compiling thread_local v1.1.7
[INFO] [stderr]    Compiling bitflags v1.3.2
[INFO] [stderr]    Compiling termcolor v1.4.0
[INFO] [stderr]    Compiling textwrap v0.16.0
[INFO] [stderr]    Compiling rust_decimal_macros v1.33.1
[INFO] [stderr]    Compiling tracing-subscriber v0.3.18
[INFO] [stderr]    Compiling exc-service v0.7.0-alpha.0
[INFO] [stderr]    Compiling hyper-rustls v0.24.2
[INFO] [stderr]    Compiling clap v3.2.25
[INFO] [stderr]    Compiling exc-types v0.7.0-alpha.0
[INFO] [stderr]    Compiling exc-make v0.7.0-alpha.0
[INFO] [stderr]    Compiling exc-core v0.7.0-alpha.0
[INFO] [stderr]    Compiling exc-binance v0.7.0-alpha.0 (/opt/rustwide/workdir)
[INFO] [stdout] error[E0433]: failed to resolve: use of undeclared crate or module `exc`
[INFO] [stdout]   --> examples/binance_ws_protocol.rs:23:14
[INFO] [stdout]    |
[INFO] [stdout] 23 |     let ws = exc::core::transport::websocket::connector::WsConnector::default()
[INFO] [stdout]    |              ^^^ use of undeclared crate or module `exc`
[INFO] [stdout]    |
[INFO] [stdout] help: consider importing this struct
[INFO] [stdout]    |
[INFO] [stdout] 1  + use exc_core::transport::websocket::connector::WsConnector;
[INFO] [stdout]    |
[INFO] [stdout] help: if you import `WsConnector`, refer to it directly
[INFO] [stdout]    |
[INFO] [stdout] 23 -     let ws = exc::core::transport::websocket::connector::WsConnector::default()
[INFO] [stdout] 23 +     let ws = WsConnector::default()
[INFO] [stdout]    |
[INFO] [stdout] 
[INFO] [stdout] 
[INFO] [stdout] error[E0433]: failed to resolve: use of undeclared crate or module `exc`
[INFO] [stdout]  --> examples/binance_http_ping.rs:3:5
[INFO] [stdout]   |
[INFO] [stdout] 3 | use exc::core::transport::http::endpoint::Endpoint;
[INFO] [stdout]   |     ^^^ use of undeclared crate or module `exc`
[INFO] [stdout] 
[INFO] [stdout] 
[INFO] [stdout] warning: unused import: `TryStreamExt`
[INFO] [stdout]   --> examples/binance_ws_protocol.rs:10:35
[INFO] [stdout]    |
[INFO] [stdout] 10 | use futures::{SinkExt, StreamExt, TryStreamExt};
[INFO] [stdout]    |                                   ^^^^^^^^^^^^
[INFO] [stdout]    |
[INFO] [stdout]    = note: `#[warn(unused_imports)]` on by default
[INFO] [stdout] 
[INFO] [stdout] 
[INFO] [stdout] warning: unused import: `tower::ServiceExt`
[INFO] [stdout]   --> examples/binance_ws_protocol.rs:12:5
[INFO] [stdout]    |
[INFO] [stdout] 12 | use tower::ServiceExt;
[INFO] [stdout]    |     ^^^^^^^^^^^^^^^^^
[INFO] [stdout] 
[INFO] [stdout] 
[INFO] [stdout] warning: unused import: `SinkExt`
[INFO] [stdout]   --> examples/binance_ws_protocol.rs:10:15
[INFO] [stdout]    |
[INFO] [stdout] 10 | use futures::{SinkExt, StreamExt, TryStreamExt};
[INFO] [stdout]    |               ^^^^^^^
[INFO] [stdout] 
[INFO] [stdout] 
[INFO] [stdout] warning: unused import: `StreamExt`
[INFO] [stdout]   --> examples/binance_ws_protocol.rs:10:24
[INFO] [stdout]    |
[INFO] [stdout] 10 | use futures::{SinkExt, StreamExt, TryStreamExt};
[INFO] [stdout]    |                        ^^^^^^^^^
[INFO] [stdout] 
[INFO] [stdout] 
[INFO] [stdout] error: aborting due to previous error; 4 warnings emitted
[INFO] [stdout] 
[INFO] [stdout] 
[INFO] [stdout] For more information about this error, try `rustc --explain E0433`.
[INFO] [stdout] 
[INFO] [stderr] error: could not compile `exc-binance` (example "binance_ws_protocol") due to 2 previous errors; 4 warnings emitted
[INFO] [stderr] warning: build failed, waiting for other jobs to finish...
[INFO] [stdout] warning: unused import: `ServiceExt`
[INFO] [stdout]   --> examples/binance_http_ping.rs:10:29
[INFO] [stdout]    |
[INFO] [stdout] 10 | use tower::{ServiceBuilder, ServiceExt};
[INFO] [stdout]    |                             ^^^^^^^^^^
[INFO] [stdout]    |
[INFO] [stdout]    = note: `#[warn(unused_imports)]` on by default
[INFO] [stdout] 
[INFO] [stdout] 
[INFO] [stdout] error: aborting due to previous error; 1 warning emitted
[INFO] [stdout] 
[INFO] [stdout] 
[INFO] [stderr] error: could not compile `exc-binance` (example "binance_http_ping") due to 2 previous errors; 1 warning emitted
[INFO] [stdout] For more information about this error, try `rustc --explain E0433`.
[INFO] [stdout] 
[INFO] [stderr] error: could not compile `exc-binance` (lib test)
[INFO] [stderr] 
[INFO] [stderr] Caused by:
[INFO] [stderr]   process didn't exit successfully: `/opt/rustwide/rustup-home/toolchains/1.75.0-x86_64-unknown-linux-gnu/bin/rustc --crate-name exc_binance --edition=2021 src/lib.rs --error-format=json --json=diagnostic-rendered-ansi,artifacts,future-incompat --emit=dep-info,link -C embed-bitcode=no -C debuginfo=2 --test --cfg 'feature="default"' --cfg 'feature="rustls-tls"' -C metadata=abba0995549ec91d -C extra-filename=-abba0995549ec91d --out-dir /opt/rustwide/target/debug/deps -L dependency=/opt/rustwide/target/debug/deps --extern anyhow=/opt/rustwide/target/debug/deps/libanyhow-477edb6dbb409be2.rlib --extern async_stream=/opt/rustwide/target/debug/deps/libasync_stream-980458aa76eaa240.rlib --extern clap=/opt/rustwide/target/debug/deps/libclap-533ccd82fc5f9e56.rlib --extern either=/opt/rustwide/target/debug/deps/libeither-ff4e6ab7d60eb8c1.rlib --extern exc_core=/opt/rustwide/target/debug/deps/libexc_core-a55fa98991eef5f7.rlib --extern futures=/opt/rustwide/target/debug/deps/libfutures-16492f8e766190b5.rlib --extern hex=/opt/rustwide/target/debug/deps/libhex-05644b5497b79c5b.rlib --extern hmac=/opt/rustwide/target/debug/deps/libhmac-287be771f29823d8.rlib --extern http=/opt/rustwide/target/debug/deps/libhttp-9f90e562c1e0df30.rlib --extern humantime=/opt/rustwide/target/debug/deps/libhumantime-e2a10e0b2bfa2002.rlib --extern hyper=/opt/rustwide/target/debug/deps/libhyper-c70184ba78fd5670.rlib --extern pin_project_lite=/opt/rustwide/target/debug/deps/libpin_project_lite-e0757e0deaa2f8a0.rlib --extern rust_decimal=/opt/rustwide/target/debug/deps/librust_decimal-d7a2ae25b8c00320.rlib --extern rust_decimal_macros=/opt/rustwide/target/debug/deps/librust_decimal_macros-c2a4be1650611884.so --extern serde=/opt/rustwide/target/debug/deps/libserde-761e7d454bd93391.rlib --extern serde_json=/opt/rustwide/target/debug/deps/libserde_json-c67019368196e171.rlib --extern serde_urlencoded=/opt/rustwide/target/debug/deps/libserde_urlencoded-df9e50b5a421796d.rlib --extern serde_with=/opt/rustwide/target/debug/deps/libserde_with-5d5b38752f37ce72.rlib --extern sha2=/opt/rustwide/target/debug/deps/libsha2-d49caaaf89f915b5.rlib --extern thiserror=/opt/rustwide/target/debug/deps/libthiserror-b128d3300f7b40ce.rlib --extern time=/opt/rustwide/target/debug/deps/libtime-a2fb02a7d29e1792.rlib --extern tokio=/opt/rustwide/target/debug/deps/libtokio-fc9b2529fa276146.rlib --extern tokio_stream=/opt/rustwide/target/debug/deps/libtokio_stream-7dcaf0b7829745d9.rlib --extern tokio_tower=/opt/rustwide/target/debug/deps/libtokio_tower-b11e6b62413cea22.rlib --extern tokio_tungstenite=/opt/rustwide/target/debug/deps/libtokio_tungstenite-19bca45f863bb4f0.rlib --extern tower=/opt/rustwide/target/debug/deps/libtower-e2879779b9f56f15.rlib --extern tracing=/opt/rustwide/target/debug/deps/libtracing-7615ca792534eadd.rlib --extern tracing_subscriber=/opt/rustwide/target/debug/deps/libtracing_subscriber-5a218ea59bb95a17.rlib --cap-lints=warn -L native=/opt/rustwide/target/debug/build/ring-f10dcbf4deb42358/out` (signal: 9, SIGKILL: kill)
[INFO] [stdout] error: linking with `cc` failed: exit status: 1
[INFO] [stdout]   |
[INFO] [stdout]   = note: LC_ALL="C" PATH="/opt/rustwide/rustup-home/toolchains/1.75.0-x86_64-unknown-linux-gnu/lib/rustlib/x86_64-unknown-linux-gnu/bin:/opt/rustwide/cargo-home/bin:/usr/local/sbin:/usr/local/bin:/usr/sbin:/usr/bin:/sbin:/bin" VSLANG="1033" "cc" "-m64" "/tmp/rustc3TiTvT/symbols.o" "/opt/rustwide/target/debug/examples/binance_private-3f2420170a3600ee.binance_private.a0aafe8c2faaa53a-cgu.0.rcgu.o" "/opt/rustwide/target/debug/examples/binance_private-3f2420170a3600ee.binance_private.a0aafe8c2faaa53a-cgu.1.rcgu.o" "/opt/rustwide/target/debug/examples/binance_private-3f2420170a3600ee.binance_private.a0aafe8c2faaa53a-cgu.2.rcgu.o" "/opt/rustwide/target/debug/examples/binance_private-3f2420170a3600ee.binance_private.a0aafe8c2faaa53a-cgu.3.rcgu.o" "/opt/rustwide/target/debug/examples/binance_private-3f2420170a3600ee.3z8ept4f8a95181t.rcgu.o" "-Wl,--as-needed" "-L" "/opt/rustwide/target/debug/deps" "-L" "/opt/rustwide/target/debug/build/ring-f10dcbf4deb42358/out" "-L" "/opt/rustwide/rustup-home/toolchains/1.75.0-x86_64-unknown-linux-gnu/lib/rustlib/x86_64-unknown-linux-gnu/lib" "-Wl,-Bstatic" "/opt/rustwide/target/debug/deps/libtracing_subscriber-5a218ea59bb95a17.rlib" "/opt/rustwide/target/debug/deps/libnu_ansi_term-3e05c43b33054704.rlib" "/opt/rustwide/target/debug/deps/liboverload-ed04f4baf105cbd4.rlib" "/opt/rustwide/target/debug/deps/libsharded_slab-3e7ea4dc49abc9de.rlib" "/opt/rustwide/target/debug/deps/liblazy_static-591486ebcb9a7ead.rlib" "/opt/rustwide/target/debug/deps/libmatchers-09eec00427944fa1.rlib" "/opt/rustwide/target/debug/deps/libregex_automata-4c60e2b0ad265c6c.rlib" "/opt/rustwide/target/debug/deps/libregex_syntax-0dc2d12e01b76027.rlib" "/opt/rustwide/target/debug/deps/libregex-32f19ebfc033c838.rlib" "/opt/rustwide/target/debug/deps/libregex_automata-6a8010bb414fea32.rlib" "/opt/rustwide/target/debug/deps/libregex_syntax-a8b158ef39542d38.rlib" "/opt/rustwide/target/debug/deps/libthread_local-c04a4f54c4d2fd9e.rlib" "/opt/rustwide/target/debug/deps/libtracing_log-ac4d8fa1e923b944.rlib" "/opt/rustwide/target/debug/deps/libexc_binance-32d5e4a65cf1d2dd.rlib" "/opt/rustwide/target/debug/deps/libhex-05644b5497b79c5b.rlib" "/opt/rustwide/target/debug/deps/libserde_urlencoded-df9e50b5a421796d.rlib" "/opt/rustwide/target/debug/deps/libserde_json-c67019368196e171.rlib" "/opt/rustwide/target/debug/deps/libryu-f8e8abf733224b36.rlib" "/opt/rustwide/target/debug/deps/libsha2-d49caaaf89f915b5.rlib" "/opt/rustwide/target/debug/deps/libhmac-287be771f29823d8.rlib" "/opt/rustwide/target/debug/deps/libtokio_tower-b11e6b62413cea22.rlib" "/opt/rustwide/target/debug/deps/libcrossbeam-cbd56eecbf4c7d57.rlib" "/opt/rustwide/target/debug/deps/libcrossbeam_channel-e8f634fa033018d6.rlib" "/opt/rustwide/target/debug/deps/libcrossbeam_deque-f2233f0173397327.rlib" "/opt/rustwide/target/debug/deps/libcrossbeam_queue-a95786ff4e8a437b.rlib" "/opt/rustwide/target/debug/deps/libcrossbeam_epoch-26bd9f35a9ae2752.rlib" "/opt/rustwide/target/debug/deps/libmemoffset-77b9fc6eaa51883f.rlib" "/opt/rustwide/target/debug/deps/libcrossbeam_utils-edea0ec67fa2085a.rlib" "/opt/rustwide/target/debug/deps/libserde_with-5d5b38752f37ce72.rlib" "/opt/rustwide/target/debug/deps/libexc_core-a55fa98991eef5f7.rlib" "/opt/rustwide/target/debug/deps/libtokio_stream-7dcaf0b7829745d9.rlib" "/opt/rustwide/target/debug/deps/libhyper_rustls-7cf56b0d9ba9cca6.rlib" "/opt/rustwide/target/debug/deps/libeither-ff4e6ab7d60eb8c1.rlib" "/opt/rustwide/target/debug/deps/libasync_stream-980458aa76eaa240.rlib" "/opt/rustwide/target/debug/deps/libtokio_tungstenite-19bca45f863bb4f0.rlib" "/opt/rustwide/target/debug/deps/libwebpki_roots-73bb8767336806c8.rlib" "/opt/rustwide/target/debug/deps/libtokio_rustls-6e27331d38966f23.rlib" "/opt/rustwide/target/debug/deps/libtungstenite-122931c1fcf7783e.rlib" "/opt/rustwide/target/debug/deps/libdata_encoding-fb783755ab4c59ac.rlib" "/opt/rustwide/target/debug/deps/librand-1a9ceccdf299ade8.rlib" "/opt/rustwide/target/debug/deps/librand_chacha-65d28dd0324e882f.rlib" "/opt/rustwide/target/debug/deps/libppv_lite86-9f808eb911999ef2.rlib" "/opt/rustwide/target/debug/deps/librand_core-693394dfca7dc1fc.rlib" "/opt/rustwide/target/debug/deps/librustls-75e7fac9b99e380d.rlib" "/opt/rustwide/target/debug/deps/libsct-f8f0e99cd3e814fb.rlib" "/opt/rustwide/target/debug/deps/libwebpki-9091f498a7ca16bd.rlib" "/opt/rustwide/target/debug/deps/libring-6df9b556ef4c55ae.rlib" "/opt/rustwide/target/debug/deps/libgetrandom-cae587a370153759.rlib" "/opt/rustwide/target/debug/deps/libspin-1881e9d9c2fdf875.rlib" "/opt/rustwide/target/debug/deps/libuntrusted-66bbe55c9f09dd46.rlib" "/opt/rustwide/target/debug/deps/libutf8-9b4563d058a684d7.rlib" "/opt/rustwide/target/debug/deps/libbyteorder-e9468b374a0c0c11.rlib" "/opt/rustwide/target/debug/deps/libsha1-d20bad8e931e3714.rlib" "/opt/rustwide/target/debug/deps/libcpufeatures-942478018e98325a.rlib" "/opt/rustwide/target/debug/deps/libdigest-68278d6a0ee6afac.rlib" "/opt/rustwide/target/debug/deps/libsubtle-32983fc17c133a89.rlib" "/opt/rustwide/target/debug/deps/libblock_buffer-7e9270fb9b7ff635.rlib" "/opt/rustwide/target/debug/deps/libcrypto_common-145014adf1649651.rlib" "/opt/rustwide/target/debug/deps/libgeneric_array-18b3188a0c567140.rlib" "/opt/rustwide/target/debug/deps/libtypenum-da95465dc70d2c95.rlib" "/opt/rustwide/target/debug/deps/liburl-f2e7ea6bd04466dc.rlib" "/opt/rustwide/target/debug/deps/libidna-c5fd0c81863f1bf9.rlib" "/opt/rustwide/target/debug/deps/libunicode_normalization-dc4cd45b376a54ac.rlib" "/opt/rustwide/target/debug/deps/libunicode_bidi-020370784786e57d.rlib" "/opt/rustwide/target/debug/deps/libform_urlencoded-ef5eb70334031c86.rlib" "/opt/rustwide/target/debug/deps/libpercent_encoding-fe0d57427b4d92e0.rlib" "/opt/rustwide/target/debug/deps/libexc_make-93b3ccabf31b666e.rlib" "/opt/rustwide/target/debug/deps/libtower_make-fbcedf59368fce28.rlib" "/opt/rustwide/target/debug/deps/libexc_types-91b19d5971402818.rlib" "/opt/rustwide/target/debug/deps/libexc_symbol-1c8af8df06c985f3.rlib" "/opt/rustwide/target/debug/deps/libpositions-35d17b1dcb395662.rlib" "/opt/rustwide/target/debug/deps/libsmol_str-a46299afbea4f492.rlib" "/opt/rustwide/target/debug/deps/librust_decimal-d7a2ae25b8c00320.rlib" "/opt/rustwide/target/debug/deps/libnum_traits-aa75f3964f70d2b4.rlib" "/opt/rustwide/target/debug/deps/libindicator-5990a46778015aee.rlib" "/opt/rustwide/target/debug/deps/libtinyvec-bd2a031facbde7c2.rlib" "/opt/rustwide/target/debug/deps/libtinyvec_macros-b1cb7f53f58c9f87.rlib" "/opt/rustwide/target/debug/deps/libarrayvec-89a139d8c5aeb27d.rlib" "/opt/rustwide/target/debug/deps/libtime-a2fb02a7d29e1792.rlib" "/opt/rustwide/target/debug/deps/libtime_core-7af5d6eb87ec9652.rlib" "/opt/rustwide/target/debug/deps/libderanged-a8a3f47218770eed.rlib" "/opt/rustwide/target/debug/deps/libserde-761e7d454bd93391.rlib" "/opt/rustwide/target/debug/deps/libpowerfmt-e8908707a005dea9.rlib" "/opt/rustwide/target/debug/deps/libexc_service-9ef0b6c152294354.rlib" "/opt/rustwide/target/debug/deps/libhyper-c70184ba78fd5670.rlib" "/opt/rustwide/target/debug/deps/libwant-0e59d2771cba3a35.rlib" "/opt/rustwide/target/debug/deps/libtry_lock-51271589248cd7d9.rlib" "/opt/rustwide/target/debug/deps/libsocket2-f2b88ec994c5f528.rlib" "/opt/rustwide/target/debug/deps/libhttparse-64f1ffbeda450424.rlib" "/opt/rustwide/target/debug/deps/libhttp_body-51311c5a353e4f64.rlib" "/opt/rustwide/target/debug/deps/libhttp-9f90e562c1e0df30.rlib" "/opt/rustwide/target/debug/deps/libitoa-05fb7c91ffbc0a79.rlib" "/opt/rustwide/target/debug/deps/libfnv-18bf5144d055e772.rlib" "/opt/rustwide/target/debug/deps/libhumantime-e2a10e0b2bfa2002.rlib" "/opt/rustwide/target/debug/deps/libthiserror-b128d3300f7b40ce.rlib" "/opt/rustwide/target/debug/deps/libtower-e2879779b9f56f15.rlib" "/opt/rustwide/target/debug/deps/libpin_project-b85a0da5686a1f70.rlib" "/opt/rustwide/target/debug/deps/libtracing-7615ca792534eadd.rlib" "/opt/rustwide/target/debug/deps/liblog-e491f2c1d0b13538.rlib" "/opt/rustwide/target/debug/deps/libtracing_core-bf7dad0a2c6e53f8.rlib" "/opt/rustwide/target/debug/deps/libtokio_util-d4dfa8063834157d.rlib" "/opt/rustwide/target/debug/deps/libtokio-fc9b2529fa276146.rlib" "/opt/rustwide/target/debug/deps/libsignal_hook_registry-04af8ddf59e64b1b.rlib" "/opt/rustwide/target/debug/deps/libnum_cpus-2148e9f03304bebc.rlib" "/opt/rustwide/target/debug/deps/libsocket2-b470de2714f3a9fe.rlib" "/opt/rustwide/target/debug/deps/libbytes-0a052f49710012b1.rlib" "/opt/rustwide/target/debug/deps/libmio-41a6d46e981e0b00.rlib" "/opt/rustwide/target/debug/deps/libparking_lot-4428e085fa59df26.rlib" "/opt/rustwide/target/debug/deps/libparking_lot_core-ab34f3e710f3178d.rlib" "/opt/rustwide/target/debug/deps/libcfg_if-61dc7a6799e72b18.rlib" "/opt/rustwide/target/debug/deps/libsmallvec-19f6a51af3f3c214.rlib" "/opt/rustwide/target/debug/deps/liblock_api-2e3cdc36e2d071f0.rlib" "/opt/rustwide/target/debug/deps/libscopeguard-012e5ed929fc2fe6.rlib" "/opt/rustwide/target/debug/deps/libtower_service-104d6e83d5ce383d.rlib" "/opt/rustwide/target/debug/deps/libtower_layer-294cdac6576ba675.rlib" "/opt/rustwide/target/debug/deps/libfutures-16492f8e766190b5.rlib" "/opt/rustwide/target/debug/deps/libfutures_executor-fecfe0645f1e9ca4.rlib" "/opt/rustwide/target/debug/deps/libfutures_util-1d5d4361b4c9ab4f.rlib" "/opt/rustwide/target/debug/deps/libmemchr-8adfc22b612d6f7a.rlib" "/opt/rustwide/target/debug/deps/libfutures_io-f78ef9dc246c63e2.rlib" "/opt/rustwide/target/debug/deps/libslab-6eb39baadbe9101c.rlib" "/opt/rustwide/target/debug/deps/libfutures_channel-d0ca9427ebdb155b.rlib" "/opt/rustwide/target/debug/deps/libpin_project_lite-e0757e0deaa2f8a0.rlib" "/opt/rustwide/target/debug/deps/libfutures_sink-ca415c0607e47a6c.rlib" "/opt/rustwide/target/debug/deps/libfutures_task-b197dd02e3eb7463.rlib" "/opt/rustwide/target/debug/deps/libpin_utils-741f7d9d160e4a16.rlib" "/opt/rustwide/target/debug/deps/libfutures_core-17b45303463871aa.rlib" "/opt/rustwide/target/debug/deps/libanyhow-477edb6dbb409be2.rlib" "/opt/rustwide/target/debug/deps/libclap-533ccd82fc5f9e56.rlib" "/opt/rustwide/target/debug/deps/libatty-cd9a12e7776345a9.rlib" "/opt/rustwide/target/debug/deps/liblibc-a9a2a17e1d19328b.rlib" "/opt/rustwide/target/debug/deps/libstrsim-dec2701ee913c7f9.rlib" "/opt/rustwide/target/debug/deps/libtermcolor-6dec0f4bbbe42dd1.rlib" "/opt/rustwide/target/debug/deps/libtextwrap-9ca1bc41b5f43fc3.rlib" "/opt/rustwide/target/debug/deps/libindexmap-93f72862478380d0.rlib" "/opt/rustwide/target/debug/deps/libhashbrown-567986452cb9bc94.rlib" "/opt/rustwide/target/debug/deps/libclap_lex-cf4ff4068d71bc00.rlib" "/opt/rustwide/target/debug/deps/libos_str_bytes-10da840967a77234.rlib" "/opt/rustwide/target/debug/deps/libbitflags-b7cee2ca4fb438d0.rlib" "/opt/rustwide/target/debug/deps/libonce_cell-a342312cc2ec3f6b.rlib" "/opt/rustwide/rustup-home/toolchains/1.75.0-x86_64-unknown-linux-gnu/lib/rustlib/x86_64-unknown-linux-gnu/lib/libstd-90f6ddbf82de36ec.rlib" "/opt/rustwide/rustup-home/toolchains/1.75.0-x86_64-unknown-linux-gnu/lib/rustlib/x86_64-unknown-linux-gnu/lib/libpanic_unwind-480c41e9d4e1f677.rlib" "/opt/rustwide/rustup-home/toolchains/1.75.0-x86_64-unknown-linux-gnu/lib/rustlib/x86_64-unknown-linux-gnu/lib/libobject-db744c0ca03eed1d.rlib" "/opt/rustwide/rustup-home/toolchains/1.75.0-x86_64-unknown-linux-gnu/lib/rustlib/x86_64-unknown-linux-gnu/lib/libmemchr-8ba652dc7d4b285a.rlib" "/opt/rustwide/rustup-home/toolchains/1.75.0-x86_64-unknown-linux-gnu/lib/rustlib/x86_64-unknown-linux-gnu/lib/libaddr2line-d5f4520a9ebc0d58.rlib" "/opt/rustwide/rustup-home/toolchains/1.75.0-x86_64-unknown-linux-gnu/lib/rustlib/x86_64-unknown-linux-gnu/lib/libgimli-4ad84de58f0cb463.rlib" "/opt/rustwide/rustup-home/toolchains/1.75.0-x86_64-unknown-linux-gnu/lib/rustlib/x86_64-unknown-linux-gnu/lib/librustc_demangle-0d10aae2e0f38735.rlib" "/opt/rustwide/rustup-home/toolchains/1.75.0-x86_64-unknown-linux-gnu/lib/rustlib/x86_64-unknown-linux-gnu/lib/libstd_detect-0c17cff739e6745b.rlib" "/opt/rustwide/rustup-home/toolchains/1.75.0-x86_64-unknown-linux-gnu/lib/rustlib/x86_64-unknown-linux-gnu/lib/libhashbrown-b29e17139dde1aa8.rlib" "/opt/rustwide/rustup-home/toolchains/1.75.0-x86_64-unknown-linux-gnu/lib/rustlib/x86_64-unknown-linux-gnu/lib/librustc_std_workspace_alloc-1f975299829cc7bd.rlib" "/opt/rustwide/rustup-home/toolchains/1.75.0-x86_64-unknown-linux-gnu/lib/rustlib/x86_64-unknown-linux-gnu/lib/libminiz_oxide-86bae3bc3079f89b.rlib" "/opt/rustwide/rustup-home/toolchains/1.75.0-x86_64-unknown-linux-gnu/lib/rustlib/x86_64-unknown-linux-gnu/lib/libadler-321b82c30dffdf5f.rlib" "/opt/rustwide/rustup-home/toolchains/1.75.0-x86_64-unknown-linux-gnu/lib/rustlib/x86_64-unknown-linux-gnu/lib/libunwind-3dd8a6810a0bdfef.rlib" "/opt/rustwide/rustup-home/toolchains/1.75.0-x86_64-unknown-linux-gnu/lib/rustlib/x86_64-unknown-linux-gnu/lib/libcfg_if-eb39a61c0c879984.rlib" "/opt/rustwide/rustup-home/toolchains/1.75.0-x86_64-unknown-linux-gnu/lib/rustlib/x86_64-unknown-linux-gnu/lib/liblibc-aa769569f91c3548.rlib" "/opt/rustwide/rustup-home/toolchains/1.75.0-x86_64-unknown-linux-gnu/lib/rustlib/x86_64-unknown-linux-gnu/lib/liballoc-510a192a50a983ed.rlib" "/opt/rustwide/rustup-home/toolchains/1.75.0-x86_64-unknown-linux-gnu/lib/rustlib/x86_64-unknown-linux-gnu/lib/librustc_std_workspace_core-0577018320f99037.rlib" "/opt/rustwide/rustup-home/toolchains/1.75.0-x86_64-unknown-linux-gnu/lib/rustlib/x86_64-unknown-linux-gnu/lib/libcore-193cf992125ccd4c.rlib" "/opt/rustwide/rustup-home/toolchains/1.75.0-x86_64-unknown-linux-gnu/lib/rustlib/x86_64-unknown-linux-gnu/lib/libcompiler_builtins-8e138eaf26ebb4a8.rlib" "-Wl,-Bdynamic" "-lgcc_s" "-lutil" "-lrt" "-lpthread" "-lm" "-ldl" "-lc" "-Wl,--eh-frame-hdr" "-Wl,-z,noexecstack" "-L" "/opt/rustwide/rustup-home/toolchains/1.75.0-x86_64-unknown-linux-gnu/lib/rustlib/x86_64-unknown-linux-gnu/lib" "-o" "/opt/rustwide/target/debug/examples/binance_private-3f2420170a3600ee" "-Wl,--gc-sections" "-pie" "-Wl,-z,relro,-z,now" "-nodefaultlibs"
[INFO] [stdout]   = note: collect2: fatal error: ld terminated with signal 9 [Killed]
[INFO] [stdout]           compilation terminated.
[INFO] [stdout]           
[INFO] [stdout] 
[INFO] [stdout] 
[INFO] [stdout] error: aborting due to previous error
[INFO] [stdout] 
[INFO] [stdout] 
[INFO] [stderr] error: could not compile `exc-binance` (example "binance_private") due to 2 previous errors
[INFO] running `Command { std: "docker" "inspect" "c71cfacbbe9c7fafc414877eb373d8e722520ba99046bab0c9dd1a862a136a0d", kill_on_drop: false }`
[INFO] running `Command { std: "docker" "rm" "-f" "c71cfacbbe9c7fafc414877eb373d8e722520ba99046bab0c9dd1a862a136a0d", kill_on_drop: false }`
[INFO] [stdout] c71cfacbbe9c7fafc414877eb373d8e722520ba99046bab0c9dd1a862a136a0d
[INFO] testing exc-binance-0.7.0-alpha.0 against beta-2023-12-22 for beta-1.76-1
[INFO] extracting crate exc-binance 0.7.0-alpha.0 into /workspace/builds/worker-5-tc2/source
[INFO] validating manifest of crates.io crate exc-binance 0.7.0-alpha.0 on toolchain beta-2023-12-22
[INFO] running `Command { std: CARGO_HOME="/workspace/cargo-home" RUSTUP_HOME="/workspace/rustup-home" "/workspace/cargo-home/bin/cargo" "+beta-2023-12-22" "metadata" "--manifest-path" "Cargo.toml" "--no-deps", kill_on_drop: false }`
[INFO] started tweaking crates.io crate exc-binance 0.7.0-alpha.0
[INFO] finished tweaking crates.io crate exc-binance 0.7.0-alpha.0
[INFO] tweaked toml for crates.io crate exc-binance 0.7.0-alpha.0 written to /workspace/builds/worker-5-tc2/source/Cargo.toml
[INFO] crate crates.io crate exc-binance 0.7.0-alpha.0 already has a lockfile, it will not be regenerated
[INFO] running `Command { std: CARGO_HOME="/workspace/cargo-home" RUSTUP_HOME="/workspace/rustup-home" "/workspace/cargo-home/bin/cargo" "+beta-2023-12-22" "fetch" "--manifest-path" "Cargo.toml", kill_on_drop: false }`
[INFO] running `Command { std: "docker" "create" "-v" "/var/lib/crater-agent-workspace/builds/worker-5-tc2/target:/opt/rustwide/target:rw,Z" "-v" "/var/lib/crater-agent-workspace/builds/worker-5-tc2/source:/opt/rustwide/workdir:ro,Z" "-v" "/var/lib/crater-agent-workspace/cargo-home:/opt/rustwide/cargo-home:ro,Z" "-v" "/var/lib/crater-agent-workspace/rustup-home:/opt/rustwide/rustup-home:ro,Z" "-e" "SOURCE_DIR=/opt/rustwide/workdir" "-e" "CARGO_TARGET_DIR=/opt/rustwide/target" "-e" "CARGO_HOME=/opt/rustwide/cargo-home" "-e" "RUSTUP_HOME=/opt/rustwide/rustup-home" "-w" "/opt/rustwide/workdir" "-m" "1610612736" "--user" "0:0" "--network" "none" "ghcr.io/rust-lang/crates-build-env/linux@sha256:2788e3201cd34a07e3172128adcd8b3090168a8e3bcc40d7c032b9dda1df7d1c" "/opt/rustwide/cargo-home/bin/cargo" "+beta-2023-12-22" "metadata" "--no-deps" "--format-version=1", kill_on_drop: false }`
[INFO] [stdout] 13005686d9208a6da36653f7bcef3657537fb926c6035fd5fa28edf49d0d8095
[INFO] running `Command { std: "docker" "start" "-a" "13005686d9208a6da36653f7bcef3657537fb926c6035fd5fa28edf49d0d8095", kill_on_drop: false }`
[INFO] running `Command { std: "docker" "inspect" "13005686d9208a6da36653f7bcef3657537fb926c6035fd5fa28edf49d0d8095", kill_on_drop: false }`
[INFO] running `Command { std: "docker" "rm" "-f" "13005686d9208a6da36653f7bcef3657537fb926c6035fd5fa28edf49d0d8095", kill_on_drop: false }`
[INFO] [stdout] 13005686d9208a6da36653f7bcef3657537fb926c6035fd5fa28edf49d0d8095
[INFO] running `Command { std: "docker" "create" "-v" "/var/lib/crater-agent-workspace/builds/worker-5-tc2/target:/opt/rustwide/target:rw,Z" "-v" "/var/lib/crater-agent-workspace/builds/worker-5-tc2/source:/opt/rustwide/workdir:ro,Z" "-v" "/var/lib/crater-agent-workspace/cargo-home:/opt/rustwide/cargo-home:ro,Z" "-v" "/var/lib/crater-agent-workspace/rustup-home:/opt/rustwide/rustup-home:ro,Z" "-e" "SOURCE_DIR=/opt/rustwide/workdir" "-e" "CARGO_TARGET_DIR=/opt/rustwide/target" "-e" "CARGO_INCREMENTAL=0" "-e" "RUST_BACKTRACE=full" "-e" "RUSTFLAGS=--cap-lints=warn" "-e" "RUSTDOCFLAGS=--cap-lints=warn" "-e" "CARGO_HOME=/opt/rustwide/cargo-home" "-e" "RUSTUP_HOME=/opt/rustwide/rustup-home" "-w" "/opt/rustwide/workdir" "-m" "1610612736" "--user" "0:0" "--network" "none" "ghcr.io/rust-lang/crates-build-env/linux@sha256:2788e3201cd34a07e3172128adcd8b3090168a8e3bcc40d7c032b9dda1df7d1c" "/opt/rustwide/cargo-home/bin/cargo" "+beta-2023-12-22" "build" "--frozen" "--message-format=json", kill_on_drop: false }`
[INFO] [stdout] 84f6d4a4b982fdd97ea0283457c960c37a7932be96d66c009d5ff322ea2f20ed
[INFO] running `Command { std: "docker" "start" "-a" "84f6d4a4b982fdd97ea0283457c960c37a7932be96d66c009d5ff322ea2f20ed", kill_on_drop: false }`
[INFO] [stderr]    Compiling proc-macro2 v1.0.69
[INFO] [stderr]    Compiling libc v0.2.150
[INFO] [stderr]    Compiling version_check v0.9.4
[INFO] [stderr]    Compiling pin-project-lite v0.2.13
[INFO] [stderr]    Compiling fnv v1.0.7
[INFO] [stderr]    Compiling futures-core v0.3.29
[INFO] [stderr]    Compiling serde v1.0.193
[INFO] [stderr]    Compiling bytes v1.5.0
[INFO] [stderr]    Compiling futures-sink v0.3.29
[INFO] [stderr]    Compiling slab v0.4.9
[INFO] [stderr]    Compiling futures-channel v0.3.29
[INFO] [stderr]    Compiling itoa v1.0.9
[INFO] [stderr]    Compiling futures-task v0.3.29
[INFO] [stderr]    Compiling futures-util v0.3.29
[INFO] [stderr]    Compiling once_cell v1.18.0
[INFO] [stderr]    Compiling pin-utils v0.1.0
[INFO] [stderr]    Compiling memchr v2.6.4
[INFO] [stderr]    Compiling futures-io v0.3.29
[INFO] [stderr]    Compiling quote v1.0.33
[INFO] [stderr]    Compiling typenum v1.17.0
[INFO] [stderr]    Compiling syn v2.0.39
[INFO] [stderr]    Compiling mio v0.8.9
[INFO] [stderr]    Compiling num_cpus v1.16.0
[INFO] [stderr]    Compiling socket2 v0.5.5
[INFO] [stderr]    Compiling getrandom v0.2.11
[INFO] [stderr]    Compiling ident_case v1.0.1
[INFO] [stderr]    Compiling strsim v0.10.0
[INFO] [stderr]    Compiling cc v1.0.83
[INFO] [stderr]    Compiling generic-array v0.14.7
[INFO] [stderr]    Compiling thiserror v1.0.50
[INFO] [stderr]    Compiling httparse v1.8.0
[INFO] [stderr]    Compiling tinyvec_macros v0.1.1
[INFO] [stderr]    Compiling tracing-core v0.1.32
[INFO] [stderr]    Compiling tinyvec v1.6.0
[INFO] [stderr]    Compiling http v0.2.11
[INFO] [stderr]    Compiling spin v0.9.8
[INFO] [stderr]    Compiling untrusted v0.9.0
[INFO] [stderr]    Compiling tower-service v0.3.2
[INFO] [stderr]    Compiling ahash v0.8.6
[INFO] [stderr]    Compiling indexmap v1.9.3
[INFO] [stderr]    Compiling num-traits v0.2.17
[INFO] [stderr]    Compiling crossbeam-utils v0.8.16
[INFO] [stderr]    Compiling powerfmt v0.2.0
[INFO] [stderr]    Compiling zerocopy v0.7.26
[INFO] [stderr]    Compiling try-lock v0.2.4
[INFO] [stderr]    Compiling hashbrown v0.12.3
[INFO] [stderr]    Compiling rustls v0.21.9
[INFO] [stderr]    Compiling time-core v0.1.2
[INFO] [stderr]    Compiling ring v0.17.5
[INFO] [stderr]    Compiling subtle v2.5.0
[INFO] [stderr]    Compiling time-macros v0.2.15
[INFO] [stderr]    Compiling crypto-common v0.1.6
[INFO] [stderr]    Compiling block-buffer v0.10.4
[INFO] [stderr]    Compiling digest v0.10.7
[INFO] [stderr]    Compiling want v0.3.1
[INFO] [stderr]    Compiling http-body v0.4.5
[INFO] [stderr]    Compiling socket2 v0.4.10
[INFO] [stderr]    Compiling memoffset v0.9.0
[INFO] [stderr]    Compiling syn v1.0.109
[INFO] [stderr]    Compiling httpdate v1.0.3
[INFO] [stderr]    Compiling tower-layer v0.3.2
[INFO] [stderr]    Compiling percent-encoding v2.3.1
[INFO] [stderr]    Compiling rust_decimal v1.33.1
[INFO] [stderr]    Compiling anyhow v1.0.75
[INFO] [stderr]    Compiling form_urlencoded v1.2.1
[INFO] [stderr]    Compiling darling_core v0.20.3
[INFO] [stderr]    Compiling unicode-normalization v0.1.22
[INFO] [stderr]    Compiling rand_core v0.6.4
[INFO] [stderr]    Compiling crossbeam-epoch v0.9.15
[INFO] [stderr]    Compiling ppv-lite86 v0.2.17
[INFO] [stderr]    Compiling cpufeatures v0.2.11
[INFO] [stderr]    Compiling unicode-bidi v0.3.13
[INFO] [stderr]    Compiling rand_chacha v0.3.1
[INFO] [stderr]    Compiling idna v0.5.0
[INFO] [stderr]    Compiling humantime v2.1.0
[INFO] [stderr]    Compiling convert_case v0.4.0
[INFO] [stderr]    Compiling scopeguard v1.2.0
[INFO] [stderr]    Compiling crossbeam-queue v0.3.8
[INFO] [stderr]    Compiling url v2.5.0
[INFO] [stderr]    Compiling rand v0.8.5
[INFO] [stderr]    Compiling sha1 v0.10.6
[INFO] [stderr]    Compiling webpki-roots v0.25.3
[INFO] [stderr]    Compiling data-encoding v2.5.0
[INFO] [stderr]    Compiling utf-8 v0.7.6
[INFO] [stderr]    Compiling byteorder v1.5.0
[INFO] [stderr]    Compiling crossbeam-deque v0.8.3
[INFO] [stderr]    Compiling serde_derive v1.0.193
[INFO] [stderr]    Compiling tokio-macros v2.2.0
[INFO] [stderr]    Compiling futures-macro v0.3.29
[INFO] [stderr]    Compiling darling_macro v0.20.3
[INFO] [stderr]    Compiling thiserror-impl v1.0.50
[INFO] [stderr]    Compiling tracing-attributes v0.1.27
[INFO] [stderr]    Compiling darling v0.20.3
[INFO] [stderr]    Compiling pin-project-internal v1.1.3
[INFO] [stderr]    Compiling tokio v1.34.0
[INFO] [stderr]    Compiling serde_with_macros v2.3.3
[INFO] [stderr]    Compiling sct v0.7.1
[INFO] [stderr]    Compiling rustls-webpki v0.101.7
[INFO] [stderr]    Compiling tracing v0.1.40
[INFO] [stderr]    Compiling derive_more v0.99.17
[INFO] [stderr]    Compiling pin-project v1.1.3
[INFO] [stderr]    Compiling async-stream-impl v0.3.5
[INFO] [stderr]    Compiling crossbeam-channel v0.5.8
[INFO] [stderr]    Compiling tower-make v0.3.0
[INFO] [stderr]    Compiling ryu v1.0.15
[INFO] [stderr]    Compiling serde_json v1.0.108
[INFO] [stderr]    Compiling async-stream v0.3.5
[INFO] [stderr]    Compiling crossbeam v0.8.2
[INFO] [stderr]    Compiling serde_with_macros v3.4.0
[INFO] [stderr]    Compiling either v1.9.0
[INFO] [stderr]    Compiling sha2 v0.10.8
[INFO] [stderr]    Compiling hmac v0.12.1
[INFO] [stderr]    Compiling hex v0.4.3
[INFO] [stderr]    Compiling tungstenite v0.20.1
[INFO] [stderr]    Compiling tokio-util v0.7.10
[INFO] [stderr]    Compiling futures-executor v0.3.29
[INFO] [stderr]    Compiling tower v0.4.13
[INFO] [stderr]    Compiling futures v0.3.29
[INFO] [stderr]    Compiling hyper v0.14.27
[INFO] [stderr]    Compiling tokio-rustls v0.24.1
[INFO] [stderr]    Compiling tokio-tungstenite v0.20.1
[INFO] [stderr]    Compiling tokio-stream v0.1.14
[INFO] [stderr]    Compiling tokio-tower v0.6.0
[INFO] [stderr]    Compiling exc-service v0.7.0-alpha.0
[INFO] [stderr]    Compiling hyper-rustls v0.24.2
[INFO] [stderr]    Compiling deranged v0.3.9
[INFO] [stderr]    Compiling smol_str v0.1.24
[INFO] [stderr]    Compiling serde_with v2.3.3
[INFO] [stderr]    Compiling hashbrown v0.13.2
[INFO] [stderr]    Compiling serde_with v3.4.0
[INFO] [stderr]    Compiling serde_urlencoded v0.7.1
[INFO] [stderr]    Compiling positions v0.2.1
[INFO] [stderr]    Compiling time v0.3.30
[INFO] [stderr]    Compiling indicator v0.4.2
[INFO] [stderr]    Compiling exc-symbol v0.7.0-alpha.0
[INFO] [stderr]    Compiling exc-types v0.7.0-alpha.0
[INFO] [stderr]    Compiling exc-make v0.7.0-alpha.0
[INFO] [stderr]    Compiling exc-core v0.7.0-alpha.0
[INFO] [stderr]    Compiling exc-binance v0.7.0-alpha.0 (/opt/rustwide/workdir)
[INFO] [stderr]     Finished dev [unoptimized + debuginfo] target(s) in 57.52s
[INFO] running `Command { std: "docker" "inspect" "84f6d4a4b982fdd97ea0283457c960c37a7932be96d66c009d5ff322ea2f20ed", kill_on_drop: false }`
[INFO] running `Command { std: "docker" "rm" "-f" "84f6d4a4b982fdd97ea0283457c960c37a7932be96d66c009d5ff322ea2f20ed", kill_on_drop: false }`
[INFO] [stdout] 84f6d4a4b982fdd97ea0283457c960c37a7932be96d66c009d5ff322ea2f20ed
[INFO] running `Command { std: "docker" "create" "-v" "/var/lib/crater-agent-workspace/builds/worker-5-tc2/target:/opt/rustwide/target:rw,Z" "-v" "/var/lib/crater-agent-workspace/builds/worker-5-tc2/source:/opt/rustwide/workdir:ro,Z" "-v" "/var/lib/crater-agent-workspace/cargo-home:/opt/rustwide/cargo-home:ro,Z" "-v" "/var/lib/crater-agent-workspace/rustup-home:/opt/rustwide/rustup-home:ro,Z" "-e" "SOURCE_DIR=/opt/rustwide/workdir" "-e" "CARGO_TARGET_DIR=/opt/rustwide/target" "-e" "CARGO_INCREMENTAL=0" "-e" "RUST_BACKTRACE=full" "-e" "RUSTFLAGS=--cap-lints=warn" "-e" "RUSTDOCFLAGS=--cap-lints=warn" "-e" "CARGO_HOME=/opt/rustwide/cargo-home" "-e" "RUSTUP_HOME=/opt/rustwide/rustup-home" "-w" "/opt/rustwide/workdir" "-m" "1610612736" "--user" "0:0" "--network" "none" "ghcr.io/rust-lang/crates-build-env/linux@sha256:2788e3201cd34a07e3172128adcd8b3090168a8e3bcc40d7c032b9dda1df7d1c" "/opt/rustwide/cargo-home/bin/cargo" "+beta-2023-12-22" "test" "--frozen" "--no-run" "--message-format=json", kill_on_drop: false }`
[INFO] [stdout] 94f6d0aa5220403e2d1927bb65d7c881564de2397c4337ef539a78fd52497969
[INFO] running `Command { std: "docker" "start" "-a" "94f6d0aa5220403e2d1927bb65d7c881564de2397c4337ef539a78fd52497969", kill_on_drop: false }`
[INFO] [stderr]    Compiling lock_api v0.4.11
[INFO] [stderr]    Compiling parking_lot_core v0.9.9
[INFO] [stderr]    Compiling smallvec v1.11.2
[INFO] [stderr]    Compiling log v0.4.20
[INFO] [stderr]    Compiling signal-hook-registry v1.4.1
[INFO] [stderr]    Compiling strsim v0.10.0
[INFO] [stderr]    Compiling tracing-core v0.1.32
[INFO] [stderr]    Compiling indexmap v1.9.3
[INFO] [stderr]    Compiling syn v1.0.109
[INFO] [stderr]    Compiling darling_core v0.20.3
[INFO] [stderr]    Compiling parking_lot v0.12.1
[INFO] [stderr]    Compiling tracing v0.1.40
[INFO] [stderr]    Compiling rustls v0.21.9
[INFO] [stderr]    Compiling proc-macro-error-attr v1.0.4
[INFO] [stderr]    Compiling tokio v1.34.0
[INFO] [stderr]    Compiling num-traits v0.2.17
[INFO] [stderr]    Compiling proc-macro-error v1.0.4
[INFO] [stderr]    Compiling regex-syntax v0.6.29
[INFO] [stderr]    Compiling rust_decimal v1.33.1
[INFO] [stderr]    Compiling regex-syntax v0.8.2
[INFO] [stderr]    Compiling arrayvec v0.7.4
[INFO] [stderr]    Compiling heck v0.4.1
[INFO] [stderr]    Compiling overload v0.1.1
[INFO] [stderr]    Compiling os_str_bytes v6.6.1
[INFO] [stderr]    Compiling lazy_static v1.4.0
[INFO] [stderr]    Compiling sharded-slab v0.1.7
[INFO] [stderr]    Compiling tungstenite v0.20.1
[INFO] [stderr]    Compiling clap_lex v0.2.4
[INFO] [stderr]    Compiling regex-automata v0.4.3
[INFO] [stderr]    Compiling darling_macro v0.20.3
[INFO] [stderr]    Compiling darling v0.20.3
[INFO] [stderr]    Compiling serde_with_macros v2.3.3
[INFO] [stderr]    Compiling serde_with_macros v3.4.0
[INFO] [stderr]    Compiling regex-automata v0.1.10
[INFO] [stderr]    Compiling tokio-util v0.7.10
[INFO] [stderr]    Compiling tower v0.4.13
[INFO] [stderr]    Compiling serde_with v2.3.3
[INFO] [stderr]    Compiling hyper v0.14.27
[INFO] [stderr]    Compiling tokio-rustls v0.24.1
[INFO] [stderr]    Compiling positions v0.2.1
[INFO] [stderr]    Compiling tokio-tungstenite v0.20.1
[INFO] [stderr]    Compiling tokio-stream v0.1.14
[INFO] [stderr]    Compiling tokio-tower v0.6.0
[INFO] [stderr]    Compiling serde_with v3.4.0
[INFO] [stderr]    Compiling matchers v0.1.0
[INFO] [stderr]    Compiling derive_more v0.99.17
[INFO] [stderr]    Compiling exc-symbol v0.7.0-alpha.0
[INFO] [stderr]    Compiling clap_derive v3.2.25
[INFO] [stderr]    Compiling regex v1.10.2
[INFO] [stderr]    Compiling nu-ansi-term v0.46.0
[INFO] [stderr]    Compiling tracing-log v0.2.0
[INFO] [stderr]    Compiling atty v0.2.14
[INFO] [stderr]    Compiling thread_local v1.1.7
[INFO] [stderr]    Compiling termcolor v1.4.0
[INFO] [stderr]    Compiling textwrap v0.16.0
[INFO] [stderr]    Compiling bitflags v1.3.2
[INFO] [stderr]    Compiling tracing-subscriber v0.3.18
[INFO] [stderr]    Compiling rust_decimal_macros v1.33.1
[INFO] [stderr]    Compiling exc-service v0.7.0-alpha.0
[INFO] [stderr]    Compiling hyper-rustls v0.24.2
[INFO] [stderr]    Compiling clap v3.2.25
[INFO] [stderr]    Compiling exc-types v0.7.0-alpha.0
[INFO] [stderr]    Compiling exc-make v0.7.0-alpha.0
[INFO] [stderr]    Compiling exc-core v0.7.0-alpha.0
[INFO] [stderr]    Compiling exc-binance v0.7.0-alpha.0 (/opt/rustwide/workdir)
[INFO] [stdout] error[E0433]: failed to resolve: use of undeclared crate or module `exc`
[INFO] [stdout]  --> examples/binance_http_ping.rs:3:5
[INFO] [stdout]   |
[INFO] [stdout] 3 | use exc::core::transport::http::endpoint::Endpoint;
[INFO] [stdout]   |     ^^^ use of undeclared crate or module `exc`
[INFO] [stdout] 
[INFO] [stdout] 
[INFO] [stdout] error[E0433]: failed to resolve: use of undeclared crate or module `exc`
[INFO] [stdout]   --> examples/binance_ws_protocol.rs:23:14
[INFO] [stdout]    |
[INFO] [stdout] 23 |     let ws = exc::core::transport::websocket::connector::WsConnector::default()
[INFO] [stdout]    |              ^^^ use of undeclared crate or module `exc`
[INFO] [stdout]    |
[INFO] [stdout] help: consider importing this struct
[INFO] [stdout]    |
[INFO] [stdout] 1  + use exc_core::transport::websocket::connector::WsConnector;
[INFO] [stdout]    |
[INFO] [stdout] help: if you import `WsConnector`, refer to it directly
[INFO] [stdout]    |
[INFO] [stdout] 23 -     let ws = exc::core::transport::websocket::connector::WsConnector::default()
[INFO] [stdout] 23 +     let ws = WsConnector::default()
[INFO] [stdout]    |
[INFO] [stdout] 
[INFO] [stdout] 
[INFO] [stdout] warning: unused import: `TryStreamExt`
[INFO] [stdout]   --> examples/binance_ws_protocol.rs:10:35
[INFO] [stdout]    |
[INFO] [stdout] 10 | use futures::{SinkExt, StreamExt, TryStreamExt};
[INFO] [stdout]    |                                   ^^^^^^^^^^^^
[INFO] [stdout]    |
[INFO] [stdout]    = note: `#[warn(unused_imports)]` on by default
[INFO] [stdout] 
[INFO] [stdout] 
[INFO] [stdout] warning: unused import: `tower::ServiceExt`
[INFO] [stdout]   --> examples/binance_ws_protocol.rs:12:5
[INFO] [stdout]    |
[INFO] [stdout] 12 | use tower::ServiceExt;
[INFO] [stdout]    |     ^^^^^^^^^^^^^^^^^
[INFO] [stdout] 
[INFO] [stdout] 
[INFO] [stdout] warning: unused import: `SinkExt`
[INFO] [stdout]   --> examples/binance_ws_protocol.rs:10:15
[INFO] [stdout]    |
[INFO] [stdout] 10 | use futures::{SinkExt, StreamExt, TryStreamExt};
[INFO] [stdout]    |               ^^^^^^^
[INFO] [stdout] 
[INFO] [stdout] 
[INFO] [stdout] warning: unused import: `StreamExt`
[INFO] [stdout]   --> examples/binance_ws_protocol.rs:10:24
[INFO] [stdout]    |
[INFO] [stdout] 10 | use futures::{SinkExt, StreamExt, TryStreamExt};
[INFO] [stdout]    |                        ^^^^^^^^^
[INFO] [stdout] 
[INFO] [stdout] 
[INFO] [stdout] warning: unused import: `ServiceExt`
[INFO] [stdout]   --> examples/binance_http_ping.rs:10:29
[INFO] [stdout]    |
[INFO] [stdout] 10 | use tower::{ServiceBuilder, ServiceExt};
[INFO] [stdout]    |                             ^^^^^^^^^^
[INFO] [stdout]    |
[INFO] [stdout]    = note: `#[warn(unused_imports)]` on by default
[INFO] [stdout] 
[INFO] [stdout] 
[INFO] [stdout] error: aborting due to 1 previous error; 4 warnings emitted
[INFO] [stdout] 
[INFO] [stdout] 
[INFO] [stdout] For more information about this error, try `rustc --explain E0433`.
[INFO] [stdout] 
[INFO] [stderr] error: could not compile `exc-binance` (example "binance_ws_protocol") due to 2 previous errors; 4 warnings emitted
[INFO] [stderr] warning: build failed, waiting for other jobs to finish...
[INFO] [stdout] error: aborting due to 1 previous error; 1 warning emitted
[INFO] [stdout] 
[INFO] [stdout] 
[INFO] [stdout] For more information about this error, try `rustc --explain E0433`.
[INFO] [stdout] 
[INFO] [stderr] error: could not compile `exc-binance` (example "binance_http_ping") due to 2 previous errors; 1 warning emitted
[INFO] [stderr] error: could not compile `exc-binance` (lib test)
[INFO] [stderr] 
[INFO] [stderr] Caused by:
[INFO] [stderr]   process didn't exit successfully: `/opt/rustwide/rustup-home/toolchains/beta-2023-12-22-x86_64-unknown-linux-gnu/bin/rustc --crate-name exc_binance --edition=2021 src/lib.rs --error-format=json --json=diagnostic-rendered-ansi,artifacts,future-incompat --emit=dep-info,link -C embed-bitcode=no -C debuginfo=2 --test --cfg 'feature="default"' --cfg 'feature="rustls-tls"' -C metadata=0f8fcc63e6445a19 -C extra-filename=-0f8fcc63e6445a19 --out-dir /opt/rustwide/target/debug/deps -L dependency=/opt/rustwide/target/debug/deps --extern anyhow=/opt/rustwide/target/debug/deps/libanyhow-4ba56e5ce709e35c.rlib --extern async_stream=/opt/rustwide/target/debug/deps/libasync_stream-fe83990206ee99d3.rlib --extern clap=/opt/rustwide/target/debug/deps/libclap-c5f55d0990b52227.rlib --extern either=/opt/rustwide/target/debug/deps/libeither-bc25dbceced3a40f.rlib --extern exc_core=/opt/rustwide/target/debug/deps/libexc_core-18e0b03e1150e8b5.rlib --extern futures=/opt/rustwide/target/debug/deps/libfutures-ad10e5cda7f7d32d.rlib --extern hex=/opt/rustwide/target/debug/deps/libhex-bf5d7c1623e40692.rlib --extern hmac=/opt/rustwide/target/debug/deps/libhmac-5ac41a036e3acedd.rlib --extern http=/opt/rustwide/target/debug/deps/libhttp-4b248da2430b4ebf.rlib --extern humantime=/opt/rustwide/target/debug/deps/libhumantime-ce381c4933d03978.rlib --extern hyper=/opt/rustwide/target/debug/deps/libhyper-d32a5af539ce99ef.rlib --extern pin_project_lite=/opt/rustwide/target/debug/deps/libpin_project_lite-085b19c93bbb2231.rlib --extern rust_decimal=/opt/rustwide/target/debug/deps/librust_decimal-26a6b86552cd99de.rlib --extern rust_decimal_macros=/opt/rustwide/target/debug/deps/librust_decimal_macros-a08bad3150ee020a.so --extern serde=/opt/rustwide/target/debug/deps/libserde-3f9b9fb18dc857df.rlib --extern serde_json=/opt/rustwide/target/debug/deps/libserde_json-a7fff01a0ac4d775.rlib --extern serde_urlencoded=/opt/rustwide/target/debug/deps/libserde_urlencoded-0eebbdd55a6c0c64.rlib --extern serde_with=/opt/rustwide/target/debug/deps/libserde_with-081806541ddacdf9.rlib --extern sha2=/opt/rustwide/target/debug/deps/libsha2-275445118b45a481.rlib --extern thiserror=/opt/rustwide/target/debug/deps/libthiserror-b06498dbf90e35ab.rlib --extern time=/opt/rustwide/target/debug/deps/libtime-b5e1ee7513126187.rlib --extern tokio=/opt/rustwide/target/debug/deps/libtokio-952ac44dcac01077.rlib --extern tokio_stream=/opt/rustwide/target/debug/deps/libtokio_stream-d10ac878c736472f.rlib --extern tokio_tower=/opt/rustwide/target/debug/deps/libtokio_tower-802bab15443ace98.rlib --extern tokio_tungstenite=/opt/rustwide/target/debug/deps/libtokio_tungstenite-77fa41fe23881554.rlib --extern tower=/opt/rustwide/target/debug/deps/libtower-fd451a0de3af2f1f.rlib --extern tracing=/opt/rustwide/target/debug/deps/libtracing-4c072bfa5adf7c40.rlib --extern tracing_subscriber=/opt/rustwide/target/debug/deps/libtracing_subscriber-31b15fe31073f3d6.rlib --cap-lints=warn -L native=/opt/rustwide/target/debug/build/ring-d8682f884043eea6/out` (signal: 9, SIGKILL: kill)
[INFO] [stdout] error: linking with `cc` failed: exit status: 1
[INFO] [stdout]   |
[INFO] [stdout]   = note: LC_ALL="C" PATH="/opt/rustwide/rustup-home/toolchains/beta-2023-12-22-x86_64-unknown-linux-gnu/lib/rustlib/x86_64-unknown-linux-gnu/bin:/opt/rustwide/cargo-home/bin:/usr/local/sbin:/usr/local/bin:/usr/sbin:/usr/bin:/sbin:/bin" VSLANG="1033" "cc" "-m64" "/tmp/rustc4qZ5eS/symbols.o" "/opt/rustwide/target/debug/examples/binance_sub_accounts-dd0137a29ec2e5cf.binance_sub_accounts.912fdbd394017bcd-cgu.0.rcgu.o" "/opt/rustwide/target/debug/examples/binance_sub_accounts-dd0137a29ec2e5cf.binance_sub_accounts.912fdbd394017bcd-cgu.1.rcgu.o" "/opt/rustwide/target/debug/examples/binance_sub_accounts-dd0137a29ec2e5cf.binance_sub_accounts.912fdbd394017bcd-cgu.2.rcgu.o" "/opt/rustwide/target/debug/examples/binance_sub_accounts-dd0137a29ec2e5cf.binance_sub_accounts.912fdbd394017bcd-cgu.3.rcgu.o" "/opt/rustwide/target/debug/examples/binance_sub_accounts-dd0137a29ec2e5cf.5fdy9t0qew5g1wrq.rcgu.o" "-Wl,--as-needed" "-L" "/opt/rustwide/target/debug/deps" "-L" "/opt/rustwide/target/debug/build/ring-d8682f884043eea6/out" "-L" "/opt/rustwide/rustup-home/toolchains/beta-2023-12-22-x86_64-unknown-linux-gnu/lib/rustlib/x86_64-unknown-linux-gnu/lib" "-Wl,-Bstatic" "/opt/rustwide/target/debug/deps/libtracing_subscriber-31b15fe31073f3d6.rlib" "/opt/rustwide/target/debug/deps/libnu_ansi_term-573528bd560ec1a5.rlib" "/opt/rustwide/target/debug/deps/liboverload-983ca80356c666b7.rlib" "/opt/rustwide/target/debug/deps/libsharded_slab-4aac6980d7a458df.rlib" "/opt/rustwide/target/debug/deps/liblazy_static-efa3519517df6cf0.rlib" "/opt/rustwide/target/debug/deps/libmatchers-0f5379b8184c4eda.rlib" "/opt/rustwide/target/debug/deps/libregex_automata-d0c3ae8cf67481e6.rlib" "/opt/rustwide/target/debug/deps/libregex_syntax-b113d34fa562c5bb.rlib" "/opt/rustwide/target/debug/deps/libregex-da00fedb37ff86ba.rlib" "/opt/rustwide/target/debug/deps/libregex_automata-cb4955169b84d245.rlib" "/opt/rustwide/target/debug/deps/libregex_syntax-955750f7d848def6.rlib" "/opt/rustwide/target/debug/deps/libthread_local-8c2816eef0cc0cfa.rlib" "/opt/rustwide/target/debug/deps/libtracing_log-b0408e2078e3734a.rlib" "/opt/rustwide/target/debug/deps/libexc_binance-bb4f97cf29fc0d85.rlib" "/opt/rustwide/target/debug/deps/libhex-bf5d7c1623e40692.rlib" "/opt/rustwide/target/debug/deps/libserde_urlencoded-0eebbdd55a6c0c64.rlib" "/opt/rustwide/target/debug/deps/libserde_json-a7fff01a0ac4d775.rlib" "/opt/rustwide/target/debug/deps/libryu-d2c3aff9aeca12bd.rlib" "/opt/rustwide/target/debug/deps/libsha2-275445118b45a481.rlib" "/opt/rustwide/target/debug/deps/libhmac-5ac41a036e3acedd.rlib" "/opt/rustwide/target/debug/deps/libtokio_tower-802bab15443ace98.rlib" "/opt/rustwide/target/debug/deps/libcrossbeam-252bc7036de921b9.rlib" "/opt/rustwide/target/debug/deps/libcrossbeam_channel-954622735befc289.rlib" "/opt/rustwide/target/debug/deps/libcrossbeam_deque-ccf1a38ceb4e6c1c.rlib" "/opt/rustwide/target/debug/deps/libcrossbeam_queue-e2929614cf546f59.rlib" "/opt/rustwide/target/debug/deps/libcrossbeam_epoch-bd4e46c90ca4d88e.rlib" "/opt/rustwide/target/debug/deps/libmemoffset-70be0b3efc76ca6c.rlib" "/opt/rustwide/target/debug/deps/libcrossbeam_utils-3a0831db25663408.rlib" "/opt/rustwide/target/debug/deps/libserde_with-081806541ddacdf9.rlib" "/opt/rustwide/target/debug/deps/libexc_core-18e0b03e1150e8b5.rlib" "/opt/rustwide/target/debug/deps/libtokio_stream-d10ac878c736472f.rlib" "/opt/rustwide/target/debug/deps/libhyper_rustls-b4da05383afc1cb5.rlib" "/opt/rustwide/target/debug/deps/libeither-bc25dbceced3a40f.rlib" "/opt/rustwide/target/debug/deps/libasync_stream-fe83990206ee99d3.rlib" "/opt/rustwide/target/debug/deps/libtokio_tungstenite-77fa41fe23881554.rlib" "/opt/rustwide/target/debug/deps/libwebpki_roots-f000c85bf6856b2f.rlib" "/opt/rustwide/target/debug/deps/libtokio_rustls-5ba6b68b5090d7e6.rlib" "/opt/rustwide/target/debug/deps/libtungstenite-c6ccda85a9000a72.rlib" "/opt/rustwide/target/debug/deps/libdata_encoding-0d6f0ae9219eabbd.rlib" "/opt/rustwide/target/debug/deps/librand-de090ba4d3782c24.rlib" "/opt/rustwide/target/debug/deps/librand_chacha-41ca7d782f3a76de.rlib" "/opt/rustwide/target/debug/deps/libppv_lite86-db48c90fa293bcfe.rlib" "/opt/rustwide/target/debug/deps/librand_core-4602db036b031ba8.rlib" "/opt/rustwide/target/debug/deps/librustls-9d780a7631c043e3.rlib" "/opt/rustwide/target/debug/deps/libsct-9b09fa6045f10d9a.rlib" "/opt/rustwide/target/debug/deps/libwebpki-c3d930572caea3f0.rlib" "/opt/rustwide/target/debug/deps/libring-e9b7d4211983cb84.rlib" "/opt/rustwide/target/debug/deps/libgetrandom-9d17973d7fdcc66f.rlib" "/opt/rustwide/target/debug/deps/libspin-662b5629bfbcd837.rlib" "/opt/rustwide/target/debug/deps/libuntrusted-8bad1cf01f539b56.rlib" "/opt/rustwide/target/debug/deps/libutf8-370df01ffad319e0.rlib" "/opt/rustwide/target/debug/deps/libbyteorder-6ac88002c46ec63a.rlib" "/opt/rustwide/target/debug/deps/libsha1-aae343eabd9755b5.rlib" "/opt/rustwide/target/debug/deps/libcpufeatures-b9c2875b4acd1b8c.rlib" "/opt/rustwide/target/debug/deps/libdigest-66885e6f84493b7e.rlib" "/opt/rustwide/target/debug/deps/libsubtle-8bfc29cd08fc9521.rlib" "/opt/rustwide/target/debug/deps/libblock_buffer-d5751409ab05b00a.rlib" "/opt/rustwide/target/debug/deps/libcrypto_common-2346b4a3e8082086.rlib" "/opt/rustwide/target/debug/deps/libgeneric_array-8204c0397cddb82b.rlib" "/opt/rustwide/target/debug/deps/libtypenum-b40ba058056b0bf8.rlib" "/opt/rustwide/target/debug/deps/liburl-8e147d95dd783315.rlib" "/opt/rustwide/target/debug/deps/libidna-761c63e709f80882.rlib" "/opt/rustwide/target/debug/deps/libunicode_normalization-de2f60d771767bba.rlib" "/opt/rustwide/target/debug/deps/libunicode_bidi-ee612f5df1be5cab.rlib" "/opt/rustwide/target/debug/deps/libform_urlencoded-00b3292b537cfa9a.rlib" "/opt/rustwide/target/debug/deps/libpercent_encoding-9ca315f6c750067f.rlib" "/opt/rustwide/target/debug/deps/libexc_make-2447b16618025a81.rlib" "/opt/rustwide/target/debug/deps/libtower_make-2d35e1e3453723de.rlib" "/opt/rustwide/target/debug/deps/libexc_types-2e83dea01a5f7ec7.rlib" "/opt/rustwide/target/debug/deps/libexc_symbol-3f3e0618d34653a4.rlib" "/opt/rustwide/target/debug/deps/libpositions-b8935baec8535a3c.rlib" "/opt/rustwide/target/debug/deps/libsmol_str-5fa2b41667d1b427.rlib" "/opt/rustwide/target/debug/deps/librust_decimal-26a6b86552cd99de.rlib" "/opt/rustwide/target/debug/deps/libnum_traits-cc64df6c73429046.rlib" "/opt/rustwide/target/debug/deps/libindicator-a40a9ec28e5df8de.rlib" "/opt/rustwide/target/debug/deps/libtinyvec-f6fa6de4aa80600e.rlib" "/opt/rustwide/target/debug/deps/libtinyvec_macros-333661e3b238a9a3.rlib" "/opt/rustwide/target/debug/deps/libarrayvec-8dae9714ba2cbe70.rlib" "/opt/rustwide/target/debug/deps/libtime-b5e1ee7513126187.rlib" "/opt/rustwide/target/debug/deps/libtime_core-acdcdbb0edad8681.rlib" "/opt/rustwide/target/debug/deps/libderanged-9419231bafb02be0.rlib" "/opt/rustwide/target/debug/deps/libserde-3f9b9fb18dc857df.rlib" "/opt/rustwide/target/debug/deps/libpowerfmt-a584063b8a4e44a4.rlib" "/opt/rustwide/target/debug/deps/libexc_service-f4e7824b4d74c3ae.rlib" "/opt/rustwide/target/debug/deps/libhyper-d32a5af539ce99ef.rlib" "/opt/rustwide/target/debug/deps/libwant-a53deb880f5b4491.rlib" "/opt/rustwide/target/debug/deps/libtry_lock-539bdf1ed77a7a8a.rlib" "/opt/rustwide/target/debug/deps/libsocket2-eecf2a54e1f4647a.rlib" "/opt/rustwide/target/debug/deps/libhttparse-2dbc320ca65411a3.rlib" "/opt/rustwide/target/debug/deps/libhttp_body-6385ecad051adcaa.rlib" "/opt/rustwide/target/debug/deps/libhttp-4b248da2430b4ebf.rlib" "/opt/rustwide/target/debug/deps/libitoa-c3a42249f065e11e.rlib" "/opt/rustwide/target/debug/deps/libfnv-953831fe314029b4.rlib" "/opt/rustwide/target/debug/deps/libhumantime-ce381c4933d03978.rlib" "/opt/rustwide/target/debug/deps/libthiserror-b06498dbf90e35ab.rlib" "/opt/rustwide/target/debug/deps/libtower-fd451a0de3af2f1f.rlib" "/opt/rustwide/target/debug/deps/libpin_project-14e211a4cb9cf862.rlib" "/opt/rustwide/target/debug/deps/libtracing-4c072bfa5adf7c40.rlib" "/opt/rustwide/target/debug/deps/liblog-2cf4a51dfa4e790a.rlib" "/opt/rustwide/target/debug/deps/libtracing_core-ee5cb854b84e475f.rlib" "/opt/rustwide/target/debug/deps/libtokio_util-d2993f27186b0479.rlib" "/opt/rustwide/target/debug/deps/libtokio-952ac44dcac01077.rlib" "/opt/rustwide/target/debug/deps/libsignal_hook_registry-18f7a52b74ce801b.rlib" "/opt/rustwide/target/debug/deps/libnum_cpus-fb23db51be3872f8.rlib" "/opt/rustwide/target/debug/deps/libsocket2-7287d77433a71fb1.rlib" "/opt/rustwide/target/debug/deps/libbytes-d5ef6100ae69ca23.rlib" "/opt/rustwide/target/debug/deps/libmio-aaca43c3a95b51bd.rlib" "/opt/rustwide/target/debug/deps/libparking_lot-10720266bc97c4a3.rlib" "/opt/rustwide/target/debug/deps/libparking_lot_core-e40251cdb588a427.rlib" "/opt/rustwide/target/debug/deps/libcfg_if-e7002d307f97bc56.rlib" "/opt/rustwide/target/debug/deps/libsmallvec-2fe51d264bce6b98.rlib" "/opt/rustwide/target/debug/deps/liblock_api-af608386887ddd92.rlib" "/opt/rustwide/target/debug/deps/libscopeguard-f937485db0060aca.rlib" "/opt/rustwide/target/debug/deps/libtower_service-92bbc7b5a1dd8782.rlib" "/opt/rustwide/target/debug/deps/libtower_layer-66a55883bc31ce2e.rlib" "/opt/rustwide/target/debug/deps/libfutures-ad10e5cda7f7d32d.rlib" "/opt/rustwide/target/debug/deps/libfutures_executor-ce972bf839dc1567.rlib" "/opt/rustwide/target/debug/deps/libfutures_util-e6afffa550c3eacd.rlib" "/opt/rustwide/target/debug/deps/libmemchr-996a195865583db1.rlib" "/opt/rustwide/target/debug/deps/libfutures_io-076b2cfebeae0714.rlib" "/opt/rustwide/target/debug/deps/libslab-0a39a638bccea296.rlib" "/opt/rustwide/target/debug/deps/libfutures_channel-77e21484e2336cad.rlib" "/opt/rustwide/target/debug/deps/libpin_project_lite-085b19c93bbb2231.rlib" "/opt/rustwide/target/debug/deps/libfutures_sink-2277a9e5dde989ce.rlib" "/opt/rustwide/target/debug/deps/libfutures_task-8a8d0b282fffed3e.rlib" "/opt/rustwide/target/debug/deps/libpin_utils-9c5dcf17efb91bff.rlib" "/opt/rustwide/target/debug/deps/libfutures_core-c75aab8011a428b1.rlib" "/opt/rustwide/target/debug/deps/libanyhow-4ba56e5ce709e35c.rlib" "/opt/rustwide/target/debug/deps/libclap-c5f55d0990b52227.rlib" "/opt/rustwide/target/debug/deps/libatty-ad43446a57b19b41.rlib" "/opt/rustwide/target/debug/deps/liblibc-a40391b8f7ca94de.rlib" "/opt/rustwide/target/debug/deps/libstrsim-7c2291ed86ef7041.rlib" "/opt/rustwide/target/debug/deps/libtermcolor-35be6d70e8358f35.rlib" "/opt/rustwide/target/debug/deps/libtextwrap-1dbbc129cd7bd1d5.rlib" "/opt/rustwide/target/debug/deps/libindexmap-7ff1a537f445f359.rlib" "/opt/rustwide/target/debug/deps/libhashbrown-e273ba0f8cdcbe5b.rlib" "/opt/rustwide/target/debug/deps/libclap_lex-bc79e3463b443072.rlib" "/opt/rustwide/target/debug/deps/libos_str_bytes-1dbb93b0320ba30f.rlib" "/opt/rustwide/target/debug/deps/libbitflags-85e13ed1e0c6d910.rlib" "/opt/rustwide/target/debug/deps/libonce_cell-fadaa1d866399a17.rlib" "/opt/rustwide/rustup-home/toolchains/beta-2023-12-22-x86_64-unknown-linux-gnu/lib/rustlib/x86_64-unknown-linux-gnu/lib/libstd-0672489a78b613de.rlib" "/opt/rustwide/rustup-home/toolchains/beta-2023-12-22-x86_64-unknown-linux-gnu/lib/rustlib/x86_64-unknown-linux-gnu/lib/libpanic_unwind-7eb3ffc34a49f675.rlib" "/opt/rustwide/rustup-home/toolchains/beta-2023-12-22-x86_64-unknown-linux-gnu/lib/rustlib/x86_64-unknown-linux-gnu/lib/libobject-6478a9daa4bee8e2.rlib" "/opt/rustwide/rustup-home/toolchains/beta-2023-12-22-x86_64-unknown-linux-gnu/lib/rustlib/x86_64-unknown-linux-gnu/lib/libmemchr-0c75d871a5c3923d.rlib" "/opt/rustwide/rustup-home/toolchains/beta-2023-12-22-x86_64-unknown-linux-gnu/lib/rustlib/x86_64-unknown-linux-gnu/lib/libaddr2line-d163ef63ad37bb71.rlib" "/opt/rustwide/rustup-home/toolchains/beta-2023-12-22-x86_64-unknown-linux-gnu/lib/rustlib/x86_64-unknown-linux-gnu/lib/libgimli-8a3fd810a85b9f4c.rlib" "/opt/rustwide/rustup-home/toolchains/beta-2023-12-22-x86_64-unknown-linux-gnu/lib/rustlib/x86_64-unknown-linux-gnu/lib/librustc_demangle-462a2cde8c5dfc10.rlib" "/opt/rustwide/rustup-home/toolchains/beta-2023-12-22-x86_64-unknown-linux-gnu/lib/rustlib/x86_64-unknown-linux-gnu/lib/libstd_detect-cb06ac9f54713f71.rlib" "/opt/rustwide/rustup-home/toolchains/beta-2023-12-22-x86_64-unknown-linux-gnu/lib/rustlib/x86_64-unknown-linux-gnu/lib/libhashbrown-f20bfd1f8e59b393.rlib" "/opt/rustwide/rustup-home/toolchains/beta-2023-12-22-x86_64-unknown-linux-gnu/lib/rustlib/x86_64-unknown-linux-gnu/lib/librustc_std_workspace_alloc-1ef460949b49da4b.rlib" "/opt/rustwide/rustup-home/toolchains/beta-2023-12-22-x86_64-unknown-linux-gnu/lib/rustlib/x86_64-unknown-linux-gnu/lib/libminiz_oxide-2cb0c0ffe4f87514.rlib" "/opt/rustwide/rustup-home/toolchains/beta-2023-12-22-x86_64-unknown-linux-gnu/lib/rustlib/x86_64-unknown-linux-gnu/lib/libadler-58d841eb322a11a2.rlib" "/opt/rustwide/rustup-home/toolchains/beta-2023-12-22-x86_64-unknown-linux-gnu/lib/rustlib/x86_64-unknown-linux-gnu/lib/libunwind-aa2ae0b0a9d11533.rlib" "/opt/rustwide/rustup-home/toolchains/beta-2023-12-22-x86_64-unknown-linux-gnu/lib/rustlib/x86_64-unknown-linux-gnu/lib/libcfg_if-23874e15830ed336.rlib" "/opt/rustwide/rustup-home/toolchains/beta-2023-12-22-x86_64-unknown-linux-gnu/lib/rustlib/x86_64-unknown-linux-gnu/lib/liblibc-e47cddc003bce885.rlib" "/opt/rustwide/rustup-home/toolchains/beta-2023-12-22-x86_64-unknown-linux-gnu/lib/rustlib/x86_64-unknown-linux-gnu/lib/liballoc-c22b13b48a8f128e.rlib" "/opt/rustwide/rustup-home/toolchains/beta-2023-12-22-x86_64-unknown-linux-gnu/lib/rustlib/x86_64-unknown-linux-gnu/lib/librustc_std_workspace_core-e46bc3da6d7c462f.rlib" "/opt/rustwide/rustup-home/toolchains/beta-2023-12-22-x86_64-unknown-linux-gnu/lib/rustlib/x86_64-unknown-linux-gnu/lib/libcore-8d1ac131d3cb2645.rlib" "/opt/rustwide/rustup-home/toolchains/beta-2023-12-22-x86_64-unknown-linux-gnu/lib/rustlib/x86_64-unknown-linux-gnu/lib/libcompiler_builtins-a1b43df8c6899c1f.rlib" "-Wl,-Bdynamic" "-lgcc_s" "-lutil" "-lrt" "-lpthread" "-lm" "-ldl" "-lc" "-Wl,--eh-frame-hdr" "-Wl,-z,noexecstack" "-L" "/opt/rustwide/rustup-home/toolchains/beta-2023-12-22-x86_64-unknown-linux-gnu/lib/rustlib/x86_64-unknown-linux-gnu/lib" "-o" "/opt/rustwide/target/debug/examples/binance_sub_accounts-dd0137a29ec2e5cf" "-Wl,--gc-sections" "-pie" "-Wl,-z,relro,-z,now" "-nodefaultlibs"
[INFO] [stdout]   = note: collect2: fatal error: ld terminated with signal 9 [Killed]
[INFO] [stdout]           compilation terminated.
[INFO] [stdout]           
[INFO] [stdout] 
[INFO] [stdout] 
[INFO] [stdout] error: aborting due to 1 previous error
[INFO] [stdout] 
[INFO] [stdout] 
[INFO] [stderr] error: could not compile `exc-binance` (example "binance_sub_accounts") due to 2 previous errors
[INFO] running `Command { std: "docker" "inspect" "94f6d0aa5220403e2d1927bb65d7c881564de2397c4337ef539a78fd52497969", kill_on_drop: false }`
[INFO] running `Command { std: "docker" "rm" "-f" "94f6d0aa5220403e2d1927bb65d7c881564de2397c4337ef539a78fd52497969", kill_on_drop: false }`
[INFO] [stdout] 94f6d0aa5220403e2d1927bb65d7c881564de2397c4337ef539a78fd52497969
